52.243.62.144 - - [02/Jul/2026:02:22:05 +0600] "GET /jp.php HTTP/1.1" 503 807 "-" "-"
52.243.62.144 - - [02/Jul/2026:02:22:05 +0600] "GET /Ov-Simple1.php HTTP/1.1" 503 807 "-" "-"
52.243.62.144 - - [02/Jul/2026:02:22:06 +0600] "GET /db.php HTTP/1.1" 503 807 "-" "-"
52.243.62.144 - - [02/Jul/2026:02:22:07 +0600] "GET /aaa.php HTTP/1.1" 503 807 "-" "-"
52.243.62.144 - - [02/Jul/2026:02:22:08 +0600] "GET /new.php HTTP/1.1" 503 807 "-" "-"
52.243.62.144 - - [02/Jul/2026:02:22:09 +0600] "GET /size.php HTTP/1.1" 503 807 "-" "-"
52.243.62.144 - - [02/Jul/2026:02:22:09 +0600] "GET /tool.php HTTP/1.1" 503 807 "-" "-"
52.243.62.144 - - [02/Jul/2026:02:22:10 +0600] "GET /we.php HTTP/1.1" 503 807 "-" "-"
52.243.62.144 - - [02/Jul/2026:02:22:13 +0600] "GET /wp-includes/Text/Diff/ HTTP/1.1" 503 807 "-" "-"
52.243.62.144 - - [02/Jul/2026:02:22:15 +0600] "GET /wp-content/plugins/twenty/login.php HTTP/1.1" 503 807 "-" "-"
52.243.62.144 - - [02/Jul/2026:02:22:16 +0600] "GET /css/index.php HTTP/1.1" 503 807 "-" "-"
52.243.62.144 - - [02/Jul/2026:02:22:17 +0600] "GET /wp-mail.php/wp-includes/admin.php HTTP/1.1" 503 807 "-" "-"
52.243.62.144 - - [02/Jul/2026:02:22:18 +0600] "GET /css/xp.php HTTP/1.1" 503 807 "-" "-"
52.243.62.144 - - [02/Jul/2026:02:22:23 +0600] "GET /path.php HTTP/1.1" 503 807 "-" "-"
52.243.62.144 - - [02/Jul/2026:02:22:24 +0600] "GET /wp-tem.php HTTP/1.1" 503 807 "-" "-"
52.243.62.144 - - [02/Jul/2026:02:22:25 +0600] "GET /agg.php HTTP/1.1" 503 807 "-" "-"
52.243.62.144 - - [02/Jul/2026:02:22:26 +0600] "GET /b.php HTTP/1.1" 503 807 "-" "-"
52.243.62.144 - - [02/Jul/2026:02:22:27 +0600] "GET /num.php HTTP/1.1" 503 807 "-" "-"
52.243.62.144 - - [02/Jul/2026:02:22:29 +0600] "GET /wp-admin/css/ HTTP/1.1" 503 807 "-" "-"
52.243.62.144 - - [02/Jul/2026:02:22:31 +0600] "GET /wp-admin/css/about.php HTTP/1.1" 503 807 "-" "-"
52.243.62.144 - - [02/Jul/2026:02:22:31 +0600] "GET /cgi-bin/xmrlpc.php?p= HTTP/1.1" 503 807 "-" "-"
74.7.227.175 - - [02/Jul/2026:02:27:18 +0600] "GET /wp-admin/js/admin%20copy%201.php?p=%2Fhome%2Fbdwebsol%2Fpublic_html%2Fwp-admin%2Fjs%2Fwidgets&tab=filemanager HTTP/1.1" 503 807 "http://bdwebsolution.com/wp-admin/js/admin%20copy%201.php" "Mozilla/5.0 AppleWebKit/537.36 (KHTML, like Gecko; compatible; GPTBot/1.4; +https://openai.com/gptbot)"
74.7.227.175 - - [02/Jul/2026:02:28:21 +0600] "GET /.well-known/acme-challenge/file.php?download=L2hvbWUvYmR3ZWJzb2wvcHVibGljX2h0bWwvLndlbGwta25vd24vYWNtZS1jaGFsbGVuZ2UvZmlsZS5waHA= HTTP/1.1" 503 807 "http://bdwebsolution.com/.well-known/acme-challenge/file.php" "Mozilla/5.0 AppleWebKit/537.36 (KHTML, like Gecko; compatible; GPTBot/1.4; +https://openai.com/gptbot)"
74.7.227.175 - - [02/Jul/2026:02:38:49 +0600] "GET /wp-includes/customize/?MA HTTP/1.1" 503 807 "http://bdwebsolution.com/wp-includes/customize/" "Mozilla/5.0 AppleWebKit/537.36 (KHTML, like Gecko; compatible; GPTBot/1.4; +https://openai.com/gptbot)"
74.7.227.175 - - [02/Jul/2026:02:40:52 +0600] "GET /admin.php?do=delete&item=index.zip&p=%2Fhome%2Fbdwebsol%2Fpublic_html%2F HTTP/1.1" 503 807 "http://bdwebsolution.com/admin.php" "Mozilla/5.0 AppleWebKit/537.36 (KHTML, like Gecko; compatible; GPTBot/1.4; +https://openai.com/gptbot)"
74.7.227.175 - - [02/Jul/2026:02:41:57 +0600] "GET /wp-includes/sodium_compat/?ND HTTP/1.1" 503 807 "http://bdwebsolution.com/wp-includes/sodium_compat/" "Mozilla/5.0 AppleWebKit/537.36 (KHTML, like Gecko; compatible; GPTBot/1.4; +https://openai.com/gptbot)"
52.243.62.144 - - [02/Jul/2026:02:22:05 +0600] "GET /12.php HTTP/1.1" 503 807 "-" "-"
52.243.62.144 - - [02/Jul/2026:02:22:14 +0600] "GET /wp-block.php HTTP/1.1" 503 807 "-" "-"
52.243.62.144 - - [02/Jul/2026:02:22:21 +0600] "GET /a2.php HTTP/1.1" 503 807 "-" "-"
52.243.62.144 - - [02/Jul/2026:02:22:26 +0600] "GET /r.php HTTP/1.1" 503 807 "-" "-"
52.243.62.144 - - [02/Jul/2026:02:22:26 +0600] "GET /sf.php HTTP/1.1" 503 807 "-" "-"
52.243.62.144 - - [02/Jul/2026:02:22:28 +0600] "GET /areak1.php HTTP/1.1" 503 807 "-" "-"
52.243.62.144 - - [02/Jul/2026:02:22:28 +0600] "GET /vc.php HTTP/1.1" 503 807 "-" "-"
52.243.62.144 - - [02/Jul/2026:02:22:29 +0600] "GET /storage/index.php HTTP/1.1" 503 807 "-" "-"
52.243.62.144 - - [02/Jul/2026:02:22:32 +0600] "GET /wp-includes/IXR/about.php HTTP/1.1" 503 807 "-" "-"
52.243.62.144 - - [02/Jul/2026:02:22:34 +0600] "GET /wp-blog-header.php HTTP/1.1" 503 807 "-" "-"
74.7.227.175 - - [02/Jul/2026:02:23:09 +0600] "GET /wp-includes/customize/file.php?download=L2hvbWUvYmR3ZWJzb2wvcHVibGljX2h0bWwvd3AtaW5jbHVkZXMvY3VzdG9taXplL2NsYXNzLXdwLWN1c3RvbWl6ZS1zaXRlLWljb24tY29udHJvbC5waHA= HTTP/1.1" 503 807 "http://bdwebsolution.com/wp-includes/customize/file.php" "Mozilla/5.0 AppleWebKit/537.36 (KHTML, like Gecko; compatible; GPTBot/1.4; +https://openai.com/gptbot)"
74.7.227.175 - - [02/Jul/2026:02:29:25 +0600] "GET /.well-known/acme-challenge/file.php?edit=file.gz&fm=true&path=/home/bdwebsol/public_html/.well-known/acme-challenge/ HTTP/1.1" 503 807 "http://bdwebsolution.com/.well-known/acme-challenge/file.php" "Mozilla/5.0 AppleWebKit/537.36 (KHTML, like Gecko; compatible; GPTBot/1.4; +https://openai.com/gptbot)"
74.7.227.175 - - [02/Jul/2026:02:30:28 +0600] "GET /wp-admin/js/comment.js HTTP/1.1" 200 983 "http://bdwebsolution.com/wp-admin/js/" "Mozilla/5.0 AppleWebKit/537.36 (KHTML, like Gecko; compatible; GPTBot/1.4; +https://openai.com/gptbot)"
74.7.227.175 - - [02/Jul/2026:02:37:48 +0600] "GET /wp-includes/customize/?SA HTTP/1.1" 503 807 "http://bdwebsolution.com/wp-includes/customize/" "Mozilla/5.0 AppleWebKit/537.36 (KHTML, like Gecko; compatible; GPTBot/1.4; +https://openai.com/gptbot)"
74.7.227.175 - - [02/Jul/2026:02:42:57 +0600] "GET /wp-includes/abilities-api/?ND HTTP/1.1" 503 807 "http://bdwebsolution.com/wp-includes/abilities-api/" "Mozilla/5.0 AppleWebKit/537.36 (KHTML, like Gecko; compatible; GPTBot/1.4; +https://openai.com/gptbot)"
74.7.227.175 - - [02/Jul/2026:02:48:11 +0600] "GET /wp-admin/maint/admin.php?p=%2Fhome%2Fbdwebsol%2F&tab=filemanager HTTP/1.1" 503 807 "http://bdwebsolution.com/wp-admin/maint/admin.php" "Mozilla/5.0 AppleWebKit/537.36 (KHTML, like Gecko; compatible; GPTBot/1.4; +https://openai.com/gptbot)"
74.7.227.175 - - [02/Jul/2026:02:58:32 +0600] "GET /wp-admin/js/file.php?fm=true&path=/home/bdwebsol/public_html/wp-admin/js/&rename=user-profile.js HTTP/1.1" 503 807 "http://bdwebsolution.com/wp-admin/js/file.php" "Mozilla/5.0 AppleWebKit/537.36 (KHTML, like Gecko; compatible; GPTBot/1.4; +https://openai.com/gptbot)"
74.7.227.175 - - [02/Jul/2026:02:59:33 +0600] "GET /wp-admin/js/file.php?fm=true&path=/home/bdwebsol/public_html/wp-admin/js/&rights=user-profile.js HTTP/1.1" 503 807 "http://bdwebsolution.com/wp-admin/js/file.php" "Mozilla/5.0 AppleWebKit/537.36 (KHTML, like Gecko; compatible; GPTBot/1.4; +https://openai.com/gptbot)"
106.14.246.44 - - [02/Jul/2026:03:04:02 +0600] "GET /wp-json/wp/v2/posts HTTP/1.1" 503 807 "-" "Mozilla/5.0 (Windows NT 10.0; Win64; x64) AppleWebKit/537.36 (KHTML, like Gecko) Chrome/120.0.0.0 Safari/537.36"
74.7.227.175 - - [02/Jul/2026:03:04:51 +0600] "GET /wp-admin/maint/admin.php?bypass=disable_functions&tab=bypass HTTP/1.1" 503 807 "http://bdwebsolution.com/wp-admin/maint/admin.php" "Mozilla/5.0 AppleWebKit/537.36 (KHTML, like Gecko; compatible; GPTBot/1.4; +https://openai.com/gptbot)"
52.243.62.144 - - [02/Jul/2026:02:22:34 +0600] "GET /wp-content/plugins/pwnd/as.php HTTP/1.1" 503 807 "-" "-"
52.243.62.144 - - [02/Jul/2026:02:22:35 +0600] "GET /wso112233.php HTTP/1.1" 503 807 "-" "-"
74.7.227.175 - - [02/Jul/2026:02:31:33 +0600] "GET /wp-includes/php-ai-client/src/Providers/AbstractProvider.php HTTP/1.1" 503 807 "http://bdwebsolution.com/wp-includes/php-ai-client/src/Providers/" "Mozilla/5.0 AppleWebKit/537.36 (KHTML, like Gecko; compatible; GPTBot/1.4; +https://openai.com/gptbot)"
74.7.227.175 - - [02/Jul/2026:02:32:31 +0600] "GET /wp-includes/php-ai-client/src/Providers/ProviderRegistry.php HTTP/1.1" 503 807 "http://bdwebsolution.com/wp-includes/php-ai-client/src/Providers/" "Mozilla/5.0 AppleWebKit/537.36 (KHTML, like Gecko; compatible; GPTBot/1.4; +https://openai.com/gptbot)"
74.7.227.175 - - [02/Jul/2026:02:39:50 +0600] "GET /wp-includes/user.php HTTP/1.1" 503 807 "http://bdwebsolution.com/wp-includes/" "Mozilla/5.0 AppleWebKit/537.36 (KHTML, like Gecko; compatible; GPTBot/1.4; +https://openai.com/gptbot)"
74.7.227.175 - - [02/Jul/2026:02:44:00 +0600] "GET /wp-includes/sodium_compat/?MA HTTP/1.1" 503 807 "http://bdwebsolution.com/wp-includes/sodium_compat/" "Mozilla/5.0 AppleWebKit/537.36 (KHTML, like Gecko; compatible; GPTBot/1.4; +https://openai.com/gptbot)"
74.7.227.175 - - [02/Jul/2026:02:45:04 +0600] "GET /wp-includes/sodium_compat/?SA HTTP/1.1" 503 807 "http://bdwebsolution.com/wp-includes/sodium_compat/" "Mozilla/5.0 AppleWebKit/537.36 (KHTML, like Gecko; compatible; GPTBot/1.4; +https://openai.com/gptbot)"
74.7.227.175 - - [02/Jul/2026:02:49:12 +0600] "GET /admin.php?p=%2Fhome%2Fbdwebsol%2Fpublic_html%2Fshtipu.com&tab=filemanager HTTP/1.1" 503 807 "http://bdwebsolution.com/admin.php" "Mozilla/5.0 AppleWebKit/537.36 (KHTML, like Gecko; compatible; GPTBot/1.4; +https://openai.com/gptbot)"
74.7.227.175 - - [02/Jul/2026:02:50:17 +0600] "GET /admin.php?do=delete&item=hiroshi.zip&p=%2Fhome%2Fbdwebsol%2Fpublic_html%2F HTTP/1.1" 503 807 "http://bdwebsolution.com/admin.php" "Mozilla/5.0 AppleWebKit/537.36 (KHTML, like Gecko; compatible; GPTBot/1.4; +https://openai.com/gptbot)"
74.7.227.175 - - [02/Jul/2026:02:53:23 +0600] "GET /wp-includes/theme-compat/?MA HTTP/1.1" 503 807 "http://bdwebsolution.com/wp-includes/theme-compat/" "Mozilla/5.0 AppleWebKit/537.36 (KHTML, like Gecko; compatible; GPTBot/1.4; +https://openai.com/gptbot)"
74.7.227.175 - - [02/Jul/2026:02:56:27 +0600] "GET /wp-includes/style-engine/?SA HTTP/1.1" 503 807 "http://bdwebsolution.com/wp-includes/style-engine/" "Mozilla/5.0 AppleWebKit/537.36 (KHTML, like Gecko; compatible; GPTBot/1.4; +https://openai.com/gptbot)"
74.7.227.175 - - [02/Jul/2026:03:01:37 +0600] "GET /wp-includes/ai-client/?ND HTTP/1.1" 503 807 "http://bdwebsolution.com/wp-includes/ai-client/" "Mozilla/5.0 AppleWebKit/537.36 (KHTML, like Gecko; compatible; GPTBot/1.4; +https://openai.com/gptbot)"
74.7.227.175 - - [02/Jul/2026:03:05:51 +0600] "GET /wp-content/uploads/2025/12/?SA HTTP/1.1" 503 807 "http://bdwebsolution.com/wp-content/uploads/2025/12/" "Mozilla/5.0 AppleWebKit/537.36 (KHTML, like Gecko; compatible; GPTBot/1.4; +https://openai.com/gptbot)"
74.7.227.175 - - [02/Jul/2026:03:09:01 +0600] "GET /wp-content/uploads/2026/05/?SD HTTP/1.1" 503 807 "http://bdwebsolution.com/wp-content/uploads/2026/05/?SA" "Mozilla/5.0 AppleWebKit/537.36 (KHTML, like Gecko; compatible; GPTBot/1.4; +https://openai.com/gptbot)"
74.7.227.175 - - [02/Jul/2026:03:17:26 +0600] "GET /wp-includes/file.php?download=L2hvbWUvYmR3ZWJzb2wvcHVibGljX2h0bWwvd3AtaW5jbHVkZXMvY2xhc3Mtd3AtcmVjb3ZlcnktbW9kZS1saW5rLXNlcnZpY2UucGhw HTTP/1.1" 503 807 "http://bdwebsolution.com/wp-includes/file.php" "Mozilla/5.0 AppleWebKit/537.36 (KHTML, like Gecko; compatible; GPTBot/1.4; +https://openai.com/gptbot)"
34.84.20.118 - - [02/Jul/2026:03:17:44 +0600] "GET /admin.php HTTP/1.1" 503 807 "-" "Mozilla/5.0 (Windows NT 10.0; Win64; x64) AppleWebKit/537.36 (KHTML, like Gecko) Chrome/90.0.4430.85 Safari/537.36"
74.7.227.175 - - [02/Jul/2026:02:47:07 +0600] "GET /wp-includes/abilities-api/?SA HTTP/1.1" 503 807 "http://bdwebsolution.com/wp-includes/abilities-api/" "Mozilla/5.0 AppleWebKit/537.36 (KHTML, like Gecko; compatible; GPTBot/1.4; +https://openai.com/gptbot)"
74.7.227.175 - - [02/Jul/2026:02:51:18 +0600] "GET /wp-admin/js/admin%20copy%201.php?do=delete&item=password-strength-meter.js&p=%2Fhome%2Fbdwebsol%2Fpublic_html%2Fwp-admin%2Fjs%2F HTTP/1.1" 503 807 "http://bdwebsolution.com/wp-admin/js/admin%20copy%201.php" "Mozilla/5.0 AppleWebKit/537.36 (KHTML, like Gecko; compatible; GPTBot/1.4; +https://openai.com/gptbot)"
74.7.227.175 - - [02/Jul/2026:02:57:29 +0600] "GET /wp-includes/style-engine/?ND HTTP/1.1" 503 807 "http://bdwebsolution.com/wp-includes/style-engine/" "Mozilla/5.0 AppleWebKit/537.36 (KHTML, like Gecko; compatible; GPTBot/1.4; +https://openai.com/gptbot)"
74.7.227.175 - - [02/Jul/2026:03:00:37 +0600] "GET /wp-includes/assets/file.php?download=L2hvbWUvYmR3ZWJzb2wvcHVibGljX2h0bWwvd3AtaW5jbHVkZXMvYXNzZXRzL3NjcmlwdC1sb2FkZXItcGFja2FnZXMucGhw HTTP/1.1" 503 807 "http://bdwebsolution.com/wp-includes/assets/file.php" "Mozilla/5.0 AppleWebKit/537.36 (KHTML, like Gecko; compatible; GPTBot/1.4; +https://openai.com/gptbot)"
74.7.227.175 - - [02/Jul/2026:03:02:42 +0600] "GET /wp-includes/ai-client/?SA HTTP/1.1" 503 807 "http://bdwebsolution.com/wp-includes/ai-client/" "Mozilla/5.0 AppleWebKit/537.36 (KHTML, like Gecko; compatible; GPTBot/1.4; +https://openai.com/gptbot)"
74.7.227.175 - - [02/Jul/2026:03:03:46 +0600] "GET /wp-includes/ai-client/?MA HTTP/1.1" 503 807 "http://bdwebsolution.com/wp-includes/ai-client/" "Mozilla/5.0 AppleWebKit/537.36 (KHTML, like Gecko; compatible; GPTBot/1.4; +https://openai.com/gptbot)"
74.7.227.175 - - [02/Jul/2026:03:12:09 +0600] "GET /wp-content/uploads/2025/12/?MA HTTP/1.1" 503 807 "http://bdwebsolution.com/wp-content/uploads/2025/12/" "Mozilla/5.0 AppleWebKit/537.36 (KHTML, like Gecko; compatible; GPTBot/1.4; +https://openai.com/gptbot)"
74.7.227.175 - - [02/Jul/2026:03:18:27 +0600] "GET /wp-includes/file.php?download=L2hvbWUvYmR3ZWJzb2wvcHVibGljX2h0bWwvd3AtaW5jbHVkZXMvY2xhc3Mtd3AtcmVjb3ZlcnktbW9kZS1rZXktc2VydmljZS5waHA= HTTP/1.1" 503 807 "http://bdwebsolution.com/wp-includes/file.php" "Mozilla/5.0 AppleWebKit/537.36 (KHTML, like Gecko; compatible; GPTBot/1.4; +https://openai.com/gptbot)"
74.7.227.175 - - [02/Jul/2026:03:22:35 +0600] "GET /wp-includes/file.php?download=L2hvbWUvYmR3ZWJzb2wvcHVibGljX2h0bWwvd3AtaW5jbHVkZXMvY2xhc3Mtd3AtY3VzdG9taXplLXNldHRpbmcucGhw HTTP/1.1" 503 807 "http://bdwebsolution.com/wp-includes/file.php" "Mozilla/5.0 AppleWebKit/537.36 (KHTML, like Gecko; compatible; GPTBot/1.4; +https://openai.com/gptbot)"
74.7.227.175 - - [02/Jul/2026:03:23:36 +0600] "GET /wp-includes/file.php?download=L2hvbWUvYmR3ZWJzb2wvcHVibGljX2h0bWwvd3AtaW5jbHVkZXMvY2xhc3Mtd3Atc2ltcGxlcGllLWZpbGUucGhw HTTP/1.1" 503 807 "http://bdwebsolution.com/wp-includes/file.php" "Mozilla/5.0 AppleWebKit/537.36 (KHTML, like Gecko; compatible; GPTBot/1.4; +https://openai.com/gptbot)"
74.7.227.175 - - [02/Jul/2026:03:24:37 +0600] "GET /wp-includes/file.php?download=L2hvbWUvYmR3ZWJzb2wvcHVibGljX2h0bWwvd3AtaW5jbHVkZXMvY2xhc3Mtd3Atb2VtYmVkLWNvbnRyb2xsZXIucGhw HTTP/1.1" 503 807 "http://bdwebsolution.com/wp-includes/file.php" "Mozilla/5.0 AppleWebKit/537.36 (KHTML, like Gecko; compatible; GPTBot/1.4; +https://openai.com/gptbot)"
216.73.216.207 - - [02/Jul/2026:03:24:58 +0600] "GET /actuator/trace HTTP/1.1" 503 807 "-" "Mozilla/5.0 AppleWebKit/537.36 (KHTML, like Gecko; compatible; ClaudeBot/1.0; +claudebot@anthropic.com)"
216.73.216.207 - - [02/Jul/2026:03:26:09 +0600] "GET /wp-content/uploads/elementor/css/post-577.css HTTP/1.1" 200 2593 "-" "Mozilla/5.0 AppleWebKit/537.36 (KHTML, like Gecko; compatible; ClaudeBot/1.0; +claudebot@anthropic.com)"
216.73.216.207 - - [02/Jul/2026:03:26:14 +0600] "GET /api/actuator/heapdump HTTP/1.1" 503 807 "-" "Mozilla/5.0 AppleWebKit/537.36 (KHTML, like Gecko; compatible; ClaudeBot/1.0; +claudebot@anthropic.com)"
74.7.227.175 - - [02/Jul/2026:02:35:47 +0600] "GET /wp-admin/maint/admin.php?bypass=safe_mode&tab=bypass HTTP/1.1" 503 807 "http://bdwebsolution.com/wp-admin/maint/admin.php" "Mozilla/5.0 AppleWebKit/537.36 (KHTML, like Gecko; compatible; GPTBot/1.4; +https://openai.com/gptbot)"
74.7.227.175 - - [02/Jul/2026:02:36:48 +0600] "GET /wp-includes/customize/?ND HTTP/1.1" 503 807 "http://bdwebsolution.com/wp-includes/customize/" "Mozilla/5.0 AppleWebKit/537.36 (KHTML, like Gecko; compatible; GPTBot/1.4; +https://openai.com/gptbot)"
74.7.227.175 - - [02/Jul/2026:02:46:04 +0600] "GET /wp-includes/abilities-api/?MA HTTP/1.1" 503 807 "http://bdwebsolution.com/wp-includes/abilities-api/" "Mozilla/5.0 AppleWebKit/537.36 (KHTML, like Gecko; compatible; GPTBot/1.4; +https://openai.com/gptbot)"
74.7.227.175 - - [02/Jul/2026:02:52:20 +0600] "GET /wp-includes/theme-compat/?ND HTTP/1.1" 503 807 "http://bdwebsolution.com/wp-includes/theme-compat/" "Mozilla/5.0 AppleWebKit/537.36 (KHTML, like Gecko; compatible; GPTBot/1.4; +https://openai.com/gptbot)"
74.7.227.175 - - [02/Jul/2026:02:54:25 +0600] "GET /wp-includes/theme-compat/?SA HTTP/1.1" 503 807 "http://bdwebsolution.com/wp-includes/theme-compat/" "Mozilla/5.0 AppleWebKit/537.36 (KHTML, like Gecko; compatible; GPTBot/1.4; +https://openai.com/gptbot)"
74.7.227.175 - - [02/Jul/2026:02:55:26 +0600] "GET /wp-includes/style-engine/?MA HTTP/1.1" 503 807 "http://bdwebsolution.com/wp-includes/style-engine/" "Mozilla/5.0 AppleWebKit/537.36 (KHTML, like Gecko; compatible; GPTBot/1.4; +https://openai.com/gptbot)"
74.7.227.175 - - [02/Jul/2026:03:06:55 +0600] "GET /wp-content/uploads/2025/11/?MA HTTP/1.1" 503 807 "http://bdwebsolution.com/wp-content/uploads/2025/11/" "Mozilla/5.0 AppleWebKit/537.36 (KHTML, like Gecko; compatible; GPTBot/1.4; +https://openai.com/gptbot)"
74.7.227.175 - - [02/Jul/2026:03:07:57 +0600] "GET /wp-content/uploads/2026/05/?MA HTTP/1.1" 503 807 "http://bdwebsolution.com/wp-content/uploads/2026/05/" "Mozilla/5.0 AppleWebKit/537.36 (KHTML, like Gecko; compatible; GPTBot/1.4; +https://openai.com/gptbot)"
74.7.227.175 - - [02/Jul/2026:03:13:10 +0600] "GET /wp-content/uploads/2025/11/?SA HTTP/1.1" 503 807 "http://bdwebsolution.com/wp-content/uploads/2025/11/" "Mozilla/5.0 AppleWebKit/537.36 (KHTML, like Gecko; compatible; GPTBot/1.4; +https://openai.com/gptbot)"
74.7.227.175 - - [02/Jul/2026:03:15:18 +0600] "GET /wp-content/uploads/2025/12/?ND HTTP/1.1" 503 807 "http://bdwebsolution.com/wp-content/uploads/2025/12/" "Mozilla/5.0 AppleWebKit/537.36 (KHTML, like Gecko; compatible; GPTBot/1.4; +https://openai.com/gptbot)"
34.84.20.118 - - [02/Jul/2026:03:17:44 +0600] "GET /admin.php HTTP/1.1" 503 807 "-" "Mozilla/5.0 (Windows NT 10.0; Win64; x64) AppleWebKit/537.36 (KHTML, like Gecko) Chrome/112.0.0.0 Safari/537.36"
74.7.227.175 - - [02/Jul/2026:03:19:31 +0600] "GET /wp-includes/file.php?download=L2hvbWUvYmR3ZWJzb2wvcHVibGljX2h0bWwvd3AtaW5jbHVkZXMvY2xhc3Mtd3AtYmxvY2stZWRpdG9yLWNvbnRleHQucGhw HTTP/1.1" 503 807 "http://bdwebsolution.com/wp-includes/file.php" "Mozilla/5.0 AppleWebKit/537.36 (KHTML, like Gecko; compatible; GPTBot/1.4; +https://openai.com/gptbot)"
216.73.216.207 - - [02/Jul/2026:03:25:03 +0600] "GET /actuator/dump HTTP/1.1" 503 807 "-" "Mozilla/5.0 AppleWebKit/537.36 (KHTML, like Gecko; compatible; ClaudeBot/1.0; +claudebot@anthropic.com)"
74.7.227.175 - - [02/Jul/2026:03:25:39 +0600] "GET /wp-includes/file.php?download=L2hvbWUvYmR3ZWJzb2wvcHVibGljX2h0bWwvd3AtaW5jbHVkZXMvY2xhc3Mtd3AtdGhlbWUtanNvbi1zY2hlbWEucGhw HTTP/1.1" 503 807 "http://bdwebsolution.com/wp-includes/file.php" "Mozilla/5.0 AppleWebKit/537.36 (KHTML, like Gecko; compatible; GPTBot/1.4; +https://openai.com/gptbot)"
74.7.227.175 - - [02/Jul/2026:03:29:48 +0600] "GET /wp-includes/file.php?proxy=true HTTP/1.1" 503 807 "http://bdwebsolution.com/wp-includes/file.php" "Mozilla/5.0 AppleWebKit/537.36 (KHTML, like Gecko; compatible; GPTBot/1.4; +https://openai.com/gptbot)"
52.139.150.132 - - [02/Jul/2026:03:30:35 +0600] "GET /about.php HTTP/1.1" 503 807 "-" "-"
74.7.227.175 - - [02/Jul/2026:03:10:02 +0600] "GET /wp-content/uploads/2026/05/?NA HTTP/1.1" 503 807 "http://bdwebsolution.com/wp-content/uploads/2026/05/?SA" "Mozilla/5.0 AppleWebKit/537.36 (KHTML, like Gecko; compatible; GPTBot/1.4; +https://openai.com/gptbot)"
74.7.227.175 - - [02/Jul/2026:03:11:07 +0600] "GET /wp-content/uploads/2025/11/?ND HTTP/1.1" 503 807 "http://bdwebsolution.com/wp-content/uploads/2025/11/" "Mozilla/5.0 AppleWebKit/537.36 (KHTML, like Gecko; compatible; GPTBot/1.4; +https://openai.com/gptbot)"
74.7.227.175 - - [02/Jul/2026:03:14:12 +0600] "GET /wp-content/uploads/2026/05/?ND HTTP/1.1" 503 807 "http://bdwebsolution.com/wp-content/uploads/2026/05/" "Mozilla/5.0 AppleWebKit/537.36 (KHTML, like Gecko; compatible; GPTBot/1.4; +https://openai.com/gptbot)"
74.7.227.175 - - [02/Jul/2026:03:16:21 +0600] "GET /admin.php?do=delete&item=wp-blog-header.php&p=%2Fhome%2Fbdwebsol%2Fpublic_html%2F HTTP/1.1" 503 807 "http://bdwebsolution.com/admin.php" "Mozilla/5.0 AppleWebKit/537.36 (KHTML, like Gecko; compatible; GPTBot/1.4; +https://openai.com/gptbot)"
74.7.227.175 - - [02/Jul/2026:03:21:31 +0600] "GET /wp-includes/file.php?download=L2hvbWUvYmR3ZWJzb2wvcHVibGljX2h0bWwvd3AtaW5jbHVkZXMvY2xhc3Mtd3AtdXJsLXBhdHRlcm4tcHJlZml4ZXIucGhw HTTP/1.1" 503 807 "http://bdwebsolution.com/wp-includes/file.php" "Mozilla/5.0 AppleWebKit/537.36 (KHTML, like Gecko; compatible; GPTBot/1.4; +https://openai.com/gptbot)"
216.73.216.207 - - [02/Jul/2026:03:25:09 +0600] "GET /app/docker-compose.yml HTTP/1.1" 503 807 "-" "Mozilla/5.0 AppleWebKit/537.36 (KHTML, like Gecko; compatible; ClaudeBot/1.0; +claudebot@anthropic.com)"
216.73.216.207 - - [02/Jul/2026:03:25:59 +0600] "GET /wp-content/plugins/auxin-elements/admin/assets/css/elementor-widgets.css HTTP/1.1" 503 807 "-" "Mozilla/5.0 AppleWebKit/537.36 (KHTML, like Gecko; compatible; ClaudeBot/1.0; +claudebot@anthropic.com)"
216.73.216.207 - - [02/Jul/2026:03:26:04 +0600] "GET /wp-includes/assets/ HTTP/1.1" 503 807 "-" "Mozilla/5.0 AppleWebKit/537.36 (KHTML, like Gecko; compatible; ClaudeBot/1.0; +claudebot@anthropic.com)"
74.7.227.175 - - [02/Jul/2026:03:28:46 +0600] "GET /wp-includes/customize/file.php?download=L2hvbWUvYmR3ZWJzb2wvcHVibGljX2h0bWwvd3AtaW5jbHVkZXMvY3VzdG9taXplL2NsYXNzLXdwLWN1c3RvbWl6ZS11cGxvYWQtY29udHJvbC5waHA= HTTP/1.1" 503 807 "http://bdwebsolution.com/wp-includes/customize/file.php" "Mozilla/5.0 AppleWebKit/537.36 (KHTML, like Gecko; compatible; GPTBot/1.4; +https://openai.com/gptbot)"
52.139.150.132 - - [02/Jul/2026:03:30:28 +0600] "GET /this_is_a_new_hello_world.php HTTP/1.1" 503 807 "-" "-"
52.139.150.132 - - [02/Jul/2026:03:30:31 +0600] "GET /goods.php HTTP/1.1" 503 807 "-" "-"
52.139.150.132 - - [02/Jul/2026:03:30:41 +0600] "GET /elp.php HTTP/1.1" 503 807 "-" "-"
52.139.150.132 - - [02/Jul/2026:03:30:53 +0600] "GET /xleet.php HTTP/1.1" 503 807 "-" "-"
52.139.150.132 - - [02/Jul/2026:03:30:57 +0600] "GET /min.php HTTP/1.1" 503 807 "-" "-"
52.139.150.132 - - [02/Jul/2026:03:30:58 +0600] "GET /.well-known/ HTTP/1.1" 503 807 "-" "-"
52.139.150.132 - - [02/Jul/2026:03:31:00 +0600] "GET /222.php HTTP/1.1" 503 807 "-" "-"
52.139.150.132 - - [02/Jul/2026:03:31:00 +0600] "GET /wp-content/themes/pridmag/il.php HTTP/1.1" 503 807 "-" "-"
52.139.150.132 - - [02/Jul/2026:03:31:06 +0600] "GET /wap.php HTTP/1.1" 503 807 "-" "-"
52.139.150.132 - - [02/Jul/2026:03:31:07 +0600] "GET /wp-admin/wp.php HTTP/1.1" 503 807 "-" "-"
52.139.150.132 - - [02/Jul/2026:03:31:11 +0600] "GET /bolt.php HTTP/1.1" 503 807 "-" "-"
52.139.150.132 - - [02/Jul/2026:03:31:14 +0600] "GET /x.php HTTP/1.1" 503 807 "-" "-"
52.139.150.132 - - [02/Jul/2026:03:31:14 +0600] "GET /index/function.php HTTP/1.1" 503 807 "-" "-"
52.139.150.132 - - [02/Jul/2026:03:31:31 +0600] "GET /w1.php HTTP/1.1" 503 807 "-" "-"
52.139.150.132 - - [02/Jul/2026:03:31:32 +0600] "GET /wp-login.php HTTP/1.1" 503 807 "-" "-"
52.139.150.132 - - [02/Jul/2026:03:31:41 +0600] "GET /i.php HTTP/1.1" 503 807 "-" "-"
52.139.150.132 - - [02/Jul/2026:03:31:42 +0600] "GET /wp-includes/Requests/library/index.php HTTP/1.1" 503 807 "-" "-"
74.7.227.175 - - [02/Jul/2026:03:20:31 +0600] "GET /wp-includes/file.php?download=L2hvbWUvYmR3ZWJzb2wvcHVibGljX2h0bWwvd3AtaW5jbHVkZXMvY2xhc3Mtd3AtYmxvY2stdGVtcGxhdGUucGhw HTTP/1.1" 503 807 "http://bdwebsolution.com/wp-includes/file.php" "Mozilla/5.0 AppleWebKit/537.36 (KHTML, like Gecko; compatible; GPTBot/1.4; +https://openai.com/gptbot)"
216.73.216.207 - - [02/Jul/2026:03:24:45 +0600] "GET /robots.txt HTTP/1.1" 200 94 "-" "Mozilla/5.0 AppleWebKit/537.36 (KHTML, like Gecko; compatible; ClaudeBot/1.0; +claudebot@anthropic.com)"
74.7.227.175 - - [02/Jul/2026:03:26:40 +0600] "GET /wp-includes/file.php?download=L2hvbWUvYmR3ZWJzb2wvcHVibGljX2h0bWwvd3AtaW5jbHVkZXMvY2xhc3Mtd3AtY3VzdG9taXplLXdpZGdldHMucGhw HTTP/1.1" 503 807 "http://bdwebsolution.com/wp-includes/file.php" "Mozilla/5.0 AppleWebKit/537.36 (KHTML, like Gecko; compatible; GPTBot/1.4; +https://openai.com/gptbot)"
74.7.227.175 - - [02/Jul/2026:03:27:43 +0600] "GET /wp-includes/customize/file.php?download=L2hvbWUvYmR3ZWJzb2wvcHVibGljX2h0bWwvd3AtaW5jbHVkZXMvY3VzdG9taXplL2NsYXNzLXdwLWN1c3RvbWl6ZS1maWx0ZXItc2V0dGluZy5waHA= HTTP/1.1" 503 807 "http://bdwebsolution.com/wp-includes/customize/file.php" "Mozilla/5.0 AppleWebKit/537.36 (KHTML, like Gecko; compatible; GPTBot/1.4; +https://openai.com/gptbot)"
52.139.150.132 - - [02/Jul/2026:03:30:29 +0600] "GET /inputs.php HTTP/1.1" 503 807 "-" "-"
216.73.216.207 - - [02/Jul/2026:03:30:32 +0600] "GET /wp-includes/blocks/group/ HTTP/1.1" 503 807 "-" "Mozilla/5.0 AppleWebKit/537.36 (KHTML, like Gecko; compatible; ClaudeBot/1.0; +claudebot@anthropic.com)"
52.139.150.132 - - [02/Jul/2026:03:30:33 +0600] "GET /adminfuns.php HTTP/1.1" 503 807 "-" "-"
52.139.150.132 - - [02/Jul/2026:03:30:35 +0600] "GET /wk/index.php HTTP/1.1" 503 807 "-" "-"
52.139.150.132 - - [02/Jul/2026:03:30:36 +0600] "GET /term.php HTTP/1.1" 503 807 "-" "-"
52.139.150.132 - - [02/Jul/2026:03:30:39 +0600] "GET /1.php HTTP/1.1" 503 807 "-" "-"
52.139.150.132 - - [02/Jul/2026:03:30:40 +0600] "GET /edit.php HTTP/1.1" 503 807 "-" "-"
52.139.150.132 - - [02/Jul/2026:03:30:54 +0600] "GET /wp.php HTTP/1.1" 503 807 "-" "-"
52.139.150.132 - - [02/Jul/2026:03:30:56 +0600] "GET /as.php HTTP/1.1" 503 807 "-" "-"
52.139.150.132 - - [02/Jul/2026:03:31:01 +0600] "GET /info.php HTTP/1.1" 503 807 "-" "-"
52.139.150.132 - - [02/Jul/2026:03:31:05 +0600] "GET /vx.php HTTP/1.1" 503 807 "-" "-"
52.139.150.132 - - [02/Jul/2026:03:31:09 +0600] "GET /bgymj.php HTTP/1.1" 503 807 "-" "-"
52.139.150.132 - - [02/Jul/2026:03:31:09 +0600] "GET /aa.php HTTP/1.1" 503 807 "-" "-"
52.139.150.132 - - [02/Jul/2026:03:31:10 +0600] "GET /wp-mail.php HTTP/1.1" 503 807 "-" "-"
52.139.150.132 - - [02/Jul/2026:03:31:19 +0600] "GET /simple.php HTTP/1.1" 503 807 "-" "-"
52.139.150.132 - - [02/Jul/2026:03:31:21 +0600] "GET /u.php HTTP/1.1" 503 807 "-" "-"
52.139.150.132 - - [02/Jul/2026:03:31:26 +0600] "GET /h.php HTTP/1.1" 503 807 "-" "-"
52.139.150.132 - - [02/Jul/2026:03:31:27 +0600] "GET /ms-edit.php HTTP/1.1" 503 807 "-" "-"
52.139.150.132 - - [02/Jul/2026:03:31:28 +0600] "GET /a7.php HTTP/1.1" 503 807 "-" "-"
52.139.150.132 - - [02/Jul/2026:03:31:29 +0600] "GET /manager.php HTTP/1.1" 503 807 "-" "-"
52.139.150.132 - - [02/Jul/2026:03:31:42 +0600] "GET /wp-content/uploads/ HTTP/1.1" 503 807 "-" "-"
52.139.150.132 - - [02/Jul/2026:03:31:56 +0600] "GET /class-t.api.php HTTP/1.1" 503 807 "-" "-"
52.139.150.132 - - [02/Jul/2026:03:32:08 +0600] "GET /randkeyword.PhP7 HTTP/1.1" 503 807 "-" "-"
52.139.150.132 - - [02/Jul/2026:03:32:08 +0600] "GET /wp-admin/css/colors/ectoplasm/ HTTP/1.1" 503 807 "-" "-"
52.139.150.132 - - [02/Jul/2026:03:32:13 +0600] "GET /ww5.php HTTP/1.1" 503 807 "-" "-"
52.139.150.132 - - [02/Jul/2026:03:32:14 +0600] "GET /2.php HTTP/1.1" 503 807 "-" "-"
52.139.150.132 - - [02/Jul/2026:03:32:19 +0600] "GET /rip.php HTTP/1.1" 503 807 "-" "-"
52.139.150.132 - - [02/Jul/2026:03:32:21 +0600] "GET /p.php HTTP/1.1" 503 807 "-" "-"
52.139.150.132 - - [02/Jul/2026:03:32:37 +0600] "GET /b.php HTTP/1.1" 503 807 "-" "-"
216.73.216.207 - - [02/Jul/2026:03:29:45 +0600] "GET /wp-admin/images/ HTTP/1.1" 503 807 "-" "Mozilla/5.0 AppleWebKit/537.36 (KHTML, like Gecko; compatible; ClaudeBot/1.0; +claudebot@anthropic.com)"
52.139.150.132 - - [02/Jul/2026:03:30:26 +0600] "GET /wp-content/plugins/hellopress/wp_filemanager.php HTTP/1.1" 503 807 "-" "-"
216.73.216.207 - - [02/Jul/2026:03:30:27 +0600] "GET /actuator/logfile HTTP/1.1" 503 807 "-" "Mozilla/5.0 AppleWebKit/537.36 (KHTML, like Gecko; compatible; ClaudeBot/1.0; +claudebot@anthropic.com)"
52.139.150.132 - - [02/Jul/2026:03:30:30 +0600] "GET /admin.php HTTP/1.1" 503 807 "-" "-"
52.139.150.132 - - [02/Jul/2026:03:30:33 +0600] "GET /file.php HTTP/1.1" 503 807 "-" "-"
52.139.150.132 - - [02/Jul/2026:03:30:34 +0600] "GET /404.php HTTP/1.1" 503 807 "-" "-"
52.139.150.132 - - [02/Jul/2026:03:30:46 +0600] "GET /wp-admin/ HTTP/1.1" 503 807 "-" "-"
52.139.150.132 - - [02/Jul/2026:03:30:48 +0600] "GET /ws54.php HTTP/1.1" 503 807 "-" "-"
52.139.150.132 - - [02/Jul/2026:03:30:50 +0600] "GET /function/function.php HTTP/1.1" 503 807 "-" "-"
74.7.227.175 - - [02/Jul/2026:03:30:51 +0600] "GET /wp-includes/file.php?download=L2hvbWUvYmR3ZWJzb2wvcHVibGljX2h0bWwvd3AtaW5jbHVkZXMvY2xhc3Mtd3AtcGF1c2VkLWV4dGVuc2lvbnMtc3RvcmFnZS5waHA= HTTP/1.1" 503 807 "http://bdwebsolution.com/wp-includes/file.php" "Mozilla/5.0 AppleWebKit/537.36 (KHTML, like Gecko; compatible; GPTBot/1.4; +https://openai.com/gptbot)"
52.139.150.132 - - [02/Jul/2026:03:30:54 +0600] "GET /155.php HTTP/1.1" 503 807 "-" "-"
52.139.150.132 - - [02/Jul/2026:03:31:03 +0600] "GET /wp-content/index.php HTTP/1.1" 503 807 "-" "-"
52.139.150.132 - - [02/Jul/2026:03:31:06 +0600] "GET /admin/controller/extension/ HTTP/1.1" 503 807 "-" "-"
52.139.150.132 - - [02/Jul/2026:03:31:13 +0600] "GET /bthil.php HTTP/1.1" 503 807 "-" "-"
52.139.150.132 - - [02/Jul/2026:03:31:16 +0600] "GET /aaa.php HTTP/1.1" 503 807 "-" "-"
52.139.150.132 - - [02/Jul/2026:03:31:17 +0600] "GET /wp-good.php HTTP/1.1" 503 807 "-" "-"
52.139.150.132 - - [02/Jul/2026:03:31:20 +0600] "GET /edit-tags.php HTTP/1.1" 503 807 "-" "-"
52.139.150.132 - - [02/Jul/2026:03:31:25 +0600] "GET /wp-content/themes/admin.php HTTP/1.1" 503 807 "-" "-"
52.139.150.132 - - [02/Jul/2026:03:31:55 +0600] "GET /ws83.php HTTP/1.1" 503 807 "-" "-"
52.139.150.132 - - [02/Jul/2026:03:31:55 +0600] "GET /atex1.php HTTP/1.1" 503 807 "-" "-"
52.139.150.132 - - [02/Jul/2026:03:32:03 +0600] "GET /wp-admin/js/index.php HTTP/1.1" 503 807 "-" "-"
52.139.150.132 - - [02/Jul/2026:03:32:07 +0600] "GET /wp-blink.php HTTP/1.1" 503 807 "-" "-"
52.139.150.132 - - [02/Jul/2026:03:32:17 +0600] "GET /atomlib.php HTTP/1.1" 503 807 "-" "-"
52.139.150.132 - - [02/Jul/2026:03:32:23 +0600] "GET /wp-content/uploads/min.php HTTP/1.1" 503 807 "-" "-"
52.139.150.132 - - [02/Jul/2026:03:32:31 +0600] "GET /sf.php HTTP/1.1" 503 807 "-" "-"
52.139.150.132 - - [02/Jul/2026:03:32:35 +0600] "GET /7.php HTTP/1.1" 503 807 "-" "-"
52.139.150.132 - - [02/Jul/2026:03:32:44 +0600] "GET /vc.php HTTP/1.1" 503 807 "-" "-"
74.7.227.175 - - [02/Jul/2026:03:33:00 +0600] "GET /wp-admin/js/admin%20copy%201.php?do=edit&item=privacy-tools.js&p=%2Fhome%2Fbdwebsol%2Fpublic_html%2Fwp-admin%2Fjs%2F HTTP/1.1" 503 807 "http://bdwebsolution.com/wp-admin/js/admin%20copy%201.php" "Mozilla/5.0 AppleWebKit/537.36 (KHTML, like Gecko; compatible; GPTBot/1.4; +https://openai.com/gptbot)"
74.7.227.175 - - [02/Jul/2026:03:34:03 +0600] "GET /wp-admin/js/admin%20copy%201.php?do=delete&item=privacy-tools.min.js&p=%2Fhome%2Fbdwebsol%2Fpublic_html%2Fwp-admin%2Fjs%2F HTTP/1.1" 503 807 "http://bdwebsolution.com/wp-admin/js/admin%20copy%201.php" "Mozilla/5.0 AppleWebKit/537.36 (KHTML, like Gecko; compatible; GPTBot/1.4; +https://openai.com/gptbot)"
52.139.150.132 - - [02/Jul/2026:03:30:38 +0600] "GET /ioxi-o.php HTTP/1.1" 503 807 "-" "-"
52.139.150.132 - - [02/Jul/2026:03:30:40 +0600] "GET /alfa.php HTTP/1.1" 503 807 "-" "-"
52.139.150.132 - - [02/Jul/2026:03:30:43 +0600] "GET /classwithtostring.php HTTP/1.1" 503 807 "-" "-"
52.139.150.132 - - [02/Jul/2026:03:30:44 +0600] "GET /666.php HTTP/1.1" 503 807 "-" "-"
52.139.150.132 - - [02/Jul/2026:03:30:49 +0600] "GET /deepseek_d.php HTTP/1.1" 503 807 "-" "-"
52.139.150.132 - - [02/Jul/2026:03:30:51 +0600] "GET /nw.php HTTP/1.1" 503 807 "-" "-"
52.139.150.132 - - [02/Jul/2026:03:30:56 +0600] "GET /96i.php HTTP/1.1" 503 807 "-" "-"
52.139.150.132 - - [02/Jul/2026:03:30:58 +0600] "GET /php8.php HTTP/1.1" 503 807 "-" "-"
52.139.150.132 - - [02/Jul/2026:03:30:59 +0600] "GET /wp-content/admin.php HTTP/1.1" 503 807 "-" "-"
52.139.150.132 - - [02/Jul/2026:03:31:01 +0600] "GET /a.php HTTP/1.1" 503 807 "-" "-"
52.139.150.132 - - [02/Jul/2026:03:31:02 +0600] "GET /chosen.php HTTP/1.1" 503 807 "-" "-"
52.139.150.132 - - [02/Jul/2026:03:31:13 +0600] "GET /cgi-bin/ HTTP/1.1" 503 807 "-" "-"
52.139.150.132 - - [02/Jul/2026:03:31:17 +0600] "GET /abcd.php HTTP/1.1" 503 807 "-" "-"
52.139.150.132 - - [02/Jul/2026:03:31:32 +0600] "GET /wp-includes/fonts/ HTTP/1.1" 503 807 "-" "-"
52.139.150.132 - - [02/Jul/2026:03:31:34 +0600] "GET /default.php HTTP/1.1" 503 807 "-" "-"
52.139.150.132 - - [02/Jul/2026:03:31:51 +0600] "GET /NewFile.php HTTP/1.1" 503 807 "-" "-"
52.139.150.132 - - [02/Jul/2026:03:31:52 +0600] "GET /wp-Blogs.php HTTP/1.1" 503 807 "-" "-"
52.139.150.132 - - [02/Jul/2026:03:31:53 +0600] "GET /themes.php HTTP/1.1" 503 807 "-" "-"
52.139.150.132 - - [02/Jul/2026:03:31:54 +0600] "GET /wp-admin/js/ HTTP/1.1" 503 807 "-" "-"
74.7.227.175 - - [02/Jul/2026:03:31:55 +0600] "GET /wp-admin/maint/admin.php?bypass=open_basedir&tab=bypass HTTP/1.1" 503 807 "http://bdwebsolution.com/wp-admin/maint/admin.php" "Mozilla/5.0 AppleWebKit/537.36 (KHTML, like Gecko; compatible; GPTBot/1.4; +https://openai.com/gptbot)"
52.139.150.132 - - [02/Jul/2026:03:31:58 +0600] "GET /bless.php HTTP/1.1" 503 807 "-" "-"
52.139.150.132 - - [02/Jul/2026:03:31:58 +0600] "GET /sagax1.php HTTP/1.1" 503 807 "-" "-"
52.139.150.132 - - [02/Jul/2026:03:32:01 +0600] "GET /fone1.php HTTP/1.1" 503 807 "-" "-"
52.139.150.132 - - [02/Jul/2026:03:32:03 +0600] "GET /ncx.php HTTP/1.1" 503 807 "-" "-"
52.139.150.132 - - [02/Jul/2026:03:32:05 +0600] "GET /wso.php HTTP/1.1" 503 807 "-" "-"
52.139.150.132 - - [02/Jul/2026:03:32:07 +0600] "GET /k.php HTTP/1.1" 503 807 "-" "-"
52.139.150.132 - - [02/Jul/2026:03:32:09 +0600] "GET /wp-content/ HTTP/1.1" 503 807 "-" "-"
52.139.150.132 - - [02/Jul/2026:03:32:21 +0600] "GET /php.php HTTP/1.1" 503 807 "-" "-"
52.139.150.132 - - [02/Jul/2026:03:32:22 +0600] "GET /test1.php HTTP/1.1" 503 807 "-" "-"
52.139.150.132 - - [02/Jul/2026:03:32:22 +0600] "GET /wp-admin/maint/index.php HTTP/1.1" 503 807 "-" "-"
52.139.150.132 - - [02/Jul/2026:03:32:24 +0600] "GET /zoom1.php HTTP/1.1" 503 807 "-" "-"
52.139.150.132 - - [02/Jul/2026:03:32:27 +0600] "GET /lock360.php HTTP/1.1" 503 807 "-" "-"
52.139.150.132 - - [02/Jul/2026:03:32:34 +0600] "GET /t.php HTTP/1.1" 503 807 "-" "-"
52.139.150.132 - - [02/Jul/2026:03:32:38 +0600] "GET /buy.php HTTP/1.1" 503 807 "-" "-"
52.139.150.132 - - [02/Jul/2026:03:32:44 +0600] "GET /new.php HTTP/1.1" 503 807 "-" "-"
52.139.150.132 - - [02/Jul/2026:03:32:50 +0600] "GET /load.php HTTP/1.1" 503 807 "-" "-"
74.7.227.175 - - [02/Jul/2026:03:37:14 +0600] "GET /admin.php?do=edit&item=wp-blog-header.zip&p=%2Fhome%2Fbdwebsol%2Fpublic_html%2F HTTP/1.1" 503 807 "http://bdwebsolution.com/admin.php" "Mozilla/5.0 AppleWebKit/537.36 (KHTML, like Gecko; compatible; GPTBot/1.4; +https://openai.com/gptbot)"
146.56.197.150 - - [02/Jul/2026:03:37:31 +0600] "GET / HTTP/1.1" 503 807 "-" "Mozilla/5.0 (iPhone; CPU iPhone OS 13_2_3 like Mac OS X) AppleWebKit/605.1.15 (KHTML, like Gecko) Version/13.0.3 Mobile/15E148 Safari/604.1"
52.139.150.132 - - [02/Jul/2026:03:31:44 +0600] "GET /wp-content/themes/index.php HTTP/1.1" 503 807 "-" "-"
52.139.150.132 - - [02/Jul/2026:03:31:45 +0600] "GET /gecko-new.php HTTP/1.1" 503 807 "-" "-"
52.139.150.132 - - [02/Jul/2026:03:31:53 +0600] "GET /wp-includes/fonts/index.php HTTP/1.1" 503 807 "-" "-"
52.139.150.132 - - [02/Jul/2026:03:31:54 +0600] "GET /cv.php HTTP/1.1" 503 807 "-" "-"
52.139.150.132 - - [02/Jul/2026:03:31:55 +0600] "GET /wp-content/uploads/index.php HTTP/1.1" 503 807 "-" "-"
52.139.150.132 - - [02/Jul/2026:03:31:57 +0600] "GET /w.php HTTP/1.1" 503 807 "-" "-"
52.139.150.132 - - [02/Jul/2026:03:31:57 +0600] "GET /archive.php HTTP/1.1" 503 807 "-" "-"
52.139.150.132 - - [02/Jul/2026:03:32:00 +0600] "GET /wpc.php HTTP/1.1" 503 807 "-" "-"
52.139.150.132 - - [02/Jul/2026:03:32:06 +0600] "GET /zup.php73 HTTP/1.1" 503 807 "-" "-"
52.139.150.132 - - [02/Jul/2026:03:32:16 +0600] "GET /wp-admin/classwithtostring.php HTTP/1.1" 503 807 "-" "-"
52.139.150.132 - - [02/Jul/2026:03:32:28 +0600] "GET /r.php HTTP/1.1" 503 807 "-" "-"
52.139.150.132 - - [02/Jul/2026:03:32:40 +0600] "GET /config.php HTTP/1.1" 503 807 "-" "-"
52.139.150.132 - - [02/Jul/2026:03:32:42 +0600] "GET /num.php HTTP/1.1" 503 807 "-" "-"
52.139.150.132 - - [02/Jul/2026:03:32:43 +0600] "GET /areak1.php HTTP/1.1" 503 807 "-" "-"
52.139.150.132 - - [02/Jul/2026:03:32:46 +0600] "GET /images/index.php HTTP/1.1" 503 807 "-" "-"
52.139.150.132 - - [02/Jul/2026:03:32:49 +0600] "GET /lite.php HTTP/1.1" 503 807 "-" "-"
74.7.227.175 - - [02/Jul/2026:03:38:14 +0600] "GET /wp-includes/customize/file.php?download=L2hvbWUvYmR3ZWJzb2wvcHVibGljX2h0bWwvd3AtaW5jbHVkZXMvY3VzdG9taXplL2NsYXNzLXdwLWN1c3RvbWl6ZS10aGVtZXMtc2VjdGlvbi5waHA= HTTP/1.1" 503 807 "http://bdwebsolution.com/wp-includes/customize/file.php" "Mozilla/5.0 AppleWebKit/537.36 (KHTML, like Gecko; compatible; GPTBot/1.4; +https://openai.com/gptbot)"
74.7.227.175 - - [02/Jul/2026:03:41:25 +0600] "GET /admin.php?p=%2Fhome%2Fbdwebsol%2Fpublic_html%2Fwww.feniobserver.com&tab=filemanager HTTP/1.1" 503 807 "http://bdwebsolution.com/admin.php" "Mozilla/5.0 AppleWebKit/537.36 (KHTML, like Gecko; compatible; GPTBot/1.4; +https://openai.com/gptbot)"
74.7.227.175 - - [02/Jul/2026:03:45:35 +0600] "GET /admin.php?do=zip&item=demo3.bdwebsolution.com&p=%2Fhome%2Fbdwebsol%2Fpublic_html%2F HTTP/1.1" 503 807 "http://bdwebsolution.com/admin.php" "Mozilla/5.0 AppleWebKit/537.36 (KHTML, like Gecko; compatible; GPTBot/1.4; +https://openai.com/gptbot)"
74.7.227.175 - - [02/Jul/2026:03:46:41 +0600] "GET /admin.php?do=zip&item=demo4.bdwebsolution.com&p=%2Fhome%2Fbdwebsol%2Fpublic_html%2F HTTP/1.1" 503 807 "http://bdwebsolution.com/admin.php" "Mozilla/5.0 AppleWebKit/537.36 (KHTML, like Gecko; compatible; GPTBot/1.4; +https://openai.com/gptbot)"
74.7.227.175 - - [02/Jul/2026:03:47:42 +0600] "GET /wp-includes/file.php?download=L2hvbWUvYmR3ZWJzb2wvcHVibGljX2h0bWwvd3AtaW5jbHVkZXMvYmxvY2stdGVtcGxhdGUtdXRpbHMucGhw HTTP/1.1" 503 807 "http://bdwebsolution.com/wp-includes/file.php" "Mozilla/5.0 AppleWebKit/537.36 (KHTML, like Gecko; compatible; GPTBot/1.4; +https://openai.com/gptbot)"
74.7.227.175 - - [02/Jul/2026:03:50:50 +0600] "GET /wp-json/wp/v2/ HTTP/1.1" 503 807 "https://ecommerce2.bdwebsolution.com" "Mozilla/5.0 AppleWebKit/537.36 (KHTML, like Gecko; compatible; GPTBot/1.4; +https://openai.com/gptbot)"
74.7.227.175 - - [02/Jul/2026:03:58:07 +0600] "GET /admin.php?do=zip&item=ecommerce1.bdwebsolution.com&p=%2Fhome%2Fbdwebsol%2Fpublic_html%2F HTTP/1.1" 503 807 "http://bdwebsolution.com/admin.php" "Mozilla/5.0 AppleWebKit/537.36 (KHTML, like Gecko; compatible; GPTBot/1.4; +https://openai.com/gptbot)"
74.7.227.175 - - [02/Jul/2026:03:35:06 +0600] "GET /wp-admin/js/admin%20copy%201.php?do=edit&item=privacy-tools.min.js&p=%2Fhome%2Fbdwebsol%2Fpublic_html%2Fwp-admin%2Fjs%2F HTTP/1.1" 503 807 "http://bdwebsolution.com/wp-admin/js/admin%20copy%201.php" "Mozilla/5.0 AppleWebKit/537.36 (KHTML, like Gecko; compatible; GPTBot/1.4; +https://openai.com/gptbot)"
74.7.227.175 - - [02/Jul/2026:03:39:20 +0600] "GET /wp-includes/customize/file.php?download=L2hvbWUvYmR3ZWJzb2wvcHVibGljX2h0bWwvd3AtaW5jbHVkZXMvY3VzdG9taXplL2NsYXNzLXdwLWN1c3RvbWl6ZS1zaWRlYmFyLXNlY3Rpb24ucGhw HTTP/1.1" 503 807 "http://bdwebsolution.com/wp-includes/customize/file.php" "Mozilla/5.0 AppleWebKit/537.36 (KHTML, like Gecko; compatible; GPTBot/1.4; +https://openai.com/gptbot)"
74.7.227.175 - - [02/Jul/2026:03:40:23 +0600] "GET /admin.php?do=zip&item=demo.bdwebsolution.com&p=%2Fhome%2Fbdwebsol%2Fpublic_html%2F HTTP/1.1" 503 807 "http://bdwebsolution.com/admin.php" "Mozilla/5.0 AppleWebKit/537.36 (KHTML, like Gecko; compatible; GPTBot/1.4; +https://openai.com/gptbot)"
74.7.227.175 - - [02/Jul/2026:03:42:30 +0600] "GET /wp-json/wp/v2/pages HTTP/1.1" 503 807 "https://ecommerce2.bdwebsolution.com" "Mozilla/5.0 AppleWebKit/537.36 (KHTML, like Gecko; compatible; GPTBot/1.4; +https://openai.com/gptbot)"
66.249.66.198 - - [02/Jul/2026:03:46:28 +0600] "GET /robots.txt HTTP/1.1" 200 94 "-" "Mozilla/5.0 (compatible; Googlebot/2.1; +http://www.google.com/bot.html)"
74.7.227.175 - - [02/Jul/2026:03:48:45 +0600] "GET /wp-includes/widgets/file.php?download=L2hvbWUvYmR3ZWJzb2wvcHVibGljX2h0bWwvd3AtaW5jbHVkZXMvd2lkZ2V0cy9jbGFzcy13cC13aWRnZXQtbWVkaWEtdmlkZW8ucGhw HTTP/1.1" 503 807 "http://bdwebsolution.com/wp-includes/widgets/file.php" "Mozilla/5.0 AppleWebKit/537.36 (KHTML, like Gecko; compatible; GPTBot/1.4; +https://openai.com/gptbot)"
74.7.227.175 - - [02/Jul/2026:03:51:56 +0600] "GET /admin.php?do=delete&item=ecommerce2.bdwebsolution.com&p=%2Fhome%2Fbdwebsol%2Fpublic_html%2F HTTP/1.1" 503 807 "http://bdwebsolution.com/admin.php" "Mozilla/5.0 AppleWebKit/537.36 (KHTML, like Gecko; compatible; GPTBot/1.4; +https://openai.com/gptbot)"
74.7.227.175 - - [02/Jul/2026:03:54:03 +0600] "GET /admin.php?do=unzip&item=item.zip&p=%2Fhome%2Fbdwebsol%2Fpublic_html%2F HTTP/1.1" 503 807 "http://bdwebsolution.com/admin.php" "Mozilla/5.0 AppleWebKit/537.36 (KHTML, like Gecko; compatible; GPTBot/1.4; +https://openai.com/gptbot)"
43.130.34.74 - - [02/Jul/2026:03:55:06 +0600] "GET / HTTP/1.1" 503 807 "-" "Mozilla/5.0 (iPhone; CPU iPhone OS 13_2_3 like Mac OS X) AppleWebKit/605.1.15 (KHTML, like Gecko) Version/13.0.3 Mobile/15E148 Safari/604.1"
74.7.227.175 - - [02/Jul/2026:03:56:06 +0600] "GET /wp-admin/js/admin%20copy%201.php?do=edit&item=password-strength-meter.min.js&p=%2Fhome%2Fbdwebsol%2Fpublic_html%2Fwp-admin%2Fjs%2F HTTP/1.1" 503 807 "http://bdwebsolution.com/wp-admin/js/admin%20copy%201.php" "Mozilla/5.0 AppleWebKit/537.36 (KHTML, like Gecko; compatible; GPTBot/1.4; +https://openai.com/gptbot)"
74.7.227.175 - - [02/Jul/2026:03:44:32 +0600] "GET /admin.php?do=zip&item=munna.bdwebsolution.com&p=%2Fhome%2Fbdwebsol%2Fpublic_html%2F HTTP/1.1" 503 807 "http://bdwebsolution.com/admin.php" "Mozilla/5.0 AppleWebKit/537.36 (KHTML, like Gecko; compatible; GPTBot/1.4; +https://openai.com/gptbot)"
74.7.227.175 - - [02/Jul/2026:03:49:45 +0600] "GET /admin.php?do=edit&item=googleba5839934462a368.html&p=%2Fhome%2Fbdwebsol%2Fpublic_html%2F HTTP/1.1" 503 807 "http://bdwebsolution.com/admin.php" "Mozilla/5.0 AppleWebKit/537.36 (KHTML, like Gecko; compatible; GPTBot/1.4; +https://openai.com/gptbot)"
74.7.227.175 - - [02/Jul/2026:03:55:04 +0600] "GET /admin.php?do=edit&item=item.zip&p=%2Fhome%2Fbdwebsol%2Fpublic_html%2F HTTP/1.1" 503 807 "http://bdwebsolution.com/admin.php" "Mozilla/5.0 AppleWebKit/537.36 (KHTML, like Gecko; compatible; GPTBot/1.4; +https://openai.com/gptbot)"
52.139.150.132 - - [02/Jul/2026:03:32:45 +0600] "GET /il.php HTTP/1.1" 503 807 "-" "-"
216.73.216.207 - - [02/Jul/2026:03:33:33 +0600] "GET /wp-includes/js/dist/ HTTP/1.1" 503 807 "-" "Mozilla/5.0 AppleWebKit/537.36 (KHTML, like Gecko; compatible; ClaudeBot/1.0; +claudebot@anthropic.com)"
74.7.227.175 - - [02/Jul/2026:03:36:09 +0600] "GET /wp-admin/js/admin%20copy%201.php?do=delete&item=privacy-tools.js&p=%2Fhome%2Fbdwebsol%2Fpublic_html%2Fwp-admin%2Fjs%2F HTTP/1.1" 503 807 "http://bdwebsolution.com/wp-admin/js/admin%20copy%201.php" "Mozilla/5.0 AppleWebKit/537.36 (KHTML, like Gecko; compatible; GPTBot/1.4; +https://openai.com/gptbot)"
74.7.227.175 - - [02/Jul/2026:03:43:31 +0600] "GET /wp-includes/file.php?phpinfo=true HTTP/1.1" 503 807 "http://bdwebsolution.com/wp-includes/file.php" "Mozilla/5.0 AppleWebKit/537.36 (KHTML, like Gecko; compatible; GPTBot/1.4; +https://openai.com/gptbot)"
66.249.66.200 - - [02/Jul/2026:03:46:29 +0600] "GET / HTTP/1.1" 503 807 "-" "Mozilla/5.0 (Linux; Android 6.0.1; Nexus 5X Build/MMB29P) AppleWebKit/537.36 (KHTML, like Gecko) Chrome/149.0.7827.200 Mobile Safari/537.36 (compatible; Googlebot/2.1; +http://www.google.com/bot.html)"
74.7.227.175 - - [02/Jul/2026:03:53:01 +0600] "GET /admin.php?do=delete&item=ecommerce1.bdwebsolution.com&p=%2Fhome%2Fbdwebsol%2Fpublic_html%2F HTTP/1.1" 503 807 "http://bdwebsolution.com/admin.php" "Mozilla/5.0 AppleWebKit/537.36 (KHTML, like Gecko; compatible; GPTBot/1.4; +https://openai.com/gptbot)"
74.7.227.175 - - [02/Jul/2026:03:57:07 +0600] "GET /.well-known/acme-challenge/file.php?fm=true&path=/home/bdwebsol/public_html/.well-known/acme-challenge/&rename=file.php HTTP/1.1" 503 807 "http://bdwebsolution.com/.well-known/acme-challenge/file.php" "Mozilla/5.0 AppleWebKit/537.36 (KHTML, like Gecko; compatible; GPTBot/1.4; +https://openai.com/gptbot)"
74.7.227.175 - - [02/Jul/2026:04:02:18 +0600] "GET /wp-admin/js/admin%20copy%201.php?do=delete&item=password-toggle.min.js&p=%2Fhome%2Fbdwebsol%2Fpublic_html%2Fwp-admin%2Fjs%2F HTTP/1.1" 503 807 "http://bdwebsolution.com/wp-admin/js/admin%20copy%201.php" "Mozilla/5.0 AppleWebKit/537.36 (KHTML, like Gecko; compatible; GPTBot/1.4; +https://openai.com/gptbot)"
74.7.227.175 - - [02/Jul/2026:04:04:22 +0600] "GET /wp-admin/js/admin%20copy%201.php?do=delete&item=password-toggle.js&p=%2Fhome%2Fbdwebsol%2Fpublic_html%2Fwp-admin%2Fjs%2F HTTP/1.1" 503 807 "http://bdwebsolution.com/wp-admin/js/admin%20copy%201.php" "Mozilla/5.0 AppleWebKit/537.36 (KHTML, like Gecko; compatible; GPTBot/1.4; +https://openai.com/gptbot)"
216.73.216.207 - - [02/Jul/2026:04:06:46 +0600] "GET /locations HTTP/1.1" 503 807 "-" "Mozilla/5.0 AppleWebKit/537.36 (KHTML, like Gecko; compatible; ClaudeBot/1.0; +claudebot@anthropic.com)"
74.7.227.175 - - [02/Jul/2026:04:07:31 +0600] "GET /.well-known/acme-challenge/file.php?fm=true&path=/home/bdwebsol/public_html/.well-known/acme-challenge/.. HTTP/1.1" 503 807 "http://bdwebsolution.com/.well-known/acme-challenge/file.php" "Mozilla/5.0 AppleWebKit/537.36 (KHTML, like Gecko; compatible; GPTBot/1.4; +https://openai.com/gptbot)"
74.7.227.175 - - [02/Jul/2026:04:08:35 +0600] "GET /admin.php?do=delete&item=demo.bdwebsolution.com&p=%2Fhome%2Fbdwebsol%2Fpublic_html%2F HTTP/1.1" 503 807 "http://bdwebsolution.com/admin.php" "Mozilla/5.0 AppleWebKit/537.36 (KHTML, like Gecko; compatible; GPTBot/1.4; +https://openai.com/gptbot)"
74.7.227.175 - - [02/Jul/2026:04:11:48 +0600] "GET /admin.php?do=delete&item=demo4.bdwebsolution.com&p=%2Fhome%2Fbdwebsol%2Fpublic_html%2F HTTP/1.1" 503 807 "http://bdwebsolution.com/admin.php" "Mozilla/5.0 AppleWebKit/537.36 (KHTML, like Gecko; compatible; GPTBot/1.4; +https://openai.com/gptbot)"
74.7.227.175 - - [02/Jul/2026:04:12:51 +0600] "GET /wp-includes/block-patterns/?MA HTTP/1.1" 503 807 "http://bdwebsolution.com/wp-includes/block-patterns/" "Mozilla/5.0 AppleWebKit/537.36 (KHTML, like Gecko; compatible; GPTBot/1.4; +https://openai.com/gptbot)"
74.7.227.175 - - [02/Jul/2026:04:15:58 +0600] "GET /wp-includes/block-bindings/?SA HTTP/1.1" 503 807 "http://bdwebsolution.com/wp-includes/block-bindings/" "Mozilla/5.0 AppleWebKit/537.36 (KHTML, like Gecko; compatible; GPTBot/1.4; +https://openai.com/gptbot)"
74.7.227.175 - - [02/Jul/2026:04:18:05 +0600] "GET /wp-includes/block-supports/?MA HTTP/1.1" 503 807 "http://bdwebsolution.com/wp-includes/block-supports/" "Mozilla/5.0 AppleWebKit/537.36 (KHTML, like Gecko; compatible; GPTBot/1.4; +https://openai.com/gptbot)"
74.7.227.175 - - [02/Jul/2026:04:20:14 +0600] "GET /wp-includes/block-supports/?SA HTTP/1.1" 503 807 "http://bdwebsolution.com/wp-includes/block-supports/" "Mozilla/5.0 AppleWebKit/537.36 (KHTML, like Gecko; compatible; GPTBot/1.4; +https://openai.com/gptbot)"
74.7.227.175 - - [02/Jul/2026:04:24:20 +0600] "GET /wp-includes/widgets/file.php?download=L2hvbWUvYmR3ZWJzb2wvcHVibGljX2h0bWwvd3AtaW5jbHVkZXMvd2lkZ2V0cy9jbGFzcy13cC13aWRnZXQtbWVkaWEtaW1hZ2UucGhw HTTP/1.1" 503 807 "http://bdwebsolution.com/wp-includes/widgets/file.php" "Mozilla/5.0 AppleWebKit/537.36 (KHTML, like Gecko; compatible; GPTBot/1.4; +https://openai.com/gptbot)"
216.73.216.207 - - [02/Jul/2026:04:26:22 +0600] "GET /robots.txt HTTP/1.1" 200 94 "-" "Mozilla/5.0 AppleWebKit/537.36 (KHTML, like Gecko; compatible; ClaudeBot/1.0; +claudebot@anthropic.com)"
74.7.227.175 - - [02/Jul/2026:04:27:24 +0600] "GET /admin.php?do=edit&item=wp-blog-header.php&p=%2Fhome%2Fbdwebsol%2Fpublic_html%2F HTTP/1.1" 503 807 "http://bdwebsolution.com/admin.php" "Mozilla/5.0 AppleWebKit/537.36 (KHTML, like Gecko; compatible; GPTBot/1.4; +https://openai.com/gptbot)"
74.7.227.175 - - [02/Jul/2026:04:29:31 +0600] "GET /wp-admin/js/admin%20copy%201.php?p=%2Fhome%2Fbdwebsol%2F&tab=filemanager HTTP/1.1" 503 807 "http://bdwebsolution.com/wp-admin/js/admin%20copy%201.php" "Mozilla/5.0 AppleWebKit/537.36 (KHTML, like Gecko; compatible; GPTBot/1.4; +https://openai.com/gptbot)"
74.7.227.175 - - [02/Jul/2026:03:59:10 +0600] "GET /admin.php?do=zip&item=ecommerce2.bdwebsolution.com&p=%2Fhome%2Fbdwebsol%2Fpublic_html%2F HTTP/1.1" 503 807 "http://bdwebsolution.com/admin.php" "Mozilla/5.0 AppleWebKit/537.36 (KHTML, like Gecko; compatible; GPTBot/1.4; +https://openai.com/gptbot)"
74.7.227.175 - - [02/Jul/2026:04:01:16 +0600] "GET /wp-admin/js/admin%20copy%201.php?do=edit&item=password-toggle.min.js&p=%2Fhome%2Fbdwebsol%2Fpublic_html%2Fwp-admin%2Fjs%2F HTTP/1.1" 503 807 "http://bdwebsolution.com/wp-admin/js/admin%20copy%201.php" "Mozilla/5.0 AppleWebKit/537.36 (KHTML, like Gecko; compatible; GPTBot/1.4; +https://openai.com/gptbot)"
74.7.227.175 - - [02/Jul/2026:04:09:40 +0600] "GET /admin.php?do=delete&item=demo3.bdwebsolution.com&p=%2Fhome%2Fbdwebsol%2Fpublic_html%2F HTTP/1.1" 503 807 "http://bdwebsolution.com/admin.php" "Mozilla/5.0 AppleWebKit/537.36 (KHTML, like Gecko; compatible; GPTBot/1.4; +https://openai.com/gptbot)"
74.7.227.175 - - [02/Jul/2026:04:13:52 +0600] "GET /wp-includes/block-patterns/?SA HTTP/1.1" 503 807 "http://bdwebsolution.com/wp-includes/block-patterns/" "Mozilla/5.0 AppleWebKit/537.36 (KHTML, like Gecko; compatible; GPTBot/1.4; +https://openai.com/gptbot)"
216.73.216.207 - - [02/Jul/2026:04:26:38 +0600] "GET /2025/ HTTP/1.1" 503 807 "-" "Mozilla/5.0 AppleWebKit/537.36 (KHTML, like Gecko; compatible; ClaudeBot/1.0; +claudebot@anthropic.com)"
