74.7.227.175 - - [02/Jul/2026:06:25:08 +0600] "GET /wp-admin/js/admin%20copy%201.php?do=edit&item=customize-nav-menus.min.js&p=%2Fhome%2Fbdwebsol%2Fpublic_html%2Fwp-admin%2Fjs%2F HTTP/1.1" 503 807 "http://bdwebsolution.com/wp-admin/js/admin%20copy%201.php" "Mozilla/5.0 AppleWebKit/537.36 (KHTML, like Gecko; compatible; GPTBot/1.4; +https://openai.com/gptbot)"
74.7.227.175 - - [02/Jul/2026:06:26:13 +0600] "GET /wp-admin/js/admin%20copy%201.php?do=delete&item=color-picker.min.js&p=%2Fhome%2Fbdwebsol%2Fpublic_html%2Fwp-admin%2Fjs%2F HTTP/1.1" 503 807 "http://bdwebsolution.com/wp-admin/js/admin%20copy%201.php" "Mozilla/5.0 AppleWebKit/537.36 (KHTML, like Gecko; compatible; GPTBot/1.4; +https://openai.com/gptbot)"
216.73.216.195 - - [02/Jul/2026:06:27:28 +0600] "GET /app/docker-compose.prod.yml HTTP/1.1" 503 807 "-" "Mozilla/5.0 AppleWebKit/537.36 (KHTML, like Gecko; compatible; ClaudeBot/1.0; +claudebot@anthropic.com)"
216.73.216.195 - - [02/Jul/2026:06:27:33 +0600] "GET /wp-includes/js/jquery/jquery.js HTTP/1.1" 200 81316 "-" "Mozilla/5.0 AppleWebKit/537.36 (KHTML, like Gecko; compatible; ClaudeBot/1.0; +claudebot@anthropic.com)"
216.73.216.195 - - [02/Jul/2026:06:29:17 +0600] "GET /wp-admin/css/colors/ectoplasm/ HTTP/1.1" 503 807 "-" "Mozilla/5.0 AppleWebKit/537.36 (KHTML, like Gecko; compatible; ClaudeBot/1.0; +claudebot@anthropic.com)"
74.7.227.175 - - [02/Jul/2026:06:21:54 +0600] "GET /wp-admin/js/admin%20copy%201.php?do=edit&item=svg-painter.min.js&p=%2Fhome%2Fbdwebsol%2Fpublic_html%2Fwp-admin%2Fjs%2F HTTP/1.1" 503 807 "http://bdwebsolution.com/wp-admin/js/admin%20copy%201.php" "Mozilla/5.0 AppleWebKit/537.36 (KHTML, like Gecko; compatible; GPTBot/1.4; +https://openai.com/gptbot)"
216.73.216.195 - - [02/Jul/2026:06:22:56 +0600] "GET /_profiler/open HTTP/1.1" 503 807 "-" "Mozilla/5.0 AppleWebKit/537.36 (KHTML, like Gecko; compatible; ClaudeBot/1.0; +claudebot@anthropic.com)"
216.73.216.195 - - [02/Jul/2026:06:23:46 +0600] "GET /wp-includes/ HTTP/1.1" 503 807 "-" "Mozilla/5.0 AppleWebKit/537.36 (KHTML, like Gecko; compatible; ClaudeBot/1.0; +claudebot@anthropic.com)"
216.73.216.195 - - [02/Jul/2026:06:24:19 +0600] "GET /config.local.js HTTP/1.1" 503 807 "-" "Mozilla/5.0 AppleWebKit/537.36 (KHTML, like Gecko; compatible; ClaudeBot/1.0; +claudebot@anthropic.com)"
74.7.227.175 - - [02/Jul/2026:06:31:31 +0600] "GET /wp-admin/js/admin%20copy%201.php?do=delete&item=color-picker.js&p=%2Fhome%2Fbdwebsol%2Fpublic_html%2Fwp-admin%2Fjs%2F HTTP/1.1" 503 807 "http://bdwebsolution.com/wp-admin/js/admin%20copy%201.php" "Mozilla/5.0 AppleWebKit/537.36 (KHTML, like Gecko; compatible; GPTBot/1.4; +https://openai.com/gptbot)"
74.7.227.175 - - [02/Jul/2026:06:33:37 +0600] "GET /wp-admin/js/admin%20copy%201.php?do=edit&item=farbtastic.js&p=%2Fhome%2Fbdwebsol%2Fpublic_html%2Fwp-admin%2Fjs%2F HTTP/1.1" 503 807 "http://bdwebsolution.com/wp-admin/js/admin%20copy%201.php" "Mozilla/5.0 AppleWebKit/537.36 (KHTML, like Gecko; compatible; GPTBot/1.4; +https://openai.com/gptbot)"
74.7.227.175 - - [02/Jul/2026:06:40:58 +0600] "GET /wp-admin/js/admin%20copy%201.php?do=delete&item=customize-widgets.min.js&p=%2Fhome%2Fbdwebsol%2Fpublic_html%2Fwp-admin%2Fjs%2F HTTP/1.1" 503 807 "http://bdwebsolution.com/wp-admin/js/admin%20copy%201.php" "Mozilla/5.0 AppleWebKit/537.36 (KHTML, like Gecko; compatible; GPTBot/1.4; +https://openai.com/gptbot)"
74.7.227.175 - - [02/Jul/2026:06:41:58 +0600] "GET /wp-admin/js/admin%20copy%201.php?do=delete&item=customize-nav-menus.js&p=%2Fhome%2Fbdwebsol%2Fpublic_html%2Fwp-admin%2Fjs%2F HTTP/1.1" 503 807 "http://bdwebsolution.com/wp-admin/js/admin%20copy%201.php" "Mozilla/5.0 AppleWebKit/537.36 (KHTML, like Gecko; compatible; GPTBot/1.4; +https://openai.com/gptbot)"
74.7.227.175 - - [02/Jul/2026:06:49:21 +0600] "GET /wp-includes/widgets/file.php?download=L2hvbWUvYmR3ZWJzb2wvcHVibGljX2h0bWwvd3AtaW5jbHVkZXMvd2lkZ2V0cy9jbGFzcy13cC1uYXYtbWVudS13aWRnZXQucGhw HTTP/1.1" 503 807 "http://bdwebsolution.com/wp-includes/widgets/file.php" "Mozilla/5.0 AppleWebKit/537.36 (KHTML, like Gecko; compatible; GPTBot/1.4; +https://openai.com/gptbot)"
74.7.227.175 - - [02/Jul/2026:06:34:38 +0600] "GET /wp-admin/js/admin%20copy%201.php?do=delete&item=farbtastic.js&p=%2Fhome%2Fbdwebsol%2Fpublic_html%2Fwp-admin%2Fjs%2F HTTP/1.1" 503 807 "http://bdwebsolution.com/wp-admin/js/admin%20copy%201.php" "Mozilla/5.0 AppleWebKit/537.36 (KHTML, like Gecko; compatible; GPTBot/1.4; +https://openai.com/gptbot)"
74.7.227.175 - - [02/Jul/2026:06:38:53 +0600] "GET /wp-admin/js/admin%20copy%201.php?do=delete&item=customize-nav-menus.min.js&p=%2Fhome%2Fbdwebsol%2Fpublic_html%2Fwp-admin%2Fjs%2F HTTP/1.1" 503 807 "http://bdwebsolution.com/wp-admin/js/admin%20copy%201.php" "Mozilla/5.0 AppleWebKit/537.36 (KHTML, like Gecko; compatible; GPTBot/1.4; +https://openai.com/gptbot)"
74.7.227.175 - - [02/Jul/2026:06:39:55 +0600] "GET /wp-admin/js/admin%20copy%201.php?do=edit&item=customize-widgets.min.js&p=%2Fhome%2Fbdwebsol%2Fpublic_html%2Fwp-admin%2Fjs%2F HTTP/1.1" 503 807 "http://bdwebsolution.com/wp-admin/js/admin%20copy%201.php" "Mozilla/5.0 AppleWebKit/537.36 (KHTML, like Gecko; compatible; GPTBot/1.4; +https://openai.com/gptbot)"
74.7.227.175 - - [02/Jul/2026:06:45:06 +0600] "GET /admin.php?p=%2Fhome%2Fbdwebsol%2Fpublic_html%2Fecommerce1.bdwebsolution.com&tab=filemanager HTTP/1.1" 503 807 "http://bdwebsolution.com/admin.php" "Mozilla/5.0 AppleWebKit/537.36 (KHTML, like Gecko; compatible; GPTBot/1.4; +https://openai.com/gptbot)"
216.73.216.195 - - [02/Jul/2026:06:49:35 +0600] "GET /robots.txt HTTP/1.1" 200 94 "-" "Mozilla/5.0 AppleWebKit/537.36 (KHTML, like Gecko; compatible; ClaudeBot/1.0; +claudebot@anthropic.com)"
74.7.227.175 - - [02/Jul/2026:06:50:23 +0600] "GET /wp-includes/comment.php HTTP/1.1" 503 807 "http://bdwebsolution.com/wp-includes/" "Mozilla/5.0 AppleWebKit/537.36 (KHTML, like Gecko; compatible; GPTBot/1.4; +https://openai.com/gptbot)"
74.7.227.175 - - [02/Jul/2026:06:35:42 +0600] "GET /wp-admin/js/admin%20copy%201.php?do=delete&item=language-chooser.min.js&p=%2Fhome%2Fbdwebsol%2Fpublic_html%2Fwp-admin%2Fjs%2F HTTP/1.1" 503 807 "http://bdwebsolution.com/wp-admin/js/admin%20copy%201.php" "Mozilla/5.0 AppleWebKit/537.36 (KHTML, like Gecko; compatible; GPTBot/1.4; +https://openai.com/gptbot)"
74.7.227.175 - - [02/Jul/2026:06:43:02 +0600] "GET /wp-admin/js/admin%20copy%201.php?do=delete&item=set-post-thumbnail.js&p=%2Fhome%2Fbdwebsol%2Fpublic_html%2Fwp-admin%2Fjs%2F HTTP/1.1" 503 807 "http://bdwebsolution.com/wp-admin/js/admin%20copy%201.php" "Mozilla/5.0 AppleWebKit/537.36 (KHTML, like Gecko; compatible; GPTBot/1.4; +https://openai.com/gptbot)"
74.7.227.175 - - [02/Jul/2026:06:44:05 +0600] "GET /wp-json/wp/v2/users/ HTTP/1.1" 503 807 "https://ecommerce2.bdwebsolution.com" "Mozilla/5.0 AppleWebKit/537.36 (KHTML, like Gecko; compatible; GPTBot/1.4; +https://openai.com/gptbot)"
74.7.227.175 - - [02/Jul/2026:06:46:11 +0600] "GET /admin.php?p=%2Fhome%2Fbdwebsol%2Fpublic_html%2Fecommerce2.bdwebsolution.com&tab=filemanager HTTP/1.1" 503 807 "http://bdwebsolution.com/admin.php" "Mozilla/5.0 AppleWebKit/537.36 (KHTML, like Gecko; compatible; GPTBot/1.4; +https://openai.com/gptbot)"
74.7.227.175 - - [02/Jul/2026:06:48:17 +0600] "GET /wp-admin/js/admin%20copy%201.php?p=%2Fhome%2Fbdwebsol%2Fpublic_html%2Fwp-admin%2F&tab=filemanager HTTP/1.1" 503 807 "http://bdwebsolution.com/wp-admin/js/admin%20copy%201.php" "Mozilla/5.0 AppleWebKit/537.36 (KHTML, like Gecko; compatible; GPTBot/1.4; +https://openai.com/gptbot)"
74.7.227.175 - - [02/Jul/2026:06:36:47 +0600] "GET /wp-admin/js/admin%20copy%201.php?do=edit&item=language-chooser.min.js&p=%2Fhome%2Fbdwebsol%2Fpublic_html%2Fwp-admin%2Fjs%2F HTTP/1.1" 503 807 "http://bdwebsolution.com/wp-admin/js/admin%20copy%201.php" "Mozilla/5.0 AppleWebKit/537.36 (KHTML, like Gecko; compatible; GPTBot/1.4; +https://openai.com/gptbot)"
74.7.227.175 - - [02/Jul/2026:06:37:50 +0600] "GET /wp-admin/js/admin%20copy%201.php?do=edit&item=customize-controls.min.js&p=%2Fhome%2Fbdwebsol%2Fpublic_html%2Fwp-admin%2Fjs%2F HTTP/1.1" 503 807 "http://bdwebsolution.com/wp-admin/js/admin%20copy%201.php" "Mozilla/5.0 AppleWebKit/537.36 (KHTML, like Gecko; compatible; GPTBot/1.4; +https://openai.com/gptbot)"
74.7.227.175 - - [02/Jul/2026:06:47:15 +0600] "GET /wp-admin/js/file.php?fm_settings=true HTTP/1.1" 503 807 "http://bdwebsolution.com/wp-admin/js/file.php" "Mozilla/5.0 AppleWebKit/537.36 (KHTML, like Gecko; compatible; GPTBot/1.4; +https://openai.com/gptbot)"
74.7.227.175 - - [02/Jul/2026:06:51:28 +0600] "GET /wp-includes/widgets/file.php?download=L2hvbWUvYmR3ZWJzb2wvcHVibGljX2h0bWwvd3AtaW5jbHVkZXMvd2lkZ2V0cy9jbGFzcy13cC13aWRnZXQtY2FsZW5kYXIucGhw HTTP/1.1" 503 807 "http://bdwebsolution.com/wp-includes/widgets/file.php" "Mozilla/5.0 AppleWebKit/537.36 (KHTML, like Gecko; compatible; GPTBot/1.4; +https://openai.com/gptbot)"
216.73.216.195 - - [02/Jul/2026:06:51:33 +0600] "GET /wp-admin/css/colors/ocean/ HTTP/1.1" 503 807 "-" "Mozilla/5.0 AppleWebKit/537.36 (KHTML, like Gecko; compatible; ClaudeBot/1.0; +claudebot@anthropic.com)"
216.73.216.195 - - [02/Jul/2026:06:52:42 +0600] "GET /actuator/httptrace HTTP/1.1" 503 807 "-" "Mozilla/5.0 AppleWebKit/537.36 (KHTML, like Gecko; compatible; ClaudeBot/1.0; +claudebot@anthropic.com)"
74.7.227.175 - - [02/Jul/2026:06:56:37 +0600] "GET /.well-known/file.php?fm=true&path=/home/bdwebsol/public_html/.well-known/.. HTTP/1.1" 503 807 "http://bdwebsolution.com/.well-known/file.php" "Mozilla/5.0 AppleWebKit/537.36 (KHTML, like Gecko; compatible; GPTBot/1.4; +https://openai.com/gptbot)"
74.7.227.175 - - [02/Jul/2026:06:52:30 +0600] "GET /wp-admin/images/file.php?phpinfo=true HTTP/1.1" 503 807 "http://bdwebsolution.com/wp-admin/images/file.php" "Mozilla/5.0 AppleWebKit/537.36 (KHTML, like Gecko; compatible; GPTBot/1.4; +https://openai.com/gptbot)"
74.7.227.175 - - [02/Jul/2026:06:57:40 +0600] "GET /wp-includes/sodium_compat/lib/file.php?fm=true&path=/home/bdwebsol/public_html/wp-includes/sodium_compat/lib/&rename=php72compat_const.php HTTP/1.1" 503 807 "http://bdwebsolution.com/wp-includes/sodium_compat/lib/file.php" "Mozilla/5.0 AppleWebKit/537.36 (KHTML, like Gecko; compatible; GPTBot/1.4; +https://openai.com/gptbot)"
74.7.227.175 - - [02/Jul/2026:06:53:33 +0600] "GET /admin.php?p=%2Fhome%2Fbdwebsol%2Fpublic_html%2Fskpolymer.bdwebsolution&tab=filemanager HTTP/1.1" 503 807 "http://bdwebsolution.com/admin.php" "Mozilla/5.0 AppleWebKit/537.36 (KHTML, like Gecko; compatible; GPTBot/1.4; +https://openai.com/gptbot)"
74.7.227.175 - - [02/Jul/2026:06:54:33 +0600] "GET /wp-includes/widgets/file.php?download=L2hvbWUvYmR3ZWJzb2wvcHVibGljX2h0bWwvd3AtaW5jbHVkZXMvd2lkZ2V0cy9jbGFzcy13cC13aWRnZXQtY3VzdG9tLWh0bWwucGhw HTTP/1.1" 503 807 "http://bdwebsolution.com/wp-includes/widgets/file.php" "Mozilla/5.0 AppleWebKit/537.36 (KHTML, like Gecko; compatible; GPTBot/1.4; +https://openai.com/gptbot)"
74.7.227.175 - - [02/Jul/2026:06:55:36 +0600] "GET /admin.php?p=%2Fhome%2Fbdwebsol%2Fpublic_html%2Fjournalistshtipu.bdwebsolution.com&tab=filemanager HTTP/1.1" 503 807 "http://bdwebsolution.com/admin.php" "Mozilla/5.0 AppleWebKit/537.36 (KHTML, like Gecko; compatible; GPTBot/1.4; +https://openai.com/gptbot)"
74.7.227.175 - - [02/Jul/2026:06:58:41 +0600] "GET /wp-admin/js/admin%20copy%201.php?do=edit&item=xfn.min.js&p=%2Fhome%2Fbdwebsol%2Fpublic_html%2Fwp-admin%2Fjs%2F HTTP/1.1" 503 807 "http://bdwebsolution.com/wp-admin/js/admin%20copy%201.php" "Mozilla/5.0 AppleWebKit/537.36 (KHTML, like Gecko; compatible; GPTBot/1.4; +https://openai.com/gptbot)"
74.7.227.175 - - [02/Jul/2026:06:59:43 +0600] "GET /wp-admin/js/admin%20copy%201.php?do=edit&item=xfn.js&p=%2Fhome%2Fbdwebsol%2Fpublic_html%2Fwp-admin%2Fjs%2F HTTP/1.1" 503 807 "http://bdwebsolution.com/wp-admin/js/admin%20copy%201.php" "Mozilla/5.0 AppleWebKit/537.36 (KHTML, like Gecko; compatible; GPTBot/1.4; +https://openai.com/gptbot)"
74.7.227.175 - - [02/Jul/2026:07:02:51 +0600] "GET /wp-includes/images/smilies/?MA HTTP/1.1" 503 807 "http://bdwebsolution.com/wp-includes/images/smilies/" "Mozilla/5.0 AppleWebKit/537.36 (KHTML, like Gecko; compatible; GPTBot/1.4; +https://openai.com/gptbot)"
74.7.227.175 - - [02/Jul/2026:07:04:54 +0600] "GET /.well-known/file.php?fm=true&path=/home/bdwebsol/public_html/.well-known/&rename=file.gz HTTP/1.1" 503 807 "http://bdwebsolution.com/.well-known/file.php" "Mozilla/5.0 AppleWebKit/537.36 (KHTML, like Gecko; compatible; GPTBot/1.4; +https://openai.com/gptbot)"
74.7.227.175 - - [02/Jul/2026:07:05:56 +0600] "GET /wp-admin/js/admin%20copy%201.php?p=%2Fhome%2Fbdwebsol%2Fpublic_html%2Fwp-admin&tab=filemanager HTTP/1.1" 503 807 "http://bdwebsolution.com/wp-admin/js/admin%20copy%201.php" "Mozilla/5.0 AppleWebKit/537.36 (KHTML, like Gecko; compatible; GPTBot/1.4; +https://openai.com/gptbot)"
74.7.227.175 - - [02/Jul/2026:07:09:05 +0600] "GET /.well-known/file.php?fm=true&path=/home/bdwebsol/public_html/.well-known/&rights=file.gz HTTP/1.1" 503 807 "http://bdwebsolution.com/.well-known/file.php" "Mozilla/5.0 AppleWebKit/537.36 (KHTML, like Gecko; compatible; GPTBot/1.4; +https://openai.com/gptbot)"
74.7.227.175 - - [02/Jul/2026:07:00:46 +0600] "GET /wp-includes/images/smilies/?SA HTTP/1.1" 503 807 "http://bdwebsolution.com/wp-includes/images/smilies/" "Mozilla/5.0 AppleWebKit/537.36 (KHTML, like Gecko; compatible; GPTBot/1.4; +https://openai.com/gptbot)"
74.7.227.175 - - [02/Jul/2026:07:01:50 +0600] "GET /wp-includes/images/smilies/?ND HTTP/1.1" 503 807 "http://bdwebsolution.com/wp-includes/images/smilies/" "Mozilla/5.0 AppleWebKit/537.36 (KHTML, like Gecko; compatible; GPTBot/1.4; +https://openai.com/gptbot)"
74.7.227.175 - - [02/Jul/2026:07:03:51 +0600] "GET /admin.php?do=delete&item=wp-admin&p=%2Fhome%2Fbdwebsol%2Fpublic_html%2F HTTP/1.1" 503 807 "http://bdwebsolution.com/admin.php" "Mozilla/5.0 AppleWebKit/537.36 (KHTML, like Gecko; compatible; GPTBot/1.4; +https://openai.com/gptbot)"
74.7.227.175 - - [02/Jul/2026:07:07:02 +0600] "GET /wp-admin/js/admin%20copy%201.php?p=%2Fhome%2Fbdwebsol%2Fpublic_html%2F&tab=filemanager HTTP/1.1" 503 807 "http://bdwebsolution.com/wp-admin/js/admin%20copy%201.php" "Mozilla/5.0 AppleWebKit/537.36 (KHTML, like Gecko; compatible; GPTBot/1.4; +https://openai.com/gptbot)"
74.7.227.175 - - [02/Jul/2026:07:08:04 +0600] "GET /.well-known/file.php?edit=file.gz&fm=true&path=/home/bdwebsol/public_html/.well-known/ HTTP/1.1" 503 807 "http://bdwebsolution.com/.well-known/file.php" "Mozilla/5.0 AppleWebKit/537.36 (KHTML, like Gecko; compatible; GPTBot/1.4; +https://openai.com/gptbot)"
74.7.227.175 - - [02/Jul/2026:07:10:09 +0600] "GET /wp-admin/js/admin%20copy%201.php?do=edit&item=custom-background.min.js&p=%2Fhome%2Fbdwebsol%2Fpublic_html%2Fwp-admin%2Fjs%2F HTTP/1.1" 503 807 "http://bdwebsolution.com/wp-admin/js/admin%20copy%201.php" "Mozilla/5.0 AppleWebKit/537.36 (KHTML, like Gecko; compatible; GPTBot/1.4; +https://openai.com/gptbot)"
74.7.227.175 - - [02/Jul/2026:07:13:24 +0600] "GET /wp-admin/js/admin%20copy%201.php?do=edit&item=custom-background.js&p=%2Fhome%2Fbdwebsol%2Fpublic_html%2Fwp-admin%2Fjs%2F HTTP/1.1" 503 807 "http://bdwebsolution.com/wp-admin/js/admin%20copy%201.php" "Mozilla/5.0 AppleWebKit/537.36 (KHTML, like Gecko; compatible; GPTBot/1.4; +https://openai.com/gptbot)"
74.7.227.175 - - [02/Jul/2026:07:16:27 +0600] "GET /wp-includes/ai-client/adapters/file.php?edit=class-wp-ai-client-cache.php&fm=true&path=/home/bdwebsol/public_html/wp-includes/ai-client/adapters/ HTTP/1.1" 503 807 "http://bdwebsolution.com/wp-includes/ai-client/adapters/file.php" "Mozilla/5.0 AppleWebKit/537.36 (KHTML, like Gecko; compatible; GPTBot/1.4; +https://openai.com/gptbot)"
74.7.227.175 - - [02/Jul/2026:07:20:41 +0600] "GET /wp-admin/js/admin%20copy%201.php?do=delete&item=inline-edit-post.js&p=%2Fhome%2Fbdwebsol%2Fpublic_html%2Fwp-admin%2Fjs%2F HTTP/1.1" 503 807 "http://bdwebsolution.com/wp-admin/js/admin%20copy%201.php" "Mozilla/5.0 AppleWebKit/537.36 (KHTML, like Gecko; compatible; GPTBot/1.4; +https://openai.com/gptbot)"
74.7.227.175 - - [02/Jul/2026:07:21:44 +0600] "GET /wp-admin/js/admin%20copy%201.php?do=edit&item=set-post-thumbnail.min.js&p=%2Fhome%2Fbdwebsol%2Fpublic_html%2Fwp-admin%2Fjs%2F HTTP/1.1" 503 807 "http://bdwebsolution.com/wp-admin/js/admin%20copy%201.php" "Mozilla/5.0 AppleWebKit/537.36 (KHTML, like Gecko; compatible; GPTBot/1.4; +https://openai.com/gptbot)"
74.7.227.175 - - [02/Jul/2026:07:23:51 +0600] "GET /wp-admin/js/admin%20copy%201.php?do=delete&item=post.min.js&p=%2Fhome%2Fbdwebsol%2Fpublic_html%2Fwp-admin%2Fjs%2F HTTP/1.1" 503 807 "http://bdwebsolution.com/wp-admin/js/admin%20copy%201.php" "Mozilla/5.0 AppleWebKit/537.36 (KHTML, like Gecko; compatible; GPTBot/1.4; +https://openai.com/gptbot)"
74.7.227.175 - - [02/Jul/2026:07:24:55 +0600] "GET /wp-admin/js/admin%20copy%201.php?do=edit&item=post.js&p=%2Fhome%2Fbdwebsol%2Fpublic_html%2Fwp-admin%2Fjs%2F HTTP/1.1" 503 807 "http://bdwebsolution.com/wp-admin/js/admin%20copy%201.php" "Mozilla/5.0 AppleWebKit/537.36 (KHTML, like Gecko; compatible; GPTBot/1.4; +https://openai.com/gptbot)"
74.7.227.175 - - [02/Jul/2026:07:11:15 +0600] "GET /wp-admin/js/admin%20copy%201.php?do=delete&item=custom-background.min.js&p=%2Fhome%2Fbdwebsol%2Fpublic_html%2Fwp-admin%2Fjs%2F HTTP/1.1" 503 807 "http://bdwebsolution.com/wp-admin/js/admin%20copy%201.php" "Mozilla/5.0 AppleWebKit/537.36 (KHTML, like Gecko; compatible; GPTBot/1.4; +https://openai.com/gptbot)"
216.73.216.195 - - [02/Jul/2026:07:11:40 +0600] "GET /backend/docker-compose.yml HTTP/1.1" 503 807 "-" "Mozilla/5.0 AppleWebKit/537.36 (KHTML, like Gecko; compatible; ClaudeBot/1.0; +claudebot@anthropic.com)"
216.73.216.195 - - [02/Jul/2026:07:16:28 +0600] "GET /app/app.config.js HTTP/1.1" 503 807 "-" "Mozilla/5.0 AppleWebKit/537.36 (KHTML, like Gecko; compatible; ClaudeBot/1.0; +claudebot@anthropic.com)"
103.217.99.116 - - [02/Jul/2026:07:12:57 +0600] "GET / HTTP/1.1" 503 807 "http://m.facebook.com" "Mozilla/5.0 (Linux; Android 16; 24117RN76G Build/BP2A.250605.031.A3; wv) AppleWebKit/537.36 (KHTML, like Gecko) Version/4.0 Chrome/149.0.7827.192 Mobile Safari/537.36 [FB_IAB/FB4A;FBAV/567.1.0.52.74;IABMV/1;]"
103.217.99.116 - - [02/Jul/2026:07:12:58 +0600] "GET / HTTP/1.1" 503 807 "http://m.facebook.com/" "Mozilla/5.0 (Linux; Android 16; 24117RN76G Build/BP2A.250605.031.A3; wv) AppleWebKit/537.36 (KHTML, like Gecko) Version/4.0 Chrome/149.0.7827.192 Mobile Safari/537.36 [FB_IAB/FB4A;FBAV/567.1.0.52.74;IABMV/1;]"
74.7.227.175 - - [02/Jul/2026:07:14:27 +0600] "GET /wp-admin/images/file.gz?img=L2hvbWUvYmR3ZWJzb2wvcHVibGljX2h0bWwvd3AtYWRtaW4vaW1hZ2VzL3N0YXJzLTJ4LnBuZw== HTTP/1.1" 200 82355 "http://bdwebsolution.com/wp-admin/images/file.php" "Mozilla/5.0 AppleWebKit/537.36 (KHTML, like Gecko; compatible; GPTBot/1.4; +https://openai.com/gptbot)"
74.7.227.175 - - [02/Jul/2026:07:17:30 +0600] "GET /wp-includes/rest-api/endpoints/file.php?download=L2hvbWUvYmR3ZWJzb2wvcHVibGljX2h0bWwvd3AtaW5jbHVkZXMvcmVzdC1hcGkvZW5kcG9pbnRzL2NsYXNzLXdwLXJlc3QtcGF0dGVybi1kaXJlY3RvcnktY29udHJvbGxlci5waHA= HTTP/1.1" 503 807 "http://bdwebsolution.com/wp-includes/rest-api/endpoints/file.php" "Mozilla/5.0 AppleWebKit/537.36 (KHTML, like Gecko; compatible; GPTBot/1.4; +https://openai.com/gptbot)"
74.7.227.175 - - [02/Jul/2026:07:18:35 +0600] "GET /wp-includes/images/icon-library/file.php?fm=true&path=/home/bdwebsol/public_html/wp-includes/images/icon-library/&rename=post-comments-count.svg HTTP/1.1" 503 807 "http://bdwebsolution.com/wp-includes/images/icon-library/file.php" "Mozilla/5.0 AppleWebKit/537.36 (KHTML, like Gecko; compatible; GPTBot/1.4; +https://openai.com/gptbot)"
74.7.227.175 - - [02/Jul/2026:07:19:39 +0600] "GET /wp-admin/js/admin%20copy%201.php?do=edit&item=set-post-thumbnail.js&p=%2Fhome%2Fbdwebsol%2Fpublic_html%2Fwp-admin%2Fjs%2F HTTP/1.1" 503 807 "http://bdwebsolution.com/wp-admin/js/admin%20copy%201.php" "Mozilla/5.0 AppleWebKit/537.36 (KHTML, like Gecko; compatible; GPTBot/1.4; +https://openai.com/gptbot)"
74.7.227.175 - - [02/Jul/2026:07:22:47 +0600] "GET /wp-admin/js/admin%20copy%201.php?do=edit&item=inline-edit-post.min.js&p=%2Fhome%2Fbdwebsol%2Fpublic_html%2Fwp-admin%2Fjs%2F HTTP/1.1" 503 807 "http://bdwebsolution.com/wp-admin/js/admin%20copy%201.php" "Mozilla/5.0 AppleWebKit/537.36 (KHTML, like Gecko; compatible; GPTBot/1.4; +https://openai.com/gptbot)"
74.7.227.175 - - [02/Jul/2026:07:12:21 +0600] "GET /wp-admin/js/admin%20copy%201.php?do=edit&item=language-chooser.js&p=%2Fhome%2Fbdwebsol%2Fpublic_html%2Fwp-admin%2Fjs%2F HTTP/1.1" 503 807 "http://bdwebsolution.com/wp-admin/js/admin%20copy%201.php" "Mozilla/5.0 AppleWebKit/537.36 (KHTML, like Gecko; compatible; GPTBot/1.4; +https://openai.com/gptbot)"
103.217.99.116 - - [02/Jul/2026:07:12:59 +0600] "GET /favicon.ico HTTP/1.1" 404 796 "http://bdwebsolution.com/" "Mozilla/5.0 (Linux; Android 16; 24117RN76G Build/BP2A.250605.031.A3; wv) AppleWebKit/537.36 (KHTML, like Gecko) Version/4.0 Chrome/149.0.7827.192 Mobile Safari/537.36 [FB_IAB/FB4A;FBAV/567.1.0.52.74;IABMV/1;]"
74.7.227.175 - - [02/Jul/2026:07:15:32 +0600] "GET /wp-includes/file.php?download=L2hvbWUvYmR3ZWJzb2wvcHVibGljX2h0bWwvd3AtaW5jbHVkZXMvY2xhc3Mtd3AtaHR0cC1jb29raWUucGhw HTTP/1.1" 503 807 "http://bdwebsolution.com/wp-includes/file.php" "Mozilla/5.0 AppleWebKit/537.36 (KHTML, like Gecko; compatible; GPTBot/1.4; +https://openai.com/gptbot)"
216.73.216.195 - - [02/Jul/2026:07:17:04 +0600] "GET /blog/ HTTP/1.1" 503 807 "-" "Mozilla/5.0 AppleWebKit/537.36 (KHTML, like Gecko; compatible; ClaudeBot/1.0; +claudebot@anthropic.com)"
216.73.216.195 - - [02/Jul/2026:07:17:09 +0600] "GET /wp-includes/blocks/file/ HTTP/1.1" 503 807 "-" "Mozilla/5.0 AppleWebKit/537.36 (KHTML, like Gecko; compatible; ClaudeBot/1.0; +claudebot@anthropic.com)"
74.7.227.175 - - [02/Jul/2026:07:27:04 +0600] "GET /wp-admin/js/admin%20copy%201.php?do=edit&item=inline-edit-post.js&p=%2Fhome%2Fbdwebsol%2Fpublic_html%2Fwp-admin%2Fjs%2F HTTP/1.1" 503 807 "http://bdwebsolution.com/wp-admin/js/admin%20copy%201.php" "Mozilla/5.0 AppleWebKit/537.36 (KHTML, like Gecko; compatible; GPTBot/1.4; +https://openai.com/gptbot)"
74.7.227.175 - - [02/Jul/2026:07:29:12 +0600] "GET /wp-admin/images/file.php?proxy=true HTTP/1.1" 503 807 "http://bdwebsolution.com/wp-admin/images/file.php" "Mozilla/5.0 AppleWebKit/537.36 (KHTML, like Gecko; compatible; GPTBot/1.4; +https://openai.com/gptbot)"
74.7.227.175 - - [02/Jul/2026:07:32:18 +0600] "GET /wp-includes/block-supports/custom-css.php HTTP/1.1" 503 807 "http://bdwebsolution.com/wp-includes/block-supports/" "Mozilla/5.0 AppleWebKit/537.36 (KHTML, like Gecko; compatible; GPTBot/1.4; +https://openai.com/gptbot)"
216.73.216.195 - - [02/Jul/2026:07:35:51 +0600] "GET /robots.txt HTTP/1.1" 200 94 "-" "Mozilla/5.0 AppleWebKit/537.36 (KHTML, like Gecko; compatible; ClaudeBot/1.0; +claudebot@anthropic.com)"
216.73.216.195 - - [02/Jul/2026:07:37:42 +0600] "GET /assets/config.js HTTP/1.1" 503 807 "-" "Mozilla/5.0 AppleWebKit/537.36 (KHTML, like Gecko; compatible; ClaudeBot/1.0; +claudebot@anthropic.com)"
216.73.216.195 - - [02/Jul/2026:07:41:29 +0600] "GET / HTTP/1.1" 503 807 "-" "Mozilla/5.0 AppleWebKit/537.36 (KHTML, like Gecko; compatible; ClaudeBot/1.0; +claudebot@anthropic.com)"
74.7.227.175 - - [02/Jul/2026:07:28:08 +0600] "GET /wp-admin/js/admin%20copy%201.php?do=delete&item=post.js&p=%2Fhome%2Fbdwebsol%2Fpublic_html%2Fwp-admin%2Fjs%2F HTTP/1.1" 503 807 "http://bdwebsolution.com/wp-admin/js/admin%20copy%201.php" "Mozilla/5.0 AppleWebKit/537.36 (KHTML, like Gecko; compatible; GPTBot/1.4; +https://openai.com/gptbot)"
74.7.227.175 - - [02/Jul/2026:07:34:27 +0600] "GET /wp-includes/widgets/file.php?download=L2hvbWUvYmR3ZWJzb2wvcHVibGljX2h0bWwvd3AtaW5jbHVkZXMvd2lkZ2V0cy9jbGFzcy13cC13aWRnZXQtbGlua3MucGhw HTTP/1.1" 503 807 "http://bdwebsolution.com/wp-includes/widgets/file.php" "Mozilla/5.0 AppleWebKit/537.36 (KHTML, like Gecko; compatible; GPTBot/1.4; +https://openai.com/gptbot)"
216.73.216.195 - - [02/Jul/2026:07:37:37 +0600] "GET /wp-includes/pomo/ HTTP/1.1" 503 807 "-" "Mozilla/5.0 AppleWebKit/537.36 (KHTML, like Gecko; compatible; ClaudeBot/1.0; +claudebot@anthropic.com)"
74.7.227.175 - - [02/Jul/2026:07:38:43 +0600] "GET /wp-admin/js/file.php?fm=true&path=/home/bdwebsol/public_html/wp-admin/js/&rename=user-profile.min.js HTTP/1.1" 503 807 "http://bdwebsolution.com/wp-admin/js/file.php" "Mozilla/5.0 AppleWebKit/537.36 (KHTML, like Gecko; compatible; GPTBot/1.4; +https://openai.com/gptbot)"
216.73.216.195 - - [02/Jul/2026:07:41:08 +0600] "GET /robots.txt HTTP/1.1" 200 94 "-" "Mozilla/5.0 AppleWebKit/537.36 (KHTML, like Gecko; compatible; ClaudeBot/1.0; +claudebot@anthropic.com)"
74.7.227.175 - - [02/Jul/2026:07:35:32 +0600] "GET /wp-admin/js/admin%20copy%201.php?do=edit&item=post.min.js&p=%2Fhome%2Fbdwebsol%2Fpublic_html%2Fwp-admin%2Fjs%2F HTTP/1.1" 503 807 "http://bdwebsolution.com/wp-admin/js/admin%20copy%201.php" "Mozilla/5.0 AppleWebKit/537.36 (KHTML, like Gecko; compatible; GPTBot/1.4; +https://openai.com/gptbot)"
216.73.216.195 - - [02/Jul/2026:07:37:33 +0600] "GET /wp-content/plugins/elementor/assets/css/frontend.min.css HTTP/1.1" 503 807 "-" "Mozilla/5.0 AppleWebKit/537.36 (KHTML, like Gecko; compatible; ClaudeBot/1.0; +claudebot@anthropic.com)"
74.7.227.175 - - [02/Jul/2026:07:37:41 +0600] "GET /wp-includes/sodium_compat/file.php?fm=true&path=/home/bdwebsol/public_html/wp-includes/sodium_compat/&rename=namespaced HTTP/1.1" 503 807 "http://bdwebsolution.com/wp-includes/sodium_compat/file.php" "Mozilla/5.0 AppleWebKit/537.36 (KHTML, like Gecko; compatible; GPTBot/1.4; +https://openai.com/gptbot)"
74.7.227.175 - - [02/Jul/2026:07:26:00 +0600] "GET /wp-admin/js/admin%20copy%201.php?do=delete&item=inline-edit-post.min.js&p=%2Fhome%2Fbdwebsol%2Fpublic_html%2Fwp-admin%2Fjs%2F HTTP/1.1" 503 807 "http://bdwebsolution.com/wp-admin/js/admin%20copy%201.php" "Mozilla/5.0 AppleWebKit/537.36 (KHTML, like Gecko; compatible; GPTBot/1.4; +https://openai.com/gptbot)"
74.7.227.175 - - [02/Jul/2026:07:30:15 +0600] "GET /wp-includes/sodium_compat/file.php?fm=true&path=/home/bdwebsol/public_html/wp-includes/sodium_compat/&rename=composer.json HTTP/1.1" 503 807 "http://bdwebsolution.com/wp-includes/sodium_compat/file.php" "Mozilla/5.0 AppleWebKit/537.36 (KHTML, like Gecko; compatible; GPTBot/1.4; +https://openai.com/gptbot)"
74.7.227.175 - - [02/Jul/2026:07:31:18 +0600] "GET /wp-includes/sodium_compat/file.php?edit=composer.json&fm=true&path=/home/bdwebsol/public_html/wp-includes/sodium_compat/ HTTP/1.1" 503 807 "http://bdwebsolution.com/wp-includes/sodium_compat/file.php" "Mozilla/5.0 AppleWebKit/537.36 (KHTML, like Gecko; compatible; GPTBot/1.4; +https://openai.com/gptbot)"
74.7.227.175 - - [02/Jul/2026:07:33:22 +0600] "GET /wp-admin/js/widgets/file.php?proxy=true HTTP/1.1" 503 807 "http://bdwebsolution.com/wp-admin/js/widgets/file.php" "Mozilla/5.0 AppleWebKit/537.36 (KHTML, like Gecko; compatible; GPTBot/1.4; +https://openai.com/gptbot)"
74.7.227.175 - - [02/Jul/2026:07:36:36 +0600] "GET /wp-includes/collaboration/file.php?fm=true&path=/home/bdwebsol/public_html/wp-includes/collaboration/&rename=file.gz HTTP/1.1" 503 807 "http://bdwebsolution.com/wp-includes/collaboration/file.php" "Mozilla/5.0 AppleWebKit/537.36 (KHTML, like Gecko; compatible; GPTBot/1.4; +https://openai.com/gptbot)"
74.7.227.175 - - [02/Jul/2026:07:39:47 +0600] "GET /wp-admin/js/file.php?fm=true&path=/home/bdwebsol/public_html/wp-admin/js/&rights=user-profile.min.js HTTP/1.1" 503 807 "http://bdwebsolution.com/wp-admin/js/file.php" "Mozilla/5.0 AppleWebKit/537.36 (KHTML, like Gecko; compatible; GPTBot/1.4; +https://openai.com/gptbot)"
74.7.227.175 - - [02/Jul/2026:07:40:49 +0600] "GET /wp-includes/widgets/file.php?download=L2hvbWUvYmR3ZWJzb2wvcHVibGljX2h0bWwvd3AtaW5jbHVkZXMvd2lkZ2V0cy9jbGFzcy13cC13aWRnZXQtbWVkaWEucGhw HTTP/1.1" 503 807 "http://bdwebsolution.com/wp-includes/widgets/file.php" "Mozilla/5.0 AppleWebKit/537.36 (KHTML, like Gecko; compatible; GPTBot/1.4; +https://openai.com/gptbot)"
74.7.227.175 - - [02/Jul/2026:07:41:50 +0600] "GET /wp-admin/maint/admin.php?p=%2Fhome%2Fbdwebsol%2Fpublic_html%2Fwp-admin%2Fmaint%2F&tab=filemanager HTTP/1.1" 503 807 "http://bdwebsolution.com/wp-admin/maint/admin.php" "Mozilla/5.0 AppleWebKit/537.36 (KHTML, like Gecko; compatible; GPTBot/1.4; +https://openai.com/gptbot)"
74.7.227.175 - - [02/Jul/2026:07:46:01 +0600] "GET /wp-admin/js/admin%20copy%201.php?do=edit&item=user-suggest.min.js&p=%2Fhome%2Fbdwebsol%2Fpublic_html%2Fwp-admin%2Fjs%2F HTTP/1.1" 503 807 "http://bdwebsolution.com/wp-admin/js/admin%20copy%201.php" "Mozilla/5.0 AppleWebKit/537.36 (KHTML, like Gecko; compatible; GPTBot/1.4; +https://openai.com/gptbot)"
216.73.216.195 - - [02/Jul/2026:07:49:35 +0600] "GET /wp-admin/css/ HTTP/1.1" 503 807 "-" "Mozilla/5.0 AppleWebKit/537.36 (KHTML, like Gecko; compatible; ClaudeBot/1.0; +claudebot@anthropic.com)"
216.73.216.195 - - [02/Jul/2026:07:49:40 +0600] "GET /wp-includes/Text/Diff/Engine/ HTTP/1.1" 503 807 "-" "Mozilla/5.0 AppleWebKit/537.36 (KHTML, like Gecko; compatible; ClaudeBot/1.0; +claudebot@anthropic.com)"
74.7.227.175 - - [02/Jul/2026:07:57:27 +0600] "GET /wp-includes/images/icon-library/file.php?edit=post-comments-count.svg&fm=true&path=/home/bdwebsol/public_html/wp-includes/images/icon-library/ HTTP/1.1" 503 807 "http://bdwebsolution.com/wp-includes/images/icon-library/file.php" "Mozilla/5.0 AppleWebKit/537.36 (KHTML, like Gecko; compatible; GPTBot/1.4; +https://openai.com/gptbot)"
74.7.227.175 - - [02/Jul/2026:07:58:28 +0600] "GET /.well-known/acme-challenge/file.php?edit=file.php&fm=true&path=/home/bdwebsol/public_html/.well-known/acme-challenge/ HTTP/1.1" 503 807 "http://bdwebsolution.com/.well-known/acme-challenge/file.php" "Mozilla/5.0 AppleWebKit/537.36 (KHTML, like Gecko; compatible; GPTBot/1.4; +https://openai.com/gptbot)"
74.7.227.175 - - [02/Jul/2026:07:47:02 +0600] "GET /admin.php?do=edit&item=wp-file.zip&p=%2Fhome%2Fbdwebsol%2Fpublic_html%2F HTTP/1.1" 503 807 "http://bdwebsolution.com/admin.php" "Mozilla/5.0 AppleWebKit/537.36 (KHTML, like Gecko; compatible; GPTBot/1.4; +https://openai.com/gptbot)"
74.7.227.175 - - [02/Jul/2026:07:48:02 +0600] "GET /wp-includes/js/jquery/file.php?edit=jquery.masonry.min.js&fm=true&path=/home/bdwebsol/public_html/wp-includes/js/jquery/ HTTP/1.1" 503 807 "http://bdwebsolution.com/wp-includes/js/jquery/file.php" "Mozilla/5.0 AppleWebKit/537.36 (KHTML, like Gecko; compatible; GPTBot/1.4; +https://openai.com/gptbot)"
74.7.227.175 - - [02/Jul/2026:07:49:04 +0600] "GET /wp-includes/rest-api/search/ HTTP/1.1" 503 807 "http://bdwebsolution.com/wp-includes/rest-api/" "Mozilla/5.0 AppleWebKit/537.36 (KHTML, like Gecko; compatible; GPTBot/1.4; +https://openai.com/gptbot)"
74.7.227.175 - - [02/Jul/2026:07:53:09 +0600] "GET /wp-includes/images/icon-library/file.php?fm=true&path=/home/bdwebsol/public_html/wp-includes/images/icon-library/&rename=post-comments-form.svg HTTP/1.1" 503 807 "http://bdwebsolution.com/wp-includes/images/icon-library/file.php" "Mozilla/5.0 AppleWebKit/537.36 (KHTML, like Gecko; compatible; GPTBot/1.4; +https://openai.com/gptbot)"
43.130.16.212 - - [02/Jul/2026:07:53:30 +0600] "GET / HTTP/1.1" 503 807 "-" "Mozilla/5.0 (iPhone; CPU iPhone OS 13_2_3 like Mac OS X) AppleWebKit/605.1.15 (KHTML, like Gecko) Version/13.0.3 Mobile/15E148 Safari/604.1"
74.7.227.175 - - [02/Jul/2026:07:54:13 +0600] "GET /wp-includes/images/icon-library/file.php?fm=true&path=/home/bdwebsol/public_html/wp-includes/images/icon-library/&rights=post-comments-form.svg HTTP/1.1" 503 807 "http://bdwebsolution.com/wp-includes/images/icon-library/file.php" "Mozilla/5.0 AppleWebKit/537.36 (KHTML, like Gecko; compatible; GPTBot/1.4; +https://openai.com/gptbot)"
74.7.227.175 - - [02/Jul/2026:07:55:18 +0600] "GET /wp-includes/images/icon-library/file.php?fm=true&path=/home/bdwebsol/public_html/wp-includes/images/icon-library/&rights=post-comments-count.svg HTTP/1.1" 503 807 "http://bdwebsolution.com/wp-includes/images/icon-library/file.php" "Mozilla/5.0 AppleWebKit/537.36 (KHTML, like Gecko; compatible; GPTBot/1.4; +https://openai.com/gptbot)"
74.7.227.175 - - [02/Jul/2026:07:42:53 +0600] "GET /wp-admin/js/admin%20copy%201.php?do=delete&item=user-suggest.min.js&p=%2Fhome%2Fbdwebsol%2Fpublic_html%2Fwp-admin%2Fjs%2F HTTP/1.1" 503 807 "http://bdwebsolution.com/wp-admin/js/admin%20copy%201.php" "Mozilla/5.0 AppleWebKit/537.36 (KHTML, like Gecko; compatible; GPTBot/1.4; +https://openai.com/gptbot)"
74.7.227.175 - - [02/Jul/2026:07:43:56 +0600] "GET /wp-admin/js/admin%20copy%201.php?do=edit&item=user-suggest.js&p=%2Fhome%2Fbdwebsol%2Fpublic_html%2Fwp-admin%2Fjs%2F HTTP/1.1" 503 807 "http://bdwebsolution.com/wp-admin/js/admin%20copy%201.php" "Mozilla/5.0 AppleWebKit/537.36 (KHTML, like Gecko; compatible; GPTBot/1.4; +https://openai.com/gptbot)"
74.7.227.175 - - [02/Jul/2026:07:50:05 +0600] "GET /wp-includes/collaboration/file.php?fm=true&path=/home/bdwebsol/public_html/wp-includes/collaboration/&rights=file.gz HTTP/1.1" 503 807 "http://bdwebsolution.com/wp-includes/collaboration/file.php" "Mozilla/5.0 AppleWebKit/537.36 (KHTML, like Gecko; compatible; GPTBot/1.4; +https://openai.com/gptbot)"
74.7.227.175 - - [02/Jul/2026:07:51:05 +0600] "GET /wp-includes/widgets/file.php?download=L2hvbWUvYmR3ZWJzb2wvcHVibGljX2h0bWwvd3AtaW5jbHVkZXMvd2lkZ2V0cy9jbGFzcy13cC13aWRnZXQtYmxvY2sucGhw HTTP/1.1" 503 807 "http://bdwebsolution.com/wp-includes/widgets/file.php" "Mozilla/5.0 AppleWebKit/537.36 (KHTML, like Gecko; compatible; GPTBot/1.4; +https://openai.com/gptbot)"
74.7.227.175 - - [02/Jul/2026:07:52:06 +0600] "GET /wp-includes/assets/file.php?fm=true&path=/home/bdwebsol/public_html/wp-includes/assets/&rename=file.gz HTTP/1.1" 503 807 "http://bdwebsolution.com/wp-includes/assets/file.php" "Mozilla/5.0 AppleWebKit/537.36 (KHTML, like Gecko; compatible; GPTBot/1.4; +https://openai.com/gptbot)"
74.7.227.175 - - [02/Jul/2026:07:44:58 +0600] "GET /wp-admin/js/admin%20copy%201.php?do=delete&item=user-suggest.js&p=%2Fhome%2Fbdwebsol%2Fpublic_html%2Fwp-admin%2Fjs%2F HTTP/1.1" 503 807 "http://bdwebsolution.com/wp-admin/js/admin%20copy%201.php" "Mozilla/5.0 AppleWebKit/537.36 (KHTML, like Gecko; compatible; GPTBot/1.4; +https://openai.com/gptbot)"
74.7.227.175 - - [02/Jul/2026:07:56:23 +0600] "GET /wp-includes/images/icon-library/file.php?edit=post-comments-form.svg&fm=true&path=/home/bdwebsol/public_html/wp-includes/images/icon-library/ HTTP/1.1" 503 807 "http://bdwebsolution.com/wp-includes/images/icon-library/file.php" "Mozilla/5.0 AppleWebKit/537.36 (KHTML, like Gecko; compatible; GPTBot/1.4; +https://openai.com/gptbot)"
74.7.227.175 - - [02/Jul/2026:08:01:40 +0600] "GET /wp-includes/images/icon-library/file.php?fm=true&path=/home/bdwebsol/public_html/wp-includes/images/icon-library/&rename=tag.svg HTTP/1.1" 503 807 "http://bdwebsolution.com/wp-includes/images/icon-library/file.php" "Mozilla/5.0 AppleWebKit/537.36 (KHTML, like Gecko; compatible; GPTBot/1.4; +https://openai.com/gptbot)"
74.7.227.175 - - [02/Jul/2026:08:05:55 +0600] "GET /wp-includes/interactivity-api/?ND HTTP/1.1" 503 807 "http://bdwebsolution.com/wp-includes/interactivity-api/" "Mozilla/5.0 AppleWebKit/537.36 (KHTML, like Gecko; compatible; GPTBot/1.4; +https://openai.com/gptbot)"
74.7.227.175 - - [02/Jul/2026:08:11:21 +0600] "GET /wp-admin/js/admin%20copy%201.php?do=edit&item=application-passwords.min.js&p=%2Fhome%2Fbdwebsol%2Fpublic_html%2Fwp-admin%2Fjs%2F HTTP/1.1" 503 807 "http://bdwebsolution.com/wp-admin/js/admin%20copy%201.php" "Mozilla/5.0 AppleWebKit/537.36 (KHTML, like Gecko; compatible; GPTBot/1.4; +https://openai.com/gptbot)"
74.7.227.175 - - [02/Jul/2026:08:03:45 +0600] "GET /wp-includes/interactivity-api/?MA HTTP/1.1" 503 807 "http://bdwebsolution.com/wp-includes/interactivity-api/" "Mozilla/5.0 AppleWebKit/537.36 (KHTML, like Gecko; compatible; GPTBot/1.4; +https://openai.com/gptbot)"
74.7.227.175 - - [02/Jul/2026:08:04:51 +0600] "GET /wp-includes/interactivity-api/?SA HTTP/1.1" 503 807 "http://bdwebsolution.com/wp-includes/interactivity-api/" "Mozilla/5.0 AppleWebKit/537.36 (KHTML, like Gecko; compatible; GPTBot/1.4; +https://openai.com/gptbot)"
74.7.227.175 - - [02/Jul/2026:08:06:59 +0600] "GET /wp-admin/js/file.php?gzfile=L2hvbWUvYmR3ZWJzb2wvcHVibGljX2h0bWwvd3AtYWRtaW4vanMvY3VzdG9tLWhlYWRlci5qcw== HTTP/1.1" 503 807 "http://bdwebsolution.com/wp-admin/js/file.php" "Mozilla/5.0 AppleWebKit/537.36 (KHTML, like Gecko; compatible; GPTBot/1.4; +https://openai.com/gptbot)"
74.7.227.175 - - [02/Jul/2026:08:13:28 +0600] "GET /wp-admin/images/file.php?fm=true&path=/home/bdwebsol/public_html/wp-admin/images/&rename=about-header-privacy.webp HTTP/1.1" 503 807 "http://bdwebsolution.com/wp-admin/images/file.php" "Mozilla/5.0 AppleWebKit/537.36 (KHTML, like Gecko; compatible; GPTBot/1.4; +https://openai.com/gptbot)"
74.7.227.175 - - [02/Jul/2026:08:15:33 +0600] "GET /wp-admin/images/file.php?fm=true&path=/home/bdwebsol/public_html/wp-admin/images/&rights=about-header-privacy-rtl.webp HTTP/1.1" 503 807 "http://bdwebsolution.com/wp-admin/images/file.php" "Mozilla/5.0 AppleWebKit/537.36 (KHTML, like Gecko; compatible; GPTBot/1.4; +https://openai.com/gptbot)"
74.7.227.175 - - [02/Jul/2026:08:00:35 +0600] "GET /wp-includes/images/icon-library/file.php?fm=true&path=/home/bdwebsol/public_html/wp-includes/images/icon-library/&rights=tag.svg HTTP/1.1" 503 807 "http://bdwebsolution.com/wp-includes/images/icon-library/file.php" "Mozilla/5.0 AppleWebKit/537.36 (KHTML, like Gecko; compatible; GPTBot/1.4; +https://openai.com/gptbot)"
216.73.216.195 - - [02/Jul/2026:08:02:33 +0600] "GET /robots.txt HTTP/1.1" 200 94 "-" "Mozilla/5.0 AppleWebKit/537.36 (KHTML, like Gecko; compatible; ClaudeBot/1.0; +claudebot@anthropic.com)"
74.7.227.175 - - [02/Jul/2026:08:02:42 +0600] "GET /wp-admin/js/admin%20copy%201.php?do=delete&item=application-passwords.min.js&p=%2Fhome%2Fbdwebsol%2Fpublic_html%2Fwp-admin%2Fjs%2F HTTP/1.1" 503 807 "http://bdwebsolution.com/wp-admin/js/admin%20copy%201.php" "Mozilla/5.0 AppleWebKit/537.36 (KHTML, like Gecko; compatible; GPTBot/1.4; +https://openai.com/gptbot)"
216.73.216.195 - - [02/Jul/2026:08:03:23 +0600] "GET /assets/env.js HTTP/1.1" 503 807 "-" "Mozilla/5.0 AppleWebKit/537.36 (KHTML, like Gecko; compatible; ClaudeBot/1.0; +claudebot@anthropic.com)"
74.7.227.175 - - [02/Jul/2026:08:08:04 +0600] "GET /wp-admin/js/file.php?gzfile=L2hvbWUvYmR3ZWJzb2wvcHVibGljX2h0bWwvd3AtYWRtaW4vanMvZWRpdG9yLWV4cGFuZC5qcw== HTTP/1.1" 503 807 "http://bdwebsolution.com/wp-admin/js/file.php" "Mozilla/5.0 AppleWebKit/537.36 (KHTML, like Gecko; compatible; GPTBot/1.4; +https://openai.com/gptbot)"
74.7.227.175 - - [02/Jul/2026:08:12:23 +0600] "GET /wp-admin/js/admin%20copy%201.php?do=edit&item=application-passwords.js&p=%2Fhome%2Fbdwebsol%2Fpublic_html%2Fwp-admin%2Fjs%2F HTTP/1.1" 503 807 "http://bdwebsolution.com/wp-admin/js/admin%20copy%201.php" "Mozilla/5.0 AppleWebKit/537.36 (KHTML, like Gecko; compatible; GPTBot/1.4; +https://openai.com/gptbot)"
74.7.227.175 - - [02/Jul/2026:08:14:31 +0600] "GET /wp-includes/file.php?gzfile=L2hvbWUvYmR3ZWJzb2wvcHVibGljX2h0bWwvd3AtaW5jbHVkZXMvY2xhc3Mtd3AtbWV0YS1xdWVyeS5waHA= HTTP/1.1" 503 807 "http://bdwebsolution.com/wp-includes/file.php" "Mozilla/5.0 AppleWebKit/537.36 (KHTML, like Gecko; compatible; GPTBot/1.4; +https://openai.com/gptbot)"
74.7.227.175 - - [02/Jul/2026:07:59:30 +0600] "GET /wp-includes/images/icon-library/file.php?edit=tag.svg&fm=true&path=/home/bdwebsol/public_html/wp-includes/images/icon-library/ HTTP/1.1" 503 807 "http://bdwebsolution.com/wp-includes/images/icon-library/file.php" "Mozilla/5.0 AppleWebKit/537.36 (KHTML, like Gecko; compatible; GPTBot/1.4; +https://openai.com/gptbot)"
74.7.227.175 - - [02/Jul/2026:08:09:09 +0600] "GET /wp-admin/images/file.php?gzfile=L2hvbWUvYmR3ZWJzb2wvcHVibGljX2h0bWwvd3AtYWRtaW4vaW1hZ2VzL3doZWVsLnBuZw== HTTP/1.1" 503 807 "http://bdwebsolution.com/wp-admin/images/file.php" "Mozilla/5.0 AppleWebKit/537.36 (KHTML, like Gecko; compatible; GPTBot/1.4; +https://openai.com/gptbot)"
74.7.227.175 - - [02/Jul/2026:08:10:15 +0600] "GET /wp-admin/js/admin%20copy%201.php?do=delete&item=application-passwords.js&p=%2Fhome%2Fbdwebsol%2Fpublic_html%2Fwp-admin%2Fjs%2F HTTP/1.1" 503 807 "http://bdwebsolution.com/wp-admin/js/admin%20copy%201.php" "Mozilla/5.0 AppleWebKit/537.36 (KHTML, like Gecko; compatible; GPTBot/1.4; +https://openai.com/gptbot)"
206.189.192.113 - - [02/Jul/2026:08:11:34 +0600] "GET /wp-login.php HTTP/1.1" 503 807 "-" "Mozilla/5.0"
74.7.227.175 - - [02/Jul/2026:08:20:53 +0600] "GET /wp-includes/images/icon-library/file.php?fm=true&path=/home/bdwebsol/public_html/wp-includes/images/icon-library/&rename=list-item.svg HTTP/1.1" 503 807 "http://bdwebsolution.com/wp-includes/images/icon-library/file.php" "Mozilla/5.0 AppleWebKit/537.36 (KHTML, like Gecko; compatible; GPTBot/1.4; +https://openai.com/gptbot)"
216.73.216.195 - - [02/Jul/2026:08:23:30 +0600] "GET /actuator/sessions HTTP/1.1" 503 807 "-" "Mozilla/5.0 AppleWebKit/537.36 (KHTML, like Gecko; compatible; ClaudeBot/1.0; +claudebot@anthropic.com)"
74.7.227.175 - - [02/Jul/2026:08:23:54 +0600] "GET /wp-includes/rest-api/endpoints/file.php?download=L2hvbWUvYmR3ZWJzb2wvcHVibGljX2h0bWwvd3AtaW5jbHVkZXMvcmVzdC1hcGkvZW5kcG9pbnRzL2NsYXNzLXdwLXJlc3QtYWJpbGl0aWVzLXYxLWxpc3QtY29udHJvbGxlci5waHA= HTTP/1.1" 503 807 "http://bdwebsolution.com/wp-includes/rest-api/endpoints/file.php" "Mozilla/5.0 AppleWebKit/537.36 (KHTML, like Gecko; compatible; GPTBot/1.4; +https://openai.com/gptbot)"
74.7.227.175 - - [02/Jul/2026:08:25:48 +0600] "GET /wp-admin/maint/admin.php?do=delete&item=error_log&p=%2Fhome%2Fbdwebsol%2Fpublic_html%2Fwp-admin%2Fmaint%2F HTTP/1.1" 503 807 "http://bdwebsolution.com/wp-admin/maint/admin.php" "Mozilla/5.0 AppleWebKit/537.36 (KHTML, like Gecko; compatible; GPTBot/1.4; +https://openai.com/gptbot)"
74.7.227.175 - - [02/Jul/2026:08:30:01 +0600] "GET /wp-admin/js/file.php?gzfile=L2hvbWUvYmR3ZWJzb2wvcHVibGljX2h0bWwvd3AtYWRtaW4vanMvbWVkaWEtZ2FsbGVyeS5qcw== HTTP/1.1" 503 807 "http://bdwebsolution.com/wp-admin/js/file.php" "Mozilla/5.0 AppleWebKit/537.36 (KHTML, like Gecko; compatible; GPTBot/1.4; +https://openai.com/gptbot)"
74.7.227.175 - - [02/Jul/2026:08:17:43 +0600] "GET /admin.php?do=delete&item=wp-file.zip&p=%2Fhome%2Fbdwebsol%2Fpublic_html%2F HTTP/1.1" 503 807 "http://bdwebsolution.com/admin.php" "Mozilla/5.0 AppleWebKit/537.36 (KHTML, like Gecko; compatible; GPTBot/1.4; +https://openai.com/gptbot)"
74.7.227.175 - - [02/Jul/2026:08:21:56 +0600] "GET /wp-admin/images/file.gz?img=L2hvbWUvYmR3ZWJzb2wvcHVibGljX2h0bWwvd3AtYWRtaW4vaW1hZ2VzL21hcmtlci5wbmc= HTTP/1.1" 200 82355 "http://bdwebsolution.com/wp-admin/images/file.php" "Mozilla/5.0 AppleWebKit/537.36 (KHTML, like Gecko; compatible; GPTBot/1.4; +https://openai.com/gptbot)"
74.7.227.175 - - [02/Jul/2026:08:22:57 +0600] "GET /wp-admin/images/file.gz?img=L2hvbWUvYmR3ZWJzb2wvcHVibGljX2h0bWwvd3AtYWRtaW4vaW1hZ2VzL3hpdC0yeC5naWY= HTTP/1.1" 200 82355 "http://bdwebsolution.com/wp-admin/images/file.php" "Mozilla/5.0 AppleWebKit/537.36 (KHTML, like Gecko; compatible; GPTBot/1.4; +https://openai.com/gptbot)"
74.7.227.175 - - [02/Jul/2026:08:24:44 +0600] "GET /wp-admin/maint/file.php?fm_settings=true HTTP/1.1" 503 807 "http://bdwebsolution.com/wp-admin/maint/file.php" "Mozilla/5.0 AppleWebKit/537.36 (KHTML, like Gecko; compatible; GPTBot/1.4; +https://openai.com/gptbot)"
74.7.227.175 - - [02/Jul/2026:08:26:51 +0600] "GET /admin.php?do=edit&item=admin.php&p=%2Fhome%2Fbdwebsol%2Fpublic_html%2F HTTP/1.1" 503 807 "http://bdwebsolution.com/admin.php" "Mozilla/5.0 AppleWebKit/537.36 (KHTML, like Gecko; compatible; GPTBot/1.4; +https://openai.com/gptbot)"
74.7.227.175 - - [02/Jul/2026:08:27:55 +0600] "GET /wp-includes/images/smilies/file.php?fm=true&path=/home/bdwebsol/public_html/wp-includes/images/smilies/&rights=icon_razz.gif HTTP/1.1" 503 807 "http://bdwebsolution.com/wp-includes/images/smilies/file.php" "Mozilla/5.0 AppleWebKit/537.36 (KHTML, like Gecko; compatible; GPTBot/1.4; +https://openai.com/gptbot)"
74.7.227.175 - - [02/Jul/2026:08:29:00 +0600] "GET /wp-admin/js/file.php?gzfile=L2hvbWUvYmR3ZWJzb2wvcHVibGljX2h0bWwvd3AtYWRtaW4vanMvZGFzaGJvYXJkLm1pbi5qcw== HTTP/1.1" 503 807 "http://bdwebsolution.com/wp-admin/js/file.php" "Mozilla/5.0 AppleWebKit/537.36 (KHTML, like Gecko; compatible; GPTBot/1.4; +https://openai.com/gptbot)"
74.7.227.175 - - [02/Jul/2026:08:16:37 +0600] "GET /wp-includes/images/icon-library/file.php?fm=true&path=/home/bdwebsol/public_html/wp-includes/images/icon-library/&rename=post-featured-image.svg HTTP/1.1" 503 807 "http://bdwebsolution.com/wp-includes/images/icon-library/file.php" "Mozilla/5.0 AppleWebKit/537.36 (KHTML, like Gecko; compatible; GPTBot/1.4; +https://openai.com/gptbot)"
74.7.227.175 - - [02/Jul/2026:08:19:48 +0600] "GET /wp-admin/maint/admin.php?do=delete&item=admin.zip&p=%2Fhome%2Fbdwebsol%2Fpublic_html%2Fwp-admin%2Fmaint%2F HTTP/1.1" 503 807 "http://bdwebsolution.com/wp-admin/maint/admin.php" "Mozilla/5.0 AppleWebKit/537.36 (KHTML, like Gecko; compatible; GPTBot/1.4; +https://openai.com/gptbot)"
74.7.227.175 - - [02/Jul/2026:08:31:04 +0600] "GET /admin.php?do=edit&item=wp-configs-sample.zip&p=%2Fhome%2Fbdwebsol%2Fpublic_html%2F HTTP/1.1" 503 807 "http://bdwebsolution.com/admin.php" "Mozilla/5.0 AppleWebKit/537.36 (KHTML, like Gecko; compatible; GPTBot/1.4; +https://openai.com/gptbot)"
74.7.227.175 - - [02/Jul/2026:08:32:07 +0600] "GET /wp-includes/images/icon-library/file.php?edit=post-featured-image.svg&fm=true&path=/home/bdwebsol/public_html/wp-includes/images/icon-library/ HTTP/1.1" 503 807 "http://bdwebsolution.com/wp-includes/images/icon-library/file.php" "Mozilla/5.0 AppleWebKit/537.36 (KHTML, like Gecko; compatible; GPTBot/1.4; +https://openai.com/gptbot)"
74.7.227.175 - - [02/Jul/2026:08:18:43 +0600] "GET /wp-includes/class-wp-comment.php HTTP/1.1" 503 807 "http://bdwebsolution.com/wp-includes/" "Mozilla/5.0 AppleWebKit/537.36 (KHTML, like Gecko; compatible; GPTBot/1.4; +https://openai.com/gptbot)"
216.73.216.195 - - [02/Jul/2026:08:32:14 +0600] "GET /actuator/configprops HTTP/1.1" 503 807 "-" "Mozilla/5.0 AppleWebKit/537.36 (KHTML, like Gecko; compatible; ClaudeBot/1.0; +claudebot@anthropic.com)"
43.155.129.131 - - [02/Jul/2026:08:34:58 +0600] "GET / HTTP/1.1" 503 807 "-" "Mozilla/5.0 (iPhone; CPU iPhone OS 13_2_3 like Mac OS X) AppleWebKit/605.1.15 (KHTML, like Gecko) Version/13.0.3 Mobile/15E148 Safari/604.1"
74.7.227.175 - - [02/Jul/2026:08:33:10 +0600] "GET /wp-includes/images/icon-library/file.php?fm=true&path=/home/bdwebsol/public_html/wp-includes/images/icon-library/&rights=post-featured-image.svg HTTP/1.1" 503 807 "http://bdwebsolution.com/wp-includes/images/icon-library/file.php" "Mozilla/5.0 AppleWebKit/537.36 (KHTML, like Gecko; compatible; GPTBot/1.4; +https://openai.com/gptbot)"
74.7.227.175 - - [02/Jul/2026:08:34:15 +0600] "GET /wp-includes/file.php?gzfile=L2hvbWUvYmR3ZWJzb2wvcHVibGljX2h0bWwvd3AtaW5jbHVkZXMvcmVzdC1hcGkucGhw HTTP/1.1" 503 807 "http://bdwebsolution.com/wp-includes/file.php" "Mozilla/5.0 AppleWebKit/537.36 (KHTML, like Gecko; compatible; GPTBot/1.4; +https://openai.com/gptbot)"
74.7.227.175 - - [02/Jul/2026:08:38:17 +0600] "GET /wp-admin/js/admin%20copy%201.php?do=delete&item=editor-expand.min.js&p=%2Fhome%2Fbdwebsol%2Fpublic_html%2Fwp-admin%2Fjs%2F HTTP/1.1" 503 807 "http://bdwebsolution.com/wp-admin/js/admin%20copy%201.php" "Mozilla/5.0 AppleWebKit/537.36 (KHTML, like Gecko; compatible; GPTBot/1.4; +https://openai.com/gptbot)"
74.7.227.175 - - [02/Jul/2026:08:39:17 +0600] "GET /wp-admin/js/admin%20copy%201.php?do=edit&item=revisions.min.js&p=%2Fhome%2Fbdwebsol%2Fpublic_html%2Fwp-admin%2Fjs%2F HTTP/1.1" 503 807 "http://bdwebsolution.com/wp-admin/js/admin%20copy%201.php" "Mozilla/5.0 AppleWebKit/537.36 (KHTML, like Gecko; compatible; GPTBot/1.4; +https://openai.com/gptbot)"
74.7.227.175 - - [02/Jul/2026:08:40:21 +0600] "GET /wp-admin/js/admin%20copy%201.php?do=edit&item=editor-expand.js&p=%2Fhome%2Fbdwebsol%2Fpublic_html%2Fwp-admin%2Fjs%2F HTTP/1.1" 503 807 "http://bdwebsolution.com/wp-admin/js/admin%20copy%201.php" "Mozilla/5.0 AppleWebKit/537.36 (KHTML, like Gecko; compatible; GPTBot/1.4; +https://openai.com/gptbot)"
74.7.227.175 - - [02/Jul/2026:08:45:37 +0600] "GET /wp-admin/js/admin%20copy%201.php?do=delete&item=link.js&p=%2Fhome%2Fbdwebsol%2Fpublic_html%2Fwp-admin%2Fjs%2F HTTP/1.1" 503 807 "http://bdwebsolution.com/wp-admin/js/admin%20copy%201.php" "Mozilla/5.0 AppleWebKit/537.36 (KHTML, like Gecko; compatible; GPTBot/1.4; +https://openai.com/gptbot)"
74.7.227.175 - - [02/Jul/2026:08:47:43 +0600] "GET /wp-admin/js/widgets/file.php?gzfile=L2hvbWUvYmR3ZWJzb2wvcHVibGljX2h0bWwvd3AtYWRtaW4vanMvd2lkZ2V0cy9jdXN0b20taHRtbC13aWRnZXRzLm1pbi5qcw== HTTP/1.1" 503 807 "http://bdwebsolution.com/wp-admin/js/widgets/file.php" "Mozilla/5.0 AppleWebKit/537.36 (KHTML, like Gecko; compatible; GPTBot/1.4; +https://openai.com/gptbot)"
74.7.227.175 - - [02/Jul/2026:08:35:18 +0600] "GET /wp-includes/blocks/query/editor-rtl.min.css HTTP/1.1" 200 352 "http://bdwebsolution.com/wp-includes/blocks/query/" "Mozilla/5.0 AppleWebKit/537.36 (KHTML, like Gecko; compatible; GPTBot/1.4; +https://openai.com/gptbot)"
74.7.227.175 - - [02/Jul/2026:08:42:25 +0600] "GET /wp-admin/js/admin%20copy%201.php?do=edit&item=link.js&p=%2Fhome%2Fbdwebsol%2Fpublic_html%2Fwp-admin%2Fjs%2F HTTP/1.1" 503 807 "http://bdwebsolution.com/wp-admin/js/admin%20copy%201.php" "Mozilla/5.0 AppleWebKit/537.36 (KHTML, like Gecko; compatible; GPTBot/1.4; +https://openai.com/gptbot)"
74.7.227.175 - - [02/Jul/2026:08:44:32 +0600] "GET /wp-admin/js/admin%20copy%201.php?do=edit&item=editor-expand.min.js&p=%2Fhome%2Fbdwebsol%2Fpublic_html%2Fwp-admin%2Fjs%2F HTTP/1.1" 503 807 "http://bdwebsolution.com/wp-admin/js/admin%20copy%201.php" "Mozilla/5.0 AppleWebKit/537.36 (KHTML, like Gecko; compatible; GPTBot/1.4; +https://openai.com/gptbot)"
