216.73.216.52 - - [03/Jul/2026:00:47:19 +0600] "GET /wp-includes/IXR/file.php?fm=true&path=%2Fhome%2Fbdwebsol%2Fpublic_html%2Fwp-includes%2FText%2F&rename=Diff.php HTTP/1.1" 200 8384 "-" "Mozilla/5.0 AppleWebKit/537.36 (KHTML, like Gecko; compatible; ClaudeBot/1.0; +claudebot@anthropic.com)"
216.73.216.52 - - [03/Jul/2026:00:47:20 +0600] "GET /wp-includes/IXR/file.php?edit=file.php&fm=true&path=%2Fhome%2Fbdwebsol%2Fpublic_html%2Fwp-includes%2FText%2F HTTP/1.1" 200 8489 "-" "Mozilla/5.0 AppleWebKit/537.36 (KHTML, like Gecko; compatible; ClaudeBot/1.0; +claudebot@anthropic.com)"
216.73.216.52 - - [03/Jul/2026:00:47:20 +0600] "GET /wp-includes/IXR/file.php?edit=Exception.php&fm=true&path=%2Fhome%2Fbdwebsol%2Fpublic_html%2Fwp-includes%2FText%2F HTTP/1.1" 200 8533 "-" "Mozilla/5.0 AppleWebKit/537.36 (KHTML, like Gecko; compatible; ClaudeBot/1.0; +claudebot@anthropic.com)"
216.73.216.52 - - [03/Jul/2026:00:47:21 +0600] "GET /wp-includes/IXR/file.php?edit=Diff.php&fm=true&path=%2Fhome%2Fbdwebsol%2Fpublic_html%2Fwp-includes%2FText%2F HTTP/1.1" 200 11314 "-" "Mozilla/5.0 AppleWebKit/537.36 (KHTML, like Gecko; compatible; ClaudeBot/1.0; +claudebot@anthropic.com)"
216.73.216.52 - - [03/Jul/2026:00:47:21 +0600] "GET /wp-includes/IXR/file.php?fm=true&path=%2Fhome%2Fbdwebsol%2Fpublic_html%2Fwp-includes%2FText%2F.. HTTP/1.1" 200 34052 "-" "Mozilla/5.0 AppleWebKit/537.36 (KHTML, like Gecko; compatible; ClaudeBot/1.0; +claudebot@anthropic.com)"
216.73.216.52 - - [03/Jul/2026:00:47:33 +0600] "GET /wp-includes/css/dist/file.php?edit=style.min.css&fm=true&path=%2Fhome%2Fbdwebsol%2Fpublic_html%2Fwp-includes%2Fcss%2Fdist%2Fcomponents%2F HTTP/1.1" 200 23132 "-" "Mozilla/5.0 AppleWebKit/537.36 (KHTML, like Gecko; compatible; ClaudeBot/1.0; +claudebot@anthropic.com)"
216.73.216.52 - - [03/Jul/2026:00:44:47 +0600] "GET /admin.php?do=edit&item=install.php.php.tar.gz&p=%2Fhome%2Fbdwebsol%2Fpublic_html%2Fdemo.bdwebsolution.com%2F HTTP/1.1" 200 738 "-" "Mozilla/5.0 AppleWebKit/537.36 (KHTML, like Gecko; compatible; ClaudeBot/1.0; +claudebot@anthropic.com)"
74.7.227.175 - - [03/Jul/2026:00:45:37 +0600] "GET /wp-includes/sodium_compat/namespaced/file.php?fm=true&path=/home/bdwebsol/public_html/wp-includes/sodium_compat/namespaced/&rights=block-bindings.tar.gz HTTP/1.1" 200 8417 "http://bdwebsolution.com/wp-includes/sodium_compat/namespaced/file.php?gz=L2hvbWUvYmR3ZWJzb2wvcHVibGljX2h0bWwvd3AtaW5jbHVkZXMvYmxvY2stYmluZGluZ3M=" "Mozilla/5.0 AppleWebKit/537.36 (KHTML, like Gecko; compatible; GPTBot/1.4; +https://openai.com/gptbot)"
216.73.216.52 - - [03/Jul/2026:00:45:54 +0600] "GET /admin.php?do=edit&item=setup-config.php.php.tar.gz&p=%2Fhome%2Fbdwebsol%2Fpublic_html%2Fdemo.bdwebsolution.com%2F HTTP/1.1" 200 738 "-" "Mozilla/5.0 AppleWebKit/537.36 (KHTML, like Gecko; compatible; ClaudeBot/1.0; +claudebot@anthropic.com)"
216.73.216.52 - - [03/Jul/2026:00:45:54 +0600] "GET /admin.php?do=delete&item=functions.php.php.tar.gz&p=%2Fhome%2Fbdwebsol%2Fpublic_html%2Fdemo.bdwebsolution.com%2F HTTP/1.1" 200 738 "-" "Mozilla/5.0 AppleWebKit/537.36 (KHTML, like Gecko; compatible; ClaudeBot/1.0; +claudebot@anthropic.com)"
216.73.216.52 - - [03/Jul/2026:00:45:55 +0600] "GET /admin.php?do=edit&item=admin.php.tar&p=%2Fhome%2Fbdwebsol%2Fpublic_html%2Fdemo.bdwebsolution.com%2F HTTP/1.1" 200 738 "-" "Mozilla/5.0 AppleWebKit/537.36 (KHTML, like Gecko; compatible; ClaudeBot/1.0; +claudebot@anthropic.com)"
216.73.216.52 - - [03/Jul/2026:00:45:55 +0600] "GET /admin.php?do=edit&item=plugin-install.php.tar&p=%2Fhome%2Fbdwebsol%2Fpublic_html%2Fdemo.bdwebsolution.com%2F HTTP/1.1" 200 738 "-" "Mozilla/5.0 AppleWebKit/537.36 (KHTML, like Gecko; compatible; ClaudeBot/1.0; +claudebot@anthropic.com)"
74.7.227.175 - - [03/Jul/2026:00:46:40 +0600] "GET /wp-admin/maint/file.php?fm=true&path=/home/bdwebsol/public_html/wp-admin/maint/&rights=index.zip HTTP/1.1" 500 0 "http://bdwebsolution.com/wp-admin/maint/file.php" "Mozilla/5.0 AppleWebKit/537.36 (KHTML, like Gecko; compatible; GPTBot/1.4; +https://openai.com/gptbot)"
216.73.216.52 - - [03/Jul/2026:00:47:35 +0600] "GET /admin.php?do=edit&item=screen.php.php.tar.gz&p=%2Fhome%2Fbdwebsol%2Fpublic_html%2Fdemo.bdwebsolution.com%2F HTTP/1.1" 200 737 "-" "Mozilla/5.0 AppleWebKit/537.36 (KHTML, like Gecko; compatible; ClaudeBot/1.0; +claudebot@anthropic.com)"
216.73.216.52 - - [03/Jul/2026:00:47:36 +0600] "GET /admin.php?do=delete&item=rest-api.php.php.tar.gz&p=%2Fhome%2Fbdwebsol%2Fpublic_html%2Fdemo.bdwebsolution.com%2F HTTP/1.1" 200 737 "-" "Mozilla/5.0 AppleWebKit/537.36 (KHTML, like Gecko; compatible; ClaudeBot/1.0; +claudebot@anthropic.com)"
216.73.216.52 - - [03/Jul/2026:00:47:36 +0600] "GET /admin.php?do=download&item=class-wp-script-modules.php.php.tar.gz&p=%2Fhome%2Fbdwebsol%2Fpublic_html%2Fdemo.bdwebsolution.com%2F HTTP/1.1" 200 737 "-" "Mozilla/5.0 AppleWebKit/537.36 (KHTML, like Gecko; compatible; ClaudeBot/1.0; +claudebot@anthropic.com)"
74.7.227.175 - - [03/Jul/2026:00:47:37 +0600] "GET /wp-admin/maint/file.php?fm=true&path=/home/bdwebsol/public_html/wp-admin/maint/&rename=index.zip HTTP/1.1" 500 0 "http://bdwebsolution.com/wp-admin/maint/file.php" "Mozilla/5.0 AppleWebKit/537.36 (KHTML, like Gecko; compatible; GPTBot/1.4; +https://openai.com/gptbot)"
216.73.216.52 - - [03/Jul/2026:00:47:37 +0600] "GET /admin.php?do=download&item=class-wp-html-processor-state.php.php.tar.gz&p=%2Fhome%2Fbdwebsol%2Fpublic_html%2Fdemo.bdwebsolution.com%2F HTTP/1.1" 200 737 "-" "Mozilla/5.0 AppleWebKit/537.36 (KHTML, like Gecko; compatible; ClaudeBot/1.0; +claudebot@anthropic.com)"
216.73.216.52 - - [03/Jul/2026:00:47:45 +0600] "GET /admin.php?do=delete&item=admin-bar.php.php.tar.gz&p=%2Fhome%2Fbdwebsol%2Fpublic_html%2Fdemo.bdwebsolution.com%2F HTTP/1.1" 200 738 "-" "Mozilla/5.0 AppleWebKit/537.36 (KHTML, like Gecko; compatible; ClaudeBot/1.0; +claudebot@anthropic.com)"
216.73.216.52 - - [03/Jul/2026:00:46:21 +0600] "GET /admin.php?do=delete&item=class-wp-html-span.php.tar&p=%2Fhome%2Fbdwebsol%2Fpublic_html%2Fdemo.bdwebsolution.com%2F HTTP/1.1" 200 737 "-" "Mozilla/5.0 AppleWebKit/537.36 (KHTML, like Gecko; compatible; ClaudeBot/1.0; +claudebot@anthropic.com)"
216.73.216.52 - - [03/Jul/2026:00:46:21 +0600] "GET /admin.php?do=delete&item=class-wp-block-parser-frame.php.tar&p=%2Fhome%2Fbdwebsol%2Fpublic_html%2Fdemo.bdwebsolution.com%2F HTTP/1.1" 200 737 "-" "Mozilla/5.0 AppleWebKit/537.36 (KHTML, like Gecko; compatible; ClaudeBot/1.0; +claudebot@anthropic.com)"
216.73.216.52 - - [03/Jul/2026:00:46:42 +0600] "GET /wp-includes/IXR/file.php?edit=dashicons.css&fm=true&path=%2Fhome%2Fbdwebsol%2Fpublic_html%2Fwp-includes%2Fcss%2F HTTP/1.1" 200 44093 "-" "Mozilla/5.0 AppleWebKit/537.36 (KHTML, like Gecko; compatible; ClaudeBot/1.0; +claudebot@anthropic.com)"
216.73.216.52 - - [03/Jul/2026:00:46:42 +0600] "GET /admin.php?do=delete&item=class-wp-term.php.php.tar.gz&p=%2Fhome%2Fbdwebsol%2Fpublic_html%2Fdemo.bdwebsolution.com%2F HTTP/1.1" 200 737 "-" "Mozilla/5.0 AppleWebKit/537.36 (KHTML, like Gecko; compatible; ClaudeBot/1.0; +claudebot@anthropic.com)"
216.73.216.52 - - [03/Jul/2026:00:46:43 +0600] "GET /admin.php?do=edit&item=class-wp-block.php.php.tar.gz&p=%2Fhome%2Fbdwebsol%2Fpublic_html%2Fdemo.bdwebsolution.com%2F HTTP/1.1" 200 737 "-" "Mozilla/5.0 AppleWebKit/537.36 (KHTML, like Gecko; compatible; ClaudeBot/1.0; +claudebot@anthropic.com)"
216.73.216.52 - - [03/Jul/2026:00:46:44 +0600] "GET /admin.php?do=edit&item=class-requests.php.php.tar.gz&p=%2Fhome%2Fbdwebsol%2Fpublic_html%2Fdemo.bdwebsolution.com%2F HTTP/1.1" 200 738 "-" "Mozilla/5.0 AppleWebKit/537.36 (KHTML, like Gecko; compatible; ClaudeBot/1.0; +claudebot@anthropic.com)"
216.73.216.52 - - [03/Jul/2026:00:46:44 +0600] "GET /admin.php?do=delete&item=atomlib.php.tar&p=%2Fhome%2Fbdwebsol%2Fpublic_html%2Fdemo.bdwebsolution.com%2F HTTP/1.1" 200 738 "-" "Mozilla/5.0 AppleWebKit/537.36 (KHTML, like Gecko; compatible; ClaudeBot/1.0; +claudebot@anthropic.com)"
216.73.216.52 - - [03/Jul/2026:00:46:45 +0600] "GET /admin.php?p=%2Fhome%2Fbdwebsol%2Fpublic_html%2Fecommerce1.bdwebsolution.com%2Fwp-content&tab=filemanager HTTP/1.1" 200 5509 "-" "Mozilla/5.0 AppleWebKit/537.36 (KHTML, like Gecko; compatible; ClaudeBot/1.0; +claudebot@anthropic.com)"
216.73.216.52 - - [03/Jul/2026:00:46:49 +0600] "GET /admin.php?do=delete&item=class-wp-filesystem-ftpsockets.php.php.tar.gz&p=%2Fhome%2Fbdwebsol%2Fpublic_html%2Fdemo.bdwebsolution.com%2F HTTP/1.1" 200 738 "-" "Mozilla/5.0 AppleWebKit/537.36 (KHTML, like Gecko; compatible; ClaudeBot/1.0; +claudebot@anthropic.com)"
216.73.216.52 - - [03/Jul/2026:00:46:50 +0600] "GET /admin.php?do=delete&item=class-simplepie.php.php.tar.gz&p=%2Fhome%2Fbdwebsol%2Fpublic_html%2Fdemo.bdwebsolution.com%2F HTTP/1.1" 200 737 "-" "Mozilla/5.0 AppleWebKit/537.36 (KHTML, like Gecko; compatible; ClaudeBot/1.0; +claudebot@anthropic.com)"
216.73.216.52 - - [03/Jul/2026:00:46:50 +0600] "GET /admin.php?do=delete&item=class-wp-posts-list-table.php.tar&p=%2Fhome%2Fbdwebsol%2Fpublic_html%2Fdemo.bdwebsolution.com%2F HTTP/1.1" 200 737 "-" "Mozilla/5.0 AppleWebKit/537.36 (KHTML, like Gecko; compatible; ClaudeBot/1.0; +claudebot@anthropic.com)"
216.73.216.52 - - [03/Jul/2026:00:48:19 +0600] "GET /wp-includes/css/dist/file.php?fm=true&path=%2Fhome%2Fbdwebsol%2Fpublic_html%2Fwp-includes%2Fcss%2Fdist%2Fedit-site HTTP/1.1" 200 9836 "-" "Mozilla/5.0 AppleWebKit/537.36 (KHTML, like Gecko; compatible; ClaudeBot/1.0; +claudebot@anthropic.com)"
216.73.216.52 - - [03/Jul/2026:00:48:20 +0600] "GET /admin.php?do=delete&item=class-wp-http-streams.php.tar&p=%2Fhome%2Fbdwebsol%2Fpublic_html%2Fdemo.bdwebsolution.com%2F HTTP/1.1" 200 737 "-" "Mozilla/5.0 AppleWebKit/537.36 (KHTML, like Gecko; compatible; ClaudeBot/1.0; +claudebot@anthropic.com)"
216.73.216.52 - - [03/Jul/2026:00:47:34 +0600] "GET /wp-includes/IXR/file.php?edit=wp-auth-check.min.css&fm=true&path=%2Fhome%2Fbdwebsol%2Fpublic_html%2Fwp-includes%2Fcss%2F HTTP/1.1" 200 9076 "-" "Mozilla/5.0 AppleWebKit/537.36 (KHTML, like Gecko; compatible; ClaudeBot/1.0; +claudebot@anthropic.com)"
216.73.216.52 - - [03/Jul/2026:00:47:35 +0600] "GET /admin.php?do=edit&item=class-wp-customize-manager.php.php.tar.gz&p=%2Fhome%2Fbdwebsol%2Fpublic_html%2Fdemo.bdwebsolution.com%2F HTTP/1.1" 200 737 "-" "Mozilla/5.0 AppleWebKit/537.36 (KHTML, like Gecko; compatible; ClaudeBot/1.0; +claudebot@anthropic.com)"
216.73.216.52 - - [03/Jul/2026:00:47:46 +0600] "GET /admin.php?do=delete&item=class-wp-block-parser-block.php.tar&p=%2Fhome%2Fbdwebsol%2Fpublic_html%2Fdemo.bdwebsolution.com%2F HTTP/1.1" 200 738 "-" "Mozilla/5.0 AppleWebKit/537.36 (KHTML, like Gecko; compatible; ClaudeBot/1.0; +claudebot@anthropic.com)"
216.73.216.52 - - [03/Jul/2026:00:47:47 +0600] "GET /admin.php?do=edit&item=class-phpass.php.php.tar.gz&p=%2Fhome%2Fbdwebsol%2Fpublic_html%2Fdemo.bdwebsolution.com%2F HTTP/1.1" 200 738 "-" "Mozilla/5.0 AppleWebKit/537.36 (KHTML, like Gecko; compatible; ClaudeBot/1.0; +claudebot@anthropic.com)"
216.73.216.52 - - [03/Jul/2026:00:47:47 +0600] "GET /admin.php?do=edit&item=edit-form-comment.php.php.tar.gz&p=%2Fhome%2Fbdwebsol%2Fpublic_html%2Fdemo.bdwebsolution.com%2F HTTP/1.1" 200 738 "-" "Mozilla/5.0 AppleWebKit/537.36 (KHTML, like Gecko; compatible; ClaudeBot/1.0; +claudebot@anthropic.com)"
216.73.216.52 - - [03/Jul/2026:00:47:48 +0600] "GET /admin.php?do=delete&item=date.php.php.tar.gz&p=%2Fhome%2Fbdwebsol%2Fpublic_html%2Fdemo.bdwebsolution.com%2F HTTP/1.1" 200 738 "-" "Mozilla/5.0 AppleWebKit/537.36 (KHTML, like Gecko; compatible; ClaudeBot/1.0; +claudebot@anthropic.com)"
216.73.216.52 - - [03/Jul/2026:00:48:29 +0600] "GET /admin.php?do=edit&item=ms-users.php.php.tar.gz&p=%2Fhome%2Fbdwebsol%2Fpublic_html%2Fdemo.bdwebsolution.com%2F HTTP/1.1" 200 737 "-" "Mozilla/5.0 AppleWebKit/537.36 (KHTML, like Gecko; compatible; ClaudeBot/1.0; +claudebot@anthropic.com)"
216.73.216.52 - - [03/Jul/2026:00:48:48 +0600] "GET /admin.php?do=delete&item=class-wp-http-response.php.tar&p=%2Fhome%2Fbdwebsol%2Fpublic_html%2Fdemo.bdwebsolution.com%2F HTTP/1.1" 200 738 "-" "Mozilla/5.0 AppleWebKit/537.36 (KHTML, like Gecko; compatible; ClaudeBot/1.0; +claudebot@anthropic.com)"
216.73.216.52 - - [03/Jul/2026:00:48:49 +0600] "GET /admin.php?do=delete&item=class-wp-customize-section.php.tar&p=%2Fhome%2Fbdwebsol%2Fpublic_html%2Fdemo.bdwebsolution.com%2F HTTP/1.1" 200 738 "-" "Mozilla/5.0 AppleWebKit/537.36 (KHTML, like Gecko; compatible; ClaudeBot/1.0; +claudebot@anthropic.com)"
216.73.216.52 - - [03/Jul/2026:00:48:51 +0600] "GET /wp-includes/IXR/file.php?fm=true&path=%2Fhome%2Fbdwebsol%2Fpublic_html%2Fwp-includes%2FText%2F&rights=Exception.php HTTP/1.1" 200 8394 "-" "Mozilla/5.0 AppleWebKit/537.36 (KHTML, like Gecko; compatible; ClaudeBot/1.0; +claudebot@anthropic.com)"
216.73.216.52 - - [03/Jul/2026:00:49:33 +0600] "GET /wp-includes/css/dist/file.php?edit=style-rtl.min.css&fm=true&path=%2Fhome%2Fbdwebsol%2Fpublic_html%2Fwp-includes%2Fcss%2Fdist%2Fedit-post%2F HTTP/1.1" 200 11147 "-" "Mozilla/5.0 AppleWebKit/537.36 (KHTML, like Gecko; compatible; ClaudeBot/1.0; +claudebot@anthropic.com)"
216.73.216.52 - - [03/Jul/2026:00:49:34 +0600] "GET /wp-includes/IXR/file.php?edit=taxonomy.php&fm=true&path=%2Fhome%2Fbdwebsol%2Fpublic_html%2Fwp-includes%2F HTTP/1.1" 200 49065 "-" "Mozilla/5.0 AppleWebKit/537.36 (KHTML, like Gecko; compatible; ClaudeBot/1.0; +claudebot@anthropic.com)"
216.73.216.52 - - [03/Jul/2026:00:49:35 +0600] "GET /wp-includes/IXR/file.php?fm=true&path=%2Fhome%2Fbdwebsol%2Fpublic_html%2Fwp-includes%2F&rename=class-wp-http-response.php HTTP/1.1" 200 8394 "-" "Mozilla/5.0 AppleWebKit/537.36 (KHTML, like Gecko; compatible; ClaudeBot/1.0; +claudebot@anthropic.com)"
216.73.216.52 - - [03/Jul/2026:00:45:54 +0600] "GET /admin.php?do=edit&item=style-engine.php.php.tar.gz&p=%2Fhome%2Fbdwebsol%2Fpublic_html%2Fdemo.bdwebsolution.com%2F HTTP/1.1" 200 738 "-" "Mozilla/5.0 AppleWebKit/537.36 (KHTML, like Gecko; compatible; ClaudeBot/1.0; +claudebot@anthropic.com)"
216.73.216.52 - - [03/Jul/2026:00:46:07 +0600] "GET /robots.txt HTTP/1.1" 200 94 "-" "Mozilla/5.0 AppleWebKit/537.36 (KHTML, like Gecko; compatible; ClaudeBot/1.0; +claudebot@anthropic.com)"
216.73.216.52 - - [03/Jul/2026:00:46:07 +0600] "GET /wp-content/plugins/royal-elementor-addons/assets/css/lib/animations/wpr-link-animations.min.css HTTP/1.1" 500 0 "-" "Mozilla/5.0 AppleWebKit/537.36 (KHTML, like Gecko; compatible; ClaudeBot/1.0; +claudebot@anthropic.com)"
216.73.216.52 - - [03/Jul/2026:00:46:11 +0600] "GET /admin.php?do=delete&item=class-wp-plugins-list-table.php.tar&p=%2Fhome%2Fbdwebsol%2Fpublic_html%2Fdemo.bdwebsolution.com%2F HTTP/1.1" 200 737 "-" "Mozilla/5.0 AppleWebKit/537.36 (KHTML, like Gecko; compatible; ClaudeBot/1.0; +claudebot@anthropic.com)"
216.73.216.52 - - [03/Jul/2026:00:46:12 +0600] "GET /admin.php?do=edit&item=class-wp-customize-section.php.tar&p=%2Fhome%2Fbdwebsol%2Fpublic_html%2Fdemo.bdwebsolution.com%2F HTTP/1.1" 200 737 "-" "Mozilla/5.0 AppleWebKit/537.36 (KHTML, like Gecko; compatible; ClaudeBot/1.0; +claudebot@anthropic.com)"
216.73.216.52 - - [03/Jul/2026:00:47:34 +0600] "GET /wp-includes/IXR/file.php?edit=error_log&fm=true&path=%2Fhome%2Fbdwebsol%2Fpublic_html%2Fwp-includes%2F HTTP/1.1" 200 10623 "-" "Mozilla/5.0 AppleWebKit/537.36 (KHTML, like Gecko; compatible; ClaudeBot/1.0; +claudebot@anthropic.com)"
216.73.216.52 - - [03/Jul/2026:00:48:12 +0600] "GET /wp-includes/IXR/file.php?edit=nav-menu-template.php&fm=true&path=%2Fhome%2Fbdwebsol%2Fpublic_html%2Fwp-includes%2F HTTP/1.1" 200 15192 "-" "Mozilla/5.0 AppleWebKit/537.36 (KHTML, like Gecko; compatible; ClaudeBot/1.0; +claudebot@anthropic.com)"
216.73.216.52 - - [03/Jul/2026:00:48:19 +0600] "GET /wp-includes/css/dist/file.php?edit=style-rtl.css&fm=true&path=%2Fhome%2Fbdwebsol%2Fpublic_html%2Fwp-includes%2Fcss%2Fdist%2Fcomponents%2F HTTP/1.1" 200 26522 "-" "Mozilla/5.0 AppleWebKit/537.36 (KHTML, like Gecko; compatible; ClaudeBot/1.0; +claudebot@anthropic.com)"
216.73.216.52 - - [03/Jul/2026:00:48:20 +0600] "GET /wp-includes/IXR/file.php?fm=true&path=%2Fhome%2Fbdwebsol%2Fpublic_html%2Fwp-includes%2FIXR%2F&rename=class-IXR-error.php HTTP/1.1" 200 8430 "-" "Mozilla/5.0 AppleWebKit/537.36 (KHTML, like Gecko; compatible; ClaudeBot/1.0; +claudebot@anthropic.com)"
216.73.216.52 - - [03/Jul/2026:00:48:26 +0600] "GET /wp-includes/IXR/file.php?edit=theme.json&fm=true&path=%2Fhome%2Fbdwebsol%2Fpublic_html%2Fwp-includes%2F HTTP/1.1" 200 11033 "-" "Mozilla/5.0 AppleWebKit/537.36 (KHTML, like Gecko; compatible; ClaudeBot/1.0; +claudebot@anthropic.com)"
74.7.227.175 - - [03/Jul/2026:00:48:41 +0600] "GET /wp-includes/customize/file.php?fm_settings=true HTTP/1.1" 200 9206 "http://bdwebsolution.com/wp-includes/customize/file.php" "Mozilla/5.0 AppleWebKit/537.36 (KHTML, like Gecko; compatible; GPTBot/1.4; +https://openai.com/gptbot)"
216.73.216.52 - - [03/Jul/2026:00:49:15 +0600] "GET /wp-includes/IXR/file.php?fm=true&path=%2Fhome%2Fbdwebsol%2Fpublic_html%2Fwp-includes%2F&rights=class-wp-http-response.php HTTP/1.1" 200 8399 "-" "Mozilla/5.0 AppleWebKit/537.36 (KHTML, like Gecko; compatible; ClaudeBot/1.0; +claudebot@anthropic.com)"
74.7.227.175 - - [03/Jul/2026:00:50:40 +0600] "GET /wp-includes/sodium_compat/namespaced/file.php?zip=L2hvbWUvYmR3ZWJzb2wvcHVibGljX2h0bWwvd3AtaW5jbHVkZXMvYmxvY2tz HTTP/1.1" 200 6529 "http://bdwebsolution.com/wp-includes/sodium_compat/namespaced/file.php?fm=true&path=/home/bdwebsol/public_html/wp-includes/sodium_compat/.." "Mozilla/5.0 AppleWebKit/537.36 (KHTML, like Gecko; compatible; GPTBot/1.4; +https://openai.com/gptbot)"
216.73.216.52 - - [03/Jul/2026:00:49:36 +0600] "GET /wp-includes/IXR/file.php?fm=true&path=%2Fhome%2Fbdwebsol%2Fpublic_html%2Fwp-includes%2Fblocks HTTP/1.1" 200 24599 "-" "Mozilla/5.0 AppleWebKit/537.36 (KHTML, like Gecko; compatible; ClaudeBot/1.0; +claudebot@anthropic.com)"
74.7.227.175 - - [03/Jul/2026:00:49:46 +0600] "GET /wp-admin/maint/file.php?edit=index.zip&fm=true&path=/home/bdwebsol/public_html/wp-admin/maint/ HTTP/1.1" 500 0 "http://bdwebsolution.com/wp-admin/maint/file.php" "Mozilla/5.0 AppleWebKit/537.36 (KHTML, like Gecko; compatible; GPTBot/1.4; +https://openai.com/gptbot)"
216.73.216.52 - - [03/Jul/2026:00:50:16 +0600] "GET /wp-includes/IXR/file.php?edit=class-wp-site.php&fm=true&path=%2Fhome%2Fbdwebsol%2Fpublic_html%2Fwp-includes%2F HTTP/1.1" 200 10554 "-" "Mozilla/5.0 AppleWebKit/537.36 (KHTML, like Gecko; compatible; ClaudeBot/1.0; +claudebot@anthropic.com)"
216.73.216.52 - - [03/Jul/2026:00:50:17 +0600] "GET /wp-includes/IXR/file.php?fm=true&path=%2Fhome%2Fbdwebsol%2Fpublic_html%2Fwp-includes%2F&rename=cache.php HTTP/1.1" 200 8389 "-" "Mozilla/5.0 AppleWebKit/537.36 (KHTML, like Gecko; compatible; ClaudeBot/1.0; +claudebot@anthropic.com)"
216.73.216.52 - - [03/Jul/2026:00:50:21 +0600] "GET /admin.php?do=delete&item=class-wp-translation-controller.php.php.tar.gz&p=%2Fhome%2Fbdwebsol%2Fpublic_html%2Fdemo.bdwebsolution.com%2F HTTP/1.1" 200 737 "-" "Mozilla/5.0 AppleWebKit/537.36 (KHTML, like Gecko; compatible; ClaudeBot/1.0; +claudebot@anthropic.com)"
216.73.216.52 - - [03/Jul/2026:00:50:21 +0600] "GET /admin.php?do=edit&item=class-wp-speculation-rules.php.tar&p=%2Fhome%2Fbdwebsol%2Fpublic_html%2Fdemo.bdwebsolution.com%2F HTTP/1.1" 200 737 "-" "Mozilla/5.0 AppleWebKit/537.36 (KHTML, like Gecko; compatible; ClaudeBot/1.0; +claudebot@anthropic.com)"
216.73.216.52 - - [03/Jul/2026:00:50:22 +0600] "GET /admin.php?do=delete&item=class-requests.php.php.tar.gz&p=%2Fhome%2Fbdwebsol%2Fpublic_html%2Fdemo.bdwebsolution.com%2F HTTP/1.1" 200 737 "-" "Mozilla/5.0 AppleWebKit/537.36 (KHTML, like Gecko; compatible; ClaudeBot/1.0; +claudebot@anthropic.com)"
216.73.216.52 - - [03/Jul/2026:00:50:22 +0600] "GET /admin.php?do=delete&item=class-wp-feed-cache-transient.php.php.tar.gz&p=%2Fhome%2Fbdwebsol%2Fpublic_html%2Fdemo.bdwebsolution.com%2F HTTP/1.1" 200 737 "-" "Mozilla/5.0 AppleWebKit/537.36 (KHTML, like Gecko; compatible; ClaudeBot/1.0; +claudebot@anthropic.com)"
216.73.216.52 - - [03/Jul/2026:00:50:23 +0600] "GET /admin.php?do=delete&item=class-wp-filesystem-ssh2.php.tar&p=%2Fhome%2Fbdwebsol%2Fpublic_html%2Fdemo.bdwebsolution.com%2F HTTP/1.1" 200 737 "-" "Mozilla/5.0 AppleWebKit/537.36 (KHTML, like Gecko; compatible; ClaudeBot/1.0; +claudebot@anthropic.com)"
216.73.216.52 - - [03/Jul/2026:00:50:26 +0600] "GET /wp-includes/IXR/file.php?edit=category.php&fm=true&path=%2Fhome%2Fbdwebsol%2Fpublic_html%2Fwp-includes%2F HTTP/1.1" 200 12224 "-" "Mozilla/5.0 AppleWebKit/537.36 (KHTML, like Gecko; compatible; ClaudeBot/1.0; +claudebot@anthropic.com)"
216.73.216.52 - - [03/Jul/2026:00:50:55 +0600] "GET /wp-includes/css/dist/file.php?fm=true&path=%2Fhome%2Fbdwebsol%2Fpublic_html%2Fwp-includes%2Fcss%2Fdist%2Fblock-directory HTTP/1.1" 200 9824 "-" "Mozilla/5.0 AppleWebKit/537.36 (KHTML, like Gecko; compatible; ClaudeBot/1.0; +claudebot@anthropic.com)"
216.73.216.52 - - [03/Jul/2026:00:50:56 +0600] "GET /wp-includes/IXR/file.php?fm=true&path=%2Fhome%2Fbdwebsol%2Fpublic_html%2Fwp-includes%2F&rights=class-wp-customize-section.php HTTP/1.1" 200 8408 "-" "Mozilla/5.0 AppleWebKit/537.36 (KHTML, like Gecko; compatible; ClaudeBot/1.0; +claudebot@anthropic.com)"
216.73.216.52 - - [03/Jul/2026:00:51:56 +0600] "GET /wp-includes/IXR/file.php?edit=category-template.php&fm=true&path=%2Fhome%2Fbdwebsol%2Fpublic_html%2Fwp-includes%2F HTTP/1.1" 200 22564 "-" "Mozilla/5.0 AppleWebKit/537.36 (KHTML, like Gecko; compatible; ClaudeBot/1.0; +claudebot@anthropic.com)"
216.73.216.52 - - [03/Jul/2026:00:47:46 +0600] "GET /admin.php?do=delete&item=menu-header.php.php.tar.gz&p=%2Fhome%2Fbdwebsol%2Fpublic_html%2Fdemo.bdwebsolution.com%2F HTTP/1.1" 200 738 "-" "Mozilla/5.0 AppleWebKit/537.36 (KHTML, like Gecko; compatible; ClaudeBot/1.0; +claudebot@anthropic.com)"
216.73.216.52 - - [03/Jul/2026:00:47:48 +0600] "GET /admin.php?do=delete&item=wp-activate.php&p=%2Fhome%2Fbdwebsol%2Fpublic_html%2Fecommerce1.bdwebsolution.com%2F HTTP/1.1" 200 0 "-" "Mozilla/5.0 AppleWebKit/537.36 (KHTML, like Gecko; compatible; ClaudeBot/1.0; +claudebot@anthropic.com)"
216.73.216.52 - - [03/Jul/2026:00:48:51 +0600] "GET /wp-includes/IXR/file.php?fm=true&path=%2Fhome%2Fbdwebsol%2Fpublic_html%2Fwp-includes%2F&rights=class-wp-navigation-fallback.php HTTP/1.1" 200 8410 "-" "Mozilla/5.0 AppleWebKit/537.36 (KHTML, like Gecko; compatible; ClaudeBot/1.0; +claudebot@anthropic.com)"
216.73.216.52 - - [03/Jul/2026:00:49:28 +0600] "GET /admin.php?do=delete&item=class-wp-block-patterns-registry.php.php.tar.gz&p=%2Fhome%2Fbdwebsol%2Fpublic_html%2Fdemo.bdwebsolution.com%2F HTTP/1.1" 200 737 "-" "Mozilla/5.0 AppleWebKit/537.36 (KHTML, like Gecko; compatible; ClaudeBot/1.0; +claudebot@anthropic.com)"
216.73.216.52 - - [03/Jul/2026:00:49:29 +0600] "GET /admin.php?do=delete&item=plugin-install.php.tar&p=%2Fhome%2Fbdwebsol%2Fpublic_html%2Fdemo.bdwebsolution.com%2F HTTP/1.1" 200 737 "-" "Mozilla/5.0 AppleWebKit/537.36 (KHTML, like Gecko; compatible; ClaudeBot/1.0; +claudebot@anthropic.com)"
216.73.216.52 - - [03/Jul/2026:00:49:30 +0600] "GET /admin.php?do=edit&item=class-wp-html-text-replacement.php.tar&p=%2Fhome%2Fbdwebsol%2Fpublic_html%2Fdemo.bdwebsolution.com%2F HTTP/1.1" 200 738 "-" "Mozilla/5.0 AppleWebKit/537.36 (KHTML, like Gecko; compatible; ClaudeBot/1.0; +claudebot@anthropic.com)"
216.73.216.52 - - [03/Jul/2026:00:49:33 +0600] "GET /wp-includes/IXR/file.php?fm=true&path=%2Fhome%2Fbdwebsol%2Fpublic_html%2Fwp-includes%2F&rename=class-wp-customize-section.php HTTP/1.1" 200 8395 "-" "Mozilla/5.0 AppleWebKit/537.36 (KHTML, like Gecko; compatible; ClaudeBot/1.0; +claudebot@anthropic.com)"
216.73.216.52 - - [03/Jul/2026:00:49:33 +0600] "GET /wp-includes/IXR/file.php?edit=class-wp-site-query.php&fm=true&path=%2Fhome%2Fbdwebsol%2Fpublic_html%2Fwp-includes%2F HTTP/1.1" 200 15657 "-" "Mozilla/5.0 AppleWebKit/537.36 (KHTML, like Gecko; compatible; ClaudeBot/1.0; +claudebot@anthropic.com)"
216.73.216.52 - - [03/Jul/2026:00:49:40 +0600] "GET /admin.php?do=delete&item=class-wp-block.php.php.tar.gz&p=%2Fhome%2Fbdwebsol%2Fpublic_html%2Fdemo.bdwebsolution.com%2F HTTP/1.1" 200 737 "-" "Mozilla/5.0 AppleWebKit/537.36 (KHTML, like Gecko; compatible; ClaudeBot/1.0; +claudebot@anthropic.com)"
216.73.216.52 - - [03/Jul/2026:00:50:16 +0600] "GET /wp-includes/IXR/file.php?fm=true&path=%2Fhome%2Fbdwebsol%2Fpublic_html%2Fwp-includes%2Fjs HTTP/1.1" 200 19074 "-" "Mozilla/5.0 AppleWebKit/537.36 (KHTML, like Gecko; compatible; ClaudeBot/1.0; +claudebot@anthropic.com)"
216.73.216.52 - - [03/Jul/2026:00:50:16 +0600] "GET /wp-includes/IXR/file.php?fm=true&path=%2Fhome%2Fbdwebsol%2Fpublic_html%2Fwp-includes%2F&rights=atomlib.php HTTP/1.1" 200 8394 "-" "Mozilla/5.0 AppleWebKit/537.36 (KHTML, like Gecko; compatible; ClaudeBot/1.0; +claudebot@anthropic.com)"
216.73.216.52 - - [03/Jul/2026:00:50:56 +0600] "GET /wp-includes/css/dist/file.php?fm=true&path=%2Fhome%2Fbdwebsol%2Fpublic_html%2Fwp-includes%2Fcss%2Fdist%2Fpreferences HTTP/1.1" 200 9874 "-" "Mozilla/5.0 AppleWebKit/537.36 (KHTML, like Gecko; compatible; ClaudeBot/1.0; +claudebot@anthropic.com)"
74.7.227.175 - - [03/Jul/2026:00:52:41 +0600] "GET /wp-includes/images/smilies/file.gz?img=L2hvbWUvYmR3ZWJzb2wvcHVibGljX2h0bWwvd3AtaW5jbHVkZXMvaW1hZ2VzL3NtaWxpZXMvaWNvbl9jb29sLmdpZg== HTTP/1.1" 200 82355 "http://bdwebsolution.com/wp-includes/images/smilies/file.php" "Mozilla/5.0 AppleWebKit/537.36 (KHTML, like Gecko; compatible; GPTBot/1.4; +https://openai.com/gptbot)"
216.73.216.52 - - [03/Jul/2026:00:48:28 +0600] "GET /admin.php?do=download&item=class-wp-text-diff-renderer-table.php.php.tar.gz&p=%2Fhome%2Fbdwebsol%2Fpublic_html%2Fdemo.bdwebsolution.com%2F HTTP/1.1" 200 737 "-" "Mozilla/5.0 AppleWebKit/537.36 (KHTML, like Gecko; compatible; ClaudeBot/1.0; +claudebot@anthropic.com)"
216.73.216.52 - - [03/Jul/2026:00:48:29 +0600] "GET /admin.php?do=edit&item=setup.php.tar&p=%2Fhome%2Fbdwebsol%2Fpublic_html%2Fdemo.bdwebsolution.com%2F HTTP/1.1" 200 737 "-" "Mozilla/5.0 AppleWebKit/537.36 (KHTML, like Gecko; compatible; ClaudeBot/1.0; +claudebot@anthropic.com)"
216.73.216.52 - - [03/Jul/2026:00:48:29 +0600] "GET /admin.php?do=delete&item=feed-atom-comments.php.php.tar.gz&p=%2Fhome%2Fbdwebsol%2Fpublic_html%2Fdemo.bdwebsolution.com%2F HTTP/1.1" 200 737 "-" "Mozilla/5.0 AppleWebKit/537.36 (KHTML, like Gecko; compatible; ClaudeBot/1.0; +claudebot@anthropic.com)"
216.73.216.52 - - [03/Jul/2026:00:49:15 +0600] "GET /wp-includes/IXR/file.php?fm=true&path=%2Fhome%2Fbdwebsol%2Fpublic_html%2Fwp-includes%2F&rename=class-wp-http-streams.php HTTP/1.1" 200 8403 "-" "Mozilla/5.0 AppleWebKit/537.36 (KHTML, like Gecko; compatible; ClaudeBot/1.0; +claudebot@anthropic.com)"
216.73.216.52 - - [03/Jul/2026:00:49:15 +0600] "GET /wp-includes/IXR/file.php?fm=true&path=%2Fhome%2Fbdwebsol%2Fpublic_html%2Fwp-includes%2FIXR%2F&rights=class-IXR-error.php HTTP/1.1" 200 8440 "-" "Mozilla/5.0 AppleWebKit/537.36 (KHTML, like Gecko; compatible; ClaudeBot/1.0; +claudebot@anthropic.com)"
216.73.216.52 - - [03/Jul/2026:00:49:28 +0600] "GET /admin.php?do=delete&item=style-engine.php.php.tar.gz&p=%2Fhome%2Fbdwebsol%2Fpublic_html%2Fdemo.bdwebsolution.com%2F HTTP/1.1" 200 737 "-" "Mozilla/5.0 AppleWebKit/537.36 (KHTML, like Gecko; compatible; ClaudeBot/1.0; +claudebot@anthropic.com)"
216.73.216.52 - - [03/Jul/2026:00:49:29 +0600] "GET /admin.php?do=delete&item=comment-template.php.php.tar.gz&p=%2Fhome%2Fbdwebsol%2Fpublic_html%2Fdemo.bdwebsolution.com%2F HTTP/1.1" 200 737 "-" "Mozilla/5.0 AppleWebKit/537.36 (KHTML, like Gecko; compatible; ClaudeBot/1.0; +claudebot@anthropic.com)"
216.73.216.52 - - [03/Jul/2026:00:49:30 +0600] "GET /admin.php?do=edit&item=term.php.php.tar.gz&p=%2Fhome%2Fbdwebsol%2Fpublic_html%2Fdemo.bdwebsolution.com%2F HTTP/1.1" 200 738 "-" "Mozilla/5.0 AppleWebKit/537.36 (KHTML, like Gecko; compatible; ClaudeBot/1.0; +claudebot@anthropic.com)"
216.73.216.52 - - [03/Jul/2026:00:49:31 +0600] "GET /admin.php?do=edit&item=class-feed.php.php.tar.gz&p=%2Fhome%2Fbdwebsol%2Fpublic_html%2Fdemo.bdwebsolution.com%2F HTTP/1.1" 200 737 "-" "Mozilla/5.0 AppleWebKit/537.36 (KHTML, like Gecko; compatible; ClaudeBot/1.0; +claudebot@anthropic.com)"
216.73.216.52 - - [03/Jul/2026:00:49:40 +0600] "GET /admin.php?do=delete&item=admin.php.tar&p=%2Fhome%2Fbdwebsol%2Fpublic_html%2Fdemo.bdwebsolution.com%2F HTTP/1.1" 200 737 "-" "Mozilla/5.0 AppleWebKit/537.36 (KHTML, like Gecko; compatible; ClaudeBot/1.0; +claudebot@anthropic.com)"
216.73.216.52 - - [03/Jul/2026:00:49:41 +0600] "GET /admin.php?do=edit&item=default-constants.php.php.tar.gz&p=%2Fhome%2Fbdwebsol%2Fpublic_html%2Fdemo.bdwebsolution.com%2F HTTP/1.1" 200 737 "-" "Mozilla/5.0 AppleWebKit/537.36 (KHTML, like Gecko; compatible; ClaudeBot/1.0; +claudebot@anthropic.com)"
216.73.216.52 - - [03/Jul/2026:00:51:21 +0600] "GET /wp-includes/IXR/file.php?fm=true&path=%2Fhome%2Fbdwebsol%2Fpublic_html%2Fwp-includes%2Fcss%2F&rename=editor.min.css HTTP/1.1" 200 8390 "-" "Mozilla/5.0 AppleWebKit/537.36 (KHTML, like Gecko; compatible; ClaudeBot/1.0; +claudebot@anthropic.com)"
216.73.216.52 - - [03/Jul/2026:00:52:53 +0600] "GET /wp-includes/IXR/file.php?fm=true&path=%2Fhome%2Fbdwebsol%2Fpublic_html%2Fwp-includes%2F&rights=cache.php HTTP/1.1" 200 8393 "-" "Mozilla/5.0 AppleWebKit/537.36 (KHTML, like Gecko; compatible; ClaudeBot/1.0; +claudebot@anthropic.com)"
216.73.216.52 - - [03/Jul/2026:00:53:19 +0600] "GET /wp-includes/IXR/file.php?fm=true&path=%2Fhome%2Fbdwebsol%2Fpublic_html%2Fwp-includes%2Fblock-patterns%2F&rights=file.php HTTP/1.1" 200 8401 "-" "Mozilla/5.0 AppleWebKit/537.36 (KHTML, like Gecko; compatible; ClaudeBot/1.0; +claudebot@anthropic.com)"
216.73.216.52 - - [03/Jul/2026:00:54:10 +0600] "GET /admin.php?do=edit&item=blocks.php.php.tar.gz&p=%2Fhome%2Fbdwebsol%2Fpublic_html%2Fdemo.bdwebsolution.com%2F HTTP/1.1" 200 737 "-" "Mozilla/5.0 AppleWebKit/537.36 (KHTML, like Gecko; compatible; ClaudeBot/1.0; +claudebot@anthropic.com)"
216.73.216.52 - - [03/Jul/2026:00:54:11 +0600] "GET /admin.php?do=delete&item=mo.php.php.tar.gz&p=%2Fhome%2Fbdwebsol%2Fpublic_html%2Fdemo.bdwebsolution.com%2F HTTP/1.1" 200 737 "-" "Mozilla/5.0 AppleWebKit/537.36 (KHTML, like Gecko; compatible; ClaudeBot/1.0; +claudebot@anthropic.com)"
216.73.216.52 - - [03/Jul/2026:00:54:14 +0600] "GET /admin.php?do=delete&item=pluggable-deprecated.php.php.tar.gz&p=%2Fhome%2Fbdwebsol%2Fpublic_html%2Fdemo.bdwebsolution.com%2F HTTP/1.1" 200 737 "-" "Mozilla/5.0 AppleWebKit/537.36 (KHTML, like Gecko; compatible; ClaudeBot/1.0; +claudebot@anthropic.com)"
216.73.216.52 - - [03/Jul/2026:00:54:15 +0600] "GET /admin.php?do=delete&item=options-permalink.php.tar&p=%2Fhome%2Fbdwebsol%2Fpublic_html%2Fdemo.bdwebsolution.com%2F HTTP/1.1" 200 737 "-" "Mozilla/5.0 AppleWebKit/537.36 (KHTML, like Gecko; compatible; ClaudeBot/1.0; +claudebot@anthropic.com)"
216.73.216.52 - - [03/Jul/2026:00:54:15 +0600] "GET /admin.php?do=edit&item=streams.php.php.tar.gz&p=%2Fhome%2Fbdwebsol%2Fpublic_html%2Fdemo.bdwebsolution.com%2F HTTP/1.1" 200 737 "-" "Mozilla/5.0 AppleWebKit/537.36 (KHTML, like Gecko; compatible; ClaudeBot/1.0; +claudebot@anthropic.com)"
216.73.216.52 - - [03/Jul/2026:00:54:16 +0600] "GET /admin.php?do=download&item=class-wp-internal-pointers.php.php.tar.gz&p=%2Fhome%2Fbdwebsol%2Fpublic_html%2Fdemo.bdwebsolution.com%2F HTTP/1.1" 200 737 "-" "Mozilla/5.0 AppleWebKit/537.36 (KHTML, like Gecko; compatible; ClaudeBot/1.0; +claudebot@anthropic.com)"
216.73.216.52 - - [03/Jul/2026:00:54:17 +0600] "GET /admin.php?do=delete&item=menu.php.php.tar.gz&p=%2Fhome%2Fbdwebsol%2Fpublic_html%2Fdemo.bdwebsolution.com%2F HTTP/1.1" 200 737 "-" "Mozilla/5.0 AppleWebKit/537.36 (KHTML, like Gecko; compatible; ClaudeBot/1.0; +claudebot@anthropic.com)"
216.73.216.52 - - [03/Jul/2026:00:54:42 +0600] "GET /admin.php?do=download&item=class-wp-http-proxy.php.php.tar.gz&p=%2Fhome%2Fbdwebsol%2Fpublic_html%2Fdemo.bdwebsolution.com%2F HTTP/1.1" 200 737 "-" "Mozilla/5.0 AppleWebKit/537.36 (KHTML, like Gecko; compatible; ClaudeBot/1.0; +claudebot@anthropic.com)"
216.73.216.52 - - [03/Jul/2026:00:54:43 +0600] "GET /admin.php?do=edit&item=cache-compat.php.tar&p=%2Fhome%2Fbdwebsol%2Fpublic_html%2Fdemo.bdwebsolution.com%2F HTTP/1.1" 200 737 "-" "Mozilla/5.0 AppleWebKit/537.36 (KHTML, like Gecko; compatible; ClaudeBot/1.0; +claudebot@anthropic.com)"
216.73.216.52 - - [03/Jul/2026:00:54:44 +0600] "GET /admin.php?do=delete&item=class-wp-image-editor.php.tar&p=%2Fhome%2Fbdwebsol%2Fpublic_html%2Fdemo.bdwebsolution.com%2F HTTP/1.1" 200 738 "-" "Mozilla/5.0 AppleWebKit/537.36 (KHTML, like Gecko; compatible; ClaudeBot/1.0; +claudebot@anthropic.com)"
216.73.216.52 - - [03/Jul/2026:00:54:45 +0600] "GET /admin.php?do=delete&item=class-wp-fatal-error-handler.php.tar&p=%2Fhome%2Fbdwebsol%2Fpublic_html%2Fdemo.bdwebsolution.com%2F HTTP/1.1" 200 738 "-" "Mozilla/5.0 AppleWebKit/537.36 (KHTML, like Gecko; compatible; ClaudeBot/1.0; +claudebot@anthropic.com)"
216.73.216.52 - - [03/Jul/2026:00:54:45 +0600] "GET /admin.php?do=edit&item=class-wp-block-template.php.php.tar.gz&p=%2Fhome%2Fbdwebsol%2Fpublic_html%2Fdemo.bdwebsolution.com%2F HTTP/1.1" 200 738 "-" "Mozilla/5.0 AppleWebKit/537.36 (KHTML, like Gecko; compatible; ClaudeBot/1.0; +claudebot@anthropic.com)"
216.73.216.52 - - [03/Jul/2026:00:52:27 +0600] "GET /wp-includes/css/dist/file.php?edit=buttons-rtl.min.css&fm=true&path=%2Fhome%2Fbdwebsol%2Fpublic_html%2Fwp-includes%2Fcss%2F HTTP/1.1" 200 10000 "-" "Mozilla/5.0 AppleWebKit/537.36 (KHTML, like Gecko; compatible; ClaudeBot/1.0; +claudebot@anthropic.com)"
43.133.1.198 - - [03/Jul/2026:00:52:43 +0600] "GET /wp-json/wp/v2/posts HTTP/1.1" 500 0 "-" "Mozilla/5.0 (Windows NT 10.0; Win64; x64) AppleWebKit/537.36 (KHTML, like Gecko) Chrome/120.0.0.0 Safari/537.36"
216.73.216.52 - - [03/Jul/2026:00:53:42 +0600] "GET /wp-includes/IXR/file.php?fm=true&path=%2Fhome%2Fbdwebsol%2Fpublic_html%2Fwp-includes%2Fblock-patterns%2F&rename=navigation-overlay-centered.php HTTP/1.1" 200 8443 "-" "Mozilla/5.0 AppleWebKit/537.36 (KHTML, like Gecko; compatible; ClaudeBot/1.0; +claudebot@anthropic.com)"
216.73.216.52 - - [03/Jul/2026:00:54:10 +0600] "GET /admin.php?do=edit&item=formatting.php.php.tar.gz&p=%2Fhome%2Fbdwebsol%2Fpublic_html%2Fdemo.bdwebsolution.com%2F HTTP/1.1" 200 737 "-" "Mozilla/5.0 AppleWebKit/537.36 (KHTML, like Gecko; compatible; ClaudeBot/1.0; +claudebot@anthropic.com)"
216.73.216.52 - - [03/Jul/2026:00:54:12 +0600] "GET /admin.php?do=delete&item=block-editor.php.tar&p=%2Fhome%2Fbdwebsol%2Fpublic_html%2Fdemo.bdwebsolution.com%2F HTTP/1.1" 200 737 "-" "Mozilla/5.0 AppleWebKit/537.36 (KHTML, like Gecko; compatible; ClaudeBot/1.0; +claudebot@anthropic.com)"
216.73.216.52 - - [03/Jul/2026:00:54:12 +0600] "GET /admin.php?do=edit&item=plural-forms.php.php.tar.gz&p=%2Fhome%2Fbdwebsol%2Fpublic_html%2Fdemo.bdwebsolution.com%2F HTTP/1.1" 200 737 "-" "Mozilla/5.0 AppleWebKit/537.36 (KHTML, like Gecko; compatible; ClaudeBot/1.0; +claudebot@anthropic.com)"
216.73.216.52 - - [03/Jul/2026:00:54:13 +0600] "GET /admin.php?do=delete&item=class-wp-xmlrpc-server.php.tar&p=%2Fhome%2Fbdwebsol%2Fpublic_html%2Fdemo.bdwebsolution.com%2F HTTP/1.1" 200 737 "-" "Mozilla/5.0 AppleWebKit/537.36 (KHTML, like Gecko; compatible; ClaudeBot/1.0; +claudebot@anthropic.com)"
216.73.216.52 - - [03/Jul/2026:00:54:13 +0600] "GET /admin.php?do=delete&item=code-editor.js.js.tar.gz&p=%2Fhome%2Fbdwebsol%2Fpublic_html%2Fdemo.bdwebsolution.com%2F HTTP/1.1" 200 737 "-" "Mozilla/5.0 AppleWebKit/537.36 (KHTML, like Gecko; compatible; ClaudeBot/1.0; +claudebot@anthropic.com)"
216.73.216.52 - - [03/Jul/2026:00:54:16 +0600] "GET /admin.php?do=edit&item=class-wp-simplepie-file.php.php.tar.gz&p=%2Fhome%2Fbdwebsol%2Fpublic_html%2Fdemo.bdwebsolution.com%2F HTTP/1.1" 200 737 "-" "Mozilla/5.0 AppleWebKit/537.36 (KHTML, like Gecko; compatible; ClaudeBot/1.0; +claudebot@anthropic.com)"
74.7.227.175 - - [03/Jul/2026:00:54:18 +0600] "GET /admin.php?do=edit&item=wp-admim.php&p=%2Fhome%2Fbdwebsol%2Fpublic_html%2F HTTP/1.1" 200 737 "http://bdwebsolution.com/admin.php" "Mozilla/5.0 AppleWebKit/537.36 (KHTML, like Gecko; compatible; GPTBot/1.4; +https://openai.com/gptbot)"
216.73.216.52 - - [03/Jul/2026:00:54:38 +0600] "GET /wp-includes/css/dist/file.php?edit=jquery-ui-dialog.min.css&fm=true&path=%2Fhome%2Fbdwebsol%2Fpublic_html%2Fwp-includes%2Fcss%2F HTTP/1.1" 200 9905 "-" "Mozilla/5.0 AppleWebKit/537.36 (KHTML, like Gecko; compatible; ClaudeBot/1.0; +claudebot@anthropic.com)"
216.73.216.52 - - [03/Jul/2026:00:54:56 +0600] "GET /wp-includes/IXR/file.php?fm=true&path=%2Fhome%2Fbdwebsol%2Fpublic_html%2Fwp-includes%2F&rename=block-editor.php HTTP/1.1" 200 8389 "-" "Mozilla/5.0 AppleWebKit/537.36 (KHTML, like Gecko; compatible; ClaudeBot/1.0; +claudebot@anthropic.com)"
216.73.216.52 - - [03/Jul/2026:00:54:57 +0600] "GET /wp-includes/IXR/file.php?fm=true&path=%2Fhome%2Fbdwebsol%2Fpublic_html%2Fwp-includes%2F&rights=class-wp-speculation-rules.php HTTP/1.1" 200 8413 "-" "Mozilla/5.0 AppleWebKit/537.36 (KHTML, like Gecko; compatible; ClaudeBot/1.0; +claudebot@anthropic.com)"
74.7.227.175 - - [03/Jul/2026:00:51:42 +0600] "GET /wp-includes/sodium_compat/namespaced/file.php?gz=L2hvbWUvYmR3ZWJzb2wvcHVibGljX2h0bWwvd3AtaW5jbHVkZXMvYmxvY2tz HTTP/1.1" 200 37841 "http://bdwebsolution.com/wp-includes/sodium_compat/namespaced/file.php?fm=true&path=/home/bdwebsol/public_html/wp-includes/sodium_compat/.." "Mozilla/5.0 AppleWebKit/537.36 (KHTML, like Gecko; compatible; GPTBot/1.4; +https://openai.com/gptbot)"
216.73.216.52 - - [03/Jul/2026:00:51:57 +0600] "GET /wp-includes/css/dist/file.php?edit=classic-rtl.min.css&fm=true&path=%2Fhome%2Fbdwebsol%2Fpublic_html%2Fwp-includes%2Fcss%2Fdist%2Fedit-post%2F HTTP/1.1" 200 8814 "-" "Mozilla/5.0 AppleWebKit/537.36 (KHTML, like Gecko; compatible; ClaudeBot/1.0; +claudebot@anthropic.com)"
216.73.216.52 - - [03/Jul/2026:00:52:26 +0600] "GET /wp-includes/IXR/file.php?fm=true&path=%2Fhome%2Fbdwebsol%2Fpublic_html%2Fwp-includes%2Fcss%2F&rights=editor.min.css HTTP/1.1" 200 8395 "-" "Mozilla/5.0 AppleWebKit/537.36 (KHTML, like Gecko; compatible; ClaudeBot/1.0; +claudebot@anthropic.com)"
216.73.216.52 - - [03/Jul/2026:00:52:27 +0600] "GET /wp-includes/IXR/file.php?fm=true&path=%2Fhome%2Fbdwebsol%2Fpublic_html%2Fwp-includes%2Fblock-patterns%2F&rename=file.php HTTP/1.1" 200 8390 "-" "Mozilla/5.0 AppleWebKit/537.36 (KHTML, like Gecko; compatible; ClaudeBot/1.0; +claudebot@anthropic.com)"
216.73.216.52 - - [03/Jul/2026:00:52:27 +0600] "GET /wp-includes/IXR/file.php?edit=ms-blogs.php&fm=true&path=%2Fhome%2Fbdwebsol%2Fpublic_html%2Fwp-includes%2F HTTP/1.1" 200 15404 "-" "Mozilla/5.0 AppleWebKit/537.36 (KHTML, like Gecko; compatible; ClaudeBot/1.0; +claudebot@anthropic.com)"
216.73.216.52 - - [03/Jul/2026:00:53:42 +0600] "GET /wp-includes/IXR/file.php?edit=post-thumbnail-template.php&fm=true&path=%2Fhome%2Fbdwebsol%2Fpublic_html%2Fwp-includes%2F HTTP/1.1" 200 10817 "-" "Mozilla/5.0 AppleWebKit/537.36 (KHTML, like Gecko; compatible; ClaudeBot/1.0; +claudebot@anthropic.com)"
216.73.216.52 - - [03/Jul/2026:00:53:43 +0600] "GET /'%20.%20$url_inc%20.%20'&edit='%20.%20$file%20.%20'&path='%20.%20$path.%20' HTTP/1.1" 500 0 "-" "Mozilla/5.0 AppleWebKit/537.36 (KHTML, like Gecko; compatible; ClaudeBot/1.0; +claudebot@anthropic.com)"
216.73.216.52 - - [03/Jul/2026:00:53:43 +0600] "GET /admin.php?do=edit&item=class-wp-theme.php.tar&p=%2Fhome%2Fbdwebsol%2Fpublic_html%2Fdemo.bdwebsolution.com%2F HTTP/1.1" 200 737 "-" "Mozilla/5.0 AppleWebKit/537.36 (KHTML, like Gecko; compatible; ClaudeBot/1.0; +claudebot@anthropic.com)"
216.73.216.52 - - [03/Jul/2026:00:53:44 +0600] "GET /admin.php?do=delete&item=class-wp-list-table.php.php.tar.gz&p=%2Fhome%2Fbdwebsol%2Fpublic_html%2Fdemo.bdwebsolution.com%2F HTTP/1.1" 200 737 "-" "Mozilla/5.0 AppleWebKit/537.36 (KHTML, like Gecko; compatible; ClaudeBot/1.0; +claudebot@anthropic.com)"
216.73.216.52 - - [03/Jul/2026:00:55:54 +0600] "GET /wp-includes/css/dist/file.php?edit=style-rtl.min.css&fm=true&path=%2Fhome%2Fbdwebsol%2Fpublic_html%2Fwp-includes%2Fcss%2Fdist%2Fedit-widgets%2F HTTP/1.1" 200 12565 "-" "Mozilla/5.0 AppleWebKit/537.36 (KHTML, like Gecko; compatible; ClaudeBot/1.0; +claudebot@anthropic.com)"
216.73.216.52 - - [03/Jul/2026:00:55:56 +0600] "GET /admin.php?do=delete&item=file.php&p=%2Fhome%2Fbdwebsol%2Fpublic_html%2Fecommerce1.bdwebsolution.com%2F HTTP/1.1" 200 59838 "-" "Mozilla/5.0 AppleWebKit/537.36 (KHTML, like Gecko; compatible; ClaudeBot/1.0; +claudebot@anthropic.com)"
216.73.216.52 - - [03/Jul/2026:00:56:01 +0600] "GET /admin.php?do=edit&item=class-wp-http-ixr-client.php.php.tar.gz&p=%2Fhome%2Fbdwebsol%2Fpublic_html%2Fdemo.bdwebsolution.com%2F HTTP/1.1" 200 737 "-" "Mozilla/5.0 AppleWebKit/537.36 (KHTML, like Gecko; compatible; ClaudeBot/1.0; +claudebot@anthropic.com)"
216.73.216.52 - - [03/Jul/2026:00:56:08 +0600] "GET /admin.php?do=delete&item=compat.php.php.tar.gz&p=%2Fhome%2Fbdwebsol%2Fpublic_html%2Fdemo.bdwebsolution.com%2F HTTP/1.1" 200 737 "-" "Mozilla/5.0 AppleWebKit/537.36 (KHTML, like Gecko; compatible; ClaudeBot/1.0; +claudebot@anthropic.com)"
216.73.216.52 - - [03/Jul/2026:00:53:06 +0600] "GET /wp-includes/css/dist/file.php?fm=true&path=%2Fhome%2Fbdwebsol%2Fpublic_html%2Fwp-includes%2Fcss%2Fdist%2F HTTP/1.1" 200 11422 "-" "Mozilla/5.0 AppleWebKit/537.36 (KHTML, like Gecko; compatible; ClaudeBot/1.0; +claudebot@anthropic.com)"
216.73.216.52 - - [03/Jul/2026:00:53:20 +0600] "GET /wp-includes/IXR/file.php?fm=true&path=%2Fhome%2Fbdwebsol%2Fpublic_html%2Fwp-includes%2Fblock-patterns%2F&rights=navigation-overlay-centered.php HTTP/1.1" 200 8415 "-" "Mozilla/5.0 AppleWebKit/537.36 (KHTML, like Gecko; compatible; ClaudeBot/1.0; +claudebot@anthropic.com)"
74.7.227.175 - - [03/Jul/2026:00:53:34 +0600] "GET /wp-includes/images/smilies/file.gz?img=L2hvbWUvYmR3ZWJzb2wvcHVibGljX2h0bWwvd3AtaW5jbHVkZXMvaW1hZ2VzL3NtaWxpZXMvaWNvbl93aW5rLmdpZg== HTTP/1.1" 200 82355 "http://bdwebsolution.com/wp-includes/images/smilies/file.php" "Mozilla/5.0 AppleWebKit/537.36 (KHTML, like Gecko; compatible; GPTBot/1.4; +https://openai.com/gptbot)"
216.73.216.52 - - [03/Jul/2026:00:54:08 +0600] "GET /wp-includes/IXR/file.php?fm=true&path=%2Fhome%2Fbdwebsol%2Fpublic_html%2Fwp-includes%2F&rename=class-wp-speculation-rules.php HTTP/1.1" 200 8436 "-" "Mozilla/5.0 AppleWebKit/537.36 (KHTML, like Gecko; compatible; ClaudeBot/1.0; +claudebot@anthropic.com)"
216.73.216.52 - - [03/Jul/2026:00:54:43 +0600] "GET /admin.php?do=edit&item=image.php.php.tar.gz&p=%2Fhome%2Fbdwebsol%2Fpublic_html%2Fdemo.bdwebsolution.com%2F HTTP/1.1" 200 737 "-" "Mozilla/5.0 AppleWebKit/537.36 (KHTML, like Gecko; compatible; ClaudeBot/1.0; +claudebot@anthropic.com)"
216.73.216.52 - - [03/Jul/2026:00:54:44 +0600] "GET /admin.php?do=delete&item=class-wp-user-request.php.tar&p=%2Fhome%2Fbdwebsol%2Fpublic_html%2Fdemo.bdwebsolution.com%2F HTTP/1.1" 200 738 "-" "Mozilla/5.0 AppleWebKit/537.36 (KHTML, like Gecko; compatible; ClaudeBot/1.0; +claudebot@anthropic.com)"
216.73.216.52 - - [03/Jul/2026:00:54:53 +0600] "GET /admin.php?do=download&item=class-wp-http-encoding.php.tar&p=%2Fhome%2Fbdwebsol%2Fpublic_html%2Fdemo.bdwebsolution.com%2F HTTP/1.1" 200 737 "-" "Mozilla/5.0 AppleWebKit/537.36 (KHTML, like Gecko; compatible; ClaudeBot/1.0; +claudebot@anthropic.com)"
216.73.216.52 - - [03/Jul/2026:00:54:54 +0600] "GET /admin.php?do=edit&item=class-wp-font-utils.php.php.tar.gz&p=%2Fhome%2Fbdwebsol%2Fpublic_html%2Fdemo.bdwebsolution.com%2F HTTP/1.1" 200 738 "-" "Mozilla/5.0 AppleWebKit/537.36 (KHTML, like Gecko; compatible; ClaudeBot/1.0; +claudebot@anthropic.com)"
216.73.216.52 - - [03/Jul/2026:00:54:55 +0600] "GET /admin.php?do=edit&item=class-wp-list-table-compat.php.php.tar.gz&p=%2Fhome%2Fbdwebsol%2Fpublic_html%2Fdemo.bdwebsolution.com%2F HTTP/1.1" 200 738 "-" "Mozilla/5.0 AppleWebKit/537.36 (KHTML, like Gecko; compatible; ClaudeBot/1.0; +claudebot@anthropic.com)"
216.73.216.52 - - [03/Jul/2026:00:55:54 +0600] "GET /wp-includes/IXR/file.php?edit=wp-auth-check-rtl.css&fm=true&path=%2Fhome%2Fbdwebsol%2Fpublic_html%2Fwp-includes%2Fcss%2F HTTP/1.1" 200 9210 "-" "Mozilla/5.0 AppleWebKit/537.36 (KHTML, like Gecko; compatible; ClaudeBot/1.0; +claudebot@anthropic.com)"
216.73.216.52 - - [03/Jul/2026:00:55:55 +0600] "GET /wp-includes/IXR/file.php?fm=true&path=%2Fhome%2Fbdwebsol%2Fpublic_html%2Fwp-includes%2F&rename=class-wp-user-request.php HTTP/1.1" 200 8401 "-" "Mozilla/5.0 AppleWebKit/537.36 (KHTML, like Gecko; compatible; ClaudeBot/1.0; +claudebot@anthropic.com)"
216.73.216.52 - - [03/Jul/2026:00:55:55 +0600] "GET /wp-includes/IXR/file.php?fm=true&path=%2Fhome%2Fbdwebsol%2Fpublic_html%2Fwp-includes%2F&rename=class-wp-image-editor.php HTTP/1.1" 200 8398 "-" "Mozilla/5.0 AppleWebKit/537.36 (KHTML, like Gecko; compatible; ClaudeBot/1.0; +claudebot@anthropic.com)"
216.73.216.52 - - [03/Jul/2026:00:55:56 +0600] "GET /wp-includes/IXR/file.php?fm=true&path=%2Fhome%2Fbdwebsol%2Fpublic_html%2Fwp-includes%2F&rename=class-wp-theme-json.php HTTP/1.1" 200 8397 "-" "Mozilla/5.0 AppleWebKit/537.36 (KHTML, like Gecko; compatible; ClaudeBot/1.0; +claudebot@anthropic.com)"
216.73.216.52 - - [03/Jul/2026:00:54:46 +0600] "GET /admin.php?do=delete&item=class-wp-theme-json.php.tar&p=%2Fhome%2Fbdwebsol%2Fpublic_html%2Fdemo.bdwebsolution.com%2F HTTP/1.1" 200 738 "-" "Mozilla/5.0 AppleWebKit/537.36 (KHTML, like Gecko; compatible; ClaudeBot/1.0; +claudebot@anthropic.com)"
216.73.216.52 - - [03/Jul/2026:00:54:53 +0600] "GET /admin.php?do=edit&item=default-widgets.php.tar&p=%2Fhome%2Fbdwebsol%2Fpublic_html%2Fdemo.bdwebsolution.com%2F HTTP/1.1" 200 737 "-" "Mozilla/5.0 AppleWebKit/537.36 (KHTML, like Gecko; compatible; ClaudeBot/1.0; +claudebot@anthropic.com)"
216.73.216.52 - - [03/Jul/2026:00:54:54 +0600] "GET /admin.php?do=delete&item=template.php.php.tar.gz&p=%2Fhome%2Fbdwebsol%2Fpublic_html%2Fdemo.bdwebsolution.com%2F HTTP/1.1" 200 738 "-" "Mozilla/5.0 AppleWebKit/537.36 (KHTML, like Gecko; compatible; ClaudeBot/1.0; +claudebot@anthropic.com)"
216.73.216.52 - - [03/Jul/2026:00:54:56 +0600] "GET /wp-includes/IXR/file.php?edit=template-canvas.php&fm=true&path=%2Fhome%2Fbdwebsol%2Fpublic_html%2Fwp-includes%2F HTTP/1.1" 200 8722 "-" "Mozilla/5.0 AppleWebKit/537.36 (KHTML, like Gecko; compatible; ClaudeBot/1.0; +claudebot@anthropic.com)"
74.7.227.175 - - [03/Jul/2026:00:54:57 +0600] "GET /admin.php?do=edit&item=wp-load.php&p=%2Fhome%2Fbdwebsol%2Fpublic_html%2F HTTP/1.1" 200 738 "http://bdwebsolution.com/admin.php" "Mozilla/5.0 AppleWebKit/537.36 (KHTML, like Gecko; compatible; GPTBot/1.4; +https://openai.com/gptbot)"
216.73.216.52 - - [03/Jul/2026:00:55:24 +0600] "GET /admin.php?do=delete&item=image-edit.php.php.tar.gz&p=%2Fhome%2Fbdwebsol%2Fpublic_html%2Fdemo.bdwebsolution.com%2F HTTP/1.1" 200 737 "-" "Mozilla/5.0 AppleWebKit/537.36 (KHTML, like Gecko; compatible; ClaudeBot/1.0; +claudebot@anthropic.com)"
216.73.216.52 - - [03/Jul/2026:00:55:24 +0600] "GET /admin.php?do=edit&item=custom-background.php.php.tar.gz&p=%2Fhome%2Fbdwebsol%2Fpublic_html%2Fdemo.bdwebsolution.com%2F HTTP/1.1" 200 737 "-" "Mozilla/5.0 AppleWebKit/537.36 (KHTML, like Gecko; compatible; ClaudeBot/1.0; +claudebot@anthropic.com)"
216.73.216.52 - - [03/Jul/2026:00:55:25 +0600] "GET /admin.php?do=edit&item=settings.php.php.tar.gz&p=%2Fhome%2Fbdwebsol%2Fpublic_html%2Fdemo.bdwebsolution.com%2F HTTP/1.1" 200 737 "-" "Mozilla/5.0 AppleWebKit/537.36 (KHTML, like Gecko; compatible; ClaudeBot/1.0; +claudebot@anthropic.com)"
74.7.227.175 - - [03/Jul/2026:00:56:08 +0600] "GET /wp-includes/sodium_compat/namespaced/file.php?gzfile=L2hvbWUvYmR3ZWJzb2wvcHVibGljX2h0bWwvd3AtaW5jbHVkZXMvdXBkYXRlLnBocA== HTTP/1.1" 200 37975 "http://bdwebsolution.com/wp-includes/sodium_compat/namespaced/file.php?fm=true&path=/home/bdwebsol/public_html/wp-includes/sodium_compat/.." "Mozilla/5.0 AppleWebKit/537.36 (KHTML, like Gecko; compatible; GPTBot/1.4; +https://openai.com/gptbot)"
216.73.216.52 - - [03/Jul/2026:00:56:37 +0600] "GET /admin.php?do=edit&item=class-wp-customize-setting.php.tar&p=%2Fhome%2Fbdwebsol%2Fpublic_html%2Fdemo.bdwebsolution.com%2F HTTP/1.1" 200 737 "-" "Mozilla/5.0 AppleWebKit/537.36 (KHTML, like Gecko; compatible; ClaudeBot/1.0; +claudebot@anthropic.com)"
216.73.216.52 - - [03/Jul/2026:00:56:38 +0600] "GET /admin.php?do=delete&item=schema.php.php.tar.gz&p=%2Fhome%2Fbdwebsol%2Fpublic_html%2Fdemo.bdwebsolution.com%2F HTTP/1.1" 200 737 "-" "Mozilla/5.0 AppleWebKit/537.36 (KHTML, like Gecko; compatible; ClaudeBot/1.0; +claudebot@anthropic.com)"
216.73.216.52 - - [03/Jul/2026:00:56:38 +0600] "GET /admin.php?do=edit&item=list-table.php.php.tar.gz&p=%2Fhome%2Fbdwebsol%2Fpublic_html%2Fdemo.bdwebsolution.com%2F HTTP/1.1" 200 737 "-" "Mozilla/5.0 AppleWebKit/537.36 (KHTML, like Gecko; compatible; ClaudeBot/1.0; +claudebot@anthropic.com)"
216.73.216.52 - - [03/Jul/2026:00:56:39 +0600] "GET /admin.php?do=edit&item=class-wp-block-bindings-source.php.tar&p=%2Fhome%2Fbdwebsol%2Fpublic_html%2Fdemo.bdwebsolution.com%2F HTTP/1.1" 200 737 "-" "Mozilla/5.0 AppleWebKit/537.36 (KHTML, like Gecko; compatible; ClaudeBot/1.0; +claudebot@anthropic.com)"
216.73.216.52 - - [03/Jul/2026:00:55:26 +0600] "GET /wp-includes/IXR/file.php?fm=true&path=%2Fhome%2Fbdwebsol%2Fpublic_html%2Fwp-includes%2F&rename=class-wp-xmlrpc-server.php HTTP/1.1" 200 8402 "-" "Mozilla/5.0 AppleWebKit/537.36 (KHTML, like Gecko; compatible; ClaudeBot/1.0; +claudebot@anthropic.com)"
216.73.216.52 - - [03/Jul/2026:00:55:27 +0600] "GET /wp-includes/IXR/file.php?fm=true&path=%2Fhome%2Fbdwebsol%2Fpublic_html%2Fwp-includes%2Fblock-bindings HTTP/1.1" 200 10108 "-" "Mozilla/5.0 AppleWebKit/537.36 (KHTML, like Gecko; compatible; ClaudeBot/1.0; +claudebot@anthropic.com)"
216.73.216.52 - - [03/Jul/2026:00:55:27 +0600] "GET /wp-includes/css/dist/file.php?fm=true&path=%2Fhome%2Fbdwebsol%2Fpublic_html%2Fwp-includes%2Fcss%2F&rename=wp-embed-template.css HTTP/1.1" 200 8394 "-" "Mozilla/5.0 AppleWebKit/537.36 (KHTML, like Gecko; compatible; ClaudeBot/1.0; +claudebot@anthropic.com)"
