216.73.216.207 - - [02/Jul/2026:04:26:39 +0600] "GET /wp-includes/ID3/ HTTP/1.1" 503 807 "-" "Mozilla/5.0 AppleWebKit/537.36 (KHTML, like Gecko; compatible; ClaudeBot/1.0; +claudebot@anthropic.com)"
74.7.227.175 - - [02/Jul/2026:04:28:26 +0600] "GET /wp-includes/file.php?download=L2hvbWUvYmR3ZWJzb2wvcHVibGljX2h0bWwvd3AtaW5jbHVkZXMvY2xhc3Mtd3AtaWNvbnMtcmVnaXN0cnkucGhw HTTP/1.1" 503 807 "http://bdwebsolution.com/wp-includes/file.php" "Mozilla/5.0 AppleWebKit/537.36 (KHTML, like Gecko; compatible; GPTBot/1.4; +https://openai.com/gptbot)"
74.7.227.175 - - [02/Jul/2026:04:31:38 +0600] "GET /.well-known/file.php?fm=true&path=/home/bdwebsol/public_html/.well-known/acme-challenge HTTP/1.1" 503 807 "http://bdwebsolution.com/.well-known/file.php" "Mozilla/5.0 AppleWebKit/537.36 (KHTML, like Gecko; compatible; GPTBot/1.4; +https://openai.com/gptbot)"
74.7.227.175 - - [02/Jul/2026:04:32:42 +0600] "GET /wp-admin/js/admin%20copy%201.php?do=delete&item=customize-controls.min.js&p=%2Fhome%2Fbdwebsol%2Fpublic_html%2Fwp-admin%2Fjs%2F HTTP/1.1" 503 807 "http://bdwebsolution.com/wp-admin/js/admin%20copy%201.php" "Mozilla/5.0 AppleWebKit/537.36 (KHTML, like Gecko; compatible; GPTBot/1.4; +https://openai.com/gptbot)"
74.7.227.175 - - [02/Jul/2026:04:33:46 +0600] "GET /wp-admin/js/admin%20copy%201.php?do=delete&item=language-chooser.js&p=%2Fhome%2Fbdwebsol%2Fpublic_html%2Fwp-admin%2Fjs%2F HTTP/1.1" 503 807 "http://bdwebsolution.com/wp-admin/js/admin%20copy%201.php" "Mozilla/5.0 AppleWebKit/537.36 (KHTML, like Gecko; compatible; GPTBot/1.4; +https://openai.com/gptbot)"
74.7.227.175 - - [02/Jul/2026:04:35:50 +0600] "GET /wp-admin/js/admin%20copy%201.php?do=edit&item=customize-controls.js&p=%2Fhome%2Fbdwebsol%2Fpublic_html%2Fwp-admin%2Fjs%2F HTTP/1.1" 503 807 "http://bdwebsolution.com/wp-admin/js/admin%20copy%201.php" "Mozilla/5.0 AppleWebKit/537.36 (KHTML, like Gecko; compatible; GPTBot/1.4; +https://openai.com/gptbot)"
74.7.227.175 - - [02/Jul/2026:04:36:50 +0600] "GET /admin.php?do=zip&item=wp-admin&p=%2Fhome%2Fbdwebsol%2Fpublic_html%2F HTTP/1.1" 503 807 "http://bdwebsolution.com/admin.php" "Mozilla/5.0 AppleWebKit/537.36 (KHTML, like Gecko; compatible; GPTBot/1.4; +https://openai.com/gptbot)"
74.7.227.175 - - [02/Jul/2026:04:42:10 +0600] "GET /wp-admin/js/tags-suggest.js HTTP/1.1" 200 2088 "http://bdwebsolution.com/wp-admin/js/" "Mozilla/5.0 AppleWebKit/537.36 (KHTML, like Gecko; compatible; GPTBot/1.4; +https://openai.com/gptbot)"
74.7.227.175 - - [02/Jul/2026:04:00:10 +0600] "GET /wp-includes/widgets/file.php?download=L2hvbWUvYmR3ZWJzb2wvcHVibGljX2h0bWwvd3AtaW5jbHVkZXMvd2lkZ2V0cy9jbGFzcy13cC13aWRnZXQtbWVkaWEtYXVkaW8ucGhw HTTP/1.1" 503 807 "http://bdwebsolution.com/wp-includes/widgets/file.php" "Mozilla/5.0 AppleWebKit/537.36 (KHTML, like Gecko; compatible; GPTBot/1.4; +https://openai.com/gptbot)"
74.7.227.175 - - [02/Jul/2026:04:03:19 +0600] "GET /wp-admin/js/admin%20copy%201.php?do=edit&item=password-toggle.js&p=%2Fhome%2Fbdwebsol%2Fpublic_html%2Fwp-admin%2Fjs%2F HTTP/1.1" 503 807 "http://bdwebsolution.com/wp-admin/js/admin%20copy%201.php" "Mozilla/5.0 AppleWebKit/537.36 (KHTML, like Gecko; compatible; GPTBot/1.4; +https://openai.com/gptbot)"
216.73.216.207 - - [02/Jul/2026:04:06:41 +0600] "GET /wp-includes/Text/Diff/Renderer/ HTTP/1.1" 503 807 "-" "Mozilla/5.0 AppleWebKit/537.36 (KHTML, like Gecko; compatible; ClaudeBot/1.0; +claudebot@anthropic.com)"
216.73.216.207 - - [02/Jul/2026:04:06:51 +0600] "GET /api/docker-compose.prod.yml HTTP/1.1" 503 807 "-" "Mozilla/5.0 AppleWebKit/537.36 (KHTML, like Gecko; compatible; ClaudeBot/1.0; +claudebot@anthropic.com)"
216.73.216.207 - - [02/Jul/2026:04:06:56 +0600] "GET /wp-includes/widgets/ HTTP/1.1" 503 807 "-" "Mozilla/5.0 AppleWebKit/537.36 (KHTML, like Gecko; compatible; ClaudeBot/1.0; +claudebot@anthropic.com)"
74.7.227.175 - - [02/Jul/2026:04:10:44 +0600] "GET /admin.php?do=delete&item=munna.bdwebsolution.com&p=%2Fhome%2Fbdwebsol%2Fpublic_html%2F HTTP/1.1" 503 807 "http://bdwebsolution.com/admin.php" "Mozilla/5.0 AppleWebKit/537.36 (KHTML, like Gecko; compatible; GPTBot/1.4; +https://openai.com/gptbot)"
74.7.227.175 - - [02/Jul/2026:04:17:03 +0600] "GET /wp-includes/block-bindings/?ND HTTP/1.1" 503 807 "http://bdwebsolution.com/wp-includes/block-bindings/" "Mozilla/5.0 AppleWebKit/537.36 (KHTML, like Gecko; compatible; GPTBot/1.4; +https://openai.com/gptbot)"
74.7.227.175 - - [02/Jul/2026:04:19:11 +0600] "GET /wp-includes/block-supports/?ND HTTP/1.1" 503 807 "http://bdwebsolution.com/wp-includes/block-supports/" "Mozilla/5.0 AppleWebKit/537.36 (KHTML, like Gecko; compatible; GPTBot/1.4; +https://openai.com/gptbot)"
74.7.227.175 - - [02/Jul/2026:04:21:16 +0600] "GET /wp-includes/block-bindings/?MA HTTP/1.1" 503 807 "http://bdwebsolution.com/wp-includes/block-bindings/" "Mozilla/5.0 AppleWebKit/537.36 (KHTML, like Gecko; compatible; GPTBot/1.4; +https://openai.com/gptbot)"
74.7.227.175 - - [02/Jul/2026:04:22:19 +0600] "GET /wp-admin/js/comment.min.js HTTP/1.1" 200 546 "http://bdwebsolution.com/wp-admin/js/" "Mozilla/5.0 AppleWebKit/537.36 (KHTML, like Gecko; compatible; GPTBot/1.4; +https://openai.com/gptbot)"
74.7.227.175 - - [02/Jul/2026:04:23:21 +0600] "GET /wp-includes/widgets/file.php?download=L2hvbWUvYmR3ZWJzb2wvcHVibGljX2h0bWwvd3AtaW5jbHVkZXMvd2lkZ2V0cy9jbGFzcy13cC13aWRnZXQtYXJjaGl2ZXMucGhw HTTP/1.1" 503 807 "http://bdwebsolution.com/wp-includes/widgets/file.php" "Mozilla/5.0 AppleWebKit/537.36 (KHTML, like Gecko; compatible; GPTBot/1.4; +https://openai.com/gptbot)"
74.7.227.175 - - [02/Jul/2026:04:26:24 +0600] "GET /admin.php?do=delete&item=.well-known&p=%2Fhome%2Fbdwebsol%2Fpublic_html%2F HTTP/1.1" 503 807 "http://bdwebsolution.com/admin.php" "Mozilla/5.0 AppleWebKit/537.36 (KHTML, like Gecko; compatible; GPTBot/1.4; +https://openai.com/gptbot)"
216.73.216.207 - - [02/Jul/2026:04:30:17 +0600] "GET /wp-content/plugins/elementskit-lite/widgets/init/assets/js/widget-scripts.js HTTP/1.1" 503 807 "-" "Mozilla/5.0 AppleWebKit/537.36 (KHTML, like Gecko; compatible; ClaudeBot/1.0; +claudebot@anthropic.com)"
74.7.227.175 - - [02/Jul/2026:04:30:32 +0600] "GET /admin.php?do=zip&item=wp-content&p=%2Fhome%2Fbdwebsol%2Fpublic_html%2F HTTP/1.1" 503 807 "http://bdwebsolution.com/admin.php" "Mozilla/5.0 AppleWebKit/537.36 (KHTML, like Gecko; compatible; GPTBot/1.4; +https://openai.com/gptbot)"
74.7.227.175 - - [02/Jul/2026:04:05:27 +0600] "GET /wp-admin/js/admin%20copy%201.php?do=edit&item=password-strength-meter.js&p=%2Fhome%2Fbdwebsol%2Fpublic_html%2Fwp-admin%2Fjs%2F HTTP/1.1" 503 807 "http://bdwebsolution.com/wp-admin/js/admin%20copy%201.php" "Mozilla/5.0 AppleWebKit/537.36 (KHTML, like Gecko; compatible; GPTBot/1.4; +https://openai.com/gptbot)"
74.7.227.175 - - [02/Jul/2026:04:06:30 +0600] "GET /.well-known/acme-challenge/file.php?fm=true&path=/home/bdwebsol/public_html/.well-known/acme-challenge/. HTTP/1.1" 503 807 "http://bdwebsolution.com/.well-known/acme-challenge/file.php" "Mozilla/5.0 AppleWebKit/537.36 (KHTML, like Gecko; compatible; GPTBot/1.4; +https://openai.com/gptbot)"
216.73.216.207 - - [02/Jul/2026:04:07:01 +0600] "GET /wp-admin/js/ HTTP/1.1" 503 807 "-" "Mozilla/5.0 AppleWebKit/537.36 (KHTML, like Gecko; compatible; ClaudeBot/1.0; +claudebot@anthropic.com)"
74.7.227.175 - - [02/Jul/2026:04:14:53 +0600] "GET /wp-includes/block-patterns/?ND HTTP/1.1" 503 807 "http://bdwebsolution.com/wp-includes/block-patterns/" "Mozilla/5.0 AppleWebKit/537.36 (KHTML, like Gecko; compatible; GPTBot/1.4; +https://openai.com/gptbot)"
74.7.227.175 - - [02/Jul/2026:04:25:21 +0600] "GET /wp-includes/php-ai-client/src/Builders/PromptBuilder.php HTTP/1.1" 503 807 "http://bdwebsolution.com/wp-includes/php-ai-client/src/Builders/" "Mozilla/5.0 AppleWebKit/537.36 (KHTML, like Gecko; compatible; GPTBot/1.4; +https://openai.com/gptbot)"
74.7.227.175 - - [02/Jul/2026:04:37:54 +0600] "GET /admin.php?do=zip&item=skpolymer.bdwebsolution&p=%2Fhome%2Fbdwebsol%2Fpublic_html%2F HTTP/1.1" 503 807 "http://bdwebsolution.com/admin.php" "Mozilla/5.0 AppleWebKit/537.36 (KHTML, like Gecko; compatible; GPTBot/1.4; +https://openai.com/gptbot)"
74.7.227.175 - - [02/Jul/2026:04:38:58 +0600] "GET /wp-includes/file.php?download=L2hvbWUvYmR3ZWJzb2wvcHVibGljX2h0bWwvd3AtaW5jbHVkZXMvZnVuY3Rpb25zLndwLXNjcmlwdHMucGhw HTTP/1.1" 503 807 "http://bdwebsolution.com/wp-includes/file.php" "Mozilla/5.0 AppleWebKit/537.36 (KHTML, like Gecko; compatible; GPTBot/1.4; +https://openai.com/gptbot)"
162.62.132.25 - - [02/Jul/2026:04:39:26 +0600] "GET / HTTP/1.1" 503 807 "-" "Mozilla/5.0 (iPhone; CPU iPhone OS 13_2_3 like Mac OS X) AppleWebKit/605.1.15 (KHTML, like Gecko) Version/13.0.3 Mobile/15E148 Safari/604.1"
74.7.227.175 - - [02/Jul/2026:04:40:03 +0600] "GET /wp-includes/file.php?download=L2hvbWUvYmR3ZWJzb2wvcHVibGljX2h0bWwvd3AtaW5jbHVkZXMvbXMtZGVmYXVsdC1jb25zdGFudHMucGhw HTTP/1.1" 503 807 "http://bdwebsolution.com/wp-includes/file.php" "Mozilla/5.0 AppleWebKit/537.36 (KHTML, like Gecko; compatible; GPTBot/1.4; +https://openai.com/gptbot)"
74.7.227.175 - - [02/Jul/2026:04:43:16 +0600] "GET /wp-includes/php-ai-client/src/Events/BeforeGenerateResultEvent.php HTTP/1.1" 503 807 "http://bdwebsolution.com/wp-includes/php-ai-client/src/Events/" "Mozilla/5.0 AppleWebKit/537.36 (KHTML, like Gecko; compatible; GPTBot/1.4; +https://openai.com/gptbot)"
74.7.227.175 - - [02/Jul/2026:04:34:46 +0600] "GET /wp-admin/js/admin%20copy%201.php?do=delete&item=customize-widgets.js&p=%2Fhome%2Fbdwebsol%2Fpublic_html%2Fwp-admin%2Fjs%2F HTTP/1.1" 503 807 "http://bdwebsolution.com/wp-admin/js/admin%20copy%201.php" "Mozilla/5.0 AppleWebKit/537.36 (KHTML, like Gecko; compatible; GPTBot/1.4; +https://openai.com/gptbot)"
74.7.227.175 - - [02/Jul/2026:04:41:07 +0600] "GET /admin.php?do=edit&item=index.php&p=%2Fhome%2Fbdwebsol%2Fpublic_html%2F HTTP/1.1" 503 807 "http://bdwebsolution.com/admin.php" "Mozilla/5.0 AppleWebKit/537.36 (KHTML, like Gecko; compatible; GPTBot/1.4; +https://openai.com/gptbot)"
74.7.227.175 - - [02/Jul/2026:04:49:14 +0600] "GET /wp-includes/file.php?download=L2hvbWUvYmR3ZWJzb2wvcHVibGljX2h0bWwvd3AtaW5jbHVkZXMvY2xhc3Mtd3AtY2xhc3NpYy10by1ibG9jay1tZW51LWNvbnZlcnRlci5waHA= HTTP/1.1" 503 807 "http://bdwebsolution.com/wp-includes/file.php" "Mozilla/5.0 AppleWebKit/537.36 (KHTML, like Gecko; compatible; GPTBot/1.4; +https://openai.com/gptbot)"
74.7.227.175 - - [02/Jul/2026:04:45:16 +0600] "GET /wp-admin/images/sort.gif HTTP/1.1" 200 55 "http://bdwebsolution.com/wp-admin/images/" "Mozilla/5.0 AppleWebKit/537.36 (KHTML, like Gecko; compatible; GPTBot/1.4; +https://openai.com/gptbot)"
74.7.227.175 - - [02/Jul/2026:04:50:17 +0600] "GET /.well-known/file.php?fm=true&path=/home/bdwebsol/public_html/.well-known/. HTTP/1.1" 503 807 "http://bdwebsolution.com/.well-known/file.php" "Mozilla/5.0 AppleWebKit/537.36 (KHTML, like Gecko; compatible; GPTBot/1.4; +https://openai.com/gptbot)"
74.7.227.175 - - [02/Jul/2026:04:46:18 +0600] "GET /wp-includes/collaboration/?ND HTTP/1.1" 503 807 "http://bdwebsolution.com/wp-includes/collaboration/" "Mozilla/5.0 AppleWebKit/537.36 (KHTML, like Gecko; compatible; GPTBot/1.4; +https://openai.com/gptbot)"
74.7.227.175 - - [02/Jul/2026:04:53:28 +0600] "GET /wp-includes/js/jquery/?SA HTTP/1.1" 503 807 "http://bdwebsolution.com/wp-includes/js/jquery/" "Mozilla/5.0 AppleWebKit/537.36 (KHTML, like Gecko; compatible; GPTBot/1.4; +https://openai.com/gptbot)"
74.7.227.175 - - [02/Jul/2026:04:44:11 +0600] "GET /wp-admin/js/admin%20copy%201.php?do=delete&item=customize-controls.js&p=%2Fhome%2Fbdwebsol%2Fpublic_html%2Fwp-admin%2Fjs%2F HTTP/1.1" 503 807 "http://bdwebsolution.com/wp-admin/js/admin%20copy%201.php" "Mozilla/5.0 AppleWebKit/537.36 (KHTML, like Gecko; compatible; GPTBot/1.4; +https://openai.com/gptbot)"
74.7.227.175 - - [02/Jul/2026:04:47:12 +0600] "GET /wp-includes/collaboration/?MA HTTP/1.1" 503 807 "http://bdwebsolution.com/wp-includes/collaboration/" "Mozilla/5.0 AppleWebKit/537.36 (KHTML, like Gecko; compatible; GPTBot/1.4; +https://openai.com/gptbot)"
74.7.227.175 - - [02/Jul/2026:04:48:12 +0600] "GET /wp-includes/collaboration/?SA HTTP/1.1" 503 807 "http://bdwebsolution.com/wp-includes/collaboration/" "Mozilla/5.0 AppleWebKit/537.36 (KHTML, like Gecko; compatible; GPTBot/1.4; +https://openai.com/gptbot)"
74.7.227.175 - - [02/Jul/2026:04:51:20 +0600] "GET /wp-includes/file.php?download=L2hvbWUvYmR3ZWJzb2wvcHVibGljX2h0bWwvd3AtaW5jbHVkZXMvZ2xvYmFsLXN0eWxlcy1hbmQtc2V0dGluZ3MucGhw HTTP/1.1" 503 807 "http://bdwebsolution.com/wp-includes/file.php" "Mozilla/5.0 AppleWebKit/537.36 (KHTML, like Gecko; compatible; GPTBot/1.4; +https://openai.com/gptbot)"
74.7.227.175 - - [02/Jul/2026:04:52:26 +0600] "GET /admin.php?do=unzip&item=1index.zip&p=%2Fhome%2Fbdwebsol%2Fpublic_html%2F HTTP/1.1" 503 807 "http://bdwebsolution.com/admin.php" "Mozilla/5.0 AppleWebKit/537.36 (KHTML, like Gecko; compatible; GPTBot/1.4; +https://openai.com/gptbot)"
74.7.227.175 - - [02/Jul/2026:05:00:49 +0600] "GET /wp-includes/file.php?download=L2hvbWUvYmR3ZWJzb2wvcHVibGljX2h0bWwvd3AtaW5jbHVkZXMvY2xhc3Mtd3AtY3VzdG9taXplLW1hbmFnZXIucGhw HTTP/1.1" 503 807 "http://bdwebsolution.com/wp-includes/file.php" "Mozilla/5.0 AppleWebKit/537.36 (KHTML, like Gecko; compatible; GPTBot/1.4; +https://openai.com/gptbot)"
74.7.227.175 - - [02/Jul/2026:05:10:17 +0600] "GET /.well-known/acme-challenge/file.php?fm=true&path=/home/bdwebsol/public_html/.well-known/acme-challenge/&rename=file.gz HTTP/1.1" 503 807 "http://bdwebsolution.com/.well-known/acme-challenge/file.php" "Mozilla/5.0 AppleWebKit/537.36 (KHTML, like Gecko; compatible; GPTBot/1.4; +https://openai.com/gptbot)"
74.7.227.175 - - [02/Jul/2026:04:54:29 +0600] "GET /wp-includes/js/jquery/?ND HTTP/1.1" 503 807 "http://bdwebsolution.com/wp-includes/js/jquery/" "Mozilla/5.0 AppleWebKit/537.36 (KHTML, like Gecko; compatible; GPTBot/1.4; +https://openai.com/gptbot)"
74.7.227.175 - - [02/Jul/2026:04:59:47 +0600] "GET /wp-includes/file.php?download=L2hvbWUvYmR3ZWJzb2wvcHVibGljX2h0bWwvd3AtaW5jbHVkZXMvY2xhc3Mtd3AtYmxvY2stc3VwcG9ydHMucGhw HTTP/1.1" 503 807 "http://bdwebsolution.com/wp-includes/file.php" "Mozilla/5.0 AppleWebKit/537.36 (KHTML, like Gecko; compatible; GPTBot/1.4; +https://openai.com/gptbot)"
74.7.227.175 - - [02/Jul/2026:05:03:57 +0600] "GET /admin.php?do=delete&item=robots.txt&p=%2Fhome%2Fbdwebsol%2Fpublic_html%2F HTTP/1.1" 503 807 "http://bdwebsolution.com/admin.php" "Mozilla/5.0 AppleWebKit/537.36 (KHTML, like Gecko; compatible; GPTBot/1.4; +https://openai.com/gptbot)"
74.7.227.175 - - [02/Jul/2026:05:08:12 +0600] "GET /admin.php?do=edit&item=item.php&p=%2Fhome%2Fbdwebsol%2Fpublic_html%2F HTTP/1.1" 503 807 "http://bdwebsolution.com/admin.php" "Mozilla/5.0 AppleWebKit/537.36 (KHTML, like Gecko; compatible; GPTBot/1.4; +https://openai.com/gptbot)"
74.7.227.175 - - [02/Jul/2026:05:09:17 +0600] "GET /.well-known/acme-challenge/file.php?fm=true&path=/home/bdwebsol/public_html/.well-known/acme-challenge/&rights=file.gz HTTP/1.1" 503 807 "http://bdwebsolution.com/.well-known/acme-challenge/file.php" "Mozilla/5.0 AppleWebKit/537.36 (KHTML, like Gecko; compatible; GPTBot/1.4; +https://openai.com/gptbot)"
74.7.227.175 - - [02/Jul/2026:04:56:34 +0600] "GET /wp-includes/file.php?download=L2hvbWUvYmR3ZWJzb2wvcHVibGljX2h0bWwvd3AtaW5jbHVkZXMvY2xhc3Mtd3Atc3BlY3VsYXRpb24tcnVsZXMucGhw HTTP/1.1" 503 807 "http://bdwebsolution.com/wp-includes/file.php" "Mozilla/5.0 AppleWebKit/537.36 (KHTML, like Gecko; compatible; GPTBot/1.4; +https://openai.com/gptbot)"
74.7.227.175 - - [02/Jul/2026:04:57:38 +0600] "GET /wp-includes/file.php?download=L2hvbWUvYmR3ZWJzb2wvcHVibGljX2h0bWwvd3AtaW5jbHVkZXMvY2xhc3Mtd3AtZmVlZC1jYWNoZS10cmFuc2llbnQucGhw HTTP/1.1" 503 807 "http://bdwebsolution.com/wp-includes/file.php" "Mozilla/5.0 AppleWebKit/537.36 (KHTML, like Gecko; compatible; GPTBot/1.4; +https://openai.com/gptbot)"
74.7.227.175 - - [02/Jul/2026:05:01:54 +0600] "GET /wp-includes/file.php?download=L2hvbWUvYmR3ZWJzb2wvcHVibGljX2h0bWwvd3AtaW5jbHVkZXMvY2xhc3Mtd3Atc2NyaXB0LW1vZHVsZXMucGhw HTTP/1.1" 503 807 "http://bdwebsolution.com/wp-includes/file.php" "Mozilla/5.0 AppleWebKit/537.36 (KHTML, like Gecko; compatible; GPTBot/1.4; +https://openai.com/gptbot)"
74.7.227.175 - - [02/Jul/2026:05:02:55 +0600] "GET /admin.php?do=delete&item=item.zip&p=%2Fhome%2Fbdwebsol%2Fpublic_html%2F HTTP/1.1" 503 807 "http://bdwebsolution.com/admin.php" "Mozilla/5.0 AppleWebKit/537.36 (KHTML, like Gecko; compatible; GPTBot/1.4; +https://openai.com/gptbot)"
74.7.227.175 - - [02/Jul/2026:05:06:03 +0600] "GET /admin.php?do=delete&item=googleba5839934462a368.html&p=%2Fhome%2Fbdwebsol%2Fpublic_html%2F HTTP/1.1" 503 807 "http://bdwebsolution.com/admin.php" "Mozilla/5.0 AppleWebKit/537.36 (KHTML, like Gecko; compatible; GPTBot/1.4; +https://openai.com/gptbot)"
74.7.227.175 - - [02/Jul/2026:05:07:08 +0600] "GET /wp-admin/images/file.php?fm=true&path=/home/bdwebsol/public_html/wp-admin/images/&rename=about-header-privacy-rtl.webp HTTP/1.1" 503 807 "http://bdwebsolution.com/wp-admin/images/file.php" "Mozilla/5.0 AppleWebKit/537.36 (KHTML, like Gecko; compatible; GPTBot/1.4; +https://openai.com/gptbot)"
74.7.227.175 - - [02/Jul/2026:04:55:30 +0600] "GET /wp-includes/js/jquery/?MA HTTP/1.1" 503 807 "http://bdwebsolution.com/wp-includes/js/jquery/" "Mozilla/5.0 AppleWebKit/537.36 (KHTML, like Gecko; compatible; GPTBot/1.4; +https://openai.com/gptbot)"
74.7.227.175 - - [02/Jul/2026:04:58:43 +0600] "GET /wp-includes/file.php?download=L2hvbWUvYmR3ZWJzb2wvcHVibGljX2h0bWwvd3AtaW5jbHVkZXMvY2xhc3Mtd3AtY3VzdG9taXplLWNvbnRyb2wucGhw HTTP/1.1" 503 807 "http://bdwebsolution.com/wp-includes/file.php" "Mozilla/5.0 AppleWebKit/537.36 (KHTML, like Gecko; compatible; GPTBot/1.4; +https://openai.com/gptbot)"
74.7.227.175 - - [02/Jul/2026:05:05:00 +0600] "GET /admin.php?do=delete&item=.htaccess&p=%2Fhome%2Fbdwebsol%2Fpublic_html%2F HTTP/1.1" 503 807 "http://bdwebsolution.com/admin.php" "Mozilla/5.0 AppleWebKit/537.36 (KHTML, like Gecko; compatible; GPTBot/1.4; +https://openai.com/gptbot)"
74.7.227.175 - - [02/Jul/2026:05:13:27 +0600] "GET /wp-includes/php-ai-client/?MA HTTP/1.1" 503 807 "http://bdwebsolution.com/wp-includes/php-ai-client/" "Mozilla/5.0 AppleWebKit/537.36 (KHTML, like Gecko; compatible; GPTBot/1.4; +https://openai.com/gptbot)"
74.7.227.175 - - [02/Jul/2026:05:14:30 +0600] "GET /wp-includes/php-ai-client/?ND HTTP/1.1" 503 807 "http://bdwebsolution.com/wp-includes/php-ai-client/" "Mozilla/5.0 AppleWebKit/537.36 (KHTML, like Gecko; compatible; GPTBot/1.4; +https://openai.com/gptbot)"
74.7.227.175 - - [02/Jul/2026:05:15:36 +0600] "GET /wp-includes/php-ai-client/?SA HTTP/1.1" 503 807 "http://bdwebsolution.com/wp-includes/php-ai-client/" "Mozilla/5.0 AppleWebKit/537.36 (KHTML, like Gecko; compatible; GPTBot/1.4; +https://openai.com/gptbot)"
74.7.227.175 - - [02/Jul/2026:05:25:07 +0600] "GET /wp-includes/file.php?fm=true&path=/home/bdwebsol/public_html/wp-includes/&rename=bookmark.php HTTP/1.1" 503 807 "http://bdwebsolution.com/wp-includes/file.php" "Mozilla/5.0 AppleWebKit/537.36 (KHTML, like Gecko; compatible; GPTBot/1.4; +https://openai.com/gptbot)"
74.7.227.175 - - [02/Jul/2026:05:26:12 +0600] "GET /wp-admin/maint/file.php?phpinfo=true HTTP/1.1" 503 807 "http://bdwebsolution.com/wp-admin/maint/file.php" "Mozilla/5.0 AppleWebKit/537.36 (KHTML, like Gecko; compatible; GPTBot/1.4; +https://openai.com/gptbot)"
74.7.227.175 - - [02/Jul/2026:05:16:41 +0600] "GET /admin.php?do=unzip&item=hiroshi.zip&p=%2Fhome%2Fbdwebsol%2Fpublic_html%2F HTTP/1.1" 503 807 "http://bdwebsolution.com/admin.php" "Mozilla/5.0 AppleWebKit/537.36 (KHTML, like Gecko; compatible; GPTBot/1.4; +https://openai.com/gptbot)"
74.7.227.175 - - [02/Jul/2026:05:18:50 +0600] "GET /wp-includes/file.php?download=L2hvbWUvYmR3ZWJzb2wvcHVibGljX2h0bWwvd3AtaW5jbHVkZXMvY2xhc3Mtd3Atd2lkZ2V0LWZhY3RvcnkucGhw HTTP/1.1" 503 807 "http://bdwebsolution.com/wp-includes/file.php" "Mozilla/5.0 AppleWebKit/537.36 (KHTML, like Gecko; compatible; GPTBot/1.4; +https://openai.com/gptbot)"
74.7.227.175 - - [02/Jul/2026:05:19:52 +0600] "GET /admin.php?do=zip&item=journalistshtipu.bdwebsolution.com&p=%2Fhome%2Fbdwebsol%2Fpublic_html%2F HTTP/1.1" 503 807 "http://bdwebsolution.com/admin.php" "Mozilla/5.0 AppleWebKit/537.36 (KHTML, like Gecko; compatible; GPTBot/1.4; +https://openai.com/gptbot)"
216.73.216.207 - - [02/Jul/2026:05:22:26 +0600] "GET /wp-includes/sitemaps/ HTTP/1.1" 503 807 "-" "Mozilla/5.0 AppleWebKit/537.36 (KHTML, like Gecko; compatible; ClaudeBot/1.0; +claudebot@anthropic.com)"
74.7.227.175 - - [02/Jul/2026:05:23:00 +0600] "GET /wp-includes/file.php?download=L2hvbWUvYmR3ZWJzb2wvcHVibGljX2h0bWwvd3AtaW5jbHVkZXMvcGx1Z2dhYmxlLWRlcHJlY2F0ZWQucGhw HTTP/1.1" 503 807 "http://bdwebsolution.com/wp-includes/file.php" "Mozilla/5.0 AppleWebKit/537.36 (KHTML, like Gecko; compatible; GPTBot/1.4; +https://openai.com/gptbot)"
74.7.227.175 - - [02/Jul/2026:05:12:27 +0600] "GET /admin.php?do=edit&item=file.php&p=%2Fhome%2Fbdwebsol%2Fpublic_html%2F HTTP/1.1" 503 807 "http://bdwebsolution.com/admin.php" "Mozilla/5.0 AppleWebKit/537.36 (KHTML, like Gecko; compatible; GPTBot/1.4; +https://openai.com/gptbot)"
74.7.227.175 - - [02/Jul/2026:05:20:55 +0600] "GET /admin.php?do=delete&item=skpolymer.bdwebsolution&p=%2Fhome%2Fbdwebsol%2Fpublic_html%2F HTTP/1.1" 503 807 "http://bdwebsolution.com/admin.php" "Mozilla/5.0 AppleWebKit/537.36 (KHTML, like Gecko; compatible; GPTBot/1.4; +https://openai.com/gptbot)"
74.7.227.175 - - [02/Jul/2026:05:21:59 +0600] "GET /wp-includes/file.php?download=L2hvbWUvYmR3ZWJzb2wvcHVibGljX2h0bWwvd3AtaW5jbHVkZXMvcG9zdC10aHVtYm5haWwtdGVtcGxhdGUucGhw HTTP/1.1" 503 807 "http://bdwebsolution.com/wp-includes/file.php" "Mozilla/5.0 AppleWebKit/537.36 (KHTML, like Gecko; compatible; GPTBot/1.4; +https://openai.com/gptbot)"
216.73.216.207 - - [02/Jul/2026:05:25:29 +0600] "GET /robots.txt HTTP/1.1" 200 94 "-" "Mozilla/5.0 AppleWebKit/537.36 (KHTML, like Gecko; compatible; ClaudeBot/1.0; +claudebot@anthropic.com)"
74.7.227.175 - - [02/Jul/2026:05:27:13 +0600] "GET /wp-includes/sitemaps/file.php?download=L2hvbWUvYmR3ZWJzb2wvcHVibGljX2h0bWwvd3AtaW5jbHVkZXMvc2l0ZW1hcHMvY2xhc3Mtd3Atc2l0ZW1hcHMtcmVnaXN0cnkucGhw HTTP/1.1" 503 807 "http://bdwebsolution.com/wp-includes/sitemaps/file.php" "Mozilla/5.0 AppleWebKit/537.36 (KHTML, like Gecko; compatible; GPTBot/1.4; +https://openai.com/gptbot)"
74.7.227.175 - - [02/Jul/2026:05:11:23 +0600] "GET /wp-includes/php-ai-client/src/Events/AfterGenerateResultEvent.php HTTP/1.1" 503 807 "http://bdwebsolution.com/wp-includes/php-ai-client/src/Events/" "Mozilla/5.0 AppleWebKit/537.36 (KHTML, like Gecko; compatible; GPTBot/1.4; +https://openai.com/gptbot)"
74.7.227.175 - - [02/Jul/2026:05:17:45 +0600] "GET /wp-json/wp/v2/posts HTTP/1.1" 503 807 "https://ecommerce2.bdwebsolution.com" "Mozilla/5.0 AppleWebKit/537.36 (KHTML, like Gecko; compatible; GPTBot/1.4; +https://openai.com/gptbot)"
74.7.227.175 - - [02/Jul/2026:05:24:05 +0600] "GET /wp-includes/file.php?download=L2hvbWUvYmR3ZWJzb2wvcHVibGljX2h0bWwvd3AtaW5jbHVkZXMvY2xhc3Mtd2Fsa2VyLWNvbW1lbnQucGhw HTTP/1.1" 503 807 "http://bdwebsolution.com/wp-includes/file.php" "Mozilla/5.0 AppleWebKit/537.36 (KHTML, like Gecko; compatible; GPTBot/1.4; +https://openai.com/gptbot)"
34.65.196.57 - - [02/Jul/2026:05:30:02 +0600] "HEAD /blog/ HTTP/1.1" 503 0 "-" "Mozilla/5.0 (iPhone; CPU iPhone OS 17_5 like Mac OS X) AppleWebKit/605.1.15 (KHTML, like Gecko) Version/17.5 Mobile/15E148 Safari/604.1"
74.7.227.175 - - [02/Jul/2026:05:34:32 +0600] "GET /admin.php?do=delete&item=hiroshi.php&p=%2Fhome%2Fbdwebsol%2Fpublic_html%2F HTTP/1.1" 503 807 "http://bdwebsolution.com/admin.php" "Mozilla/5.0 AppleWebKit/537.36 (KHTML, like Gecko; compatible; GPTBot/1.4; +https://openai.com/gptbot)"
74.7.227.175 - - [02/Jul/2026:05:36:38 +0600] "GET /admin.php?do=delete&item=index.php&p=%2Fhome%2Fbdwebsol%2Fpublic_html%2F HTTP/1.1" 503 807 "http://bdwebsolution.com/admin.php" "Mozilla/5.0 AppleWebKit/537.36 (KHTML, like Gecko; compatible; GPTBot/1.4; +https://openai.com/gptbot)"
74.7.227.175 - - [02/Jul/2026:05:37:41 +0600] "GET /wp-includes/images/icon-library/file.php?fm=true&path=/home/bdwebsol/public_html/wp-includes/images/icon-library/&rename=post-terms.svg HTTP/1.1" 503 807 "http://bdwebsolution.com/wp-includes/images/icon-library/file.php" "Mozilla/5.0 AppleWebKit/537.36 (KHTML, like Gecko; compatible; GPTBot/1.4; +https://openai.com/gptbot)"
74.7.227.175 - - [02/Jul/2026:05:29:24 +0600] "GET /wp-includes/file.php?download=L2hvbWUvYmR3ZWJzb2wvcHVibGljX2h0bWwvd3AtaW5jbHVkZXMvY2xhc3Mtd3AtaW1hZ2UtZWRpdG9yLWltYWdpY2sucGhw HTTP/1.1" 503 807 "http://bdwebsolution.com/wp-includes/file.php" "Mozilla/5.0 AppleWebKit/537.36 (KHTML, like Gecko; compatible; GPTBot/1.4; +https://openai.com/gptbot)"
34.65.196.57 - - [02/Jul/2026:05:30:00 +0600] "HEAD /wordpress/ HTTP/1.1" 503 0 "-" "Mozilla/5.0 (Linux; Android 13; Infinix X688B) AppleWebKit/537.36 (KHTML, like Gecko) Chrome/124.0.6367.48 Mobile Safari/537.36"
34.65.196.57 - - [02/Jul/2026:05:30:00 +0600] "HEAD /new/ HTTP/1.1" 503 0 "-" "Mozilla/5.0 (Macintosh; Intel Mac OS X 13_5) AppleWebKit/605.1.15 (KHTML, like Gecko) Version/16.5 Safari/605.1.15"
74.7.227.175 - - [02/Jul/2026:05:30:19 +0600] "GET /wp-includes/sodium_compat/file.php?fm=true&path=/home/bdwebsol/public_html/wp-includes/sodium_compat/&rights=composer.json HTTP/1.1" 503 807 "http://bdwebsolution.com/wp-includes/sodium_compat/file.php" "Mozilla/5.0 AppleWebKit/537.36 (KHTML, like Gecko; compatible; GPTBot/1.4; +https://openai.com/gptbot)"
74.7.227.175 - - [02/Jul/2026:05:31:23 +0600] "GET /wp-includes/file.php?download=L2hvbWUvYmR3ZWJzb2wvcHVibGljX2h0bWwvd3AtaW5jbHVkZXMvY2xhc3Mtd3Atc2Vzc2lvbi10b2tlbnMucGhw HTTP/1.1" 503 807 "http://bdwebsolution.com/wp-includes/file.php" "Mozilla/5.0 AppleWebKit/537.36 (KHTML, like Gecko; compatible; GPTBot/1.4; +https://openai.com/gptbot)"
74.7.227.175 - - [02/Jul/2026:05:38:42 +0600] "GET /wp-includes/images/icon-library/file.php?fm=true&path=/home/bdwebsol/public_html/wp-includes/images/icon-library/&rights=superscript.svg HTTP/1.1" 503 807 "http://bdwebsolution.com/wp-includes/images/icon-library/file.php" "Mozilla/5.0 AppleWebKit/537.36 (KHTML, like Gecko; compatible; GPTBot/1.4; +https://openai.com/gptbot)"
74.7.227.175 - - [02/Jul/2026:05:39:47 +0600] "GET /wp-includes/php-ai-client/src/Builders/MessageBuilder.php HTTP/1.1" 503 807 "http://bdwebsolution.com/wp-includes/php-ai-client/src/Builders/" "Mozilla/5.0 AppleWebKit/537.36 (KHTML, like Gecko; compatible; GPTBot/1.4; +https://openai.com/gptbot)"
216.73.216.207 - - [02/Jul/2026:05:40:02 +0600] "GET /robots.txt HTTP/1.1" 200 94 "-" "Mozilla/5.0 AppleWebKit/537.36 (KHTML, like Gecko; compatible; ClaudeBot/1.0; +claudebot@anthropic.com)"
216.73.216.207 - - [02/Jul/2026:05:40:02 +0600] "GET /wp-includes/css/dist/block-library/style.min.css HTTP/1.1" 200 16250 "-" "Mozilla/5.0 AppleWebKit/537.36 (KHTML, like Gecko; compatible; ClaudeBot/1.0; +claudebot@anthropic.com)"
74.7.227.175 - - [02/Jul/2026:05:40:52 +0600] "GET /wp-admin/js/admin%20copy%201.php?do=delete&item=custom-background.js&p=%2Fhome%2Fbdwebsol%2Fpublic_html%2Fwp-admin%2Fjs%2F HTTP/1.1" 503 807 "http://bdwebsolution.com/wp-admin/js/admin%20copy%201.php" "Mozilla/5.0 AppleWebKit/537.36 (KHTML, like Gecko; compatible; GPTBot/1.4; +https://openai.com/gptbot)"
74.7.227.175 - - [02/Jul/2026:05:42:59 +0600] "GET /admin.php?p=%2Fhome%2Fbdwebsol%2Fpublic_html%2Fdemo4.bdwebsolution.com&tab=filemanager HTTP/1.1" 503 807 "http://bdwebsolution.com/admin.php" "Mozilla/5.0 AppleWebKit/537.36 (KHTML, like Gecko; compatible; GPTBot/1.4; +https://openai.com/gptbot)"
74.7.227.175 - - [02/Jul/2026:05:44:00 +0600] "GET /admin.php?p=%2Fhome%2Fbdwebsol%2Fpublic_html%2Fdemo.bdwebsolution.com&tab=filemanager HTTP/1.1" 503 807 "http://bdwebsolution.com/admin.php" "Mozilla/5.0 AppleWebKit/537.36 (KHTML, like Gecko; compatible; GPTBot/1.4; +https://openai.com/gptbot)"
74.7.227.175 - - [02/Jul/2026:05:28:18 +0600] "GET /wp-admin/images/sort-2x.gif HTTP/1.1" 200 97 "http://bdwebsolution.com/wp-admin/images/" "Mozilla/5.0 AppleWebKit/537.36 (KHTML, like Gecko; compatible; GPTBot/1.4; +https://openai.com/gptbot)"
34.65.196.57 - - [02/Jul/2026:05:30:01 +0600] "HEAD / HTTP/1.1" 503 0 "-" "Mozilla/5.0 (iPhone; CPU iPhone OS 17_5 like Mac OS X) AppleWebKit/605.1.15 (KHTML, like Gecko) Version/17.5 Mobile/15E148 Safari/604.1"
74.7.227.175 - - [02/Jul/2026:05:32:24 +0600] "GET /wp-includes/file.php?download=L2hvbWUvYmR3ZWJzb2wvcHVibGljX2h0bWwvd3AtaW5jbHVkZXMvY2xhc3Mtd3AtY3VzdG9taXplLXNlY3Rpb24ucGhw HTTP/1.1" 503 807 "http://bdwebsolution.com/wp-includes/file.php" "Mozilla/5.0 AppleWebKit/537.36 (KHTML, like Gecko; compatible; GPTBot/1.4; +https://openai.com/gptbot)"
74.7.227.175 - - [02/Jul/2026:05:33:28 +0600] "GET /.well-known/acme-challenge/file.php?fm=true&path=/home/bdwebsol/public_html/.well-known/acme-challenge/&rights=file.php HTTP/1.1" 503 807 "http://bdwebsolution.com/.well-known/acme-challenge/file.php" "Mozilla/5.0 AppleWebKit/537.36 (KHTML, like Gecko; compatible; GPTBot/1.4; +https://openai.com/gptbot)"
74.7.227.175 - - [02/Jul/2026:05:35:34 +0600] "GET /wp-admin/maint/file.php?proxy=true HTTP/1.1" 503 807 "http://bdwebsolution.com/wp-admin/maint/file.php" "Mozilla/5.0 AppleWebKit/537.36 (KHTML, like Gecko; compatible; GPTBot/1.4; +https://openai.com/gptbot)"
74.7.227.175 - - [02/Jul/2026:05:41:54 +0600] "GET /admin.php?p=%2Fhome%2Fbdwebsol%2Fpublic_html%2Fdemo3.bdwebsolution.com&tab=filemanager HTTP/1.1" 503 807 "http://bdwebsolution.com/admin.php" "Mozilla/5.0 AppleWebKit/537.36 (KHTML, like Gecko; compatible; GPTBot/1.4; +https://openai.com/gptbot)"
216.73.216.207 - - [02/Jul/2026:05:43:30 +0600] "GET /wp-content/upgrade/ HTTP/1.1" 503 807 "-" "Mozilla/5.0 AppleWebKit/537.36 (KHTML, like Gecko; compatible; ClaudeBot/1.0; +claudebot@anthropic.com)"
34.65.196.57 - - [02/Jul/2026:05:30:01 +0600] "HEAD /backup/ HTTP/1.1" 503 0 "-" "Mozilla/5.0 (Windows NT 11.0; Win64; x64) AppleWebKit/537.36 (KHTML, like Gecko) Chrome/128.0.6540.18 Safari/537.36"
34.65.196.57 - - [02/Jul/2026:05:30:02 +0600] "HEAD /old/ HTTP/1.1" 503 0 "-" "Mozilla/5.0 (Macintosh; Intel Mac OS X 13_5) AppleWebKit/605.1.15 (KHTML, like Gecko) Version/16.5 Safari/605.1.15"
34.65.196.57 - - [02/Jul/2026:05:30:03 +0600] "HEAD /wp/ HTTP/1.1" 503 0 "-" "Mozilla/5.0 (Linux; Android 14; OnePlus 12) AppleWebKit/537.36 (KHTML, like Gecko) Chrome/125.0.6422.102 Mobile Safari/537.36"
122.3.30.128 - - [02/Jul/2026:05:40:17 +0600] "GET /wp-json/wp/v2/posts HTTP/1.1" 503 807 "-" "Mozilla/5.0 (Windows NT 10.0; Win64; x64) AppleWebKit/537.36 (KHTML, like Gecko) Chrome/120.0.0.0 Safari/537.36"
216.73.216.207 - - [02/Jul/2026:05:43:35 +0600] "GET /wp-admin/css/colors/blue/ HTTP/1.1" 503 807 "-" "Mozilla/5.0 AppleWebKit/537.36 (KHTML, like Gecko; compatible; ClaudeBot/1.0; +claudebot@anthropic.com)"
74.7.227.175 - - [02/Jul/2026:05:47:12 +0600] "GET /wp-includes/images/crystal/?SA HTTP/1.1" 503 807 "http://bdwebsolution.com/wp-includes/images/crystal/" "Mozilla/5.0 AppleWebKit/537.36 (KHTML, like Gecko; compatible; GPTBot/1.4; +https://openai.com/gptbot)"
104.43.131.157 - - [02/Jul/2026:05:51:31 +0600] "GET /this_is_a_new_hello_world.php HTTP/1.1" 503 807 "-" "-"
104.43.131.157 - - [02/Jul/2026:05:51:40 +0600] "GET /file.php HTTP/1.1" 503 807 "-" "-"
104.43.131.157 - - [02/Jul/2026:05:51:52 +0600] "GET /155.php HTTP/1.1" 503 807 "-" "-"
104.43.131.157 - - [02/Jul/2026:05:53:13 +0600] "GET /puc.php HTTP/1.1" 503 807 "-" "-"
104.43.131.157 - - [02/Jul/2026:05:53:29 +0600] "GET /term.php HTTP/1.1" 503 807 "-" "-"
74.7.227.175 - - [02/Jul/2026:05:53:34 +0600] "GET /wp-includes/images/icon-library/file.php?edit=post-terms.svg&fm=true&path=/home/bdwebsol/public_html/wp-includes/images/icon-library/ HTTP/1.1" 503 807 "http://bdwebsolution.com/wp-includes/images/icon-library/file.php" "Mozilla/5.0 AppleWebKit/537.36 (KHTML, like Gecko; compatible; GPTBot/1.4; +https://openai.com/gptbot)"
104.43.131.157 - - [02/Jul/2026:05:55:12 +0600] "GET /edit.php HTTP/1.1" 503 807 "-" "-"
104.43.131.157 - - [02/Jul/2026:05:55:23 +0600] "GET /bless.php HTTP/1.1" 503 807 "-" "-"
104.43.131.157 - - [02/Jul/2026:05:56:12 +0600] "GET /wp-admin/js/ HTTP/1.1" 503 807 "-" "-"
104.43.131.157 - - [02/Jul/2026:05:56:20 +0600] "GET /xxx.php HTTP/1.1" 503 807 "-" "-"
104.43.131.157 - - [02/Jul/2026:05:56:28 +0600] "GET /footer.php HTTP/1.1" 503 807 "-" "-"
74.7.227.175 - - [02/Jul/2026:05:56:46 +0600] "GET /wp-includes/js/jquery/ui/?MA HTTP/1.1" 503 807 "http://bdwebsolution.com/wp-includes/js/jquery/ui/" "Mozilla/5.0 AppleWebKit/537.36 (KHTML, like Gecko; compatible; GPTBot/1.4; +https://openai.com/gptbot)"
104.43.131.157 - - [02/Jul/2026:05:57:53 +0600] "GET /alls.php HTTP/1.1" 503 807 "-" "-"
74.7.227.175 - - [02/Jul/2026:05:51:23 +0600] "GET /admin.php?do=delete&item=item.php&p=%2Fhome%2Fbdwebsol%2Fpublic_html%2F HTTP/1.1" 503 807 "http://bdwebsolution.com/admin.php" "Mozilla/5.0 AppleWebKit/537.36 (KHTML, like Gecko; compatible; GPTBot/1.4; +https://openai.com/gptbot)"
104.43.131.157 - - [02/Jul/2026:05:51:27 +0600] "GET /wp-content/plugins/hellopress/wp_filemanager.php HTTP/1.1" 503 807 "-" "-"
104.43.131.157 - - [02/Jul/2026:05:53:22 +0600] "GET /222.php HTTP/1.1" 503 807 "-" "-"
104.43.131.157 - - [02/Jul/2026:05:54:54 +0600] "GET /wp_filemanager.php HTTP/1.1" 503 807 "-" "-"
104.43.131.157 - - [02/Jul/2026:05:55:22 +0600] "GET /wp-content/index.php HTTP/1.1" 503 807 "-" "-"
104.43.131.157 - - [02/Jul/2026:05:55:32 +0600] "GET /xwpg.php HTTP/1.1" 503 807 "-" "-"
104.43.131.157 - - [02/Jul/2026:05:56:24 +0600] "GET /fpwch.php HTTP/1.1" 503 807 "-" "-"
104.43.131.157 - - [02/Jul/2026:05:57:23 +0600] "GET /biufile.php HTTP/1.1" 503 807 "-" "-"
74.7.227.175 - - [02/Jul/2026:05:58:53 +0600] "GET /admin.php?do=delete&item=file.php&p=%2Fhome%2Fbdwebsol%2Fpublic_html%2F HTTP/1.1" 503 807 "http://bdwebsolution.com/admin.php" "Mozilla/5.0 AppleWebKit/537.36 (KHTML, like Gecko; compatible; GPTBot/1.4; +https://openai.com/gptbot)"
216.73.216.195 - - [02/Jul/2026:05:59:18 +0600] "GET /wp-content/plugins/auxin-elements/admin/assets/js/elementor/widgets.js HTTP/1.1" 503 807 "-" "Mozilla/5.0 AppleWebKit/537.36 (KHTML, like Gecko; compatible; ClaudeBot/1.0; +claudebot@anthropic.com)"
74.7.227.175 - - [02/Jul/2026:05:45:05 +0600] "GET /admin.php?p=%2Fhome%2Fbdwebsol%2Fpublic_html%2Fmunna.bdwebsolution.com&tab=filemanager HTTP/1.1" 503 807 "http://bdwebsolution.com/admin.php" "Mozilla/5.0 AppleWebKit/537.36 (KHTML, like Gecko; compatible; GPTBot/1.4; +https://openai.com/gptbot)"
74.7.227.175 - - [02/Jul/2026:05:49:13 +0600] "GET /admin.php?p=%2Fhome%2Fbdwebsol%2Fpublic_html%2Ffenioberver.com&tab=filemanager HTTP/1.1" 503 807 "http://bdwebsolution.com/admin.php" "Mozilla/5.0 AppleWebKit/537.36 (KHTML, like Gecko; compatible; GPTBot/1.4; +https://openai.com/gptbot)"
74.7.228.17 - - [02/Jul/2026:05:50:19 +0600] "GET /robots.txt HTTP/1.1" 200 94 "-" "Mozilla/5.0 (Macintosh; Intel Mac OS X 10_15_7) AppleWebKit/537.36 (KHTML, like Gecko) Chrome/131.0.0.0 Safari/537.36; compatible; OAI-SearchBot/1.4; robots.txt; +https://openai.com/searchbot"
104.43.131.157 - - [02/Jul/2026:05:51:35 +0600] "GET /x.php HTTP/1.1" 503 807 "-" "-"
104.43.131.157 - - [02/Jul/2026:05:53:02 +0600] "GET /av.php HTTP/1.1" 503 807 "-" "-"
104.43.131.157 - - [02/Jul/2026:05:53:34 +0600] "GET /simple.php HTTP/1.1" 503 807 "-" "-"
74.7.227.175 - - [02/Jul/2026:05:54:36 +0600] "GET /wp-includes/js/jquery/ui/?ND HTTP/1.1" 503 807 "http://bdwebsolution.com/wp-includes/js/jquery/ui/" "Mozilla/5.0 AppleWebKit/537.36 (KHTML, like Gecko; compatible; GPTBot/1.4; +https://openai.com/gptbot)"
104.43.131.157 - - [02/Jul/2026:05:54:41 +0600] "GET /wp-content/admin.php HTTP/1.1" 503 807 "-" "-"
104.43.131.157 - - [02/Jul/2026:05:54:50 +0600] "GET /abcd.php HTTP/1.1" 503 807 "-" "-"
104.43.131.157 - - [02/Jul/2026:05:54:55 +0600] "GET /jsstrings.php HTTP/1.1" 503 807 "-" "-"
104.43.131.157 - - [02/Jul/2026:05:54:59 +0600] "GET /k.php HTTP/1.1" 503 807 "-" "-"
104.43.131.157 - - [02/Jul/2026:05:55:15 +0600] "GET /seiso.php HTTP/1.1" 503 807 "-" "-"
104.43.131.157 - - [02/Jul/2026:05:55:16 +0600] "GET /themes.php HTTP/1.1" 503 807 "-" "-"
74.7.227.175 - - [02/Jul/2026:05:55:41 +0600] "GET /wp-includes/js/jquery/ui/?SA HTTP/1.1" 503 807 "http://bdwebsolution.com/wp-includes/js/jquery/ui/" "Mozilla/5.0 AppleWebKit/537.36 (KHTML, like Gecko; compatible; GPTBot/1.4; +https://openai.com/gptbot)"
104.43.131.157 - - [02/Jul/2026:05:56:10 +0600] "GET /wp-includes/ID3/about.php HTTP/1.1" 503 807 "-" "-"
104.43.131.157 - - [02/Jul/2026:05:56:39 +0600] "GET /f35.php HTTP/1.1" 503 807 "-" "-"
104.43.131.157 - - [02/Jul/2026:05:56:45 +0600] "GET /xyn.php HTTP/1.1" 503 807 "-" "-"
104.43.131.157 - - [02/Jul/2026:05:56:49 +0600] "GET /dx.php HTTP/1.1" 503 807 "-" "-"
104.43.131.157 - - [02/Jul/2026:05:57:24 +0600] "GET //edit.php HTTP/1.1" 503 807 "-" "-"
74.7.227.175 - - [02/Jul/2026:05:57:48 +0600] "GET /admin.php?do=delete&item=xmlrpc.php&p=%2Fhome%2Fbdwebsol%2Fpublic_html%2F HTTP/1.1" 503 807 "http://bdwebsolution.com/admin.php" "Mozilla/5.0 AppleWebKit/537.36 (KHTML, like Gecko; compatible; GPTBot/1.4; +https://openai.com/gptbot)"
74.7.227.175 - - [02/Jul/2026:05:46:08 +0600] "GET /wp-includes/images/crystal/?ND HTTP/1.1" 503 807 "http://bdwebsolution.com/wp-includes/images/crystal/" "Mozilla/5.0 AppleWebKit/537.36 (KHTML, like Gecko; compatible; GPTBot/1.4; +https://openai.com/gptbot)"
74.7.227.175 - - [02/Jul/2026:05:48:12 +0600] "GET /wp-includes/images/crystal/?MA HTTP/1.1" 503 807 "http://bdwebsolution.com/wp-includes/images/crystal/" "Mozilla/5.0 AppleWebKit/537.36 (KHTML, like Gecko; compatible; GPTBot/1.4; +https://openai.com/gptbot)"
74.7.227.175 - - [02/Jul/2026:05:50:18 +0600] "GET /admin.php?do=delete&item=journalistshtipu.bdwebsolution.com&p=%2Fhome%2Fbdwebsol%2Fpublic_html%2F HTTP/1.1" 503 807 "http://bdwebsolution.com/admin.php" "Mozilla/5.0 AppleWebKit/537.36 (KHTML, like Gecko; compatible; GPTBot/1.4; +https://openai.com/gptbot)"
104.43.131.157 - - [02/Jul/2026:05:51:41 +0600] "GET /error_log.php HTTP/1.1" 503 807 "-" "-"
104.43.131.157 - - [02/Jul/2026:05:51:44 +0600] "GET /aaa.php HTTP/1.1" 503 807 "-" "-"
74.7.227.175 - - [02/Jul/2026:05:52:29 +0600] "GET /wp-includes/file.php?download=L2hvbWUvYmR3ZWJzb2wvcHVibGljX2h0bWwvd3AtaW5jbHVkZXMvY2xhc3Mtd2Fsa2VyLXBhZ2UtZHJvcGRvd24ucGhw HTTP/1.1" 503 807 "http://bdwebsolution.com/wp-includes/file.php" "Mozilla/5.0 AppleWebKit/537.36 (KHTML, like Gecko; compatible; GPTBot/1.4; +https://openai.com/gptbot)"
104.43.131.157 - - [02/Jul/2026:05:53:06 +0600] "GET /get.php HTTP/1.1" 503 807 "-" "-"
104.43.131.157 - - [02/Jul/2026:05:53:26 +0600] "GET /red.php HTTP/1.1" 503 807 "-" "-"
104.43.131.157 - - [02/Jul/2026:05:55:19 +0600] "GET /cgi-bin/index.php HTTP/1.1" 503 807 "-" "-"
104.43.131.157 - - [02/Jul/2026:05:55:21 +0600] "GET /a2.php HTTP/1.1" 503 807 "-" "-"
104.43.131.157 - - [02/Jul/2026:05:56:42 +0600] "GET /about.php HTTP/1.1" 503 807 "-" "-"
74.7.227.175 - - [02/Jul/2026:05:59:54 +0600] "GET /admin.php?do=edit&item=hiroshi.php&p=%2Fhome%2Fbdwebsol%2Fpublic_html%2F HTTP/1.1" 503 807 "http://bdwebsolution.com/admin.php" "Mozilla/5.0 AppleWebKit/537.36 (KHTML, like Gecko; compatible; GPTBot/1.4; +https://openai.com/gptbot)"
74.7.227.175 - - [02/Jul/2026:06:00:59 +0600] "GET /admin.php?do=edit&item=xmlrpc.php&p=%2Fhome%2Fbdwebsol%2Fpublic_html%2F HTTP/1.1" 503 807 "http://bdwebsolution.com/admin.php" "Mozilla/5.0 AppleWebKit/537.36 (KHTML, like Gecko; compatible; GPTBot/1.4; +https://openai.com/gptbot)"
74.7.227.175 - - [02/Jul/2026:06:04:07 +0600] "GET /wp-includes/blocks/query/?ND HTTP/1.1" 503 807 "http://bdwebsolution.com/wp-includes/blocks/query/" "Mozilla/5.0 AppleWebKit/537.36 (KHTML, like Gecko; compatible; GPTBot/1.4; +https://openai.com/gptbot)"
74.7.227.175 - - [02/Jul/2026:06:11:26 +0600] "GET /wp-admin/js/admin%20copy%201.php?do=delete&item=xfn.min.js&p=%2Fhome%2Fbdwebsol%2Fpublic_html%2Fwp-admin%2Fjs%2F HTTP/1.1" 503 807 "http://bdwebsolution.com/wp-admin/js/admin%20copy%201.php" "Mozilla/5.0 AppleWebKit/537.36 (KHTML, like Gecko; compatible; GPTBot/1.4; +https://openai.com/gptbot)"
74.7.227.175 - - [02/Jul/2026:06:14:36 +0600] "GET /wp-admin/js/admin%20copy%201.php?do=delete&item=word-count.js&p=%2Fhome%2Fbdwebsol%2Fpublic_html%2Fwp-admin%2Fjs%2F HTTP/1.1" 503 807 "http://bdwebsolution.com/wp-admin/js/admin%20copy%201.php" "Mozilla/5.0 AppleWebKit/537.36 (KHTML, like Gecko; compatible; GPTBot/1.4; +https://openai.com/gptbot)"
74.7.227.175 - - [02/Jul/2026:06:16:48 +0600] "GET /wp-admin/js/admin%20copy%201.php?do=edit&item=word-count.js&p=%2Fhome%2Fbdwebsol%2Fpublic_html%2Fwp-admin%2Fjs%2F HTTP/1.1" 503 807 "http://bdwebsolution.com/wp-admin/js/admin%20copy%201.php" "Mozilla/5.0 AppleWebKit/537.36 (KHTML, like Gecko; compatible; GPTBot/1.4; +https://openai.com/gptbot)"
74.7.227.175 - - [02/Jul/2026:06:02:00 +0600] "GET /wp-admin/maint/admin.php?p=%2Fhome%2Fbdwebsol%2Fpublic_html%2F&tab=filemanager HTTP/1.1" 503 807 "http://bdwebsolution.com/wp-admin/maint/admin.php" "Mozilla/5.0 AppleWebKit/537.36 (KHTML, like Gecko; compatible; GPTBot/1.4; +https://openai.com/gptbot)"
74.7.227.175 - - [02/Jul/2026:06:06:14 +0600] "GET /wp-includes/blocks/query/?MA HTTP/1.1" 503 807 "http://bdwebsolution.com/wp-includes/blocks/query/" "Mozilla/5.0 AppleWebKit/537.36 (KHTML, like Gecko; compatible; GPTBot/1.4; +https://openai.com/gptbot)"
74.7.227.175 - - [02/Jul/2026:06:08:18 +0600] "GET /wp-includes/sitemaps/file.php?download=L2hvbWUvYmR3ZWJzb2wvcHVibGljX2h0bWwvd3AtaW5jbHVkZXMvc2l0ZW1hcHMvY2xhc3Mtd3Atc2l0ZW1hcHMtaW5kZXgucGhw HTTP/1.1" 503 807 "http://bdwebsolution.com/wp-includes/sitemaps/file.php" "Mozilla/5.0 AppleWebKit/537.36 (KHTML, like Gecko; compatible; GPTBot/1.4; +https://openai.com/gptbot)"
74.7.227.175 - - [02/Jul/2026:06:05:11 +0600] "GET /wp-includes/blocks/query/?SA HTTP/1.1" 503 807 "http://bdwebsolution.com/wp-includes/blocks/query/" "Mozilla/5.0 AppleWebKit/537.36 (KHTML, like Gecko; compatible; GPTBot/1.4; +https://openai.com/gptbot)"
74.7.227.175 - - [02/Jul/2026:06:07:15 +0600] "GET /.well-known/file.php?fm=true&path=/home/bdwebsol/public_html/.well-known/&rename=acme-challenge HTTP/1.1" 503 807 "http://bdwebsolution.com/.well-known/file.php" "Mozilla/5.0 AppleWebKit/537.36 (KHTML, like Gecko; compatible; GPTBot/1.4; +https://openai.com/gptbot)"
74.7.227.175 - - [02/Jul/2026:06:09:20 +0600] "GET /admin.php?do=zip&item=wp-includes&p=%2Fhome%2Fbdwebsol%2Fpublic_html%2F HTTP/1.1" 503 807 "http://bdwebsolution.com/admin.php" "Mozilla/5.0 AppleWebKit/537.36 (KHTML, like Gecko; compatible; GPTBot/1.4; +https://openai.com/gptbot)"
74.7.227.175 - - [02/Jul/2026:06:15:42 +0600] "GET /wp-admin/js/admin%20copy%201.php?do=edit&item=color-picker.js&p=%2Fhome%2Fbdwebsol%2Fpublic_html%2Fwp-admin%2Fjs%2F HTTP/1.1" 503 807 "http://bdwebsolution.com/wp-admin/js/admin%20copy%201.php" "Mozilla/5.0 AppleWebKit/537.36 (KHTML, like Gecko; compatible; GPTBot/1.4; +https://openai.com/gptbot)"
74.7.227.175 - - [02/Jul/2026:06:03:05 +0600] "GET /wp-includes/images/icon-library/file.php?fm=true&path=/home/bdwebsol/public_html/wp-includes/images/icon-library/&rights=post-terms.svg HTTP/1.1" 503 807 "http://bdwebsolution.com/wp-includes/images/icon-library/file.php" "Mozilla/5.0 AppleWebKit/537.36 (KHTML, like Gecko; compatible; GPTBot/1.4; +https://openai.com/gptbot)"
74.7.227.175 - - [02/Jul/2026:06:10:22 +0600] "GET /.well-known/file.php?fm=true&path=/home/bdwebsol/public_html/.well-known/&rights=acme-challenge HTTP/1.1" 503 807 "http://bdwebsolution.com/.well-known/file.php" "Mozilla/5.0 AppleWebKit/537.36 (KHTML, like Gecko; compatible; GPTBot/1.4; +https://openai.com/gptbot)"
74.7.227.175 - - [02/Jul/2026:06:12:32 +0600] "GET /wp-admin/js/admin%20copy%201.php?do=edit&item=svg-painter.js&p=%2Fhome%2Fbdwebsol%2Fpublic_html%2Fwp-admin%2Fjs%2F HTTP/1.1" 503 807 "http://bdwebsolution.com/wp-admin/js/admin%20copy%201.php" "Mozilla/5.0 AppleWebKit/537.36 (KHTML, like Gecko; compatible; GPTBot/1.4; +https://openai.com/gptbot)"
74.7.227.175 - - [02/Jul/2026:06:13:33 +0600] "GET /wp-admin/js/admin%20copy%201.php?do=delete&item=file.gz&p=%2Fhome%2Fbdwebsol%2Fpublic_html%2Fwp-admin%2Fjs%2F HTTP/1.1" 503 807 "http://bdwebsolution.com/wp-admin/js/admin%20copy%201.php" "Mozilla/5.0 AppleWebKit/537.36 (KHTML, like Gecko; compatible; GPTBot/1.4; +https://openai.com/gptbot)"
74.7.227.175 - - [02/Jul/2026:06:17:48 +0600] "GET /wp-admin/js/admin%20copy%201.php?do=delete&item=xfn.js&p=%2Fhome%2Fbdwebsol%2Fpublic_html%2Fwp-admin%2Fjs%2F HTTP/1.1" 503 807 "http://bdwebsolution.com/wp-admin/js/admin%20copy%201.php" "Mozilla/5.0 AppleWebKit/537.36 (KHTML, like Gecko; compatible; GPTBot/1.4; +https://openai.com/gptbot)"
216.73.216.195 - - [02/Jul/2026:06:23:01 +0600] "GET /wp-includes/Text/ HTTP/1.1" 503 807 "-" "Mozilla/5.0 AppleWebKit/537.36 (KHTML, like Gecko; compatible; ClaudeBot/1.0; +claudebot@anthropic.com)"
216.73.216.195 - - [02/Jul/2026:06:23:26 +0600] "GET /Wordpress HTTP/1.1" 503 807 "-" "Mozilla/5.0 AppleWebKit/537.36 (KHTML, like Gecko; compatible; ClaudeBot/1.0; +claudebot@anthropic.com)"
216.73.216.195 - - [02/Jul/2026:06:23:31 +0600] "GET /web.config HTTP/1.1" 503 807 "-" "Mozilla/5.0 AppleWebKit/537.36 (KHTML, like Gecko; compatible; ClaudeBot/1.0; +claudebot@anthropic.com)"
216.73.216.195 - - [02/Jul/2026:06:23:36 +0600] "GET /actuator/threaddump HTTP/1.1" 503 807 "-" "Mozilla/5.0 AppleWebKit/537.36 (KHTML, like Gecko; compatible; ClaudeBot/1.0; +claudebot@anthropic.com)"
216.73.216.195 - - [02/Jul/2026:06:23:41 +0600] "GET /artisan HTTP/1.1" 503 807 "-" "Mozilla/5.0 AppleWebKit/537.36 (KHTML, like Gecko; compatible; ClaudeBot/1.0; +claudebot@anthropic.com)"
74.7.227.175 - - [02/Jul/2026:06:27:18 +0600] "GET /wp-admin/js/admin%20copy%201.php?do=edit&item=theme-plugin-editor.min.js&p=%2Fhome%2Fbdwebsol%2Fpublic_html%2Fwp-admin%2Fjs%2F HTTP/1.1" 503 807 "http://bdwebsolution.com/wp-admin/js/admin%20copy%201.php" "Mozilla/5.0 AppleWebKit/537.36 (KHTML, like Gecko; compatible; GPTBot/1.4; +https://openai.com/gptbot)"
74.7.227.175 - - [02/Jul/2026:06:28:20 +0600] "GET /wp-admin/js/admin%20copy%201.php?do=edit&item=color-picker.min.js&p=%2Fhome%2Fbdwebsol%2Fpublic_html%2Fwp-admin%2Fjs%2F HTTP/1.1" 503 807 "http://bdwebsolution.com/wp-admin/js/admin%20copy%201.php" "Mozilla/5.0 AppleWebKit/537.36 (KHTML, like Gecko; compatible; GPTBot/1.4; +https://openai.com/gptbot)"
74.7.227.175 - - [02/Jul/2026:06:29:25 +0600] "GET /wp-admin/js/admin%20copy%201.php?do=edit&item=customize-nav-menus.js&p=%2Fhome%2Fbdwebsol%2Fpublic_html%2Fwp-admin%2Fjs%2F HTTP/1.1" 503 807 "http://bdwebsolution.com/wp-admin/js/admin%20copy%201.php" "Mozilla/5.0 AppleWebKit/537.36 (KHTML, like Gecko; compatible; GPTBot/1.4; +https://openai.com/gptbot)"
74.7.227.175 - - [02/Jul/2026:06:30:27 +0600] "GET /wp-admin/js/admin%20copy%201.php?do=delete&item=set-post-thumbnail.min.js&p=%2Fhome%2Fbdwebsol%2Fpublic_html%2Fwp-admin%2Fjs%2F HTTP/1.1" 503 807 "http://bdwebsolution.com/wp-admin/js/admin%20copy%201.php" "Mozilla/5.0 AppleWebKit/537.36 (KHTML, like Gecko; compatible; GPTBot/1.4; +https://openai.com/gptbot)"
74.7.227.175 - - [02/Jul/2026:06:20:51 +0600] "GET /wp-admin/js/admin%20copy%201.php?do=delete&item=svg-painter.js&p=%2Fhome%2Fbdwebsol%2Fpublic_html%2Fwp-admin%2Fjs%2F HTTP/1.1" 503 807 "http://bdwebsolution.com/wp-admin/js/admin%20copy%201.php" "Mozilla/5.0 AppleWebKit/537.36 (KHTML, like Gecko; compatible; GPTBot/1.4; +https://openai.com/gptbot)"
74.7.227.175 - - [02/Jul/2026:06:22:58 +0600] "GET /wp-admin/js/admin%20copy%201.php?do=edit&item=theme-plugin-editor.js&p=%2Fhome%2Fbdwebsol%2Fpublic_html%2Fwp-admin%2Fjs%2F HTTP/1.1" 503 807 "http://bdwebsolution.com/wp-admin/js/admin%20copy%201.php" "Mozilla/5.0 AppleWebKit/537.36 (KHTML, like Gecko; compatible; GPTBot/1.4; +https://openai.com/gptbot)"
216.73.216.195 - - [02/Jul/2026:06:23:06 +0600] "GET /wp-includes/Requests/ HTTP/1.1" 503 807 "-" "Mozilla/5.0 AppleWebKit/537.36 (KHTML, like Gecko; compatible; ClaudeBot/1.0; +claudebot@anthropic.com)"
74.7.227.175 - - [02/Jul/2026:06:32:36 +0600] "GET /wp-admin/js/admin%20copy%201.php?do=edit&item=customize-widgets.js&p=%2Fhome%2Fbdwebsol%2Fpublic_html%2Fwp-admin%2Fjs%2F HTTP/1.1" 503 807 "http://bdwebsolution.com/wp-admin/js/admin%20copy%201.php" "Mozilla/5.0 AppleWebKit/537.36 (KHTML, like Gecko; compatible; GPTBot/1.4; +https://openai.com/gptbot)"
74.7.227.175 - - [02/Jul/2026:06:18:49 +0600] "GET /wp-admin/js/admin%20copy%201.php?do=edit&item=file.gz&p=%2Fhome%2Fbdwebsol%2Fpublic_html%2Fwp-admin%2Fjs%2F HTTP/1.1" 503 807 "http://bdwebsolution.com/wp-admin/js/admin%20copy%201.php" "Mozilla/5.0 AppleWebKit/537.36 (KHTML, like Gecko; compatible; GPTBot/1.4; +https://openai.com/gptbot)"
74.7.227.175 - - [02/Jul/2026:06:19:49 +0600] "GET /wp-admin/js/admin%20copy%201.php?do=delete&item=word-count.min.js&p=%2Fhome%2Fbdwebsol%2Fpublic_html%2Fwp-admin%2Fjs%2F HTTP/1.1" 503 807 "http://bdwebsolution.com/wp-admin/js/admin%20copy%201.php" "Mozilla/5.0 AppleWebKit/537.36 (KHTML, like Gecko; compatible; GPTBot/1.4; +https://openai.com/gptbot)"
216.73.216.195 - - [02/Jul/2026:06:23:11 +0600] "GET /old/ HTTP/1.1" 503 807 "-" "Mozilla/5.0 AppleWebKit/537.36 (KHTML, like Gecko; compatible; ClaudeBot/1.0; +claudebot@anthropic.com)"
216.73.216.195 - - [02/Jul/2026:06:23:16 +0600] "GET /wp-admin/includes/ HTTP/1.1" 503 807 "-" "Mozilla/5.0 AppleWebKit/537.36 (KHTML, like Gecko; compatible; ClaudeBot/1.0; +claudebot@anthropic.com)"
216.73.216.195 - - [02/Jul/2026:06:23:21 +0600] "GET /readme.html HTTP/1.1" 503 807 "-" "Mozilla/5.0 AppleWebKit/537.36 (KHTML, like Gecko; compatible; ClaudeBot/1.0; +claudebot@anthropic.com)"
74.7.227.175 - - [02/Jul/2026:06:24:03 +0600] "GET /wp-admin/js/admin%20copy%201.php?do=delete&item=svg-painter.min.js&p=%2Fhome%2Fbdwebsol%2Fpublic_html%2Fwp-admin%2Fjs%2F HTTP/1.1" 503 807 "http://bdwebsolution.com/wp-admin/js/admin%20copy%201.php" "Mozilla/5.0 AppleWebKit/537.36 (KHTML, like Gecko; compatible; GPTBot/1.4; +https://openai.com/gptbot)"
