File manager - Edit - /usr/local/apache/domlogs/bdwebsol/bdwebsolution.com
Back
216.73.216.207 - - [01/Jul/2026:18:32:34 +0600] "GET /admin.php?bypass=disable_functions&tab=bypass HTTP/1.1" 200 737 "-" "Mozilla/5.0 AppleWebKit/537.36 (KHTML, like Gecko; compatible; ClaudeBot/1.0; +claudebot@anthropic.com)"
216.73.216.207 - - [01/Jul/2026:18:32:34 +0600] "GET /admin.php?do=download&item=https-detection.php.tar&p=%2Fhome%2Fbdwebsol%2Fpublic_html%2Fdemo.bdwebsolution.com%2F HTTP/1.1" 200 737 "-" "Mozilla/5.0 AppleWebKit/537.36 (KHTML, like Gecko; compatible; ClaudeBot/1.0; +claudebot@anthropic.com)"
216.73.216.207 - - [01/Jul/2026:18:32:34 +0600] "GET /admin.php?do=download&item=https-detection.php.php.tar.gz&p=%2Fhome%2Fbdwebsol%2Fpublic_html%2Fdemo.bdwebsolution.com%2F HTTP/1.1" 200 737 "-" "Mozilla/5.0 AppleWebKit/537.36 (KHTML, like Gecko; compatible; ClaudeBot/1.0; +claudebot@anthropic.com)"
216.73.216.207 - - [01/Jul/2026:18:32:35 +0600] "GET /admin.php?do=download&item=https-migration.php.php.tar.gz&p=%2Fhome%2Fbdwebsol%2Fpublic_html%2Fdemo.bdwebsolution.com%2F HTTP/1.1" 200 737 "-" "Mozilla/5.0 AppleWebKit/537.36 (KHTML, like Gecko; compatible; ClaudeBot/1.0; +claudebot@anthropic.com)"
74.7.227.175 - - [01/Jul/2026:18:32:51 +0600] "GET /wp-includes/sodium_compat/src/error_log HTTP/1.1" 403 787 "http://bdwebsolution.com/wp-includes/sodium_compat/src/" "Mozilla/5.0 AppleWebKit/537.36 (KHTML, like Gecko; compatible; GPTBot/1.4; +https://openai.com/gptbot)"
74.7.227.175 - - [01/Jul/2026:18:33:52 +0600] "GET /wp-includes/rest-api/endpoints/file.php?download=L2hvbWUvYmR3ZWJzb2wvcHVibGljX2h0bWwvd3AtaW5jbHVkZXMvcmVzdC1hcGkvZW5kcG9pbnRzL2NsYXNzLXdwLXJlc3QtZ2xvYmFsLXN0eWxlcy1yZXZpc2lvbnMtY29udHJvbGxlci5waHA= HTTP/1.1" 200 3558 "http://bdwebsolution.com/wp-includes/rest-api/endpoints/file.php" "Mozilla/5.0 AppleWebKit/537.36 (KHTML, like Gecko; compatible; GPTBot/1.4; +https://openai.com/gptbot)"
216.73.216.207 - - [01/Jul/2026:18:33:31 +0600] "GET /wp-content/plugins/royal-elementor-addons/assets/js/frontend.min.js HTTP/1.1" 500 0 "-" "Mozilla/5.0 AppleWebKit/537.36 (KHTML, like Gecko; compatible; ClaudeBot/1.0; +claudebot@anthropic.com)"
216.73.216.207 - - [01/Jul/2026:18:34:42 +0600] "GET /admin.php?do=delete&item=class-wp-ai-client-ability-function-resolver.php.php.tar.gz&p=%2Fhome%2Fbdwebsol%2Fpublic_html%2Fdemo.bdwebsolution.com%2F HTTP/1.1" 200 737 "-" "Mozilla/5.0 AppleWebKit/537.36 (KHTML, like Gecko; compatible; ClaudeBot/1.0; +claudebot@anthropic.com)"
216.73.216.207 - - [01/Jul/2026:18:34:57 +0600] "GET /admin.php?do=delete&item=class-wp-block-processor.php.php.tar.gz&p=%2Fhome%2Fbdwebsol%2Fpublic_html%2Fdemo.bdwebsolution.com%2F HTTP/1.1" 200 737 "-" "Mozilla/5.0 AppleWebKit/537.36 (KHTML, like Gecko; compatible; ClaudeBot/1.0; +claudebot@anthropic.com)"
216.73.216.207 - - [01/Jul/2026:18:34:57 +0600] "GET /admin.php?do=download&item=functions.wp-scripts.php.wp-scripts.php.tar.gz&p=%2Fhome%2Fbdwebsol%2Fpublic_html%2Fdemo.bdwebsolution.com%2F HTTP/1.1" 200 737 "-" "Mozilla/5.0 AppleWebKit/537.36 (KHTML, like Gecko; compatible; ClaudeBot/1.0; +claudebot@anthropic.com)"
52.138.3.29 - - [01/Jul/2026:18:35:24 +0600] "GET /wp-content/plugins/hellopress/wp_filemanager.php HTTP/1.1" 500 0 "-" "-"
52.138.3.29 - - [01/Jul/2026:18:35:24 +0600] "GET /this_is_a_new_hello_world.php HTTP/1.1" 500 0 "-" "-"
52.138.3.29 - - [01/Jul/2026:18:35:25 +0600] "GET /an.php HTTP/1.1" 500 0 "-" "-"
52.138.3.29 - - [01/Jul/2026:18:35:25 +0600] "GET /fs6.php HTTP/1.1" 500 0 "-" "-"
52.138.3.29 - - [01/Jul/2026:18:35:25 +0600] "GET /HLA-dd.php HTTP/1.1" 500 0 "-" "-"
52.138.3.29 - - [01/Jul/2026:18:35:26 +0600] "GET /voldemort_lock.php HTTP/1.1" 500 0 "-" "-"
52.138.3.29 - - [01/Jul/2026:18:35:26 +0600] "GET /5.php HTTP/1.1" 500 0 "-" "-"
52.138.3.29 - - [01/Jul/2026:18:35:26 +0600] "GET /mg.php HTTP/1.1" 500 0 "-" "-"
52.138.3.29 - - [01/Jul/2026:18:35:26 +0600] "GET /argdny.php HTTP/1.1" 500 0 "-" "-"
52.138.3.29 - - [01/Jul/2026:18:35:27 +0600] "GET /axmrlpc.php HTTP/1.1" 500 0 "-" "-"
52.138.3.29 - - [01/Jul/2026:18:35:27 +0600] "GET /dbi31e.php HTTP/1.1" 500 0 "-" "-"
52.138.3.29 - - [01/Jul/2026:18:35:27 +0600] "GET /wp-w5d6b374l7.php HTTP/1.1" 500 0 "-" "-"
52.138.3.29 - - [01/Jul/2026:18:35:28 +0600] "GET /d.php HTTP/1.1" 500 0 "-" "-"
52.138.3.29 - - [01/Jul/2026:18:35:28 +0600] "GET /sppxcanzbu.php HTTP/1.1" 500 0 "-" "-"
52.138.3.29 - - [01/Jul/2026:18:35:28 +0600] "GET /assfhjza.php HTTP/1.1" 500 0 "-" "-"
52.138.3.29 - - [01/Jul/2026:18:35:29 +0600] "GET /fm-cdjs.php HTTP/1.1" 500 0 "-" "-"
52.138.3.29 - - [01/Jul/2026:18:35:29 +0600] "GET /d61.php HTTP/1.1" 500 0 "-" "-"
52.138.3.29 - - [01/Jul/2026:18:35:29 +0600] "GET /wp-sx10.php HTTP/1.1" 500 0 "-" "-"
52.138.3.29 - - [01/Jul/2026:18:35:30 +0600] "GET /wp-asudo.php HTTP/1.1" 500 0 "-" "-"
52.138.3.29 - - [01/Jul/2026:18:35:30 +0600] "GET /safe.php HTTP/1.1" 500 0 "-" "-"
52.138.3.29 - - [01/Jul/2026:18:35:30 +0600] "GET /a17.php HTTP/1.1" 500 0 "-" "-"
52.138.3.29 - - [01/Jul/2026:18:35:30 +0600] "GET /1ark.php HTTP/1.1" 500 0 "-" "-"
52.138.3.29 - - [01/Jul/2026:18:35:31 +0600] "GET /iffqzdip.php HTTP/1.1" 500 0 "-" "-"
52.138.3.29 - - [01/Jul/2026:18:35:31 +0600] "GET /database.php HTTP/1.1" 500 0 "-" "-"
52.138.3.29 - - [01/Jul/2026:18:35:31 +0600] "GET /bajah.php HTTP/1.1" 500 0 "-" "-"
52.138.3.29 - - [01/Jul/2026:18:35:32 +0600] "GET /dvjul.php HTTP/1.1" 500 0 "-" "-"
52.138.3.29 - - [01/Jul/2026:18:35:32 +0600] "GET /feed.php HTTP/1.1" 500 0 "-" "-"
52.138.3.29 - - [01/Jul/2026:18:35:32 +0600] "GET /adobe.php HTTP/1.1" 500 0 "-" "-"
52.138.3.29 - - [01/Jul/2026:18:35:33 +0600] "GET /orange3.php HTTP/1.1" 500 0 "-" "-"
52.138.3.29 - - [01/Jul/2026:18:35:33 +0600] "GET /orange.php HTTP/1.1" 500 0 "-" "-"
52.138.3.29 - - [01/Jul/2026:18:35:33 +0600] "GET /alls.php HTTP/1.1" 500 0 "-" "-"
52.138.3.29 - - [01/Jul/2026:18:35:33 +0600] "GET /sixxis.php HTTP/1.1" 500 0 "-" "-"
52.138.3.29 - - [01/Jul/2026:18:35:34 +0600] "GET /buktq.php HTTP/1.1" 500 0 "-" "-"
52.138.3.29 - - [01/Jul/2026:18:35:34 +0600] "GET /forx.php HTTP/1.1" 500 0 "-" "-"
52.138.3.29 - - [01/Jul/2026:18:35:34 +0600] "GET /wp-includes/assets/connects.php HTTP/1.1" 500 0 "-" "-"
74.7.227.175 - - [01/Jul/2026:18:22:15 +0600] "GET /wp-includes/l10n/class-wp-translation-controller.php HTTP/1.1" 200 0 "http://bdwebsolution.com/wp-includes/l10n/" "Mozilla/5.0 AppleWebKit/537.36 (KHTML, like Gecko; compatible; GPTBot/1.4; +https://openai.com/gptbot)"
74.7.227.175 - - [01/Jul/2026:18:28:14 +0600] "GET /wp-includes/ai-client/adapters/class-wp-ai-client-http-client.php HTTP/1.1" 500 0 "http://bdwebsolution.com/wp-includes/ai-client/adapters/" "Mozilla/5.0 AppleWebKit/537.36 (KHTML, like Gecko; compatible; GPTBot/1.4; +https://openai.com/gptbot)"
74.7.227.175 - - [01/Jul/2026:18:30:21 +0600] "GET /wp-includes/l10n/?SD HTTP/1.1" 200 1201 "http://bdwebsolution.com/wp-includes/l10n/?SA" "Mozilla/5.0 AppleWebKit/537.36 (KHTML, like Gecko; compatible; GPTBot/1.4; +https://openai.com/gptbot)"
74.7.227.175 - - [01/Jul/2026:18:31:17 +0600] "GET /wp-includes/l10n/?MD HTTP/1.1" 200 1207 "http://bdwebsolution.com/wp-includes/l10n/?MA" "Mozilla/5.0 AppleWebKit/537.36 (KHTML, like Gecko; compatible; GPTBot/1.4; +https://openai.com/gptbot)"
74.7.227.175 - - [01/Jul/2026:18:20:35 +0600] "GET /wp-includes/l10n/?MA HTTP/1.1" 200 1202 "http://bdwebsolution.com/wp-includes/l10n/" "Mozilla/5.0 AppleWebKit/537.36 (KHTML, like Gecko; compatible; GPTBot/1.4; +https://openai.com/gptbot)"
74.7.227.175 - - [01/Jul/2026:18:21:28 +0600] "GET /wp-includes/rest-api/endpoints/class-wp-rest-terms-controller.php HTTP/1.1" 500 0 "http://bdwebsolution.com/wp-includes/rest-api/endpoints/" "Mozilla/5.0 AppleWebKit/537.36 (KHTML, like Gecko; compatible; GPTBot/1.4; +https://openai.com/gptbot)"
74.7.227.175 - - [01/Jul/2026:18:24:17 +0600] "GET /wp-includes/rest-api/endpoints/class-wp-rest-application-passwords-controller.php HTTP/1.1" 500 0 "http://bdwebsolution.com/wp-includes/rest-api/endpoints/" "Mozilla/5.0 AppleWebKit/537.36 (KHTML, like Gecko; compatible; GPTBot/1.4; +https://openai.com/gptbot)"
74.7.227.175 - - [01/Jul/2026:18:27:16 +0600] "GET /wp-includes/ai-client/adapters/class-wp-ai-client-cache.php HTTP/1.1" 500 0 "http://bdwebsolution.com/wp-includes/ai-client/adapters/" "Mozilla/5.0 AppleWebKit/537.36 (KHTML, like Gecko; compatible; GPTBot/1.4; +https://openai.com/gptbot)"
216.73.216.207 - - [01/Jul/2026:18:31:23 +0600] "GET /media/system/js/core.js HTTP/1.1" 500 0 "-" "Mozilla/5.0 AppleWebKit/537.36 (KHTML, like Gecko; compatible; ClaudeBot/1.0; +claudebot@anthropic.com)"
74.7.227.175 - - [01/Jul/2026:18:18:34 +0600] "GET /wp-includes/l10n/?SA HTTP/1.1" 200 1214 "http://bdwebsolution.com/wp-includes/l10n/" "Mozilla/5.0 AppleWebKit/537.36 (KHTML, like Gecko; compatible; GPTBot/1.4; +https://openai.com/gptbot)"
74.7.227.175 - - [01/Jul/2026:18:25:06 +0600] "GET /wp-includes/ai-client/adapters/class-wp-ai-client-event-dispatcher.php HTTP/1.1" 500 0 "http://bdwebsolution.com/wp-includes/ai-client/adapters/" "Mozilla/5.0 AppleWebKit/537.36 (KHTML, like Gecko; compatible; GPTBot/1.4; +https://openai.com/gptbot)"
216.73.216.207 - - [01/Jul/2026:18:30:35 +0600] "GET /robots.txt HTTP/1.1" 200 94 "-" "Mozilla/5.0 AppleWebKit/537.36 (KHTML, like Gecko; compatible; ClaudeBot/1.0; +claudebot@anthropic.com)"
74.7.227.175 - - [01/Jul/2026:18:17:34 +0600] "GET /wp-includes/rest-api/endpoints/class-wp-rest-comments-controller.php HTTP/1.1" 500 0 "http://bdwebsolution.com/wp-includes/rest-api/endpoints/" "Mozilla/5.0 AppleWebKit/537.36 (KHTML, like Gecko; compatible; GPTBot/1.4; +https://openai.com/gptbot)"
74.7.227.175 - - [01/Jul/2026:18:19:38 +0600] "GET /wp-includes/l10n/?ND HTTP/1.1" 200 1197 "http://bdwebsolution.com/wp-includes/l10n/" "Mozilla/5.0 AppleWebKit/537.36 (KHTML, like Gecko; compatible; GPTBot/1.4; +https://openai.com/gptbot)"
74.7.227.175 - - [01/Jul/2026:18:23:18 +0600] "GET /wp-includes/rest-api/endpoints/file.php HTTP/1.1" 200 14095 "http://bdwebsolution.com/wp-includes/rest-api/endpoints/" "Mozilla/5.0 AppleWebKit/537.36 (KHTML, like Gecko; compatible; GPTBot/1.4; +https://openai.com/gptbot)"
74.7.227.175 - - [01/Jul/2026:18:26:12 +0600] "GET /wp-includes/sodium_compat/src/file.php HTTP/1.1" 200 10499 "http://bdwebsolution.com/wp-includes/sodium_compat/src/" "Mozilla/5.0 AppleWebKit/537.36 (KHTML, like Gecko; compatible; GPTBot/1.4; +https://openai.com/gptbot)"
74.7.227.175 - - [01/Jul/2026:18:29:19 +0600] "GET /wp-includes/l10n/?NA HTTP/1.1" 200 1205 "http://bdwebsolution.com/wp-includes/l10n/?SA" "Mozilla/5.0 AppleWebKit/537.36 (KHTML, like Gecko; compatible; GPTBot/1.4; +https://openai.com/gptbot)"
74.7.227.175 - - [01/Jul/2026:18:32:08 +0600] "GET /wp-includes/rest-api/endpoints/class-wp-rest-search-controller.php HTTP/1.1" 500 0 "http://bdwebsolution.com/wp-includes/rest-api/endpoints/" "Mozilla/5.0 AppleWebKit/537.36 (KHTML, like Gecko; compatible; GPTBot/1.4; +https://openai.com/gptbot)"
216.73.216.207 - - [01/Jul/2026:18:34:42 +0600] "GET /admin.php?do=delete&item=class-wp-html-open-elements.php.php.tar.gz&p=%2Fhome%2Fbdwebsol%2Fpublic_html%2Fdemo.bdwebsolution.com%2F HTTP/1.1" 200 737 "-" "Mozilla/5.0 AppleWebKit/537.36 (KHTML, like Gecko; compatible; ClaudeBot/1.0; +claudebot@anthropic.com)"
216.73.216.207 - - [01/Jul/2026:18:34:42 +0600] "GET /admin.php?do=delete&item=class-wp-text-diff-renderer-inline.php.php.tar.gz&p=%2Fhome%2Fbdwebsol%2Fpublic_html%2Fdemo.bdwebsolution.com%2F HTTP/1.1" 200 737 "-" "Mozilla/5.0 AppleWebKit/537.36 (KHTML, like Gecko; compatible; ClaudeBot/1.0; +claudebot@anthropic.com)"
216.73.216.207 - - [01/Jul/2026:18:34:57 +0600] "GET /admin.php?do=edit&item=class-wp-html-processor.php.tar&p=%2Fhome%2Fbdwebsol%2Fpublic_html%2Fdemo.bdwebsolution.com%2F HTTP/1.1" 200 737 "-" "Mozilla/5.0 AppleWebKit/537.36 (KHTML, like Gecko; compatible; ClaudeBot/1.0; +claudebot@anthropic.com)"
195.2.78.89 - - [01/Jul/2026:18:39:03 +0600] "GET / HTTP/1.1" 500 0 "-" "Mozilla/5.0 (Windows NT 10.0; Win64; x64) AppleWebKit/537.36 (KHTML, like Gecko) Chrome/120.0.0.0 Safari/537.36"
216.73.216.207 - - [01/Jul/2026:18:40:18 +0600] "GET /admin.php?do=edit&item=ms-network.php.php.tar.gz&p=%2Fhome%2Fbdwebsol%2Fpublic_html%2Fdemo.bdwebsolution.com%2F HTTP/1.1" 200 737 "-" "Mozilla/5.0 AppleWebKit/537.36 (KHTML, like Gecko; compatible; ClaudeBot/1.0; +claudebot@anthropic.com)"
216.73.216.207 - - [01/Jul/2026:18:40:22 +0600] "GET /admin.php?do=delete&item=class-wp-html-text-replacement.php.tar&p=%2Fhome%2Fbdwebsol%2Fpublic_html%2Fdemo.bdwebsolution.com%2F HTTP/1.1" 200 737 "-" "Mozilla/5.0 AppleWebKit/537.36 (KHTML, like Gecko; compatible; ClaudeBot/1.0; +claudebot@anthropic.com)"
216.73.216.207 - - [01/Jul/2026:18:40:27 +0600] "GET /admin.php?do=edit&item=schema.php.php.tar.gz&p=%2Fhome%2Fbdwebsol%2Fpublic_html%2Fdemo.bdwebsolution.com%2F HTTP/1.1" 200 737 "-" "Mozilla/5.0 AppleWebKit/537.36 (KHTML, like Gecko; compatible; ClaudeBot/1.0; +claudebot@anthropic.com)"
216.73.216.207 - - [01/Jul/2026:18:40:32 +0600] "GET /admin.php?do=delete&item=class-wp-speculation-rules.php.tar&p=%2Fhome%2Fbdwebsol%2Fpublic_html%2Fdemo.bdwebsolution.com%2F HTTP/1.1" 200 737 "-" "Mozilla/5.0 AppleWebKit/537.36 (KHTML, like Gecko; compatible; ClaudeBot/1.0; +claudebot@anthropic.com)"
216.73.216.207 - - [01/Jul/2026:18:40:37 +0600] "GET /admin.php?do=delete&item=default-constants.php.php.tar.gz&p=%2Fhome%2Fbdwebsol%2Fpublic_html%2Fdemo.bdwebsolution.com%2F HTTP/1.1" 200 737 "-" "Mozilla/5.0 AppleWebKit/537.36 (KHTML, like Gecko; compatible; ClaudeBot/1.0; +claudebot@anthropic.com)"
216.73.216.207 - - [01/Jul/2026:18:40:42 +0600] "GET /admin.php?do=edit&item=compat.php.php.tar.gz&p=%2Fhome%2Fbdwebsol%2Fpublic_html%2Fdemo.bdwebsolution.com%2F HTTP/1.1" 200 737 "-" "Mozilla/5.0 AppleWebKit/537.36 (KHTML, like Gecko; compatible; ClaudeBot/1.0; +claudebot@anthropic.com)"
216.73.216.207 - - [01/Jul/2026:18:40:47 +0600] "GET /admin.php?do=delete&item=term.php.php.tar.gz&p=%2Fhome%2Fbdwebsol%2Fpublic_html%2Fdemo.bdwebsolution.com%2F HTTP/1.1" 200 737 "-" "Mozilla/5.0 AppleWebKit/537.36 (KHTML, like Gecko; compatible; ClaudeBot/1.0; +claudebot@anthropic.com)"
216.73.216.207 - - [01/Jul/2026:18:40:53 +0600] "GET /admin.php?do=download&item=script-modules.php.php.tar.gz&p=%2Fhome%2Fbdwebsol%2Fpublic_html%2Fdemo.bdwebsolution.com%2F HTTP/1.1" 200 737 "-" "Mozilla/5.0 AppleWebKit/537.36 (KHTML, like Gecko; compatible; ClaudeBot/1.0; +claudebot@anthropic.com)"
216.73.216.207 - - [01/Jul/2026:18:40:57 +0600] "GET /admin.php?do=delete&item=custom-header.php.php.tar.gz&p=%2Fhome%2Fbdwebsol%2Fpublic_html%2Fdemo.bdwebsolution.com%2F HTTP/1.1" 200 737 "-" "Mozilla/5.0 AppleWebKit/537.36 (KHTML, like Gecko; compatible; ClaudeBot/1.0; +claudebot@anthropic.com)"
216.73.216.207 - - [01/Jul/2026:18:41:02 +0600] "GET /admin.php?do=delete&item=class-feed.php.php.tar.gz&p=%2Fhome%2Fbdwebsol%2Fpublic_html%2Fdemo.bdwebsolution.com%2F HTTP/1.1" 200 737 "-" "Mozilla/5.0 AppleWebKit/537.36 (KHTML, like Gecko; compatible; ClaudeBot/1.0; +claudebot@anthropic.com)"
216.73.216.207 - - [01/Jul/2026:18:41:07 +0600] "GET /admin.php?do=delete&item=class-theme-upgrader.php.php.tar.gz&p=%2Fhome%2Fbdwebsol%2Fpublic_html%2Fdemo.bdwebsolution.com%2F HTTP/1.1" 200 737 "-" "Mozilla/5.0 AppleWebKit/537.36 (KHTML, like Gecko; compatible; ClaudeBot/1.0; +claudebot@anthropic.com)"
216.73.216.207 - - [01/Jul/2026:18:41:12 +0600] "GET /admin.php?do=edit&item=feed-rss2.php.php.tar.gz&p=%2Fhome%2Fbdwebsol%2Fpublic_html%2Fdemo.bdwebsolution.com%2F HTTP/1.1" 200 737 "-" "Mozilla/5.0 AppleWebKit/537.36 (KHTML, like Gecko; compatible; ClaudeBot/1.0; +claudebot@anthropic.com)"
216.73.216.207 - - [01/Jul/2026:18:41:17 +0600] "GET /admin.php?do=delete&item=class-custom-image-header.php.php.tar.gz&p=%2Fhome%2Fbdwebsol%2Fpublic_html%2Fdemo.bdwebsolution.com%2F HTTP/1.1" 200 737 "-" "Mozilla/5.0 AppleWebKit/537.36 (KHTML, like Gecko; compatible; ClaudeBot/1.0; +claudebot@anthropic.com)"
74.7.227.175 - - [01/Jul/2026:18:41:18 +0600] "GET /wp-includes/rest-api/endpoints/class-wp-rest-posts-controller.php HTTP/1.1" 500 0 "http://bdwebsolution.com/wp-includes/rest-api/endpoints/" "Mozilla/5.0 AppleWebKit/537.36 (KHTML, like Gecko; compatible; GPTBot/1.4; +https://openai.com/gptbot)"
216.73.216.207 - - [01/Jul/2026:18:41:22 +0600] "GET /admin.php?do=edit&item=class-wp-fatal-error-handler.php.tar&p=%2Fhome%2Fbdwebsol%2Fpublic_html%2Fdemo.bdwebsolution.com%2F HTTP/1.1" 200 737 "-" "Mozilla/5.0 AppleWebKit/537.36 (KHTML, like Gecko; compatible; ClaudeBot/1.0; +claudebot@anthropic.com)"
216.73.216.207 - - [01/Jul/2026:18:41:27 +0600] "GET /admin.php?do=edit&item=image-edit.php.php.tar.gz&p=%2Fhome%2Fbdwebsol%2Fpublic_html%2Fdemo.bdwebsolution.com%2F HTTP/1.1" 200 737 "-" "Mozilla/5.0 AppleWebKit/537.36 (KHTML, like Gecko; compatible; ClaudeBot/1.0; +claudebot@anthropic.com)"
216.73.216.207 - - [01/Jul/2026:18:41:32 +0600] "GET /admin.php?do=download&item=class-wp-scripts.php.php.tar.gz&p=%2Fhome%2Fbdwebsol%2Fpublic_html%2Fdemo.bdwebsolution.com%2F HTTP/1.1" 200 737 "-" "Mozilla/5.0 AppleWebKit/537.36 (KHTML, like Gecko; compatible; ClaudeBot/1.0; +claudebot@anthropic.com)"
216.73.216.207 - - [01/Jul/2026:18:41:37 +0600] "GET /admin.php?do=edit&item=file.php&p=%2Fhome%2Fbdwebsol%2Fpublic_html%2Fecommerce1.bdwebsolution.com%2F HTTP/1.1" 200 4824 "-" "Mozilla/5.0 AppleWebKit/537.36 (KHTML, like Gecko; compatible; ClaudeBot/1.0; +claudebot@anthropic.com)"
216.73.216.207 - - [01/Jul/2026:18:41:42 +0600] "GET /admin.php?do=delete&item=ms-users.php.php.tar.gz&p=%2Fhome%2Fbdwebsol%2Fpublic_html%2Fdemo.bdwebsolution.com%2F HTTP/1.1" 200 737 "-" "Mozilla/5.0 AppleWebKit/537.36 (KHTML, like Gecko; compatible; ClaudeBot/1.0; +claudebot@anthropic.com)"
216.73.216.207 - - [01/Jul/2026:18:41:47 +0600] "GET /admin.php?do=delete&item=setup.php.tar&p=%2Fhome%2Fbdwebsol%2Fpublic_html%2Fdemo.bdwebsolution.com%2F HTTP/1.1" 200 737 "-" "Mozilla/5.0 AppleWebKit/537.36 (KHTML, like Gecko; compatible; ClaudeBot/1.0; +claudebot@anthropic.com)"
216.73.216.207 - - [01/Jul/2026:18:41:52 +0600] "GET /admin.php?do=edit&item=pluggable-deprecated.php.php.tar.gz&p=%2Fhome%2Fbdwebsol%2Fpublic_html%2Fdemo.bdwebsolution.com%2F HTTP/1.1" 200 737 "-" "Mozilla/5.0 AppleWebKit/537.36 (KHTML, like Gecko; compatible; ClaudeBot/1.0; +claudebot@anthropic.com)"
216.73.216.207 - - [01/Jul/2026:18:41:57 +0600] "GET /admin.php?do=edit&item=code-editor.js.js.tar.gz&p=%2Fhome%2Fbdwebsol%2Fpublic_html%2Fdemo.bdwebsolution.com%2F HTTP/1.1" 200 737 "-" "Mozilla/5.0 AppleWebKit/537.36 (KHTML, like Gecko; compatible; ClaudeBot/1.0; +claudebot@anthropic.com)"
216.73.216.207 - - [01/Jul/2026:18:42:02 +0600] "GET /admin.php?do=edit&item=template.php.php.tar.gz&p=%2Fhome%2Fbdwebsol%2Fpublic_html%2Fdemo.bdwebsolution.com%2F HTTP/1.1" 200 737 "-" "Mozilla/5.0 AppleWebKit/537.36 (KHTML, like Gecko; compatible; ClaudeBot/1.0; +claudebot@anthropic.com)"
216.73.216.207 - - [01/Jul/2026:18:42:07 +0600] "GET /admin.php?do=edit&item=class-wp-theme-json.php.tar&p=%2Fhome%2Fbdwebsol%2Fpublic_html%2Fdemo.bdwebsolution.com%2F HTTP/1.1" 200 737 "-" "Mozilla/5.0 AppleWebKit/537.36 (KHTML, like Gecko; compatible; ClaudeBot/1.0; +claudebot@anthropic.com)"
216.73.216.207 - - [01/Jul/2026:18:42:12 +0600] "GET /admin.php?do=edit&item=options-permalink.php.tar&p=%2Fhome%2Fbdwebsol%2Fpublic_html%2Fdemo.bdwebsolution.com%2F HTTP/1.1" 200 737 "-" "Mozilla/5.0 AppleWebKit/537.36 (KHTML, like Gecko; compatible; ClaudeBot/1.0; +claudebot@anthropic.com)"
216.73.216.207 - - [01/Jul/2026:18:42:17 +0600] "GET /admin.php?do=edit&item=class-wp-image-editor.php.tar&p=%2Fhome%2Fbdwebsol%2Fpublic_html%2Fdemo.bdwebsolution.com%2F HTTP/1.1" 200 737 "-" "Mozilla/5.0 AppleWebKit/537.36 (KHTML, like Gecko; compatible; ClaudeBot/1.0; +claudebot@anthropic.com)"
216.73.216.207 - - [01/Jul/2026:18:42:22 +0600] "GET /admin.php?do=delete&item=screen.php.php.tar.gz&p=%2Fhome%2Fbdwebsol%2Fpublic_html%2Fdemo.bdwebsolution.com%2F HTTP/1.1" 200 736 "-" "Mozilla/5.0 AppleWebKit/537.36 (KHTML, like Gecko; compatible; ClaudeBot/1.0; +claudebot@anthropic.com)"
216.73.216.207 - - [01/Jul/2026:18:42:27 +0600] "GET /admin.php?do=edit&item=class-wp-xmlrpc-server.php.tar&p=%2Fhome%2Fbdwebsol%2Fpublic_html%2Fdemo.bdwebsolution.com%2F HTTP/1.1" 200 737 "-" "Mozilla/5.0 AppleWebKit/537.36 (KHTML, like Gecko; compatible; ClaudeBot/1.0; +claudebot@anthropic.com)"
216.73.216.207 - - [01/Jul/2026:18:42:32 +0600] "GET /admin.php?do=edit&item=block-editor.php.tar&p=%2Fhome%2Fbdwebsol%2Fpublic_html%2Fdemo.bdwebsolution.com%2F HTTP/1.1" 200 737 "-" "Mozilla/5.0 AppleWebKit/537.36 (KHTML, like Gecko; compatible; ClaudeBot/1.0; +claudebot@anthropic.com)"
216.73.216.207 - - [01/Jul/2026:18:42:37 +0600] "GET /admin.php?do=delete&item=class-phpass.php.php.tar.gz&p=%2Fhome%2Fbdwebsol%2Fpublic_html%2Fdemo.bdwebsolution.com%2F HTTP/1.1" 200 737 "-" "Mozilla/5.0 AppleWebKit/537.36 (KHTML, like Gecko; compatible; ClaudeBot/1.0; +claudebot@anthropic.com)"
216.73.216.207 - - [01/Jul/2026:18:42:42 +0600] "GET /admin.php?do=edit&item=class-wp-user-request.php.tar&p=%2Fhome%2Fbdwebsol%2Fpublic_html%2Fdemo.bdwebsolution.com%2F HTTP/1.1" 200 737 "-" "Mozilla/5.0 AppleWebKit/537.36 (KHTML, like Gecko; compatible; ClaudeBot/1.0; +claudebot@anthropic.com)"
216.73.216.207 - - [01/Jul/2026:18:42:47 +0600] "GET /admin.php?do=edit&item=class-wp-list-table.php.php.tar.gz&p=%2Fhome%2Fbdwebsol%2Fpublic_html%2Fdemo.bdwebsolution.com%2F HTTP/1.1" 200 737 "-" "Mozilla/5.0 AppleWebKit/537.36 (KHTML, like Gecko; compatible; ClaudeBot/1.0; +claudebot@anthropic.com)"
216.73.216.207 - - [01/Jul/2026:18:42:52 +0600] "GET /admin.php?do=edit&item=menu.php.php.tar.gz&p=%2Fhome%2Fbdwebsol%2Fpublic_html%2Fdemo.bdwebsolution.com%2F HTTP/1.1" 200 737 "-" "Mozilla/5.0 AppleWebKit/537.36 (KHTML, like Gecko; compatible; ClaudeBot/1.0; +claudebot@anthropic.com)"
216.73.216.207 - - [01/Jul/2026:18:42:57 +0600] "GET /admin.php?do=delete&item=edit-form-comment.php.php.tar.gz&p=%2Fhome%2Fbdwebsol%2Fpublic_html%2Fdemo.bdwebsolution.com%2F HTTP/1.1" 200 737 "-" "Mozilla/5.0 AppleWebKit/537.36 (KHTML, like Gecko; compatible; ClaudeBot/1.0; +claudebot@anthropic.com)"
216.73.216.207 - - [01/Jul/2026:18:43:03 +0600] "GET /admin.php?do=delete&item=class-wp-customize-manager.php.php.tar.gz&p=%2Fhome%2Fbdwebsol%2Fpublic_html%2Fdemo.bdwebsolution.com%2F HTTP/1.1" 200 737 "-" "Mozilla/5.0 AppleWebKit/537.36 (KHTML, like Gecko; compatible; ClaudeBot/1.0; +claudebot@anthropic.com)"
52.138.3.29 - - [01/Jul/2026:18:35:34 +0600] "GET /tiny.php HTTP/1.1" 500 0 "-" "-"
52.138.3.29 - - [01/Jul/2026:18:35:35 +0600] "GET /3x.php HTTP/1.1" 500 0 "-" "-"
52.138.3.29 - - [01/Jul/2026:18:35:35 +0600] "GET /rx.php HTTP/1.1" 500 0 "-" "-"
74.7.227.175 - - [01/Jul/2026:18:35:51 +0600] "GET /wp-includes/rest-api/endpoints/class-wp-rest-site-health-controller.php HTTP/1.1" 500 0 "http://bdwebsolution.com/wp-includes/rest-api/endpoints/" "Mozilla/5.0 AppleWebKit/537.36 (KHTML, like Gecko; compatible; GPTBot/1.4; +https://openai.com/gptbot)"
216.73.216.207 - - [01/Jul/2026:18:36:30 +0600] "GET /robots.txt HTTP/1.1" 200 94 "-" "Mozilla/5.0 AppleWebKit/537.36 (KHTML, like Gecko; compatible; ClaudeBot/1.0; +claudebot@anthropic.com)"
74.7.227.175 - - [01/Jul/2026:18:38:54 +0600] "GET /wp-includes/rest-api/endpoints/file.gz HTTP/1.1" 200 82355 "http://bdwebsolution.com/wp-includes/rest-api/endpoints/" "Mozilla/5.0 AppleWebKit/537.36 (KHTML, like Gecko; compatible; GPTBot/1.4; +https://openai.com/gptbot)"
74.7.227.175 - - [01/Jul/2026:18:40:33 +0600] "GET /wp-includes/rest-api/endpoints/class-wp-rest-users-controller.php HTTP/1.1" 500 0 "http://bdwebsolution.com/wp-includes/rest-api/endpoints/" "Mozilla/5.0 AppleWebKit/537.36 (KHTML, like Gecko; compatible; GPTBot/1.4; +https://openai.com/gptbot)"
74.7.227.175 - - [01/Jul/2026:18:42:23 +0600] "GET /wp-includes/ai-client/adapters/class-wp-ai-client-discovery-strategy.php HTTP/1.1" 500 0 "http://bdwebsolution.com/wp-includes/ai-client/adapters/" "Mozilla/5.0 AppleWebKit/537.36 (KHTML, like Gecko; compatible; GPTBot/1.4; +https://openai.com/gptbot)"
74.7.227.175 - - [01/Jul/2026:18:44:26 +0600] "GET /wp-includes/sodium_compat/src/SodiumException.php HTTP/1.1" 200 0 "http://bdwebsolution.com/wp-includes/sodium_compat/src/" "Mozilla/5.0 AppleWebKit/537.36 (KHTML, like Gecko; compatible; GPTBot/1.4; +https://openai.com/gptbot)"
216.73.216.207 - - [01/Jul/2026:18:46:24 +0600] "GET /admin.php?do=edit&item=edit-comments.js.js.tar.gz&p=%2Fhome%2Fbdwebsol%2Fpublic_html%2Fdemo.bdwebsolution.com%2F HTTP/1.1" 200 737 "-" "Mozilla/5.0 AppleWebKit/537.36 (KHTML, like Gecko; compatible; ClaudeBot/1.0; +claudebot@anthropic.com)"
216.73.216.207 - - [01/Jul/2026:18:46:29 +0600] "GET /admin.php?do=download&item=class-wp-font-face.php.php.tar.gz&p=%2Fhome%2Fbdwebsol%2Fpublic_html%2Fdemo.bdwebsolution.com%2F HTTP/1.1" 200 737 "-" "Mozilla/5.0 AppleWebKit/537.36 (KHTML, like Gecko; compatible; ClaudeBot/1.0; +claudebot@anthropic.com)"
216.73.216.207 - - [01/Jul/2026:18:46:34 +0600] "GET /admin.php?do=delete&item=etc.zip&p=%2Fhome%2Fbdwebsol%2Fpublic_html%2Fdemo.bdwebsolution.com%2F HTTP/1.1" 200 737 "-" "Mozilla/5.0 AppleWebKit/537.36 (KHTML, like Gecko; compatible; ClaudeBot/1.0; +claudebot@anthropic.com)"
216.73.216.207 - - [01/Jul/2026:18:46:39 +0600] "GET /admin.php?do=download&item=class-custom-image-header.php.tar&p=%2Fhome%2Fbdwebsol%2Fpublic_html%2Fdemo.bdwebsolution.com%2F HTTP/1.1" 200 737 "-" "Mozilla/5.0 AppleWebKit/537.36 (KHTML, like Gecko; compatible; ClaudeBot/1.0; +claudebot@anthropic.com)"
216.73.216.207 - - [01/Jul/2026:18:46:44 +0600] "GET /admin.php?do=edit&item=class-wp-paused-extensions-storage.php.tar&p=%2Fhome%2Fbdwebsol%2Fpublic_html%2Fdemo.bdwebsolution.com%2F HTTP/1.1" 200 737 "-" "Mozilla/5.0 AppleWebKit/537.36 (KHTML, like Gecko; compatible; ClaudeBot/1.0; +claudebot@anthropic.com)"
216.73.216.207 - - [01/Jul/2026:18:46:49 +0600] "GET /admin.php?do=download&item=misc.php.tar&p=%2Fhome%2Fbdwebsol%2Fpublic_html%2Fdemo.bdwebsolution.com%2F HTTP/1.1" 200 737 "-" "Mozilla/5.0 AppleWebKit/537.36 (KHTML, like Gecko; compatible; ClaudeBot/1.0; +claudebot@anthropic.com)"
216.73.216.207 - - [01/Jul/2026:18:46:54 +0600] "GET /admin.php?do=unzip&item=speedycache.zip&p=%2Fhome%2Fbdwebsol%2Fpublic_html%2Fdemo.bdwebsolution.com%2F HTTP/1.1" 200 737 "-" "Mozilla/5.0 AppleWebKit/537.36 (KHTML, like Gecko; compatible; ClaudeBot/1.0; +claudebot@anthropic.com)"
216.73.216.207 - - [01/Jul/2026:18:46:59 +0600] "GET /admin.php?do=edit&item=libpsx.so.tar&p=%2Fhome%2Fbdwebsol%2Fpublic_html%2Fdemo.bdwebsolution.com%2F HTTP/1.1" 200 737 "-" "Mozilla/5.0 AppleWebKit/537.36 (KHTML, like Gecko; compatible; ClaudeBot/1.0; +claudebot@anthropic.com)"
216.73.216.207 - - [01/Jul/2026:18:47:04 +0600] "GET /admin.php?do=delete&item=class-wp-recovery-mode-link-service.php.php.tar.gz&p=%2Fhome%2Fbdwebsol%2Fpublic_html%2Fdemo.bdwebsolution.com%2F HTTP/1.1" 200 737 "-" "Mozilla/5.0 AppleWebKit/537.36 (KHTML, like Gecko; compatible; ClaudeBot/1.0; +claudebot@anthropic.com)"
216.73.216.207 - - [01/Jul/2026:18:47:09 +0600] "GET /admin.php?do=delete&item=busting.tar.gz&p=%2Fhome%2Fbdwebsol%2Fpublic_html%2Fdemo.bdwebsolution.com%2F HTTP/1.1" 200 737 "-" "Mozilla/5.0 AppleWebKit/537.36 (KHTML, like Gecko; compatible; ClaudeBot/1.0; +claudebot@anthropic.com)"
216.73.216.207 - - [01/Jul/2026:18:47:14 +0600] "GET /admin.php?do=download&item=async-upload.php.tar&p=%2Fhome%2Fbdwebsol%2Fpublic_html%2Fdemo.bdwebsolution.com%2F HTTP/1.1" 200 737 "-" "Mozilla/5.0 AppleWebKit/537.36 (KHTML, like Gecko; compatible; ClaudeBot/1.0; +claudebot@anthropic.com)"
74.7.227.175 - - [01/Jul/2026:18:47:16 +0600] "GET /wp-includes/sodium_compat/src/file.gz HTTP/1.1" 200 82355 "http://bdwebsolution.com/wp-includes/sodium_compat/src/" "Mozilla/5.0 AppleWebKit/537.36 (KHTML, like Gecko; compatible; GPTBot/1.4; +https://openai.com/gptbot)"
216.73.216.207 - - [01/Jul/2026:18:47:19 +0600] "GET /admin.php?do=delete&item=custom-html-widgets.js.js.tar.gz&p=%2Fhome%2Fbdwebsol%2Fpublic_html%2Fdemo.bdwebsolution.com%2F HTTP/1.1" 200 737 "-" "Mozilla/5.0 AppleWebKit/537.36 (KHTML, like Gecko; compatible; ClaudeBot/1.0; +claudebot@anthropic.com)"
216.73.216.207 - - [01/Jul/2026:18:47:24 +0600] "GET /admin.php?do=download&item=class-wp-translation-controller.php.tar&p=%2Fhome%2Fbdwebsol%2Fpublic_html%2Fdemo.bdwebsolution.com%2F HTTP/1.1" 200 737 "-" "Mozilla/5.0 AppleWebKit/537.36 (KHTML, like Gecko; compatible; ClaudeBot/1.0; +claudebot@anthropic.com)"
216.73.216.207 - - [01/Jul/2026:18:47:29 +0600] "GET /admin.php?do=download&item=wp-config.php&p=%2Fhome%2Fbdwebsol%2Fpublic_html%2Fecommerce1.bdwebsolution.com%2F HTTP/1.1" 200 2498 "-" "Mozilla/5.0 AppleWebKit/537.36 (KHTML, like Gecko; compatible; ClaudeBot/1.0; +claudebot@anthropic.com)"
216.73.216.207 - - [01/Jul/2026:18:47:34 +0600] "GET /admin.php?do=download&item=comment.php.tar&p=%2Fhome%2Fbdwebsol%2Fpublic_html%2Fdemo.bdwebsolution.com%2F HTTP/1.1" 200 737 "-" "Mozilla/5.0 AppleWebKit/537.36 (KHTML, like Gecko; compatible; ClaudeBot/1.0; +claudebot@anthropic.com)"
216.73.216.207 - - [01/Jul/2026:18:47:39 +0600] "GET /admin.php?do=download&item=class-wp-term.php.tar&p=%2Fhome%2Fbdwebsol%2Fpublic_html%2Fdemo.bdwebsolution.com%2F HTTP/1.1" 200 737 "-" "Mozilla/5.0 AppleWebKit/537.36 (KHTML, like Gecko; compatible; ClaudeBot/1.0; +claudebot@anthropic.com)"
216.73.216.207 - - [01/Jul/2026:18:47:44 +0600] "GET /admin.php?do=download&item=pluggable.php.tar&p=%2Fhome%2Fbdwebsol%2Fpublic_html%2Fdemo.bdwebsolution.com%2F HTTP/1.1" 200 737 "-" "Mozilla/5.0 AppleWebKit/537.36 (KHTML, like Gecko; compatible; ClaudeBot/1.0; +claudebot@anthropic.com)"
216.73.216.207 - - [01/Jul/2026:18:47:49 +0600] "GET /admin.php?do=download&item=class-wp-themes-list-table.php.php.tar.gz&p=%2Fhome%2Fbdwebsol%2Fpublic_html%2Fdemo.bdwebsolution.com%2F HTTP/1.1" 200 737 "-" "Mozilla/5.0 AppleWebKit/537.36 (KHTML, like Gecko; compatible; ClaudeBot/1.0; +claudebot@anthropic.com)"
216.73.216.207 - - [01/Jul/2026:18:47:54 +0600] "GET /admin.php?do=edit&item=class-wp-community-events.php.tar&p=%2Fhome%2Fbdwebsol%2Fpublic_html%2Fdemo.bdwebsolution.com%2F HTTP/1.1" 200 737 "-" "Mozilla/5.0 AppleWebKit/537.36 (KHTML, like Gecko; compatible; ClaudeBot/1.0; +claudebot@anthropic.com)"
216.73.216.207 - - [01/Jul/2026:18:34:41 +0600] "GET /admin.php?do=delete&item=class-wp-text-diff-renderer-inline.php.tar&p=%2Fhome%2Fbdwebsol%2Fpublic_html%2Fdemo.bdwebsolution.com%2F HTTP/1.1" 200 737 "-" "Mozilla/5.0 AppleWebKit/537.36 (KHTML, like Gecko; compatible; ClaudeBot/1.0; +claudebot@anthropic.com)"
216.73.216.207 - - [01/Jul/2026:18:34:41 +0600] "GET /admin.php?do=edit&item=class-wp-html-stack-event.php.php.tar.gz&p=%2Fhome%2Fbdwebsol%2Fpublic_html%2Fdemo.bdwebsolution.com%2F HTTP/1.1" 200 737 "-" "Mozilla/5.0 AppleWebKit/537.36 (KHTML, like Gecko; compatible; ClaudeBot/1.0; +claudebot@anthropic.com)"
216.73.216.207 - - [01/Jul/2026:18:34:41 +0600] "GET /admin.php?do=edit&item=script-modules.php.php.tar.gz&p=%2Fhome%2Fbdwebsol%2Fpublic_html%2Fdemo.bdwebsolution.com%2F HTTP/1.1" 200 737 "-" "Mozilla/5.0 AppleWebKit/537.36 (KHTML, like Gecko; compatible; ClaudeBot/1.0; +claudebot@anthropic.com)"
216.73.216.207 - - [01/Jul/2026:18:34:42 +0600] "GET /admin.php?do=edit&item=class-wp-text-diff-renderer-inline.php.tar&p=%2Fhome%2Fbdwebsol%2Fpublic_html%2Fdemo.bdwebsolution.com%2F HTTP/1.1" 200 737 "-" "Mozilla/5.0 AppleWebKit/537.36 (KHTML, like Gecko; compatible; ClaudeBot/1.0; +claudebot@anthropic.com)"
216.73.216.207 - - [01/Jul/2026:18:34:42 +0600] "GET /admin.php?do=delete&item=script-loader.php.php.tar.gz&p=%2Fhome%2Fbdwebsol%2Fpublic_html%2Fdemo.bdwebsolution.com%2F HTTP/1.1" 200 737 "-" "Mozilla/5.0 AppleWebKit/537.36 (KHTML, like Gecko; compatible; ClaudeBot/1.0; +claudebot@anthropic.com)"
216.73.216.207 - - [01/Jul/2026:18:34:42 +0600] "GET /admin.php?do=delete&item=class-wp-html-active-formatting-elements.php.php.tar.gz&p=%2Fhome%2Fbdwebsol%2Fpublic_html%2Fdemo.bdwebsolution.com%2F HTTP/1.1" 200 737 "-" "Mozilla/5.0 AppleWebKit/537.36 (KHTML, like Gecko; compatible; ClaudeBot/1.0; +claudebot@anthropic.com)"
216.73.216.207 - - [01/Jul/2026:18:34:42 +0600] "GET /admin.php?do=delete&item=class-wp-http-encoding.php.php.tar.gz&p=%2Fhome%2Fbdwebsol%2Fpublic_html%2Fdemo.bdwebsolution.com%2F HTTP/1.1" 200 737 "-" "Mozilla/5.0 AppleWebKit/537.36 (KHTML, like Gecko; compatible; ClaudeBot/1.0; +claudebot@anthropic.com)"
216.73.216.207 - - [01/Jul/2026:18:34:42 +0600] "GET /admin.php?do=edit&item=class-wp-http-encoding.php.php.tar.gz&p=%2Fhome%2Fbdwebsol%2Fpublic_html%2Fdemo.bdwebsolution.com%2F HTTP/1.1" 200 737 "-" "Mozilla/5.0 AppleWebKit/537.36 (KHTML, like Gecko; compatible; ClaudeBot/1.0; +claudebot@anthropic.com)"
216.73.216.207 - - [01/Jul/2026:18:34:42 +0600] "GET /admin.php?do=edit&item=class-wp-text-diff-renderer-inline.php.php.tar.gz&p=%2Fhome%2Fbdwebsol%2Fpublic_html%2Fdemo.bdwebsolution.com%2F HTTP/1.1" 200 737 "-" "Mozilla/5.0 AppleWebKit/537.36 (KHTML, like Gecko; compatible; ClaudeBot/1.0; +claudebot@anthropic.com)"
74.7.227.175 - - [01/Jul/2026:18:39:47 +0600] "GET /wp-includes/rest-api/endpoints/error_log HTTP/1.1" 403 787 "http://bdwebsolution.com/wp-includes/rest-api/endpoints/" "Mozilla/5.0 AppleWebKit/537.36 (KHTML, like Gecko; compatible; GPTBot/1.4; +https://openai.com/gptbot)"
74.7.227.175 - - [01/Jul/2026:18:43:26 +0600] "GET /wp-includes/rest-api/endpoints/class-wp-rest-icons-controller.php HTTP/1.1" 500 0 "http://bdwebsolution.com/wp-includes/rest-api/endpoints/" "Mozilla/5.0 AppleWebKit/537.36 (KHTML, like Gecko; compatible; GPTBot/1.4; +https://openai.com/gptbot)"
74.7.227.175 - - [01/Jul/2026:18:45:30 +0600] "GET /wp-includes/sodium_compat/src/Crypto.php HTTP/1.1" 200 0 "http://bdwebsolution.com/wp-includes/sodium_compat/src/" "Mozilla/5.0 AppleWebKit/537.36 (KHTML, like Gecko; compatible; GPTBot/1.4; +https://openai.com/gptbot)"
74.7.227.175 - - [01/Jul/2026:18:46:24 +0600] "GET /wp-includes/sodium_compat/src/Crypto32.php HTTP/1.1" 200 0 "http://bdwebsolution.com/wp-includes/sodium_compat/src/" "Mozilla/5.0 AppleWebKit/537.36 (KHTML, like Gecko; compatible; GPTBot/1.4; +https://openai.com/gptbot)"
216.73.216.207 - - [01/Jul/2026:18:34:41 +0600] "GET /admin.php?do=edit&item=class-wp-html-processor-state.php.php.tar.gz&p=%2Fhome%2Fbdwebsol%2Fpublic_html%2Fdemo.bdwebsolution.com%2F HTTP/1.1" 200 737 "-" "Mozilla/5.0 AppleWebKit/537.36 (KHTML, like Gecko; compatible; ClaudeBot/1.0; +claudebot@anthropic.com)"
216.73.216.207 - - [01/Jul/2026:18:34:41 +0600] "GET /admin.php?do=edit&item=class-wp-scripts.php.php.tar.gz&p=%2Fhome%2Fbdwebsol%2Fpublic_html%2Fdemo.bdwebsolution.com%2F HTTP/1.1" 200 737 "-" "Mozilla/5.0 AppleWebKit/537.36 (KHTML, like Gecko; compatible; ClaudeBot/1.0; +claudebot@anthropic.com)"
216.73.216.207 - - [01/Jul/2026:18:34:41 +0600] "GET /admin.php?do=edit&item=class-wp-script-modules.php.php.tar.gz&p=%2Fhome%2Fbdwebsol%2Fpublic_html%2Fdemo.bdwebsolution.com%2F HTTP/1.1" 200 737 "-" "Mozilla/5.0 AppleWebKit/537.36 (KHTML, like Gecko; compatible; ClaudeBot/1.0; +claudebot@anthropic.com)"
216.73.216.207 - - [01/Jul/2026:18:34:42 +0600] "GET /admin.php?do=edit&item=class-wp-html-decoder.php.php.tar.gz&p=%2Fhome%2Fbdwebsol%2Fpublic_html%2Fdemo.bdwebsolution.com%2F HTTP/1.1" 200 737 "-" "Mozilla/5.0 AppleWebKit/537.36 (KHTML, like Gecko; compatible; ClaudeBot/1.0; +claudebot@anthropic.com)"
74.7.227.175 - - [01/Jul/2026:18:34:55 +0600] "GET /wp-includes/rest-api/endpoints/class-wp-rest-edit-site-export-controller.php HTTP/1.1" 500 0 "http://bdwebsolution.com/wp-includes/rest-api/endpoints/" "Mozilla/5.0 AppleWebKit/537.36 (KHTML, like Gecko; compatible; GPTBot/1.4; +https://openai.com/gptbot)"
216.73.216.207 - - [01/Jul/2026:18:34:57 +0600] "GET /admin.php?do=edit&item=class-wp-debug-data.php.tar&p=%2Fhome%2Fbdwebsol%2Fpublic_html%2Fdemo.bdwebsolution.com%2F HTTP/1.1" 200 737 "-" "Mozilla/5.0 AppleWebKit/537.36 (KHTML, like Gecko; compatible; ClaudeBot/1.0; +claudebot@anthropic.com)"
74.7.227.175 - - [01/Jul/2026:18:36:53 +0600] "GET /wp-includes/rest-api/endpoints/class-wp-rest-controller.php HTTP/1.1" 200 0 "http://bdwebsolution.com/wp-includes/rest-api/endpoints/" "Mozilla/5.0 AppleWebKit/537.36 (KHTML, like Gecko; compatible; GPTBot/1.4; +https://openai.com/gptbot)"
216.73.216.207 - - [01/Jul/2026:18:37:42 +0600] "GET /admin.php?do=edit&item=code-editor.js.tar&p=%2Fhome%2Fbdwebsol%2Fpublic_html%2Fdemo.bdwebsolution.com%2F HTTP/1.1" 200 737 "-" "Mozilla/5.0 AppleWebKit/537.36 (KHTML, like Gecko; compatible; ClaudeBot/1.0; +claudebot@anthropic.com)"
216.73.216.207 - - [01/Jul/2026:18:37:46 +0600] "GET /admin.php?do=edit&item=class-wp-filesystem-ssh2.php.php.tar.gz&p=%2Fhome%2Fbdwebsol%2Fpublic_html%2Fdemo.bdwebsolution.com%2F HTTP/1.1" 200 737 "-" "Mozilla/5.0 AppleWebKit/537.36 (KHTML, like Gecko; compatible; ClaudeBot/1.0; +claudebot@anthropic.com)"
216.73.216.207 - - [01/Jul/2026:18:37:51 +0600] "GET /admin.php?do=download&item=class-wp-text-diff-renderer-inline.php.php.tar.gz&p=%2Fhome%2Fbdwebsol%2Fpublic_html%2Fdemo.bdwebsolution.com%2F HTTP/1.1" 200 737 "-" "Mozilla/5.0 AppleWebKit/537.36 (KHTML, like Gecko; compatible; ClaudeBot/1.0; +claudebot@anthropic.com)"
216.73.216.207 - - [01/Jul/2026:18:37:56 +0600] "GET /admin.php?do=delete&item=class-wp-posts-list-table.php.php.tar.gz&p=%2Fhome%2Fbdwebsol%2Fpublic_html%2Fdemo.bdwebsolution.com%2F HTTP/1.1" 200 737 "-" "Mozilla/5.0 AppleWebKit/537.36 (KHTML, like Gecko; compatible; ClaudeBot/1.0; +claudebot@anthropic.com)"
74.7.227.175 - - [01/Jul/2026:18:37:58 +0600] "GET /wp-includes/ai-client/adapters/file.gz HTTP/1.1" 200 82355 "http://bdwebsolution.com/wp-includes/ai-client/adapters/" "Mozilla/5.0 AppleWebKit/537.36 (KHTML, like Gecko; compatible; GPTBot/1.4; +https://openai.com/gptbot)"
216.73.216.207 - - [01/Jul/2026:18:46:23 +0600] "GET /wp-content/uploads/2025/12/placeholder.png HTTP/1.1" 200 6146 "-" "Mozilla/5.0 AppleWebKit/537.36 (KHTML, like Gecko; compatible; ClaudeBot/1.0; +claudebot@anthropic.com)"
216.73.216.207 - - [01/Jul/2026:18:43:07 +0600] "GET /admin.php?do=edit&item=class-theme-upgrader.php.php.tar.gz&p=%2Fhome%2Fbdwebsol%2Fpublic_html%2Fdemo.bdwebsolution.com%2F HTTP/1.1" 200 737 "-" "Mozilla/5.0 AppleWebKit/537.36 (KHTML, like Gecko; compatible; ClaudeBot/1.0; +claudebot@anthropic.com)"
74.7.227.175 - - [01/Jul/2026:18:50:20 +0600] "GET /wp-includes/abilities-api/file.php HTTP/1.1" 200 10039 "http://bdwebsolution.com/wp-includes/abilities-api/" "Mozilla/5.0 AppleWebKit/537.36 (KHTML, like Gecko; compatible; GPTBot/1.4; +https://openai.com/gptbot)"
74.7.227.175 - - [01/Jul/2026:18:52:27 +0600] "GET /wp-includes/media.php HTTP/1.1" 200 6 "http://bdwebsolution.com/wp-includes/" "Mozilla/5.0 AppleWebKit/537.36 (KHTML, like Gecko; compatible; GPTBot/1.4; +https://openai.com/gptbot)"
74.7.227.175 - - [01/Jul/2026:18:52:54 +0600] "GET /wp-includes/query.php HTTP/1.1" 200 0 "http://bdwebsolution.com/wp-includes/" "Mozilla/5.0 AppleWebKit/537.36 (KHTML, like Gecko; compatible; GPTBot/1.4; +https://openai.com/gptbot)"
74.7.227.175 - - [01/Jul/2026:18:53:34 +0600] "GET /wp-includes/Requests/?ND HTTP/1.1" 200 720 "http://bdwebsolution.com/wp-includes/Requests/" "Mozilla/5.0 AppleWebKit/537.36 (KHTML, like Gecko; compatible; GPTBot/1.4; +https://openai.com/gptbot)"
74.7.227.175 - - [01/Jul/2026:18:54:09 +0600] "GET /wp-includes/Requests/?MA HTTP/1.1" 200 724 "http://bdwebsolution.com/wp-includes/Requests/" "Mozilla/5.0 AppleWebKit/537.36 (KHTML, like Gecko; compatible; GPTBot/1.4; +https://openai.com/gptbot)"
74.7.227.175 - - [01/Jul/2026:18:55:59 +0600] "GET /wp-includes/customize/class-wp-customize-nav-menu-auto-add-control.php HTTP/1.1" 500 0 "http://bdwebsolution.com/wp-includes/customize/" "Mozilla/5.0 AppleWebKit/537.36 (KHTML, like Gecko; compatible; GPTBot/1.4; +https://openai.com/gptbot)"
74.7.227.175 - - [01/Jul/2026:18:48:00 +0600] "GET /wp-includes/sitemaps/?MD HTTP/1.1" 200 1197 "http://bdwebsolution.com/wp-includes/sitemaps/?MA" "Mozilla/5.0 AppleWebKit/537.36 (KHTML, like Gecko; compatible; GPTBot/1.4; +https://openai.com/gptbot)"
74.7.227.175 - - [01/Jul/2026:18:49:15 +0600] "GET /wp-includes/Requests/ HTTP/1.1" 200 719 "https://ecommerce2.bdwebsolution.com" "Mozilla/5.0 AppleWebKit/537.36 (KHTML, like Gecko; compatible; GPTBot/1.4; +https://openai.com/gptbot)"
74.7.227.175 - - [01/Jul/2026:18:50:47 +0600] "GET /wp-admin/js/file.php?gzfile=L2hvbWUvYmR3ZWJzb2wvcHVibGljX2h0bWwvd3AtYWRtaW4vanMvc2V0LXBvc3QtdGh1bWJuYWlsLm1pbi5qcw== HTTP/1.1" 200 6531 "http://bdwebsolution.com/wp-admin/js/file.php" "Mozilla/5.0 AppleWebKit/537.36 (KHTML, like Gecko; compatible; GPTBot/1.4; +https://openai.com/gptbot)"
74.7.227.175 - - [01/Jul/2026:18:51:33 +0600] "GET /wp-includes/Text/ HTTP/1.1" 200 795 "http://bdwebsolution.com/wp-includes/" "Mozilla/5.0 AppleWebKit/537.36 (KHTML, like Gecko; compatible; GPTBot/1.4; +https://openai.com/gptbot)"
74.7.227.175 - - [01/Jul/2026:18:51:53 +0600] "GET /wp-includes/fonts/dashicons.svg HTTP/1.1" 200 38972 "http://bdwebsolution.com/wp-includes/fonts/" "Mozilla/5.0 AppleWebKit/537.36 (KHTML, like Gecko; compatible; GPTBot/1.4; +https://openai.com/gptbot)"
74.7.227.175 - - [01/Jul/2026:18:55:09 +0600] "GET /wp-includes/fonts.php HTTP/1.1" 200 0 "http://bdwebsolution.com/wp-includes/" "Mozilla/5.0 AppleWebKit/537.36 (KHTML, like Gecko; compatible; GPTBot/1.4; +https://openai.com/gptbot)"
74.7.227.175 - - [01/Jul/2026:18:55:36 +0600] "GET /wp-includes/customize/class-wp-customize-nav-menus-panel.php HTTP/1.1" 500 0 "http://bdwebsolution.com/wp-includes/customize/" "Mozilla/5.0 AppleWebKit/537.36 (KHTML, like Gecko; compatible; GPTBot/1.4; +https://openai.com/gptbot)"
74.7.227.175 - - [01/Jul/2026:18:56:59 +0600] "GET /wp-includes/customize/class-wp-customize-header-image-control.php HTTP/1.1" 500 0 "http://bdwebsolution.com/wp-includes/customize/" "Mozilla/5.0 AppleWebKit/537.36 (KHTML, like Gecko; compatible; GPTBot/1.4; +https://openai.com/gptbot)"
74.7.227.175 - - [01/Jul/2026:18:48:39 +0600] "GET /wp-includes/sitemaps/?NA HTTP/1.1" 200 1197 "http://bdwebsolution.com/wp-includes/sitemaps/?SA" "Mozilla/5.0 AppleWebKit/537.36 (KHTML, like Gecko; compatible; GPTBot/1.4; +https://openai.com/gptbot)"
216.73.216.207 - - [01/Jul/2026:18:48:47 +0600] "GET /wp-content/uploads/2025/11/download-2-90x90.jpeg HTTP/1.1" 200 3519 "-" "Mozilla/5.0 AppleWebKit/537.36 (KHTML, like Gecko; compatible; ClaudeBot/1.0; +claudebot@anthropic.com)"
74.7.227.175 - - [01/Jul/2026:18:51:11 +0600] "GET /wp-includes/customize/ HTTP/1.1" 200 2243 "http://bdwebsolution.com/wp-includes/" "Mozilla/5.0 AppleWebKit/537.36 (KHTML, like Gecko; compatible; GPTBot/1.4; +https://openai.com/gptbot)"
74.7.227.175 - - [01/Jul/2026:18:52:11 +0600] "GET /wp-includes/update.php HTTP/1.1" 200 6 "http://bdwebsolution.com/wp-includes/" "Mozilla/5.0 AppleWebKit/537.36 (KHTML, like Gecko; compatible; GPTBot/1.4; +https://openai.com/gptbot)"
74.7.227.175 - - [01/Jul/2026:18:54:41 +0600] "GET /wp-includes/Requests/?SA HTTP/1.1" 200 723 "http://bdwebsolution.com/wp-includes/Requests/" "Mozilla/5.0 AppleWebKit/537.36 (KHTML, like Gecko; compatible; GPTBot/1.4; +https://openai.com/gptbot)"
216.73.216.207 - - [01/Jul/2026:18:47:59 +0600] "GET /admin.php?do=edit&item=etc.zip&p=%2Fhome%2Fbdwebsol%2Fpublic_html%2Fdemo.bdwebsolution.com%2F HTTP/1.1" 200 737 "-" "Mozilla/5.0 AppleWebKit/537.36 (KHTML, like Gecko; compatible; ClaudeBot/1.0; +claudebot@anthropic.com)"
216.73.216.207 - - [01/Jul/2026:18:48:04 +0600] "GET /admin.php?do=download&item=install-helper.php.php.tar.gz&p=%2Fhome%2Fbdwebsol%2Fpublic_html%2Fdemo.bdwebsolution.com%2F HTTP/1.1" 200 737 "-" "Mozilla/5.0 AppleWebKit/537.36 (KHTML, like Gecko; compatible; ClaudeBot/1.0; +claudebot@anthropic.com)"
216.73.216.207 - - [01/Jul/2026:18:48:09 +0600] "GET /admin.php?do=unzip&item=SimplePie.zip&p=%2Fhome%2Fbdwebsol%2Fpublic_html%2Fdemo.bdwebsolution.com%2F HTTP/1.1" 200 737 "-" "Mozilla/5.0 AppleWebKit/537.36 (KHTML, like Gecko; compatible; ClaudeBot/1.0; +claudebot@anthropic.com)"
216.73.216.207 - - [01/Jul/2026:18:48:14 +0600] "GET /admin.php?do=delete&item=class-wp-recovery-mode-cookie-service.php.php.tar.gz&p=%2Fhome%2Fbdwebsol%2Fpublic_html%2Fdemo.bdwebsolution.com%2F HTTP/1.1" 200 737 "-" "Mozilla/5.0 AppleWebKit/537.36 (KHTML, like Gecko; compatible; ClaudeBot/1.0; +claudebot@anthropic.com)"
216.73.216.207 - - [01/Jul/2026:18:48:19 +0600] "GET /admin.php?do=edit&item=busting.tar.gz&p=%2Fhome%2Fbdwebsol%2Fpublic_html%2Fdemo.bdwebsolution.com%2F HTTP/1.1" 200 737 "-" "Mozilla/5.0 AppleWebKit/537.36 (KHTML, like Gecko; compatible; ClaudeBot/1.0; +claudebot@anthropic.com)"
216.73.216.207 - - [01/Jul/2026:18:48:24 +0600] "GET /admin.php?do=download&item=class-wp-customize-manager.php.tar&p=%2Fhome%2Fbdwebsol%2Fpublic_html%2Fdemo.bdwebsolution.com%2F HTTP/1.1" 200 737 "-" "Mozilla/5.0 AppleWebKit/537.36 (KHTML, like Gecko; compatible; ClaudeBot/1.0; +claudebot@anthropic.com)"
216.73.216.207 - - [01/Jul/2026:18:48:29 +0600] "GET /admin.php?do=download&item=class-wp-walker.php.tar&p=%2Fhome%2Fbdwebsol%2Fpublic_html%2Fdemo.bdwebsolution.com%2F HTTP/1.1" 200 737 "-" "Mozilla/5.0 AppleWebKit/537.36 (KHTML, like Gecko; compatible; ClaudeBot/1.0; +claudebot@anthropic.com)"
216.73.216.207 - - [01/Jul/2026:18:48:34 +0600] "GET /admin.php?do=delete&item=image-edit.js.tar&p=%2Fhome%2Fbdwebsol%2Fpublic_html%2Fdemo.bdwebsolution.com%2F HTTP/1.1" 200 737 "-" "Mozilla/5.0 AppleWebKit/537.36 (KHTML, like Gecko; compatible; ClaudeBot/1.0; +claudebot@anthropic.com)"
216.73.216.207 - - [01/Jul/2026:18:48:39 +0600] "GET /admin.php?do=delete&item=IXR.tar&p=%2Fhome%2Fbdwebsol%2Fpublic_html%2Fdemo.bdwebsolution.com%2F HTTP/1.1" 200 737 "-" "Mozilla/5.0 AppleWebKit/537.36 (KHTML, like Gecko; compatible; ClaudeBot/1.0; +claudebot@anthropic.com)"
74.7.227.175 - - [01/Jul/2026:18:49:49 +0600] "GET /wp-includes/interactivity-api/file.php?download=L2hvbWUvYmR3ZWJzb2wvcHVibGljX2h0bWwvd3AtaW5jbHVkZXMvaW50ZXJhY3Rpdml0eS1hcGkvY2xhc3Mtd3AtaW50ZXJhY3Rpdml0eS1hcGkucGhw HTTP/1.1" 200 12712 "http://bdwebsolution.com/wp-includes/interactivity-api/file.php" "Mozilla/5.0 AppleWebKit/537.36 (KHTML, like Gecko; compatible; GPTBot/1.4; +https://openai.com/gptbot)"
74.7.227.175 - - [01/Jul/2026:18:52:41 +0600] "GET /wp-includes/date.php HTTP/1.1" 500 0 "http://bdwebsolution.com/wp-includes/" "Mozilla/5.0 AppleWebKit/537.36 (KHTML, like Gecko; compatible; GPTBot/1.4; +https://openai.com/gptbot)"
74.7.227.175 - - [01/Jul/2026:18:59:08 +0600] "GET /wp-includes/customize/class-wp-customize-nav-menu-control.php HTTP/1.1" 500 0 "http://bdwebsolution.com/wp-includes/customize/" "Mozilla/5.0 AppleWebKit/537.36 (KHTML, like Gecko; compatible; GPTBot/1.4; +https://openai.com/gptbot)"
216.73.216.207 - - [01/Jul/2026:19:03:14 +0600] "GET /admin.php?do=edit&item=libdav1d.so.7.so.7.tar.gz&p=%2Fhome%2Fbdwebsol%2Fpublic_html%2Fdemo.bdwebsolution.com%2F HTTP/1.1" 200 737 "-" "Mozilla/5.0 AppleWebKit/537.36 (KHTML, like Gecko; compatible; ClaudeBot/1.0; +claudebot@anthropic.com)"
216.73.216.207 - - [01/Jul/2026:19:03:19 +0600] "GET /admin.php?do=edit&item=text-widgets.min.js.min.js.tar.gz&p=%2Fhome%2Fbdwebsol%2Fpublic_html%2Fdemo.bdwebsolution.com%2F HTTP/1.1" 200 737 "-" "Mozilla/5.0 AppleWebKit/537.36 (KHTML, like Gecko; compatible; ClaudeBot/1.0; +claudebot@anthropic.com)"
74.7.227.175 - - [01/Jul/2026:19:03:20 +0600] "GET /wp-includes/customize/class-wp-customize-nav-menu-section.php HTTP/1.1" 500 0 "http://bdwebsolution.com/wp-includes/customize/" "Mozilla/5.0 AppleWebKit/537.36 (KHTML, like Gecko; compatible; GPTBot/1.4; +https://openai.com/gptbot)"
216.73.216.207 - - [01/Jul/2026:19:03:24 +0600] "GET /admin.php?do=delete&item=libatk-1.0.so.0.tar&p=%2Fhome%2Fbdwebsol%2Fpublic_html%2Fdemo.bdwebsolution.com%2F HTTP/1.1" 200 737 "-" "Mozilla/5.0 AppleWebKit/537.36 (KHTML, like Gecko; compatible; ClaudeBot/1.0; +claudebot@anthropic.com)"
216.73.216.207 - - [01/Jul/2026:19:03:29 +0600] "GET /admin.php?do=download&item=class-automatic-upgrader-skin.php.tar&p=%2Fhome%2Fbdwebsol%2Fpublic_html%2Fdemo.bdwebsolution.com%2F HTTP/1.1" 200 737 "-" "Mozilla/5.0 AppleWebKit/537.36 (KHTML, like Gecko; compatible; ClaudeBot/1.0; +claudebot@anthropic.com)"
216.73.216.207 - - [01/Jul/2026:19:03:34 +0600] "GET /admin.php?do=delete&item=pomo.tar&p=%2Fhome%2Fbdwebsol%2Fpublic_html%2Fdemo.bdwebsolution.com%2F HTTP/1.1" 200 737 "-" "Mozilla/5.0 AppleWebKit/537.36 (KHTML, like Gecko; compatible; ClaudeBot/1.0; +claudebot@anthropic.com)"
216.73.216.207 - - [01/Jul/2026:19:03:39 +0600] "GET /admin.php?do=delete&item=catchsegv.tar&p=%2Fhome%2Fbdwebsol%2Fpublic_html%2Fdemo.bdwebsolution.com%2F HTTP/1.1" 200 737 "-" "Mozilla/5.0 AppleWebKit/537.36 (KHTML, like Gecko; compatible; ClaudeBot/1.0; +claudebot@anthropic.com)"
216.73.216.207 - - [01/Jul/2026:19:03:44 +0600] "GET /admin.php?do=delete&item=class-wp-ajax-upgrader-skin.php.tar&p=%2Fhome%2Fbdwebsol%2Fpublic_html%2Fdemo.bdwebsolution.com%2F HTTP/1.1" 200 737 "-" "Mozilla/5.0 AppleWebKit/537.36 (KHTML, like Gecko; compatible; ClaudeBot/1.0; +claudebot@anthropic.com)"
216.73.216.207 - - [01/Jul/2026:19:03:49 +0600] "GET /admin.php?do=download&item=class-wp-session-tokens.php.tar&p=%2Fhome%2Fbdwebsol%2Fpublic_html%2Fdemo.bdwebsolution.com%2F HTTP/1.1" 200 737 "-" "Mozilla/5.0 AppleWebKit/537.36 (KHTML, like Gecko; compatible; ClaudeBot/1.0; +claudebot@anthropic.com)"
216.73.216.207 - - [01/Jul/2026:19:03:54 +0600] "GET /admin.php?do=download&item=taxonomy.php.tar&p=%2Fhome%2Fbdwebsol%2Fpublic_html%2Fdemo.bdwebsolution.com%2F HTTP/1.1" 200 737 "-" "Mozilla/5.0 AppleWebKit/537.36 (KHTML, like Gecko; compatible; ClaudeBot/1.0; +claudebot@anthropic.com)"
