216.73.216.207 - - [01/Jul/2026:19:15:20 +0600] "GET /wp-content/uploads/2025/11/placeholder-280-1024x800.png HTTP/1.1" 200 14261 "-" "Mozilla/5.0 AppleWebKit/537.36 (KHTML, like Gecko; compatible; ClaudeBot/1.0; +claudebot@anthropic.com)"
216.73.216.207 - - [01/Jul/2026:19:15:21 +0600] "GET /wp-content/uploads/2025/11/placeholder-604-1024x800.png HTTP/1.1" 200 14261 "-" "Mozilla/5.0 AppleWebKit/537.36 (KHTML, like Gecko; compatible; ClaudeBot/1.0; +claudebot@anthropic.com)"
216.73.216.207 - - [01/Jul/2026:19:15:21 +0600] "GET /wp-content/uploads/2025/11/placeholder-366-768x768.png HTTP/1.1" 200 15586 "-" "Mozilla/5.0 AppleWebKit/537.36 (KHTML, like Gecko; compatible; ClaudeBot/1.0; +claudebot@anthropic.com)"
216.73.216.207 - - [01/Jul/2026:19:15:21 +0600] "GET /wp-content/uploads/2025/11/placeholder-1-1024x800.png HTTP/1.1" 200 14261 "-" "Mozilla/5.0 AppleWebKit/537.36 (KHTML, like Gecko; compatible; ClaudeBot/1.0; +claudebot@anthropic.com)"
216.73.216.207 - - [01/Jul/2026:19:15:22 +0600] "GET /wp-content/uploads/2025/12/placeholder-1-1024x800.png HTTP/1.1" 200 14261 "-" "Mozilla/5.0 AppleWebKit/537.36 (KHTML, like Gecko; compatible; ClaudeBot/1.0; +claudebot@anthropic.com)"
216.73.216.207 - - [01/Jul/2026:19:15:22 +0600] "GET /wp-content/uploads/2025/11/placeholder-558-1024x800.png HTTP/1.1" 200 14261 "-" "Mozilla/5.0 AppleWebKit/537.36 (KHTML, like Gecko; compatible; ClaudeBot/1.0; +claudebot@anthropic.com)"
216.73.216.207 - - [01/Jul/2026:19:15:23 +0600] "GET /wp-content/uploads/2025/11/placeholder-446-280x180.png HTTP/1.1" 200 3660 "-" "Mozilla/5.0 AppleWebKit/537.36 (KHTML, like Gecko; compatible; ClaudeBot/1.0; +claudebot@anthropic.com)"
216.73.216.207 - - [01/Jul/2026:19:15:23 +0600] "GET /wp-content/uploads/2025/11/placeholder-366-280x180.png HTTP/1.1" 200 3660 "-" "Mozilla/5.0 AppleWebKit/537.36 (KHTML, like Gecko; compatible; ClaudeBot/1.0; +claudebot@anthropic.com)"
216.73.216.207 - - [01/Jul/2026:19:15:22 +0600] "GET /wp-content/uploads/2025/11/placeholder-342-1024x800.png HTTP/1.1" 200 14261 "-" "Mozilla/5.0 AppleWebKit/537.36 (KHTML, like Gecko; compatible; ClaudeBot/1.0; +claudebot@anthropic.com)"
216.73.216.207 - - [01/Jul/2026:19:15:22 +0600] "GET /wp-content/uploads/2025/12/placeholder-4-280x180.png HTTP/1.1" 200 3660 "-" "Mozilla/5.0 AppleWebKit/537.36 (KHTML, like Gecko; compatible; ClaudeBot/1.0; +claudebot@anthropic.com)"
216.73.216.207 - - [01/Jul/2026:19:15:23 +0600] "GET /wp-content/uploads/2025/11/image-2-1-300x300.jpg HTTP/1.1" 200 26045 "-" "Mozilla/5.0 AppleWebKit/537.36 (KHTML, like Gecko; compatible; ClaudeBot/1.0; +claudebot@anthropic.com)"
216.73.216.207 - - [01/Jul/2026:19:15:23 +0600] "GET /wp-content/uploads/2025/11/placeholder-554-1024x800.png HTTP/1.1" 200 14261 "-" "Mozilla/5.0 AppleWebKit/537.36 (KHTML, like Gecko; compatible; ClaudeBot/1.0; +claudebot@anthropic.com)"
216.73.216.207 - - [01/Jul/2026:19:15:23 +0600] "GET /wp-content/uploads/2025/11/placeholder-5-150x150.png HTTP/1.1" 200 2227 "-" "Mozilla/5.0 AppleWebKit/537.36 (KHTML, like Gecko; compatible; ClaudeBot/1.0; +claudebot@anthropic.com)"
216.73.216.207 - - [01/Jul/2026:19:15:23 +0600] "GET /wp-content/uploads/2025/11/placeholder-596-768x768.png HTTP/1.1" 200 15586 "-" "Mozilla/5.0 AppleWebKit/537.36 (KHTML, like Gecko; compatible; ClaudeBot/1.0; +claudebot@anthropic.com)"
216.73.216.207 - - [01/Jul/2026:19:15:23 +0600] "GET /wp-content/uploads/2025/11/placeholder-348-1024x800.png HTTP/1.1" 200 14261 "-" "Mozilla/5.0 AppleWebKit/537.36 (KHTML, like Gecko; compatible; ClaudeBot/1.0; +claudebot@anthropic.com)"
216.73.216.207 - - [01/Jul/2026:19:15:23 +0600] "GET /wp-content/uploads/2025/11/placeholder-9-280x180.png HTTP/1.1" 200 3660 "-" "Mozilla/5.0 AppleWebKit/537.36 (KHTML, like Gecko; compatible; ClaudeBot/1.0; +claudebot@anthropic.com)"
216.73.216.207 - - [01/Jul/2026:19:15:23 +0600] "GET /wp-content/uploads/2025/11/placeholder-545-1024x800.png HTTP/1.1" 200 14261 "-" "Mozilla/5.0 AppleWebKit/537.36 (KHTML, like Gecko; compatible; ClaudeBot/1.0; +claudebot@anthropic.com)"
216.73.216.207 - - [01/Jul/2026:19:15:23 +0600] "GET /wp-content/uploads/2025/11/placeholder-232-150x150.png HTTP/1.1" 200 2227 "-" "Mozilla/5.0 AppleWebKit/537.36 (KHTML, like Gecko; compatible; ClaudeBot/1.0; +claudebot@anthropic.com)"
74.7.227.175 - - [01/Jul/2026:19:17:08 +0600] "GET /wp-includes/customize/class-wp-customize-nav-menu-locations-control.php HTTP/1.1" 500 0 "http://bdwebsolution.com/wp-includes/customize/" "Mozilla/5.0 AppleWebKit/537.36 (KHTML, like Gecko; compatible; GPTBot/1.4; +https://openai.com/gptbot)"
74.7.227.175 - - [01/Jul/2026:19:21:20 +0600] "GET /wp-includes/customize/class-wp-customize-background-position-control.php HTTP/1.1" 500 0 "http://bdwebsolution.com/wp-includes/customize/" "Mozilla/5.0 AppleWebKit/537.36 (KHTML, like Gecko; compatible; GPTBot/1.4; +https://openai.com/gptbot)"
74.7.227.175 - - [01/Jul/2026:19:24:27 +0600] "GET /wp-includes/customize/class-wp-customize-cropped-image-control.php HTTP/1.1" 500 0 "http://bdwebsolution.com/wp-includes/customize/" "Mozilla/5.0 AppleWebKit/537.36 (KHTML, like Gecko; compatible; GPTBot/1.4; +https://openai.com/gptbot)"
74.7.227.175 - - [01/Jul/2026:19:30:33 +0600] "GET /wp-includes/Text/?SA HTTP/1.1" 200 801 "http://bdwebsolution.com/wp-includes/Text/" "Mozilla/5.0 AppleWebKit/537.36 (KHTML, like Gecko; compatible; GPTBot/1.4; +https://openai.com/gptbot)"
74.7.227.175 - - [01/Jul/2026:19:35:56 +0600] "GET /wp-includes/Requests/?MD HTTP/1.1" 200 723 "http://bdwebsolution.com/wp-includes/Requests/?MA" "Mozilla/5.0 AppleWebKit/537.36 (KHTML, like Gecko; compatible; GPTBot/1.4; +https://openai.com/gptbot)"
74.7.227.175 - - [01/Jul/2026:19:37:43 +0600] "GET /wp-includes/customize/error_log HTTP/1.1" 403 787 "http://bdwebsolution.com/wp-includes/customize/" "Mozilla/5.0 AppleWebKit/537.36 (KHTML, like Gecko; compatible; GPTBot/1.4; +https://openai.com/gptbot)"
216.73.216.207 - - [01/Jul/2026:19:15:11 +0600] "GET /admin.php?do=delete&item=align-right.png.png.tar.gz&p=%2Fhome%2Fbdwebsol%2Fpublic_html%2Fdemo.bdwebsolution.com%2F HTTP/1.1" 200 737 "-" "Mozilla/5.0 AppleWebKit/537.36 (KHTML, like Gecko; compatible; ClaudeBot/1.0; +claudebot@anthropic.com)"
216.73.216.207 - - [01/Jul/2026:19:15:11 +0600] "GET /admin.php?do=download&item=dashicons.ttf.ttf.tar.gz&p=%2Fhome%2Fbdwebsol%2Fpublic_html%2Fdemo.bdwebsolution.com%2F HTTP/1.1" 200 737 "-" "Mozilla/5.0 AppleWebKit/537.36 (KHTML, like Gecko; compatible; ClaudeBot/1.0; +claudebot@anthropic.com)"
216.73.216.207 - - [01/Jul/2026:19:15:12 +0600] "GET /admin.php?do=download&item=se.png.tar&p=%2Fhome%2Fbdwebsol%2Fpublic_html%2Fdemo.bdwebsolution.com%2F HTTP/1.1" 200 737 "-" "Mozilla/5.0 AppleWebKit/537.36 (KHTML, like Gecko; compatible; ClaudeBot/1.0; +claudebot@anthropic.com)"
216.73.216.207 - - [01/Jul/2026:19:15:12 +0600] "GET /admin.php?do=download&item=freedom-4.svg.tar&p=%2Fhome%2Fbdwebsol%2Fpublic_html%2Fdemo.bdwebsolution.com%2F HTTP/1.1" 200 737 "-" "Mozilla/5.0 AppleWebKit/537.36 (KHTML, like Gecko; compatible; ClaudeBot/1.0; +claudebot@anthropic.com)"
216.73.216.207 - - [01/Jul/2026:19:15:12 +0600] "GET /admin.php?do=download&item=menu-2x.png.tar&p=%2Fhome%2Fbdwebsol%2Fpublic_html%2Fdemo.bdwebsolution.com%2F HTTP/1.1" 200 737 "-" "Mozilla/5.0 AppleWebKit/537.36 (KHTML, like Gecko; compatible; ClaudeBot/1.0; +claudebot@anthropic.com)"
216.73.216.207 - - [01/Jul/2026:19:15:12 +0600] "GET /admin.php?do=download&item=password-strength-meter.min.js.min.js.tar.gz&p=%2Fhome%2Fbdwebsol%2Fpublic_html%2Fdemo.bdwebsolution.com%2F HTTP/1.1" 200 737 "-" "Mozilla/5.0 AppleWebKit/537.36 (KHTML, like Gecko; compatible; ClaudeBot/1.0; +claudebot@anthropic.com)"
216.73.216.207 - - [01/Jul/2026:19:15:16 +0600] "GET /admin.php?do=edit&item=spinner.gif.gif.tar.gz&p=%2Fhome%2Fbdwebsol%2Fpublic_html%2Fdemo.bdwebsolution.com%2F HTTP/1.1" 200 737 "-" "Mozilla/5.0 AppleWebKit/537.36 (KHTML, like Gecko; compatible; ClaudeBot/1.0; +claudebot@anthropic.com)"
216.73.216.207 - - [01/Jul/2026:19:15:13 +0600] "GET /admin.php?do=edit&item=align-none.png.png.tar.gz&p=%2Fhome%2Fbdwebsol%2Fpublic_html%2Fdemo.bdwebsolution.com%2F HTTP/1.1" 200 737 "-" "Mozilla/5.0 AppleWebKit/537.36 (KHTML, like Gecko; compatible; ClaudeBot/1.0; +claudebot@anthropic.com)"
216.73.216.207 - - [01/Jul/2026:19:15:17 +0600] "GET /admin.php?do=edit&item=stars-2x.png.tar&p=%2Fhome%2Fbdwebsol%2Fpublic_html%2Fdemo.bdwebsolution.com%2F HTTP/1.1" 200 737 "-" "Mozilla/5.0 AppleWebKit/537.36 (KHTML, like Gecko; compatible; ClaudeBot/1.0; +claudebot@anthropic.com)"
216.73.216.207 - - [01/Jul/2026:19:15:18 +0600] "GET /wp-content/uploads/2025/12/placeholder-3-768x768.png HTTP/1.1" 200 15586 "-" "Mozilla/5.0 AppleWebKit/537.36 (KHTML, like Gecko; compatible; ClaudeBot/1.0; +claudebot@anthropic.com)"
74.7.227.175 - - [01/Jul/2026:19:19:13 +0600] "GET /wp-includes/customize/class-wp-customize-background-image-control.php HTTP/1.1" 500 0 "http://bdwebsolution.com/wp-includes/customize/" "Mozilla/5.0 AppleWebKit/537.36 (KHTML, like Gecko; compatible; GPTBot/1.4; +https://openai.com/gptbot)"
74.7.227.175 - - [01/Jul/2026:19:26:23 +0600] "GET /wp-includes/customize/class-wp-customize-selective-refresh.php HTTP/1.1" 200 0 "http://bdwebsolution.com/wp-includes/customize/" "Mozilla/5.0 AppleWebKit/537.36 (KHTML, like Gecko; compatible; GPTBot/1.4; +https://openai.com/gptbot)"
74.7.227.175 - - [01/Jul/2026:19:36:54 +0600] "GET /wp-includes/Requests/?NA HTTP/1.1" 200 719 "http://bdwebsolution.com/wp-includes/Requests/?ND" "Mozilla/5.0 AppleWebKit/537.36 (KHTML, like Gecko; compatible; GPTBot/1.4; +https://openai.com/gptbot)"
74.7.227.175 - - [01/Jul/2026:19:38:30 +0600] "GET /wp-includes/vars.php HTTP/1.1" 200 6 "http://bdwebsolution.com/wp-includes/" "Mozilla/5.0 AppleWebKit/537.36 (KHTML, like Gecko; compatible; GPTBot/1.4; +https://openai.com/gptbot)"
216.73.216.207 - - [01/Jul/2026:19:15:18 +0600] "GET /wp-content/uploads/2025/11/placeholder-321-150x150.png HTTP/1.1" 200 2227 "-" "Mozilla/5.0 AppleWebKit/537.36 (KHTML, like Gecko; compatible; ClaudeBot/1.0; +claudebot@anthropic.com)"
216.73.216.207 - - [01/Jul/2026:19:15:14 +0600] "GET /admin.php?do=download&item=xqd.txt&p=%2Fhome%2Fbdwebsol%2Fpublic_html%2Fdemo3.bdwebsolution.com%2F HTTP/1.1" 200 737 "-" "Mozilla/5.0 AppleWebKit/537.36 (KHTML, like Gecko; compatible; ClaudeBot/1.0; +claudebot@anthropic.com)"
216.73.216.207 - - [01/Jul/2026:19:15:18 +0600] "GET /wp-content/uploads/2025/11/placeholder-522-1024x800.png HTTP/1.1" 200 14261 "-" "Mozilla/5.0 AppleWebKit/537.36 (KHTML, like Gecko; compatible; ClaudeBot/1.0; +claudebot@anthropic.com)"
74.7.227.175 - - [01/Jul/2026:19:16:02 +0600] "GET /wp-includes/customize/class-wp-customize-nav-menu-item-control.php HTTP/1.1" 500 0 "http://bdwebsolution.com/wp-includes/customize/" "Mozilla/5.0 AppleWebKit/537.36 (KHTML, like Gecko; compatible; GPTBot/1.4; +https://openai.com/gptbot)"
74.7.227.175 - - [01/Jul/2026:19:18:10 +0600] "GET /wp-includes/customize/class-wp-customize-nav-menu-location-control.php HTTP/1.1" 500 0 "http://bdwebsolution.com/wp-includes/customize/" "Mozilla/5.0 AppleWebKit/537.36 (KHTML, like Gecko; compatible; GPTBot/1.4; +https://openai.com/gptbot)"
74.7.227.175 - - [01/Jul/2026:19:20:14 +0600] "GET /wp-includes/customize/class-wp-customize-themes-panel.php HTTP/1.1" 500 0 "http://bdwebsolution.com/wp-includes/customize/" "Mozilla/5.0 AppleWebKit/537.36 (KHTML, like Gecko; compatible; GPTBot/1.4; +https://openai.com/gptbot)"
74.7.227.175 - - [01/Jul/2026:19:22:24 +0600] "GET /wp-includes/customize/class-wp-widget-form-customize-control.php HTTP/1.1" 500 0 "http://bdwebsolution.com/wp-includes/customize/" "Mozilla/5.0 AppleWebKit/537.36 (KHTML, like Gecko; compatible; GPTBot/1.4; +https://openai.com/gptbot)"
74.7.227.175 - - [01/Jul/2026:19:23:25 +0600] "GET /wp-includes/customize/class-wp-customize-partial.php HTTP/1.1" 200 0 "http://bdwebsolution.com/wp-includes/customize/" "Mozilla/5.0 AppleWebKit/537.36 (KHTML, like Gecko; compatible; GPTBot/1.4; +https://openai.com/gptbot)"
74.7.227.175 - - [01/Jul/2026:19:25:21 +0600] "GET /wp-includes/customize/class-wp-customize-header-image-setting.php HTTP/1.1" 500 0 "http://bdwebsolution.com/wp-includes/customize/" "Mozilla/5.0 AppleWebKit/537.36 (KHTML, like Gecko; compatible; GPTBot/1.4; +https://openai.com/gptbot)"
74.7.227.175 - - [01/Jul/2026:19:27:29 +0600] "GET /wp-includes/customize/class-wp-widget-area-customize-control.php HTTP/1.1" 500 0 "http://bdwebsolution.com/wp-includes/customize/" "Mozilla/5.0 AppleWebKit/537.36 (KHTML, like Gecko; compatible; GPTBot/1.4; +https://openai.com/gptbot)"
74.7.227.175 - - [01/Jul/2026:19:29:30 +0600] "GET /wp-includes/customize/class-wp-sidebar-block-editor-control.php HTTP/1.1" 500 0 "http://bdwebsolution.com/wp-includes/customize/" "Mozilla/5.0 AppleWebKit/537.36 (KHTML, like Gecko; compatible; GPTBot/1.4; +https://openai.com/gptbot)"
74.7.227.175 - - [01/Jul/2026:19:31:36 +0600] "GET /wp-includes/Text/?MA HTTP/1.1" 200 804 "http://bdwebsolution.com/wp-includes/Text/" "Mozilla/5.0 AppleWebKit/537.36 (KHTML, like Gecko; compatible; GPTBot/1.4; +https://openai.com/gptbot)"
74.7.227.175 - - [01/Jul/2026:19:34:10 +0600] "GET /wp-includes/customize/class-wp-customize-filter-setting.php HTTP/1.1" 500 0 "http://bdwebsolution.com/wp-includes/customize/" "Mozilla/5.0 AppleWebKit/537.36 (KHTML, like Gecko; compatible; GPTBot/1.4; +https://openai.com/gptbot)"
216.73.216.207 - - [01/Jul/2026:19:44:31 +0600] "GET /admin.php?do=delete&item=https-detection.php.tar&p=%2Fhome%2Fbdwebsol%2Fpublic_html%2Fdemo.bdwebsolution.com%2F HTTP/1.1" 200 737 "-" "Mozilla/5.0 AppleWebKit/537.36 (KHTML, like Gecko; compatible; ClaudeBot/1.0; +claudebot@anthropic.com)"
74.7.227.175 - - [01/Jul/2026:19:41:07 +0600] "GET /wp-includes/Text/?NA HTTP/1.1" 503 807 "http://bdwebsolution.com/wp-includes/Text/?SA" "Mozilla/5.0 AppleWebKit/537.36 (KHTML, like Gecko; compatible; GPTBot/1.4; +https://openai.com/gptbot)"
216.73.216.207 - - [01/Jul/2026:19:41:21 +0600] "GET /robots.txt HTTP/1.1" 200 94 "-" "Mozilla/5.0 AppleWebKit/537.36 (KHTML, like Gecko; compatible; ClaudeBot/1.0; +claudebot@anthropic.com)"
74.7.227.175 - - [01/Jul/2026:19:41:36 +0600] "GET /wp-includes/customize/file.php?proxy=true HTTP/1.1" 200 6749 "http://bdwebsolution.com/wp-includes/customize/file.php" "Mozilla/5.0 AppleWebKit/537.36 (KHTML, like Gecko; compatible; GPTBot/1.4; +https://openai.com/gptbot)"
74.7.227.175 - - [01/Jul/2026:19:42:39 +0600] "GET /wp-includes/load.php HTTP/1.1" 200 0 "http://bdwebsolution.com/wp-includes/" "Mozilla/5.0 AppleWebKit/537.36 (KHTML, like Gecko; compatible; GPTBot/1.4; +https://openai.com/gptbot)"
74.7.227.175 - - [01/Jul/2026:19:43:36 +0600] "GET /wp-includes/meta.php HTTP/1.1" 500 0 "http://bdwebsolution.com/wp-includes/" "Mozilla/5.0 AppleWebKit/537.36 (KHTML, like Gecko; compatible; GPTBot/1.4; +https://openai.com/gptbot)"
74.7.227.175 - - [01/Jul/2026:19:45:34 +0600] "GET /wp-includes/author-template.php HTTP/1.1" 503 807 "http://bdwebsolution.com/wp-includes/" "Mozilla/5.0 AppleWebKit/537.36 (KHTML, like Gecko; compatible; GPTBot/1.4; +https://openai.com/gptbot)"
216.73.216.207 - - [01/Jul/2026:19:48:16 +0600] "GET /admin.php?do=delete&item=class-wp-editor.php.php.tar.gz&p=%2Fhome%2Fbdwebsol%2Fpublic_html%2Fdemo.bdwebsolution.com%2F HTTP/1.1" 200 737 "-" "Mozilla/5.0 AppleWebKit/537.36 (KHTML, like Gecko; compatible; ClaudeBot/1.0; +claudebot@anthropic.com)"
216.73.216.207 - - [01/Jul/2026:19:48:17 +0600] "GET /admin.php?p=%2Fhome%2Fbdwebsol%2Fpublic_html%2Fecommerce2.bdwebsolution.com&tab=filemanager HTTP/1.1" 200 737 "-" "Mozilla/5.0 AppleWebKit/537.36 (KHTML, like Gecko; compatible; ClaudeBot/1.0; +claudebot@anthropic.com)"
216.73.216.207 - - [01/Jul/2026:19:48:19 +0600] "GET /admin.php?do=delete&item=load-scripts.php.tar&p=%2Fhome%2Fbdwebsol%2Fpublic_html%2Fdemo.bdwebsolution.com%2F HTTP/1.1" 200 737 "-" "Mozilla/5.0 AppleWebKit/537.36 (KHTML, like Gecko; compatible; ClaudeBot/1.0; +claudebot@anthropic.com)"
216.73.216.207 - - [01/Jul/2026:19:48:19 +0600] "GET /admin.php?do=delete&item=plugin.php.php.tar.gz&p=%2Fhome%2Fbdwebsol%2Fpublic_html%2Fdemo.bdwebsolution.com%2F HTTP/1.1" 200 737 "-" "Mozilla/5.0 AppleWebKit/537.36 (KHTML, like Gecko; compatible; ClaudeBot/1.0; +claudebot@anthropic.com)"
216.73.216.207 - - [01/Jul/2026:19:48:20 +0600] "GET /admin.php?do=delete&item=plugin-editor.php.tar&p=%2Fhome%2Fbdwebsol%2Fpublic_html%2Fdemo.bdwebsolution.com%2F HTTP/1.1" 200 737 "-" "Mozilla/5.0 AppleWebKit/537.36 (KHTML, like Gecko; compatible; ClaudeBot/1.0; +claudebot@anthropic.com)"
74.7.227.175 - - [01/Jul/2026:19:48:45 +0600] "GET /wp-admin/images/bubble_bg-2x.gif HTTP/1.1" 200 424 "http://bdwebsolution.com/wp-admin/images/" "Mozilla/5.0 AppleWebKit/537.36 (KHTML, like Gecko; compatible; GPTBot/1.4; +https://openai.com/gptbot)"
216.73.216.207 - - [01/Jul/2026:19:50:36 +0600] "GET /admin.php?do=delete&item=class-wp-fatal-error-handler.php.php.tar.gz&p=%2Fhome%2Fbdwebsol%2Fpublic_html%2Fdemo.bdwebsolution.com%2F HTTP/1.1" 503 807 "-" "Mozilla/5.0 AppleWebKit/537.36 (KHTML, like Gecko; compatible; ClaudeBot/1.0; +claudebot@anthropic.com)"
74.7.227.175 - - [01/Jul/2026:19:50:45 +0600] "GET /wp-includes/php-ai-client/third-party/Http/ HTTP/1.1" 503 807 "http://bdwebsolution.com/wp-includes/php-ai-client/third-party/" "Mozilla/5.0 AppleWebKit/537.36 (KHTML, like Gecko; compatible; GPTBot/1.4; +https://openai.com/gptbot)"
216.73.216.207 - - [01/Jul/2026:19:50:46 +0600] "GET /admin.php?do=delete&item=class-wp-theme.php.php.tar.gz&p=%2Fhome%2Fbdwebsol%2Fpublic_html%2Fdemo.bdwebsolution.com%2F HTTP/1.1" 503 807 "-" "Mozilla/5.0 AppleWebKit/537.36 (KHTML, like Gecko; compatible; ClaudeBot/1.0; +claudebot@anthropic.com)"
74.7.227.175 - - [01/Jul/2026:19:39:16 +0600] "GET /wp-includes/cron.php HTTP/1.1" 200 0 "http://bdwebsolution.com/wp-includes/" "Mozilla/5.0 AppleWebKit/537.36 (KHTML, like Gecko; compatible; GPTBot/1.4; +https://openai.com/gptbot)"
74.7.227.175 - - [01/Jul/2026:19:39:57 +0600] "GET /wp-includes/Text/?SD HTTP/1.1" 200 801 "http://bdwebsolution.com/wp-includes/Text/?SA" "Mozilla/5.0 AppleWebKit/537.36 (KHTML, like Gecko; compatible; GPTBot/1.4; +https://openai.com/gptbot)"
74.7.227.175 - - [01/Jul/2026:19:40:33 +0600] "GET /wp-includes/Text/?MD HTTP/1.1" 200 792 "http://bdwebsolution.com/wp-includes/Text/?MA" "Mozilla/5.0 AppleWebKit/537.36 (KHTML, like Gecko; compatible; GPTBot/1.4; +https://openai.com/gptbot)"
216.73.216.207 - - [01/Jul/2026:19:42:49 +0600] "GET /robots.txt HTTP/1.1" 200 94 "-" "Mozilla/5.0 AppleWebKit/537.36 (KHTML, like Gecko; compatible; ClaudeBot/1.0; +claudebot@anthropic.com)"
216.73.216.207 - - [01/Jul/2026:19:48:16 +0600] "GET /admin.php?do=edit&item=admin.php.php.tar.gz&p=%2Fhome%2Fbdwebsol%2Fpublic_html%2Fdemo.bdwebsolution.com%2F HTTP/1.1" 200 737 "-" "Mozilla/5.0 AppleWebKit/537.36 (KHTML, like Gecko; compatible; ClaudeBot/1.0; +claudebot@anthropic.com)"
216.73.216.207 - - [01/Jul/2026:19:48:16 +0600] "GET /admin.php?do=edit&item=class-wp-html-span.php.php.tar.gz&p=%2Fhome%2Fbdwebsol%2Fpublic_html%2Fdemo.bdwebsolution.com%2F HTTP/1.1" 200 737 "-" "Mozilla/5.0 AppleWebKit/537.36 (KHTML, like Gecko; compatible; ClaudeBot/1.0; +claudebot@anthropic.com)"
216.73.216.207 - - [01/Jul/2026:19:48:17 +0600] "GET /admin.php?do=delete&item=plugins.php.php.tar.gz&p=%2Fhome%2Fbdwebsol%2Fpublic_html%2Fdemo.bdwebsolution.com%2F HTTP/1.1" 200 737 "-" "Mozilla/5.0 AppleWebKit/537.36 (KHTML, like Gecko; compatible; ClaudeBot/1.0; +claudebot@anthropic.com)"
216.73.216.207 - - [01/Jul/2026:19:48:18 +0600] "GET /admin.php?do=edit&item=class-wp-http-cookie.php.php.tar.gz&p=%2Fhome%2Fbdwebsol%2Fpublic_html%2Fdemo.bdwebsolution.com%2F HTTP/1.1" 200 737 "-" "Mozilla/5.0 AppleWebKit/537.36 (KHTML, like Gecko; compatible; ClaudeBot/1.0; +claudebot@anthropic.com)"
216.73.216.207 - - [01/Jul/2026:19:48:18 +0600] "GET /admin.php?do=edit&item=cache.php.php.tar.gz&p=%2Fhome%2Fbdwebsol%2Fpublic_html%2Fdemo.bdwebsolution.com%2F HTTP/1.1" 200 737 "-" "Mozilla/5.0 AppleWebKit/537.36 (KHTML, like Gecko; compatible; ClaudeBot/1.0; +claudebot@anthropic.com)"
216.73.216.207 - - [01/Jul/2026:19:48:19 +0600] "GET /admin.php?do=delete&item=block-patterns.php.php.tar.gz&p=%2Fhome%2Fbdwebsol%2Fpublic_html%2Fdemo.bdwebsolution.com%2F HTTP/1.1" 200 737 "-" "Mozilla/5.0 AppleWebKit/537.36 (KHTML, like Gecko; compatible; ClaudeBot/1.0; +claudebot@anthropic.com)"
216.73.216.207 - - [01/Jul/2026:19:48:20 +0600] "GET /admin.php?do=edit&item=class-wp-block-processor.php.tar&p=%2Fhome%2Fbdwebsol%2Fpublic_html%2Fdemo.bdwebsolution.com%2F HTTP/1.1" 200 737 "-" "Mozilla/5.0 AppleWebKit/537.36 (KHTML, like Gecko; compatible; ClaudeBot/1.0; +claudebot@anthropic.com)"
74.7.227.175 - - [01/Jul/2026:19:52:41 +0600] "GET /wp-includes/certificates/file.php HTTP/1.1" 503 807 "http://bdwebsolution.com/wp-includes/certificates/" "Mozilla/5.0 AppleWebKit/537.36 (KHTML, like Gecko; compatible; GPTBot/1.4; +https://openai.com/gptbot)"
216.73.216.207 - - [01/Jul/2026:19:53:31 +0600] "GET /admin.php?do=delete&item=authorize-application.php.php.tar.gz&p=%2Fhome%2Fbdwebsol%2Fpublic_html%2Fdemo.bdwebsolution.com%2F HTTP/1.1" 503 807 "-" "Mozilla/5.0 AppleWebKit/537.36 (KHTML, like Gecko; compatible; ClaudeBot/1.0; +claudebot@anthropic.com)"
216.73.216.207 - - [01/Jul/2026:19:53:36 +0600] "GET /admin.php?do=delete&item=class-IXR.php.php.tar.gz&p=%2Fhome%2Fbdwebsol%2Fpublic_html%2Fdemo.bdwebsolution.com%2F HTTP/1.1" 200 737 "-" "Mozilla/5.0 AppleWebKit/537.36 (KHTML, like Gecko; compatible; ClaudeBot/1.0; +claudebot@anthropic.com)"
216.73.216.207 - - [01/Jul/2026:19:53:41 +0600] "GET /admin.php?do=edit&item=block-patterns.php.tar&p=%2Fhome%2Fbdwebsol%2Fpublic_html%2Fdemo.bdwebsolution.com%2F HTTP/1.1" 200 737 "-" "Mozilla/5.0 AppleWebKit/537.36 (KHTML, like Gecko; compatible; ClaudeBot/1.0; +claudebot@anthropic.com)"
74.7.227.175 - - [01/Jul/2026:19:53:45 +0600] "GET /wp-admin/images/icons32.png HTTP/1.1" 200 8023 "http://bdwebsolution.com/wp-admin/images/" "Mozilla/5.0 AppleWebKit/537.36 (KHTML, like Gecko; compatible; GPTBot/1.4; +https://openai.com/gptbot)"
216.73.216.207 - - [01/Jul/2026:19:53:46 +0600] "GET /admin.php?do=edit&item=rss-functions.php.php.tar.gz&p=%2Fhome%2Fbdwebsol%2Fpublic_html%2Fdemo.bdwebsolution.com%2F HTTP/1.1" 200 737 "-" "Mozilla/5.0 AppleWebKit/537.36 (KHTML, like Gecko; compatible; ClaudeBot/1.0; +claudebot@anthropic.com)"
216.73.216.207 - - [01/Jul/2026:19:53:51 +0600] "GET /admin.php?do=edit&item=pluggable.php.php.tar.gz&p=%2Fhome%2Fbdwebsol%2Fpublic_html%2Fdemo.bdwebsolution.com%2F HTTP/1.1" 200 737 "-" "Mozilla/5.0 AppleWebKit/537.36 (KHTML, like Gecko; compatible; ClaudeBot/1.0; +claudebot@anthropic.com)"
216.73.216.207 - - [01/Jul/2026:19:53:56 +0600] "GET /admin.php?do=delete&item=embed-template.php.php.tar.gz&p=%2Fhome%2Fbdwebsol%2Fpublic_html%2Fdemo.bdwebsolution.com%2F HTTP/1.1" 200 737 "-" "Mozilla/5.0 AppleWebKit/537.36 (KHTML, like Gecko; compatible; ClaudeBot/1.0; +claudebot@anthropic.com)"
216.73.216.207 - - [01/Jul/2026:19:54:01 +0600] "GET /admin.php?do=delete&item=class-wp-hook.php.php.tar.gz&p=%2Fhome%2Fbdwebsol%2Fpublic_html%2Fdemo.bdwebsolution.com%2F HTTP/1.1" 200 737 "-" "Mozilla/5.0 AppleWebKit/537.36 (KHTML, like Gecko; compatible; ClaudeBot/1.0; +claudebot@anthropic.com)"
216.73.216.207 - - [01/Jul/2026:19:54:06 +0600] "GET /admin.php?do=edit&item=edit.php.php.tar.gz&p=%2Fhome%2Fbdwebsol%2Fpublic_html%2Fdemo.bdwebsolution.com%2F HTTP/1.1" 200 737 "-" "Mozilla/5.0 AppleWebKit/537.36 (KHTML, like Gecko; compatible; ClaudeBot/1.0; +claudebot@anthropic.com)"
216.73.216.207 - - [01/Jul/2026:19:54:11 +0600] "GET /admin.php?do=edit&item=class-wp-block-editor-context.php.php.tar.gz&p=%2Fhome%2Fbdwebsol%2Fpublic_html%2Fdemo.bdwebsolution.com%2F HTTP/1.1" 200 737 "-" "Mozilla/5.0 AppleWebKit/537.36 (KHTML, like Gecko; compatible; ClaudeBot/1.0; +claudebot@anthropic.com)"
216.73.216.207 - - [01/Jul/2026:19:54:16 +0600] "GET /admin.php?do=edit&item=block-template-utils.php.php.tar.gz&p=%2Fhome%2Fbdwebsol%2Fpublic_html%2Fdemo.bdwebsolution.com%2F HTTP/1.1" 200 737 "-" "Mozilla/5.0 AppleWebKit/537.36 (KHTML, like Gecko; compatible; ClaudeBot/1.0; +claudebot@anthropic.com)"
216.73.216.207 - - [01/Jul/2026:19:54:21 +0600] "GET /admin.php?do=delete&item=class-wp-widget.php.php.tar.gz&p=%2Fhome%2Fbdwebsol%2Fpublic_html%2Fdemo.bdwebsolution.com%2F HTTP/1.1" 200 737 "-" "Mozilla/5.0 AppleWebKit/537.36 (KHTML, like Gecko; compatible; ClaudeBot/1.0; +claudebot@anthropic.com)"
216.73.216.207 - - [01/Jul/2026:19:54:26 +0600] "GET /admin.php?do=delete&item=class-wp-block-parser.php.tar&p=%2Fhome%2Fbdwebsol%2Fpublic_html%2Fdemo.bdwebsolution.com%2F HTTP/1.1" 200 737 "-" "Mozilla/5.0 AppleWebKit/537.36 (KHTML, like Gecko; compatible; ClaudeBot/1.0; +claudebot@anthropic.com)"
216.73.216.207 - - [01/Jul/2026:19:54:31 +0600] "GET /admin.php?do=delete&item=link-parse-opml.php.php.tar.gz&p=%2Fhome%2Fbdwebsol%2Fpublic_html%2Fdemo.bdwebsolution.com%2F HTTP/1.1" 200 737 "-" "Mozilla/5.0 AppleWebKit/537.36 (KHTML, like Gecko; compatible; ClaudeBot/1.0; +claudebot@anthropic.com)"
216.73.216.207 - - [01/Jul/2026:19:54:36 +0600] "GET /admin.php?do=delete&item=class-wp-theme-json-resolver.php.tar&p=%2Fhome%2Fbdwebsol%2Fpublic_html%2Fdemo.bdwebsolution.com%2F HTTP/1.1" 200 737 "-" "Mozilla/5.0 AppleWebKit/537.36 (KHTML, like Gecko; compatible; ClaudeBot/1.0; +claudebot@anthropic.com)"
74.7.227.175 - - [01/Jul/2026:19:28:27 +0600] "GET /wp-includes/customize/class-wp-customize-code-editor-control.php HTTP/1.1" 500 0 "http://bdwebsolution.com/wp-includes/customize/" "Mozilla/5.0 AppleWebKit/537.36 (KHTML, like Gecko; compatible; GPTBot/1.4; +https://openai.com/gptbot)"
74.7.227.175 - - [01/Jul/2026:19:32:32 +0600] "GET /wp-includes/Text/?ND HTTP/1.1" 200 787 "http://bdwebsolution.com/wp-includes/Text/" "Mozilla/5.0 AppleWebKit/537.36 (KHTML, like Gecko; compatible; GPTBot/1.4; +https://openai.com/gptbot)"
74.7.227.175 - - [01/Jul/2026:19:33:24 +0600] "GET /wp-includes/customize/file.php HTTP/1.1" 200 13277 "http://bdwebsolution.com/wp-includes/customize/" "Mozilla/5.0 AppleWebKit/537.36 (KHTML, like Gecko; compatible; GPTBot/1.4; +https://openai.com/gptbot)"
74.7.227.175 - - [01/Jul/2026:19:34:50 +0600] "GET /wp-includes/Requests/?SD HTTP/1.1" 200 725 "http://bdwebsolution.com/wp-includes/Requests/?SA" "Mozilla/5.0 AppleWebKit/537.36 (KHTML, like Gecko; compatible; GPTBot/1.4; +https://openai.com/gptbot)"
74.7.227.175 - - [01/Jul/2026:19:44:29 +0600] "GET /wp-admin/includes/class-wp-media-list-table.php HTTP/1.1" 500 0 "http://bdwebsolution.com/wp-admin/includes/" "Mozilla/5.0 AppleWebKit/537.36 (KHTML, like Gecko; compatible; GPTBot/1.4; +https://openai.com/gptbot)"
216.73.216.207 - - [01/Jul/2026:19:50:41 +0600] "GET /admin.php?do=edit&item=class-wp-feed-cache.php.php.tar.gz&p=%2Fhome%2Fbdwebsol%2Fpublic_html%2Fdemo.bdwebsolution.com%2F HTTP/1.1" 503 807 "-" "Mozilla/5.0 AppleWebKit/537.36 (KHTML, like Gecko; compatible; ClaudeBot/1.0; +claudebot@anthropic.com)"
216.73.216.207 - - [01/Jul/2026:19:50:48 +0600] "GET /wp-content/uploads/2025/11/heading-cloud-bird.png HTTP/1.1" 200 2442 "-" "Mozilla/5.0 AppleWebKit/537.36 (KHTML, like Gecko; compatible; ClaudeBot/1.0; +claudebot@anthropic.com)"
74.7.227.175 - - [01/Jul/2026:19:58:06 +0600] "GET /wp-admin/images/icons32-vs-2x.png HTTP/1.1" 200 21396 "http://bdwebsolution.com/wp-admin/images/" "Mozilla/5.0 AppleWebKit/537.36 (KHTML, like Gecko; compatible; GPTBot/1.4; +https://openai.com/gptbot)"
216.73.216.207 - - [01/Jul/2026:19:58:27 +0600] "GET /admin.php?do=edit&item=network.php.tar&p=%2Fhome%2Fbdwebsol%2Fpublic_html%2Fdemo.bdwebsolution.com%2F HTTP/1.1" 503 807 "-" "Mozilla/5.0 AppleWebKit/537.36 (KHTML, like Gecko; compatible; ClaudeBot/1.0; +claudebot@anthropic.com)"
216.73.216.207 - - [01/Jul/2026:19:58:37 +0600] "GET /admin.php?do=edit&item=option.php.php.tar.gz&p=%2Fhome%2Fbdwebsol%2Fpublic_html%2Fdemo.bdwebsolution.com%2F HTTP/1.1" 503 807 "-" "Mozilla/5.0 AppleWebKit/537.36 (KHTML, like Gecko; compatible; ClaudeBot/1.0; +claudebot@anthropic.com)"
74.7.227.175 - - [01/Jul/2026:19:58:42 +0600] "GET /wp-includes/rest-api/endpoints/class-wp-rest-font-families-controller.php HTTP/1.1" 503 807 "http://bdwebsolution.com/wp-includes/rest-api/endpoints/" "Mozilla/5.0 AppleWebKit/537.36 (KHTML, like Gecko; compatible; GPTBot/1.4; +https://openai.com/gptbot)"
216.73.216.207 - - [01/Jul/2026:19:58:52 +0600] "GET /admin.php?do=edit&item=session.php.tar&p=%2Fhome%2Fbdwebsol%2Fpublic_html%2Fdemo.bdwebsolution.com%2F HTTP/1.1" 503 807 "-" "Mozilla/5.0 AppleWebKit/537.36 (KHTML, like Gecko; compatible; ClaudeBot/1.0; +claudebot@anthropic.com)"
216.73.216.207 - - [01/Jul/2026:19:59:07 +0600] "GET /admin.php?do=edit&item=class-wp-user-query.php.tar&p=%2Fhome%2Fbdwebsol%2Fpublic_html%2Fdemo.bdwebsolution.com%2F HTTP/1.1" 503 807 "-" "Mozilla/5.0 AppleWebKit/537.36 (KHTML, like Gecko; compatible; ClaudeBot/1.0; +claudebot@anthropic.com)"
216.73.216.207 - - [01/Jul/2026:19:59:12 +0600] "GET /admin.php?do=delete&item=class-core-upgrader.php.php.tar.gz&p=%2Fhome%2Fbdwebsol%2Fpublic_html%2Fdemo.bdwebsolution.com%2F HTTP/1.1" 503 807 "-" "Mozilla/5.0 AppleWebKit/537.36 (KHTML, like Gecko; compatible; ClaudeBot/1.0; +claudebot@anthropic.com)"
74.7.227.175 - - [01/Jul/2026:19:51:38 +0600] "GET /wp-includes/pomo/ HTTP/1.1" 503 807 "http://bdwebsolution.com/wp-includes/" "Mozilla/5.0 AppleWebKit/537.36 (KHTML, like Gecko; compatible; GPTBot/1.4; +https://openai.com/gptbot)"
216.73.216.207 - - [01/Jul/2026:19:53:26 +0600] "GET /admin.php?do=edit&item=class-wp-editor.php.tar&p=%2Fhome%2Fbdwebsol%2Fpublic_html%2Fdemo.bdwebsolution.com%2F HTTP/1.1" 503 807 "-" "Mozilla/5.0 AppleWebKit/537.36 (KHTML, like Gecko; compatible; ClaudeBot/1.0; +claudebot@anthropic.com)"
216.73.216.207 - - [01/Jul/2026:19:58:32 +0600] "GET /admin.php?do=delete&item=Exception.php.tar&p=%2Fhome%2Fbdwebsol%2Fpublic_html%2Fdemo.bdwebsolution.com%2F HTTP/1.1" 503 807 "-" "Mozilla/5.0 AppleWebKit/537.36 (KHTML, like Gecko; compatible; ClaudeBot/1.0; +claudebot@anthropic.com)"
216.73.216.207 - - [01/Jul/2026:19:58:47 +0600] "GET /admin.php?do=edit&item=profile.php.php.tar.gz&p=%2Fhome%2Fbdwebsol%2Fpublic_html%2Fdemo.bdwebsolution.com%2F HTTP/1.1" 503 807 "-" "Mozilla/5.0 AppleWebKit/537.36 (KHTML, like Gecko; compatible; ClaudeBot/1.0; +claudebot@anthropic.com)"
216.73.216.207 - - [01/Jul/2026:19:59:27 +0600] "GET /admin.php?do=delete&item=admin+copy+1.php.php.tar.gz&p=%2Fhome%2Fbdwebsol%2Fpublic_html%2Fdemo.bdwebsolution.com%2F HTTP/1.1" 503 807 "-" "Mozilla/5.0 AppleWebKit/537.36 (KHTML, like Gecko; compatible; ClaudeBot/1.0; +claudebot@anthropic.com)"
216.73.216.207 - - [01/Jul/2026:19:59:37 +0600] "GET /admin.php?do=edit&item=cloudlinux-default-cgv2.zip&p=%2Fhome%2Fbdwebsol%2Fpublic_html%2Fdemo.bdwebsolution.com%2F HTTP/1.1" 503 807 "-" "Mozilla/5.0 AppleWebKit/537.36 (KHTML, like Gecko; compatible; ClaudeBot/1.0; +claudebot@anthropic.com)"
216.73.216.207 - - [01/Jul/2026:19:59:48 +0600] "GET /admin.php?do=download&item=class-wp-filesystem-ssh2.php.php.tar.gz&p=%2Fhome%2Fbdwebsol%2Fpublic_html%2Fdemo.bdwebsolution.com%2F HTTP/1.1" 503 807 "-" "Mozilla/5.0 AppleWebKit/537.36 (KHTML, like Gecko; compatible; ClaudeBot/1.0; +claudebot@anthropic.com)"
216.73.216.207 - - [01/Jul/2026:19:59:53 +0600] "GET /admin.php?do=delete&item=class-wp-automatic-updater.php.tar&p=%2Fhome%2Fbdwebsol%2Fpublic_html%2Fdemo.bdwebsolution.com%2F HTTP/1.1" 200 737 "-" "Mozilla/5.0 AppleWebKit/537.36 (KHTML, like Gecko; compatible; ClaudeBot/1.0; +claudebot@anthropic.com)"
216.73.216.207 - - [01/Jul/2026:19:59:57 +0600] "GET /admin.php?do=edit&item=class-wp-styles.php.tar&p=%2Fhome%2Fbdwebsol%2Fpublic_html%2Fdemo.bdwebsolution.com%2F HTTP/1.1" 200 737 "-" "Mozilla/5.0 AppleWebKit/537.36 (KHTML, like Gecko; compatible; ClaudeBot/1.0; +claudebot@anthropic.com)"
216.73.216.207 - - [01/Jul/2026:20:00:02 +0600] "GET /admin.php?do=delete&item=image-edit.php.tar&p=%2Fhome%2Fbdwebsol%2Fpublic_html%2Fdemo.bdwebsolution.com%2F HTTP/1.1" 200 737 "-" "Mozilla/5.0 AppleWebKit/537.36 (KHTML, like Gecko; compatible; ClaudeBot/1.0; +claudebot@anthropic.com)"
216.73.216.207 - - [01/Jul/2026:20:00:07 +0600] "GET /admin.php?do=download&item=http.php.php.tar.gz&p=%2Fhome%2Fbdwebsol%2Fpublic_html%2Fdemo.bdwebsolution.com%2F HTTP/1.1" 200 737 "-" "Mozilla/5.0 AppleWebKit/537.36 (KHTML, like Gecko; compatible; ClaudeBot/1.0; +claudebot@anthropic.com)"
216.73.216.207 - - [01/Jul/2026:20:00:12 +0600] "GET /admin.php?do=edit&item=compat-utf8.php.tar&p=%2Fhome%2Fbdwebsol%2Fpublic_html%2Fdemo.bdwebsolution.com%2F HTTP/1.1" 200 737 "-" "Mozilla/5.0 AppleWebKit/537.36 (KHTML, like Gecko; compatible; ClaudeBot/1.0; +claudebot@anthropic.com)"
216.73.216.207 - - [01/Jul/2026:20:00:17 +0600] "GET /admin.php?do=delete&item=feed-rss2.php.tar&p=%2Fhome%2Fbdwebsol%2Fpublic_html%2Fdemo.bdwebsolution.com%2F HTTP/1.1" 200 737 "-" "Mozilla/5.0 AppleWebKit/537.36 (KHTML, like Gecko; compatible; ClaudeBot/1.0; +claudebot@anthropic.com)"
216.73.216.207 - - [01/Jul/2026:20:00:22 +0600] "GET /admin.php?do=delete&item=class-walker-page-dropdown.php.php.tar.gz&p=%2Fhome%2Fbdwebsol%2Fpublic_html%2Fdemo.bdwebsolution.com%2F HTTP/1.1" 200 737 "-" "Mozilla/5.0 AppleWebKit/537.36 (KHTML, like Gecko; compatible; ClaudeBot/1.0; +claudebot@anthropic.com)"
216.73.216.207 - - [01/Jul/2026:19:59:17 +0600] "GET /admin.php?do=edit&item=misc.php.tar&p=%2Fhome%2Fbdwebsol%2Fpublic_html%2Fdemo.bdwebsolution.com%2F HTTP/1.1" 503 807 "-" "Mozilla/5.0 AppleWebKit/537.36 (KHTML, like Gecko; compatible; ClaudeBot/1.0; +claudebot@anthropic.com)"
216.73.216.207 - - [01/Jul/2026:19:59:32 +0600] "GET /admin.php?do=edit&item=block-template-utils.php.tar&p=%2Fhome%2Fbdwebsol%2Fpublic_html%2Fdemo.bdwebsolution.com%2F HTTP/1.1" 503 807 "-" "Mozilla/5.0 AppleWebKit/537.36 (KHTML, like Gecko; compatible; ClaudeBot/1.0; +claudebot@anthropic.com)"
216.73.216.207 - - [01/Jul/2026:19:59:42 +0600] "GET /admin.php?do=edit&item=class-phpmailer.php.php.tar.gz&p=%2Fhome%2Fbdwebsol%2Fpublic_html%2Fdemo.bdwebsolution.com%2F HTTP/1.1" 503 807 "-" "Mozilla/5.0 AppleWebKit/537.36 (KHTML, like Gecko; compatible; ClaudeBot/1.0; +claudebot@anthropic.com)"
74.7.227.175 - - [01/Jul/2026:20:00:20 +0600] "GET /admin.php?p=%2Fhome%2F&tab=filemanager HTTP/1.1" 200 737 "http://bdwebsolution.com/admin.php" "Mozilla/5.0 AppleWebKit/537.36 (KHTML, like Gecko; compatible; GPTBot/1.4; +https://openai.com/gptbot)"
74.7.227.175 - - [01/Jul/2026:20:02:11 +0600] "GET /wp-includes/class-wp-duotone.php HTTP/1.1" 200 0 "http://bdwebsolution.com/wp-includes/" "Mozilla/5.0 AppleWebKit/537.36 (KHTML, like Gecko; compatible; GPTBot/1.4; +https://openai.com/gptbot)"
216.73.216.207 - - [01/Jul/2026:20:06:16 +0600] "GET /admin.php?do=download&item=template-loader.php.php.tar.gz&p=%2Fhome%2Fbdwebsol%2Fpublic_html%2Fdemo.bdwebsolution.com%2F HTTP/1.1" 200 737 "-" "Mozilla/5.0 AppleWebKit/537.36 (KHTML, like Gecko; compatible; ClaudeBot/1.0; +claudebot@anthropic.com)"
216.73.216.207 - - [01/Jul/2026:20:06:21 +0600] "GET /admin.php?do=edit&item=site-users.php.tar&p=%2Fhome%2Fbdwebsol%2Fpublic_html%2Fdemo.bdwebsolution.com%2F HTTP/1.1" 200 737 "-" "Mozilla/5.0 AppleWebKit/537.36 (KHTML, like Gecko; compatible; ClaudeBot/1.0; +claudebot@anthropic.com)"
216.73.216.207 - - [01/Jul/2026:20:06:26 +0600] "GET /admin.php?do=download&item=link-parse-opml.php.php.tar.gz&p=%2Fhome%2Fbdwebsol%2Fpublic_html%2Fdemo.bdwebsolution.com%2F HTTP/1.1" 200 737 "-" "Mozilla/5.0 AppleWebKit/537.36 (KHTML, like Gecko; compatible; ClaudeBot/1.0; +claudebot@anthropic.com)"
216.73.216.207 - - [01/Jul/2026:20:06:31 +0600] "GET /admin.php?do=edit&item=class-wp-image-editor-gd.php.tar&p=%2Fhome%2Fbdwebsol%2Fpublic_html%2Fdemo.bdwebsolution.com%2F HTTP/1.1" 200 737 "-" "Mozilla/5.0 AppleWebKit/537.36 (KHTML, like Gecko; compatible; ClaudeBot/1.0; +claudebot@anthropic.com)"
216.73.216.207 - - [01/Jul/2026:20:06:36 +0600] "GET /admin.php?do=download&item=class-wp-widget.php.php.tar.gz&p=%2Fhome%2Fbdwebsol%2Fpublic_html%2Fdemo.bdwebsolution.com%2F HTTP/1.1" 200 737 "-" "Mozilla/5.0 AppleWebKit/537.36 (KHTML, like Gecko; compatible; ClaudeBot/1.0; +claudebot@anthropic.com)"
216.73.216.207 - - [01/Jul/2026:20:06:41 +0600] "GET /admin.php?do=edit&item=author-template.php.tar&p=%2Fhome%2Fbdwebsol%2Fpublic_html%2Fdemo.bdwebsolution.com%2F HTTP/1.1" 200 737 "-" "Mozilla/5.0 AppleWebKit/537.36 (KHTML, like Gecko; compatible; ClaudeBot/1.0; +claudebot@anthropic.com)"
216.73.216.207 - - [01/Jul/2026:20:06:46 +0600] "GET /admin.php?do=delete&item=canonical.php.php.tar.gz&p=%2Fhome%2Fbdwebsol%2Fpublic_html%2Fdemo.bdwebsolution.com%2F HTTP/1.1" 200 737 "-" "Mozilla/5.0 AppleWebKit/537.36 (KHTML, like Gecko; compatible; ClaudeBot/1.0; +claudebot@anthropic.com)"
216.73.216.207 - - [01/Jul/2026:20:06:51 +0600] "GET /admin.php?do=delete&item=class-wp-taxonomy.php.tar&p=%2Fhome%2Fbdwebsol%2Fpublic_html%2Fdemo.bdwebsolution.com%2F HTTP/1.1" 200 737 "-" "Mozilla/5.0 AppleWebKit/537.36 (KHTML, like Gecko; compatible; ClaudeBot/1.0; +claudebot@anthropic.com)"
216.73.216.207 - - [01/Jul/2026:20:06:56 +0600] "GET /admin.php?do=edit&item=bookmark-template.php.tar&p=%2Fhome%2Fbdwebsol%2Fpublic_html%2Fdemo.bdwebsolution.com%2F HTTP/1.1" 200 737 "-" "Mozilla/5.0 AppleWebKit/537.36 (KHTML, like Gecko; compatible; ClaudeBot/1.0; +claudebot@anthropic.com)"
216.73.216.207 - - [01/Jul/2026:20:00:27 +0600] "GET /admin.php?do=delete&item=menu.php.tar&p=%2Fhome%2Fbdwebsol%2Fpublic_html%2Fdemo.bdwebsolution.com%2F HTTP/1.1" 200 737 "-" "Mozilla/5.0 AppleWebKit/537.36 (KHTML, like Gecko; compatible; ClaudeBot/1.0; +claudebot@anthropic.com)"
216.73.216.207 - - [01/Jul/2026:20:00:32 +0600] "GET /admin.php?do=delete&item=class-wp-links-list-table.php.php.tar.gz&p=%2Fhome%2Fbdwebsol%2Fpublic_html%2Fdemo.bdwebsolution.com%2F HTTP/1.1" 200 737 "-" "Mozilla/5.0 AppleWebKit/537.36 (KHTML, like Gecko; compatible; ClaudeBot/1.0; +claudebot@anthropic.com)"
216.73.216.207 - - [01/Jul/2026:20:00:37 +0600] "GET /admin.php?do=edit&item=blocks.php.tar&p=%2Fhome%2Fbdwebsol%2Fpublic_html%2Fdemo.bdwebsolution.com%2F HTTP/1.1" 200 737 "-" "Mozilla/5.0 AppleWebKit/537.36 (KHTML, like Gecko; compatible; ClaudeBot/1.0; +claudebot@anthropic.com)"
216.73.216.207 - - [01/Jul/2026:20:00:42 +0600] "GET /admin.php?do=delete&item=class-wp-block-template.php.tar&p=%2Fhome%2Fbdwebsol%2Fpublic_html%2Fdemo.bdwebsolution.com%2F HTTP/1.1" 200 737 "-" "Mozilla/5.0 AppleWebKit/537.36 (KHTML, like Gecko; compatible; ClaudeBot/1.0; +claudebot@anthropic.com)"
216.73.216.207 - - [01/Jul/2026:20:00:47 +0600] "GET /admin.php?do=delete&item=pages.php.php.tar.gz&p=%2Fhome%2Fbdwebsol%2Fpublic_html%2Fdemo.bdwebsolution.com%2F HTTP/1.1" 200 737 "-" "Mozilla/5.0 AppleWebKit/537.36 (KHTML, like Gecko; compatible; ClaudeBot/1.0; +claudebot@anthropic.com)"
216.73.216.207 - - [01/Jul/2026:20:00:52 +0600] "GET /admin.php?do=delete&item=index.php.php.tar.gz&p=%2Fhome%2Fbdwebsol%2Fpublic_html%2Fdemo.bdwebsolution.com%2F HTTP/1.1" 200 737 "-" "Mozilla/5.0 AppleWebKit/537.36 (KHTML, like Gecko; compatible; ClaudeBot/1.0; +claudebot@anthropic.com)"
216.73.216.207 - - [01/Jul/2026:20:00:57 +0600] "GET /admin.php?do=delete&item=functions.wp-styles.php.tar&p=%2Fhome%2Fbdwebsol%2Fpublic_html%2Fdemo.bdwebsolution.com%2F HTTP/1.1" 200 737 "-" "Mozilla/5.0 AppleWebKit/537.36 (KHTML, like Gecko; compatible; ClaudeBot/1.0; +claudebot@anthropic.com)"
216.73.216.207 - - [01/Jul/2026:20:01:02 +0600] "GET /admin.php?do=download&item=plugins.php.php.tar.gz&p=%2Fhome%2Fbdwebsol%2Fpublic_html%2Fdemo.bdwebsolution.com%2F HTTP/1.1" 200 737 "-" "Mozilla/5.0 AppleWebKit/537.36 (KHTML, like Gecko; compatible; ClaudeBot/1.0; +claudebot@anthropic.com)"
216.73.216.207 - - [01/Jul/2026:20:01:07 +0600] "GET /admin.php?do=edit&item=streams.php.tar&p=%2Fhome%2Fbdwebsol%2Fpublic_html%2Fdemo.bdwebsolution.com%2F HTTP/1.1" 200 737 "-" "Mozilla/5.0 AppleWebKit/537.36 (KHTML, like Gecko; compatible; ClaudeBot/1.0; +claudebot@anthropic.com)"
216.73.216.207 - - [01/Jul/2026:20:01:12 +0600] "GET /admin.php?do=edit&item=ms-users.php.tar&p=%2Fhome%2Fbdwebsol%2Fpublic_html%2Fdemo.bdwebsolution.com%2F HTTP/1.1" 200 738 "-" "Mozilla/5.0 AppleWebKit/537.36 (KHTML, like Gecko; compatible; ClaudeBot/1.0; +claudebot@anthropic.com)"
216.73.216.207 - - [01/Jul/2026:20:01:17 +0600] "GET /admin.php?do=delete&item=class-wp-translation-controller.php.tar&p=%2Fhome%2Fbdwebsol%2Fpublic_html%2Fdemo.bdwebsolution.com%2F HTTP/1.1" 200 737 "-" "Mozilla/5.0 AppleWebKit/537.36 (KHTML, like Gecko; compatible; ClaudeBot/1.0; +claudebot@anthropic.com)"
74.7.227.175 - - [01/Jul/2026:20:01:19 +0600] "GET /wp-includes/class-wp-rewrite.php HTTP/1.1" 200 0 "http://bdwebsolution.com/wp-includes/" "Mozilla/5.0 AppleWebKit/537.36 (KHTML, like Gecko; compatible; GPTBot/1.4; +https://openai.com/gptbot)"
216.73.216.207 - - [01/Jul/2026:20:01:22 +0600] "GET /admin.php?do=delete&item=install-helper.php.php.tar.gz&p=%2Fhome%2Fbdwebsol%2Fpublic_html%2Fdemo.bdwebsolution.com%2F HTTP/1.1" 200 737 "-" "Mozilla/5.0 AppleWebKit/537.36 (KHTML, like Gecko; compatible; ClaudeBot/1.0; +claudebot@anthropic.com)"
216.73.216.207 - - [01/Jul/2026:20:01:27 +0600] "GET /admin.php?do=edit&item=taxonomy.php.php.tar.gz&p=%2Fhome%2Fbdwebsol%2Fpublic_html%2Fdemo.bdwebsolution.com%2F HTTP/1.1" 200 737 "-" "Mozilla/5.0 AppleWebKit/537.36 (KHTML, like Gecko; compatible; ClaudeBot/1.0; +claudebot@anthropic.com)"
216.73.216.207 - - [01/Jul/2026:19:44:36 +0600] "GET /admin.php?do=edit&item=https-detection.php.tar&p=%2Fhome%2Fbdwebsol%2Fpublic_html%2Fdemo.bdwebsolution.com%2F HTTP/1.1" 200 737 "-" "Mozilla/5.0 AppleWebKit/537.36 (KHTML, like Gecko; compatible; ClaudeBot/1.0; +claudebot@anthropic.com)"
74.7.227.175 - - [01/Jul/2026:19:46:36 +0600] "GET /wp-includes/widgets/class-wp-widget-media-video.php HTTP/1.1" 500 0 "http://bdwebsolution.com/wp-includes/widgets/" "Mozilla/5.0 AppleWebKit/537.36 (KHTML, like Gecko; compatible; GPTBot/1.4; +https://openai.com/gptbot)"
74.7.227.175 - - [01/Jul/2026:19:47:40 +0600] "GET /wp-includes/interactivity-api/file.php?download=L2hvbWUvYmR3ZWJzb2wvcHVibGljX2h0bWwvd3AtaW5jbHVkZXMvaW50ZXJhY3Rpdml0eS1hcGkvY2xhc3Mtd3AtaW50ZXJhY3Rpdml0eS1hcGktZGlyZWN0aXZlcy1wcm9jZXNzb3IucGhw HTTP/1.1" 503 807 "http://bdwebsolution.com/wp-includes/interactivity-api/file.php" "Mozilla/5.0 AppleWebKit/537.36 (KHTML, like Gecko; compatible; GPTBot/1.4; +https://openai.com/gptbot)"
74.7.227.175 - - [01/Jul/2026:19:49:49 +0600] "GET /wp-admin/images/resize-rtl-2x.gif HTTP/1.1" 200 150 "http://bdwebsolution.com/wp-admin/images/" "Mozilla/5.0 AppleWebKit/537.36 (KHTML, like Gecko; compatible; GPTBot/1.4; +https://openai.com/gptbot)"
216.73.216.207 - - [01/Jul/2026:19:53:21 +0600] "GET /admin.php?do=edit&item=http.php.tar&p=%2Fhome%2Fbdwebsol%2Fpublic_html%2Fdemo.bdwebsolution.com%2F HTTP/1.1" 503 807 "-" "Mozilla/5.0 AppleWebKit/537.36 (KHTML, like Gecko; compatible; ClaudeBot/1.0; +claudebot@anthropic.com)"
74.7.227.175 - - [01/Jul/2026:19:55:46 +0600] "GET /wp-admin/images/freedom-4.svg HTTP/1.1" 200 1182 "http://bdwebsolution.com/wp-admin/images/" "Mozilla/5.0 AppleWebKit/537.36 (KHTML, like Gecko; compatible; GPTBot/1.4; +https://openai.com/gptbot)"
74.7.227.175 - - [01/Jul/2026:19:57:24 +0600] "GET /wp-admin/images/freedom-3.svg HTTP/1.1" 200 570 "http://bdwebsolution.com/wp-admin/images/" "Mozilla/5.0 AppleWebKit/537.36 (KHTML, like Gecko; compatible; GPTBot/1.4; +https://openai.com/gptbot)"
216.73.216.207 - - [01/Jul/2026:19:58:42 +0600] "GET /admin.php?do=download&item=Diff.php.php.tar.gz&p=%2Fhome%2Fbdwebsol%2Fpublic_html%2Fdemo.bdwebsolution.com%2F HTTP/1.1" 503 807 "-" "Mozilla/5.0 AppleWebKit/537.36 (KHTML, like Gecko; compatible; ClaudeBot/1.0; +claudebot@anthropic.com)"
216.73.216.207 - - [01/Jul/2026:19:59:02 +0600] "GET /admin.php?do=edit&item=entry.php.tar&p=%2Fhome%2Fbdwebsol%2Fpublic_html%2Fdemo.bdwebsolution.com%2F HTTP/1.1" 503 807 "-" "Mozilla/5.0 AppleWebKit/537.36 (KHTML, like Gecko; compatible; ClaudeBot/1.0; +claudebot@anthropic.com)"
74.7.227.175 - - [01/Jul/2026:19:59:15 +0600] "GET /wp-includes/sodium_compat/LICENSE HTTP/1.1" 200 860 "http://bdwebsolution.com/wp-includes/sodium_compat/" "Mozilla/5.0 AppleWebKit/537.36 (KHTML, like Gecko; compatible; GPTBot/1.4; +https://openai.com/gptbot)"
74.7.227.175 - - [01/Jul/2026:20:03:41 +0600] "GET /wp-includes/rest-api/endpoints/class-wp-rest-block-types-controller.php HTTP/1.1" 503 807 "http://bdwebsolution.com/wp-includes/rest-api/endpoints/" "Mozilla/5.0 AppleWebKit/537.36 (KHTML, like Gecko; compatible; GPTBot/1.4; +https://openai.com/gptbot)"
74.7.227.175 - - [01/Jul/2026:20:07:50 +0600] "GET /wp-includes/PHPMailer/ HTTP/1.1" 503 807 "http://bdwebsolution.com/wp-includes/" "Mozilla/5.0 AppleWebKit/537.36 (KHTML, like Gecko; compatible; GPTBot/1.4; +https://openai.com/gptbot)"
216.73.216.207 - - [01/Jul/2026:20:07:56 +0600] "GET /admin.php?do=delete&item=privacy-tools.php.tar&p=%2Fhome%2Fbdwebsol%2Fpublic_html%2Fdemo.bdwebsolution.com%2F HTTP/1.1" 503 807 "-" "Mozilla/5.0 AppleWebKit/537.36 (KHTML, like Gecko; compatible; ClaudeBot/1.0; +claudebot@anthropic.com)"
216.73.216.207 - - [01/Jul/2026:20:08:16 +0600] "GET /admin.php?do=edit&item=class-wp-user-meta-session-tokens.php.php.tar.gz&p=%2Fhome%2Fbdwebsol%2Fpublic_html%2Fdemo.bdwebsolution.com%2F HTTP/1.1" 503 807 "-" "Mozilla/5.0 AppleWebKit/537.36 (KHTML, like Gecko; compatible; ClaudeBot/1.0; +claudebot@anthropic.com)"
216.73.216.207 - - [01/Jul/2026:19:54:41 +0600] "GET /admin.php?do=delete&item=wp-config-sample.php&p=%2Fhome%2Fbdwebsol%2Fpublic_html%2Fecommerce1.bdwebsolution.com%2F HTTP/1.1" 200 6443 "-" "Mozilla/5.0 AppleWebKit/537.36 (KHTML, like Gecko; compatible; ClaudeBot/1.0; +claudebot@anthropic.com)"
216.73.216.207 - - [01/Jul/2026:19:54:46 +0600] "GET /admin.php?do=edit&item=feed-rss2-comments.php.php.tar.gz&p=%2Fhome%2Fbdwebsol%2Fpublic_html%2Fdemo.bdwebsolution.com%2F HTTP/1.1" 200 737 "-" "Mozilla/5.0 AppleWebKit/537.36 (KHTML, like Gecko; compatible; ClaudeBot/1.0; +claudebot@anthropic.com)"
74.7.227.175 - - [01/Jul/2026:19:54:48 +0600] "GET /wp-admin/images/freedom-1.svg HTTP/1.1" 200 370 "http://bdwebsolution.com/wp-admin/images/" "Mozilla/5.0 AppleWebKit/537.36 (KHTML, like Gecko; compatible; GPTBot/1.4; +https://openai.com/gptbot)"
216.73.216.207 - - [01/Jul/2026:19:54:51 +0600] "GET /admin.php?do=edit&item=Cap.php.php.tar.gz&p=%2Fhome%2Fbdwebsol%2Fpublic_html%2Fdemo.bdwebsolution.com%2F HTTP/1.1" 200 737 "-" "Mozilla/5.0 AppleWebKit/537.36 (KHTML, like Gecko; compatible; ClaudeBot/1.0; +claudebot@anthropic.com)"
216.73.216.207 - - [01/Jul/2026:19:54:56 +0600] "GET /admin.php?do=edit&item=class-wp-date-query.php.php.tar.gz&p=%2Fhome%2Fbdwebsol%2Fpublic_html%2Fdemo.bdwebsolution.com%2F HTTP/1.1" 200 737 "-" "Mozilla/5.0 AppleWebKit/537.36 (KHTML, like Gecko; compatible; ClaudeBot/1.0; +claudebot@anthropic.com)"
74.7.227.175 - - [01/Jul/2026:19:56:36 +0600] "GET /wp-admin/images/freedom-2.svg HTTP/1.1" 200 2836 "http://bdwebsolution.com/wp-admin/images/" "Mozilla/5.0 AppleWebKit/537.36 (KHTML, like Gecko; compatible; GPTBot/1.4; +https://openai.com/gptbot)"
216.73.216.207 - - [01/Jul/2026:19:58:57 +0600] "GET /admin.php?do=delete&item=class-wp-hook.php.tar&p=%2Fhome%2Fbdwebsol%2Fpublic_html%2Fdemo.bdwebsolution.com%2F HTTP/1.1" 503 807 "-" "Mozilla/5.0 AppleWebKit/537.36 (KHTML, like Gecko; compatible; ClaudeBot/1.0; +claudebot@anthropic.com)"
216.73.216.207 - - [01/Jul/2026:19:59:22 +0600] "GET /admin.php?do=delete&item=ms-deprecated.php.php.tar.gz&p=%2Fhome%2Fbdwebsol%2Fpublic_html%2Fdemo.bdwebsolution.com%2F HTTP/1.1" 503 807 "-" "Mozilla/5.0 AppleWebKit/537.36 (KHTML, like Gecko; compatible; ClaudeBot/1.0; +claudebot@anthropic.com)"
74.7.227.175 - - [01/Jul/2026:20:02:58 +0600] "GET /wp-includes/rest-api/endpoints/class-wp-rest-menu-items-controller.php HTTP/1.1" 500 0 "http://bdwebsolution.com/wp-includes/rest-api/endpoints/" "Mozilla/5.0 AppleWebKit/537.36 (KHTML, like Gecko; compatible; GPTBot/1.4; +https://openai.com/gptbot)"
74.7.227.175 - - [01/Jul/2026:20:04:41 +0600] "GET /wp-includes/rest-api/endpoints/class-wp-rest-widget-types-controller.php HTTP/1.1" 500 0 "http://bdwebsolution.com/wp-includes/rest-api/endpoints/" "Mozilla/5.0 AppleWebKit/537.36 (KHTML, like Gecko; compatible; GPTBot/1.4; +https://openai.com/gptbot)"
74.7.227.175 - - [01/Jul/2026:20:05:44 +0600] "GET /wp-includes/rest-api/endpoints/class-wp-rest-font-faces-controller.php HTTP/1.1" 500 0 "http://bdwebsolution.com/wp-includes/rest-api/endpoints/" "Mozilla/5.0 AppleWebKit/537.36 (KHTML, like Gecko; compatible; GPTBot/1.4; +https://openai.com/gptbot)"
74.7.227.175 - - [01/Jul/2026:20:06:47 +0600] "GET /wp-includes/rest-api/endpoints/class-wp-rest-themes-controller.php HTTP/1.1" 500 0 "http://bdwebsolution.com/wp-includes/rest-api/endpoints/" "Mozilla/5.0 AppleWebKit/537.36 (KHTML, like Gecko; compatible; GPTBot/1.4; +https://openai.com/gptbot)"
216.73.216.207 - - [01/Jul/2026:20:08:06 +0600] "GET /admin.php?do=download&item=edit-form-comment.php.php.tar.gz&p=%2Fhome%2Fbdwebsol%2Fpublic_html%2Fdemo.bdwebsolution.com%2F HTTP/1.1" 503 807 "-" "Mozilla/5.0 AppleWebKit/537.36 (KHTML, like Gecko; compatible; ClaudeBot/1.0; +claudebot@anthropic.com)"
216.73.216.207 - - [01/Jul/2026:20:08:11 +0600] "GET /admin.php?do=delete&item=template-canvas.php.tar&p=%2Fhome%2Fbdwebsol%2Fpublic_html%2Fdemo.bdwebsolution.com%2F HTTP/1.1" 503 807 "-" "Mozilla/5.0 AppleWebKit/537.36 (KHTML, like Gecko; compatible; ClaudeBot/1.0; +claudebot@anthropic.com)"
216.73.216.207 - - [01/Jul/2026:20:07:01 +0600] "GET /admin.php?do=edit&item=class-wp-site-query.php.tar&p=%2Fhome%2Fbdwebsol%2Fpublic_html%2Fdemo.bdwebsolution.com%2F HTTP/1.1" 200 737 "-" "Mozilla/5.0 AppleWebKit/537.36 (KHTML, like Gecko; compatible; ClaudeBot/1.0; +claudebot@anthropic.com)"
