74.7.227.175 - - [02/Jul/2026:11:04:45 +0600] "GET /wp-admin/images/file.gz?img=L2hvbWUvYmR3ZWJzb2wvcHVibGljX2h0bWwvd3AtYWRtaW4vaW1hZ2VzL3N0YXJzLnBuZw== HTTP/1.1" 200 82355 "http://bdwebsolution.com/wp-admin/images/file.php" "Mozilla/5.0 AppleWebKit/537.36 (KHTML, like Gecko; compatible; GPTBot/1.4; +https://openai.com/gptbot)"
74.7.227.175 - - [02/Jul/2026:11:08:45 +0600] "GET /wp-admin/images/file.gz?img=L2hvbWUvYmR3ZWJzb2wvcHVibGljX2h0bWwvd3AtYWRtaW4vaW1hZ2VzL3ctbG9nby1ncmF5LnBuZw== HTTP/1.1" 200 82355 "http://bdwebsolution.com/wp-admin/images/file.php" "Mozilla/5.0 AppleWebKit/537.36 (KHTML, like Gecko; compatible; GPTBot/1.4; +https://openai.com/gptbot)"
74.7.227.175 - - [02/Jul/2026:11:12:24 +0600] "GET /wp-admin/js/admin%20copy%201.php?do=edit&item=iris.min.js&p=%2Fhome%2Fbdwebsol%2Fpublic_html%2Fwp-admin%2Fjs%2F HTTP/1.1" 503 807 "http://bdwebsolution.com/wp-admin/js/admin%20copy%201.php" "Mozilla/5.0 AppleWebKit/537.36 (KHTML, like Gecko; compatible; GPTBot/1.4; +https://openai.com/gptbot)"
216.73.216.195 - - [02/Jul/2026:11:04:46 +0600] "GET /actuator/env HTTP/1.1" 503 807 "-" "Mozilla/5.0 AppleWebKit/537.36 (KHTML, like Gecko; compatible; ClaudeBot/1.0; +claudebot@anthropic.com)"
74.7.227.175 - - [02/Jul/2026:11:05:45 +0600] "GET /wp-admin/js/admin%20copy%201.php?do=delete&item=updates.js&p=%2Fhome%2Fbdwebsol%2Fpublic_html%2Fwp-admin%2Fjs%2F HTTP/1.1" 503 807 "http://bdwebsolution.com/wp-admin/js/admin%20copy%201.php" "Mozilla/5.0 AppleWebKit/537.36 (KHTML, like Gecko; compatible; GPTBot/1.4; +https://openai.com/gptbot)"
74.7.227.175 - - [02/Jul/2026:11:11:37 +0600] "GET /wp-admin/js/admin%20copy%201.php?do=edit&item=auth-app.js&p=%2Fhome%2Fbdwebsol%2Fpublic_html%2Fwp-admin%2Fjs%2F HTTP/1.1" 503 807 "http://bdwebsolution.com/wp-admin/js/admin%20copy%201.php" "Mozilla/5.0 AppleWebKit/537.36 (KHTML, like Gecko; compatible; GPTBot/1.4; +https://openai.com/gptbot)"
74.7.227.175 - - [02/Jul/2026:11:09:49 +0600] "GET /wp-admin/images/file.gz?img=L2hvbWUvYmR3ZWJzb2wvcHVibGljX2h0bWwvd3AtYWRtaW4vaW1hZ2VzL2RhdGUtYnV0dG9uLTJ4LmdpZg== HTTP/1.1" 200 82355 "http://bdwebsolution.com/wp-admin/images/file.php" "Mozilla/5.0 AppleWebKit/537.36 (KHTML, like Gecko; compatible; GPTBot/1.4; +https://openai.com/gptbot)"
74.7.227.175 - - [02/Jul/2026:11:10:45 +0600] "GET /wp-admin/images/file.gz?img=L2hvbWUvYmR3ZWJzb2wvcHVibGljX2h0bWwvd3AtYWRtaW4vaW1hZ2VzL3Bvc3QtZm9ybWF0czMyLnBuZw== HTTP/1.1" 200 82355 "http://bdwebsolution.com/wp-admin/images/file.php" "Mozilla/5.0 AppleWebKit/537.36 (KHTML, like Gecko; compatible; GPTBot/1.4; +https://openai.com/gptbot)"
216.73.216.195 - - [02/Jul/2026:11:05:10 +0600] "GET /wp-content/plugins/elementskit-lite/widgets/init/assets/css/responsive.css HTTP/1.1" 503 807 "-" "Mozilla/5.0 AppleWebKit/537.36 (KHTML, like Gecko; compatible; ClaudeBot/1.0; +claudebot@anthropic.com)"
74.7.227.175 - - [02/Jul/2026:11:06:44 +0600] "GET /wp-admin/js/admin%20copy%201.php?do=delete&item=media-upload.js&p=%2Fhome%2Fbdwebsol%2Fpublic_html%2Fwp-admin%2Fjs%2F HTTP/1.1" 503 807 "http://bdwebsolution.com/wp-admin/js/admin%20copy%201.php" "Mozilla/5.0 AppleWebKit/537.36 (KHTML, like Gecko; compatible; GPTBot/1.4; +https://openai.com/gptbot)"
74.7.227.175 - - [02/Jul/2026:11:07:44 +0600] "GET /wp-admin/js/admin%20copy%201.php?do=delete&item=widgets&p=%2Fhome%2Fbdwebsol%2Fpublic_html%2Fwp-admin%2Fjs%2F HTTP/1.1" 503 807 "http://bdwebsolution.com/wp-admin/js/admin%20copy%201.php" "Mozilla/5.0 AppleWebKit/537.36 (KHTML, like Gecko; compatible; GPTBot/1.4; +https://openai.com/gptbot)"
74.7.227.175 - - [02/Jul/2026:11:20:47 +0600] "GET /wp-includes/images/icon-library/file.php?edit=post-categories.svg&fm=true&path=/home/bdwebsol/public_html/wp-includes/images/icon-library/ HTTP/1.1" 503 807 "http://bdwebsolution.com/wp-includes/images/icon-library/file.php" "Mozilla/5.0 AppleWebKit/537.36 (KHTML, like Gecko; compatible; GPTBot/1.4; +https://openai.com/gptbot)"
74.7.227.175 - - [02/Jul/2026:11:21:51 +0600] "GET /wp-admin/js/file.php?gzfile=L2hvbWUvYmR3ZWJzb2wvcHVibGljX2h0bWwvd3AtYWRtaW4vanMvZWRpdC1jb21tZW50cy5qcw== HTTP/1.1" 503 807 "http://bdwebsolution.com/wp-admin/js/file.php" "Mozilla/5.0 AppleWebKit/537.36 (KHTML, like Gecko; compatible; GPTBot/1.4; +https://openai.com/gptbot)"
74.7.227.175 - - [02/Jul/2026:11:22:57 +0600] "GET /wp-admin/js/file.php?gzfile=L2hvbWUvYmR3ZWJzb2wvcHVibGljX2h0bWwvd3AtYWRtaW4vanMvc2l0ZS1pY29uLm1pbi5qcw== HTTP/1.1" 503 807 "http://bdwebsolution.com/wp-admin/js/file.php" "Mozilla/5.0 AppleWebKit/537.36 (KHTML, like Gecko; compatible; GPTBot/1.4; +https://openai.com/gptbot)"
74.7.227.175 - - [02/Jul/2026:11:17:40 +0600] "GET /wp-admin/js/file.php?gzfile=L2hvbWUvYmR3ZWJzb2wvcHVibGljX2h0bWwvd3AtYWRtaW4vanMvbWVkaWEtZ2FsbGVyeS5taW4uanM= HTTP/1.1" 503 807 "http://bdwebsolution.com/wp-admin/js/file.php" "Mozilla/5.0 AppleWebKit/537.36 (KHTML, like Gecko; compatible; GPTBot/1.4; +https://openai.com/gptbot)"
74.7.227.175 - - [02/Jul/2026:11:19:47 +0600] "GET /wp-admin/maint/admin.php?p=%2Fhome%2Fbdwebsol%2Fpublic_html%2Fwp-admin&tab=filemanager HTTP/1.1" 503 807 "http://bdwebsolution.com/wp-admin/maint/admin.php" "Mozilla/5.0 AppleWebKit/537.36 (KHTML, like Gecko; compatible; GPTBot/1.4; +https://openai.com/gptbot)"
74.7.227.175 - - [02/Jul/2026:11:18:45 +0600] "GET /wp-includes/rest-api/endpoints/file.php?gzfile=L2hvbWUvYmR3ZWJzb2wvcHVibGljX2h0bWwvd3AtaW5jbHVkZXMvcmVzdC1hcGkvZW5kcG9pbnRzL2Vycm9yX2xvZw== HTTP/1.1" 503 807 "http://bdwebsolution.com/wp-includes/rest-api/endpoints/file.php" "Mozilla/5.0 AppleWebKit/537.36 (KHTML, like Gecko; compatible; GPTBot/1.4; +https://openai.com/gptbot)"
216.73.216.195 - - [02/Jul/2026:11:22:07 +0600] "GET /robots.txt HTTP/1.1" 200 94 "-" "Mozilla/5.0 AppleWebKit/537.36 (KHTML, like Gecko; compatible; ClaudeBot/1.0; +claudebot@anthropic.com)"
74.7.227.175 - - [02/Jul/2026:11:13:27 +0600] "GET /wp-admin/js/admin%20copy%201.php?do=edit&item=site-icon.min.js&p=%2Fhome%2Fbdwebsol%2Fpublic_html%2Fwp-admin%2Fjs%2F HTTP/1.1" 503 807 "http://bdwebsolution.com/wp-admin/js/admin%20copy%201.php" "Mozilla/5.0 AppleWebKit/537.36 (KHTML, like Gecko; compatible; GPTBot/1.4; +https://openai.com/gptbot)"
74.7.227.175 - - [02/Jul/2026:11:14:31 +0600] "GET /wp-admin/js/admin%20copy%201.php?do=edit&item=link.min.js&p=%2Fhome%2Fbdwebsol%2Fpublic_html%2Fwp-admin%2Fjs%2F HTTP/1.1" 503 807 "http://bdwebsolution.com/wp-admin/js/admin%20copy%201.php" "Mozilla/5.0 AppleWebKit/537.36 (KHTML, like Gecko; compatible; GPTBot/1.4; +https://openai.com/gptbot)"
74.7.227.175 - - [02/Jul/2026:11:15:33 +0600] "GET /wp-admin/js/admin%20copy%201.php?do=edit&item=auth-app.min.js&p=%2Fhome%2Fbdwebsol%2Fpublic_html%2Fwp-admin%2Fjs%2F HTTP/1.1" 503 807 "http://bdwebsolution.com/wp-admin/js/admin%20copy%201.php" "Mozilla/5.0 AppleWebKit/537.36 (KHTML, like Gecko; compatible; GPTBot/1.4; +https://openai.com/gptbot)"
74.7.227.175 - - [02/Jul/2026:11:16:38 +0600] "GET /admin.php?do=download&item=NO.gz&p=%2Fhome%2Fbdwebsol%2Fpublic_html%2F HTTP/1.1" 503 807 "http://bdwebsolution.com/admin.php" "Mozilla/5.0 AppleWebKit/537.36 (KHTML, like Gecko; compatible; GPTBot/1.4; +https://openai.com/gptbot)"
74.7.227.175 - - [02/Jul/2026:11:23:59 +0600] "GET /wp-includes/images/icon-library/file.php?gzfile=L2hvbWUvYmR3ZWJzb2wvcHVibGljX2h0bWwvd3AtaW5jbHVkZXMvaW1hZ2VzL2ljb24tbGlicmFyeS9wYWdlLWJyZWFrLnN2Zw== HTTP/1.1" 503 807 "http://bdwebsolution.com/wp-includes/images/icon-library/file.php" "Mozilla/5.0 AppleWebKit/537.36 (KHTML, like Gecko; compatible; GPTBot/1.4; +https://openai.com/gptbot)"
74.7.227.175 - - [02/Jul/2026:11:25:04 +0600] "GET /wp-includes/images/icon-library/file.php?edit=accordion-item.svg&fm=true&path=/home/bdwebsol/public_html/wp-includes/images/icon-library/ HTTP/1.1" 503 807 "http://bdwebsolution.com/wp-includes/images/icon-library/file.php" "Mozilla/5.0 AppleWebKit/537.36 (KHTML, like Gecko; compatible; GPTBot/1.4; +https://openai.com/gptbot)"
74.7.227.175 - - [02/Jul/2026:11:27:08 +0600] "GET /wp-admin/js/file.php?gzfile=L2hvbWUvYmR3ZWJzb2wvcHVibGljX2h0bWwvd3AtYWRtaW4vanMvZ2FsbGVyeS5taW4uanM= HTTP/1.1" 503 807 "http://bdwebsolution.com/wp-admin/js/file.php" "Mozilla/5.0 AppleWebKit/537.36 (KHTML, like Gecko; compatible; GPTBot/1.4; +https://openai.com/gptbot)"
74.7.227.175 - - [02/Jul/2026:11:28:10 +0600] "GET /wp-admin/js/file.php?gzfile=L2hvbWUvYmR3ZWJzb2wvcHVibGljX2h0bWwvd3AtYWRtaW4vanMvcG9zdGJveC5taW4uanM= HTTP/1.1" 503 807 "http://bdwebsolution.com/wp-admin/js/file.php" "Mozilla/5.0 AppleWebKit/537.36 (KHTML, like Gecko; compatible; GPTBot/1.4; +https://openai.com/gptbot)"
74.7.227.175 - - [02/Jul/2026:11:31:22 +0600] "GET /wp-includes/php-ai-client/third-party/file.php?zip=L2hvbWUvYmR3ZWJzb2wvcHVibGljX2h0bWwvd3AtaW5jbHVkZXMvcGhwLWFpLWNsaWVudC90aGlyZC1wYXJ0eS9OeWhvbG0= HTTP/1.1" 503 807 "http://bdwebsolution.com/wp-includes/php-ai-client/third-party/file.php" "Mozilla/5.0 AppleWebKit/537.36 (KHTML, like Gecko; compatible; GPTBot/1.4; +https://openai.com/gptbot)"
74.7.227.175 - - [02/Jul/2026:11:33:28 +0600] "GET /wp-includes/feed-rdf.php HTTP/1.1" 503 807 "http://bdwebsolution.com/wp-includes/" "Mozilla/5.0 AppleWebKit/537.36 (KHTML, like Gecko; compatible; GPTBot/1.4; +https://openai.com/gptbot)"
216.73.216.195 - - [02/Jul/2026:11:35:27 +0600] "GET /robots.txt HTTP/1.1" 200 94 "-" "Mozilla/5.0 AppleWebKit/537.36 (KHTML, like Gecko; compatible; ClaudeBot/1.0; +claudebot@anthropic.com)"
74.7.227.175 - - [02/Jul/2026:11:36:38 +0600] "GET /wp-admin/images/file.php?gzfile=L2hvbWUvYmR3ZWJzb2wvcHVibGljX2h0bWwvd3AtYWRtaW4vaW1hZ2VzL3hpdC0yeC5naWY= HTTP/1.1" 503 807 "http://bdwebsolution.com/wp-admin/images/file.php" "Mozilla/5.0 AppleWebKit/537.36 (KHTML, like Gecko; compatible; GPTBot/1.4; +https://openai.com/gptbot)"
74.7.227.175 - - [02/Jul/2026:11:29:14 +0600] "GET /wp-admin/js/file.php?gzfile=L2hvbWUvYmR3ZWJzb2wvcHVibGljX2h0bWwvd3AtYWRtaW4vanMvc3ZnLXBhaW50ZXIuanM= HTTP/1.1" 503 807 "http://bdwebsolution.com/wp-admin/js/file.php" "Mozilla/5.0 AppleWebKit/537.36 (KHTML, like Gecko; compatible; GPTBot/1.4; +https://openai.com/gptbot)"
74.7.227.175 - - [02/Jul/2026:11:32:23 +0600] "GET /wp-includes/php-ai-client/third-party/file.php?gz=L2hvbWUvYmR3ZWJzb2wvcHVibGljX2h0bWwvd3AtaW5jbHVkZXMvcGhwLWFpLWNsaWVudC90aGlyZC1wYXJ0eS9OeWhvbG0= HTTP/1.1" 503 807 "http://bdwebsolution.com/wp-includes/php-ai-client/third-party/file.php" "Mozilla/5.0 AppleWebKit/537.36 (KHTML, like Gecko; compatible; GPTBot/1.4; +https://openai.com/gptbot)"
74.7.227.175 - - [02/Jul/2026:11:26:04 +0600] "GET /wp-includes/images/icon-library/file.php?edit=tabs-menu-item.svg&fm=true&path=/home/bdwebsol/public_html/wp-includes/images/icon-library/ HTTP/1.1" 503 807 "http://bdwebsolution.com/wp-includes/images/icon-library/file.php" "Mozilla/5.0 AppleWebKit/537.36 (KHTML, like Gecko; compatible; GPTBot/1.4; +https://openai.com/gptbot)"
74.7.227.175 - - [02/Jul/2026:11:30:19 +0600] "GET /wp-admin/js/file.php?gzfile=L2hvbWUvYmR3ZWJzb2wvcHVibGljX2h0bWwvd3AtYWRtaW4vanMvc2l0ZS1oZWFsdGguanM= HTTP/1.1" 503 807 "http://bdwebsolution.com/wp-admin/js/file.php" "Mozilla/5.0 AppleWebKit/537.36 (KHTML, like Gecko; compatible; GPTBot/1.4; +https://openai.com/gptbot)"
74.7.227.175 - - [02/Jul/2026:11:34:29 +0600] "GET /wp-includes/feed-rss.php HTTP/1.1" 503 807 "http://bdwebsolution.com/wp-includes/" "Mozilla/5.0 AppleWebKit/537.36 (KHTML, like Gecko; compatible; GPTBot/1.4; +https://openai.com/gptbot)"
43.164.194.198 - - [02/Jul/2026:11:35:14 +0600] "GET / HTTP/1.1" 503 807 "-" "Mozilla/5.0 (iPhone; CPU iPhone OS 13_2_3 like Mac OS X) AppleWebKit/605.1.15 (KHTML, like Gecko) Version/13.0.3 Mobile/15E148 Safari/604.1"
216.73.216.195 - - [02/Jul/2026:11:35:47 +0600] "GET /wp-content/upgrade/ HTTP/1.1" 503 807 "-" "Mozilla/5.0 AppleWebKit/537.36 (KHTML, like Gecko; compatible; ClaudeBot/1.0; +claudebot@anthropic.com)"
74.7.227.175 - - [02/Jul/2026:11:37:42 +0600] "GET /wp-admin/js/file.php?gzfile=L2hvbWUvYmR3ZWJzb2wvcHVibGljX2h0bWwvd3AtYWRtaW4vanMvaW1hZ2UtZWRpdC5taW4uanM= HTTP/1.1" 503 807 "http://bdwebsolution.com/wp-admin/js/file.php" "Mozilla/5.0 AppleWebKit/537.36 (KHTML, like Gecko; compatible; GPTBot/1.4; +https://openai.com/gptbot)"
74.7.227.175 - - [02/Jul/2026:11:38:45 +0600] "GET /wp-admin/images/file.php?gzfile=L2hvbWUvYmR3ZWJzb2wvcHVibGljX2h0bWwvd3AtYWRtaW4vaW1hZ2VzL21hcmtlci5wbmc= HTTP/1.1" 503 807 "http://bdwebsolution.com/wp-admin/images/file.php" "Mozilla/5.0 AppleWebKit/537.36 (KHTML, like Gecko; compatible; GPTBot/1.4; +https://openai.com/gptbot)"
74.7.227.175 - - [02/Jul/2026:11:39:45 +0600] "GET /wp-includes/build/file.php?phpinfo=true HTTP/1.1" 503 807 "http://bdwebsolution.com/wp-includes/build/file.php" "Mozilla/5.0 AppleWebKit/537.36 (KHTML, like Gecko; compatible; GPTBot/1.4; +https://openai.com/gptbot)"
74.7.227.175 - - [02/Jul/2026:11:35:34 +0600] "GET /wp-admin/js/file.php?gzfile=L2hvbWUvYmR3ZWJzb2wvcHVibGljX2h0bWwvd3AtYWRtaW4vanMvdXBkYXRlcy5taW4uanM= HTTP/1.1" 503 807 "http://bdwebsolution.com/wp-admin/js/file.php" "Mozilla/5.0 AppleWebKit/537.36 (KHTML, like Gecko; compatible; GPTBot/1.4; +https://openai.com/gptbot)"
74.7.227.175 - - [02/Jul/2026:11:49:19 +0600] "GET /wp-admin/js/admin%20copy%201.php?do=edit&item=tags-suggest.js&p=%2Fhome%2Fbdwebsol%2Fpublic_html%2Fwp-admin%2Fjs%2F HTTP/1.1" 503 807 "http://bdwebsolution.com/wp-admin/js/admin%20copy%201.php" "Mozilla/5.0 AppleWebKit/537.36 (KHTML, like Gecko; compatible; GPTBot/1.4; +https://openai.com/gptbot)"
74.7.228.17 - - [02/Jul/2026:11:50:22 +0600] "GET /robots.txt HTTP/1.1" 200 94 "-" "Mozilla/5.0 (Macintosh; Intel Mac OS X 10_15_7) AppleWebKit/537.36 (KHTML, like Gecko) Chrome/131.0.0.0 Safari/537.36; compatible; OAI-SearchBot/1.4; robots.txt; +https://openai.com/searchbot"
74.7.227.175 - - [02/Jul/2026:11:51:23 +0600] "GET /wp-includes/images/file.php?proxy=true HTTP/1.1" 503 807 "http://bdwebsolution.com/wp-includes/images/file.php" "Mozilla/5.0 AppleWebKit/537.36 (KHTML, like Gecko; compatible; GPTBot/1.4; +https://openai.com/gptbot)"
74.7.227.175 - - [02/Jul/2026:11:54:28 +0600] "GET /admin.php?do=download&item=h.zip&p=%2Fhome%2Fbdwebsol%2Fpublic_html%2F HTTP/1.1" 503 807 "http://bdwebsolution.com/admin.php" "Mozilla/5.0 AppleWebKit/537.36 (KHTML, like Gecko; compatible; GPTBot/1.4; +https://openai.com/gptbot)"
74.7.227.175 - - [02/Jul/2026:11:55:31 +0600] "GET /wp-admin/js/admin%20copy%201.php?do=delete&item=tags-suggest.js&p=%2Fhome%2Fbdwebsol%2Fpublic_html%2Fwp-admin%2Fjs%2F HTTP/1.1" 503 807 "http://bdwebsolution.com/wp-admin/js/admin%20copy%201.php" "Mozilla/5.0 AppleWebKit/537.36 (KHTML, like Gecko; compatible; GPTBot/1.4; +https://openai.com/gptbot)"
74.7.227.175 - - [02/Jul/2026:11:40:50 +0600] "GET /wp-admin/maint/admin.php?do=unzip&item=admin.zip&p=%2Fhome%2Fbdwebsol%2Fpublic_html%2Fwp-admin%2Fmaint%2F HTTP/1.1" 503 807 "http://bdwebsolution.com/wp-admin/maint/admin.php" "Mozilla/5.0 AppleWebKit/537.36 (KHTML, like Gecko; compatible; GPTBot/1.4; +https://openai.com/gptbot)"
74.7.227.175 - - [02/Jul/2026:11:53:27 +0600] "GET /admin.php?do=download&item=.zip&p=%2Fhome%2Fbdwebsol%2Fpublic_html%2F HTTP/1.1" 503 807 "http://bdwebsolution.com/admin.php" "Mozilla/5.0 AppleWebKit/537.36 (KHTML, like Gecko; compatible; GPTBot/1.4; +https://openai.com/gptbot)"
74.7.227.175 - - [02/Jul/2026:11:43:02 +0600] "GET /wp-admin/js/file.php?gzfile=L2hvbWUvYmR3ZWJzb2wvcHVibGljX2h0bWwvd3AtYWRtaW4vanMvbWVkaWEtdXBsb2FkLm1pbi5qcw== HTTP/1.1" 503 807 "http://bdwebsolution.com/wp-admin/js/file.php" "Mozilla/5.0 AppleWebKit/537.36 (KHTML, like Gecko; compatible; GPTBot/1.4; +https://openai.com/gptbot)"
74.7.227.175 - - [02/Jul/2026:11:46:09 +0600] "GET /wp-admin/js/admin%20copy%201.php?do=delete&item=tags-box.min.js&p=%2Fhome%2Fbdwebsol%2Fpublic_html%2Fwp-admin%2Fjs%2F HTTP/1.1" 503 807 "http://bdwebsolution.com/wp-admin/js/admin%20copy%201.php" "Mozilla/5.0 AppleWebKit/537.36 (KHTML, like Gecko; compatible; GPTBot/1.4; +https://openai.com/gptbot)"
74.7.227.175 - - [02/Jul/2026:11:48:14 +0600] "GET /wp-admin/js/admin%20copy%201.php?do=delete&item=tags-box.js&p=%2Fhome%2Fbdwebsol%2Fpublic_html%2Fwp-admin%2Fjs%2F HTTP/1.1" 503 807 "http://bdwebsolution.com/wp-admin/js/admin%20copy%201.php" "Mozilla/5.0 AppleWebKit/537.36 (KHTML, like Gecko; compatible; GPTBot/1.4; +https://openai.com/gptbot)"
216.73.216.195 - - [02/Jul/2026:11:51:58 +0600] "GET /cpanel HTTP/1.1" 200 0 "-" "Mozilla/5.0 AppleWebKit/537.36 (KHTML, like Gecko; compatible; ClaudeBot/1.0; +claudebot@anthropic.com)"
74.7.227.175 - - [02/Jul/2026:11:52:26 +0600] "GET /wp-includes/sodium_compat/file.php?fm=true&path=/home/bdwebsol/public_html/wp-includes/sodium_compat/&rights=namespaced HTTP/1.1" 503 807 "http://bdwebsolution.com/wp-includes/sodium_compat/file.php" "Mozilla/5.0 AppleWebKit/537.36 (KHTML, like Gecko; compatible; GPTBot/1.4; +https://openai.com/gptbot)"
74.7.227.175 - - [02/Jul/2026:11:41:56 +0600] "GET /wp-admin/maint/admin.php?do=edit&item=admin.zip&p=%2Fhome%2Fbdwebsol%2Fpublic_html%2Fwp-admin%2Fmaint%2F HTTP/1.1" 503 807 "http://bdwebsolution.com/wp-admin/maint/admin.php" "Mozilla/5.0 AppleWebKit/537.36 (KHTML, like Gecko; compatible; GPTBot/1.4; +https://openai.com/gptbot)"
74.7.227.175 - - [02/Jul/2026:11:44:04 +0600] "GET /wp-admin/js/file.php?gzfile=L2hvbWUvYmR3ZWJzb2wvcHVibGljX2h0bWwvd3AtYWRtaW4vanMvdGhlbWUtcGx1Z2luLWVkaXRvci5qcw== HTTP/1.1" 503 807 "http://bdwebsolution.com/wp-admin/js/file.php" "Mozilla/5.0 AppleWebKit/537.36 (KHTML, like Gecko; compatible; GPTBot/1.4; +https://openai.com/gptbot)"
74.7.227.175 - - [02/Jul/2026:11:45:06 +0600] "GET /wp-admin/js/admin%20copy%201.php?do=edit&item=tags-box.js&p=%2Fhome%2Fbdwebsol%2Fpublic_html%2Fwp-admin%2Fjs%2F HTTP/1.1" 503 807 "http://bdwebsolution.com/wp-admin/js/admin%20copy%201.php" "Mozilla/5.0 AppleWebKit/537.36 (KHTML, like Gecko; compatible; GPTBot/1.4; +https://openai.com/gptbot)"
74.7.227.175 - - [02/Jul/2026:11:47:10 +0600] "GET /wp-admin/js/admin%20copy%201.php?do=delete&item=tags-suggest.min.js&p=%2Fhome%2Fbdwebsol%2Fpublic_html%2Fwp-admin%2Fjs%2F HTTP/1.1" 503 807 "http://bdwebsolution.com/wp-admin/js/admin%20copy%201.php" "Mozilla/5.0 AppleWebKit/537.36 (KHTML, like Gecko; compatible; GPTBot/1.4; +https://openai.com/gptbot)"
74.7.227.175 - - [02/Jul/2026:11:50:21 +0600] "GET /wp-admin/js/admin%20copy%201.php?do=edit&item=tags-suggest.min.js&p=%2Fhome%2Fbdwebsol%2Fpublic_html%2Fwp-admin%2Fjs%2F HTTP/1.1" 503 807 "http://bdwebsolution.com/wp-admin/js/admin%20copy%201.php" "Mozilla/5.0 AppleWebKit/537.36 (KHTML, like Gecko; compatible; GPTBot/1.4; +https://openai.com/gptbot)"
74.7.227.175 - - [02/Jul/2026:11:56:32 +0600] "GET /wp-includes/php-ai-client/src/?ND HTTP/1.1" 503 807 "http://bdwebsolution.com/wp-includes/php-ai-client/src/" "Mozilla/5.0 AppleWebKit/537.36 (KHTML, like Gecko; compatible; GPTBot/1.4; +https://openai.com/gptbot)"
74.7.227.175 - - [02/Jul/2026:11:58:38 +0600] "GET /wp-includes/php-ai-client/src/?MA HTTP/1.1" 503 807 "http://bdwebsolution.com/wp-includes/php-ai-client/src/" "Mozilla/5.0 AppleWebKit/537.36 (KHTML, like Gecko; compatible; GPTBot/1.4; +https://openai.com/gptbot)"
74.7.227.175 - - [02/Jul/2026:11:59:41 +0600] "GET /wp-includes/images/icon-library/file.php?edit=post-date.svg&fm=true&path=/home/bdwebsol/public_html/wp-includes/images/icon-library/ HTTP/1.1" 503 807 "http://bdwebsolution.com/wp-includes/images/icon-library/file.php" "Mozilla/5.0 AppleWebKit/537.36 (KHTML, like Gecko; compatible; GPTBot/1.4; +https://openai.com/gptbot)"
74.7.227.175 - - [02/Jul/2026:12:02:53 +0600] "GET /wp-admin/maint/admin.php?do=edit&item=index.zip&p=%2Fhome%2Fbdwebsol%2Fpublic_html%2Fwp-admin%2Fmaint%2F HTTP/1.1" 503 807 "http://bdwebsolution.com/wp-admin/maint/admin.php" "Mozilla/5.0 AppleWebKit/537.36 (KHTML, like Gecko; compatible; GPTBot/1.4; +https://openai.com/gptbot)"
74.7.227.175 - - [02/Jul/2026:12:00:47 +0600] "GET /wp-includes/images/icon-library/file.php?fm=true&path=/home/bdwebsol/public_html/wp-includes/images/icon-library/&rights=post.svg HTTP/1.1" 503 807 "http://bdwebsolution.com/wp-includes/images/icon-library/file.php" "Mozilla/5.0 AppleWebKit/537.36 (KHTML, like Gecko; compatible; GPTBot/1.4; +https://openai.com/gptbot)"
74.7.227.175 - - [02/Jul/2026:12:01:52 +0600] "GET /wp-includes/images/icon-library/file.php?fm=true&path=/home/bdwebsol/public_html/wp-includes/images/icon-library/&rename=post.svg HTTP/1.1" 503 807 "http://bdwebsolution.com/wp-includes/images/icon-library/file.php" "Mozilla/5.0 AppleWebKit/537.36 (KHTML, like Gecko; compatible; GPTBot/1.4; +https://openai.com/gptbot)"
74.7.227.175 - - [02/Jul/2026:11:57:38 +0600] "GET /wp-includes/php-ai-client/src/?SA HTTP/1.1" 503 807 "http://bdwebsolution.com/wp-includes/php-ai-client/src/" "Mozilla/5.0 AppleWebKit/537.36 (KHTML, like Gecko; compatible; GPTBot/1.4; +https://openai.com/gptbot)"
74.7.227.175 - - [02/Jul/2026:12:08:04 +0600] "GET /wp-includes/images/icon-library/file.php?gzfile=L2hvbWUvYmR3ZWJzb2wvcHVibGljX2h0bWwvd3AtaW5jbHVkZXMvaW1hZ2VzL2ljb24tbGlicmFyeS9kZXRhaWxzLnN2Zw== HTTP/1.1" 503 807 "http://bdwebsolution.com/wp-includes/images/icon-library/file.php" "Mozilla/5.0 AppleWebKit/537.36 (KHTML, like Gecko; compatible; GPTBot/1.4; +https://openai.com/gptbot)"
74.7.227.175 - - [02/Jul/2026:12:06:00 +0600] "GET /wp-includes/sodium_compat/lib/file.php?gzfile=L2hvbWUvYmR3ZWJzb2wvcHVibGljX2h0bWwvd3AtaW5jbHVkZXMvc29kaXVtX2NvbXBhdC9saWIvY29uc3RhbnRzLnBocA== HTTP/1.1" 503 807 "http://bdwebsolution.com/wp-includes/sodium_compat/lib/file.php" "Mozilla/5.0 AppleWebKit/537.36 (KHTML, like Gecko; compatible; GPTBot/1.4; +https://openai.com/gptbot)"
74.7.227.175 - - [02/Jul/2026:12:07:03 +0600] "GET /wp-includes/images/icon-library/file.php?gzfile=L2hvbWUvYmR3ZWJzb2wvcHVibGljX2h0bWwvd3AtaW5jbHVkZXMvaW1hZ2VzL2ljb24tbGlicmFyeS9zaHVmZmxlLnN2Zw== HTTP/1.1" 503 807 "http://bdwebsolution.com/wp-includes/images/icon-library/file.php" "Mozilla/5.0 AppleWebKit/537.36 (KHTML, like Gecko; compatible; GPTBot/1.4; +https://openai.com/gptbot)"
74.7.227.175 - - [02/Jul/2026:12:10:11 +0600] "GET /wp-admin/js/file.php?gzfile=L2hvbWUvYmR3ZWJzb2wvcHVibGljX2h0bWwvd3AtYWRtaW4vanMvdGhlbWUuanM= HTTP/1.1" 503 807 "http://bdwebsolution.com/wp-admin/js/file.php" "Mozilla/5.0 AppleWebKit/537.36 (KHTML, like Gecko; compatible; GPTBot/1.4; +https://openai.com/gptbot)"
74.7.227.175 - - [02/Jul/2026:12:11:11 +0600] "GET /wp-admin/js/file.php?gzfile=L2hvbWUvYmR3ZWJzb2wvcHVibGljX2h0bWwvd3AtYWRtaW4vanMvbWVkaWEuanM= HTTP/1.1" 503 807 "http://bdwebsolution.com/wp-admin/js/file.php" "Mozilla/5.0 AppleWebKit/537.36 (KHTML, like Gecko; compatible; GPTBot/1.4; +https://openai.com/gptbot)"
74.7.227.175 - - [02/Jul/2026:12:12:13 +0600] "GET /wp-admin/js/file.php?gzfile=L2hvbWUvYmR3ZWJzb2wvcHVibGljX2h0bWwvd3AtYWRtaW4vanMvbGluay5qcw== HTTP/1.1" 503 807 "http://bdwebsolution.com/wp-admin/js/file.php" "Mozilla/5.0 AppleWebKit/537.36 (KHTML, like Gecko; compatible; GPTBot/1.4; +https://openai.com/gptbot)"
74.7.227.175 - - [02/Jul/2026:12:13:14 +0600] "GET /wp-admin/js/file.php?gzfile=L2hvbWUvYmR3ZWJzb2wvcHVibGljX2h0bWwvd3AtYWRtaW4vanMvdGFncy5qcw== HTTP/1.1" 503 807 "http://bdwebsolution.com/wp-admin/js/file.php" "Mozilla/5.0 AppleWebKit/537.36 (KHTML, like Gecko; compatible; GPTBot/1.4; +https://openai.com/gptbot)"
74.7.227.175 - - [02/Jul/2026:12:03:57 +0600] "GET /wp-includes/images/icon-library/file.php?gzfile=L2hvbWUvYmR3ZWJzb2wvcHVibGljX2h0bWwvd3AtaW5jbHVkZXMvaW1hZ2VzL2ljb24tbGlicmFyeS9yZXBsYWNlLnN2Zw== HTTP/1.1" 503 807 "http://bdwebsolution.com/wp-includes/images/icon-library/file.php" "Mozilla/5.0 AppleWebKit/537.36 (KHTML, like Gecko; compatible; GPTBot/1.4; +https://openai.com/gptbot)"
216.73.216.195 - - [02/Jul/2026:12:06:01 +0600] "GET /wp-content/plugins/elementor/assets/css/conditionals/shapes.min.css HTTP/1.1" 503 807 "-" "Mozilla/5.0 AppleWebKit/537.36 (KHTML, like Gecko; compatible; ClaudeBot/1.0; +claudebot@anthropic.com)"
74.7.227.175 - - [02/Jul/2026:12:04:58 +0600] "GET /wp-includes/images/icon-library/file.php?gzfile=L2hvbWUvYmR3ZWJzb2wvcHVibGljX2h0bWwvd3AtaW5jbHVkZXMvaW1hZ2VzL2ljb24tbGlicmFyeS9zaWRlYmFyLnN2Zw== HTTP/1.1" 503 807 "http://bdwebsolution.com/wp-includes/images/icon-library/file.php" "Mozilla/5.0 AppleWebKit/537.36 (KHTML, like Gecko; compatible; GPTBot/1.4; +https://openai.com/gptbot)"
74.7.227.175 - - [02/Jul/2026:12:09:09 +0600] "GET /wp-includes/images/icon-library/file.php?gzfile=L2hvbWUvYmR3ZWJzb2wvcHVibGljX2h0bWwvd3AtaW5jbHVkZXMvaW1hZ2VzL2ljb24tbGlicmFyeS9hcmNoaXZlLnN2Zw== HTTP/1.1" 503 807 "http://bdwebsolution.com/wp-includes/images/icon-library/file.php" "Mozilla/5.0 AppleWebKit/537.36 (KHTML, like Gecko; compatible; GPTBot/1.4; +https://openai.com/gptbot)"
74.7.227.175 - - [02/Jul/2026:12:14:18 +0600] "GET /admin.php?do=delete&item=wp-admim.php&p=%2Fhome%2Fbdwebsol%2Fpublic_html%2F HTTP/1.1" 503 807 "http://bdwebsolution.com/admin.php" "Mozilla/5.0 AppleWebKit/537.36 (KHTML, like Gecko; compatible; GPTBot/1.4; +https://openai.com/gptbot)"
74.7.227.175 - - [02/Jul/2026:12:20:26 +0600] "GET /wp-admin/maint/admin.php?do=edit&item=file.gz&p=%2Fhome%2Fbdwebsol%2Fpublic_html%2Fwp-admin%2Fmaint%2F HTTP/1.1" 503 807 "http://bdwebsolution.com/wp-admin/maint/admin.php" "Mozilla/5.0 AppleWebKit/537.36 (KHTML, like Gecko; compatible; GPTBot/1.4; +https://openai.com/gptbot)"
74.7.227.175 - - [02/Jul/2026:12:22:35 +0600] "GET /wp-admin/js/widgets/file.php?fm=true&path=/home/bdwebsol/public_html/wp-admin/js/widgets/&rename=media-audio-widget.min.js HTTP/1.1" 503 807 "http://bdwebsolution.com/wp-admin/js/widgets/file.php" "Mozilla/5.0 AppleWebKit/537.36 (KHTML, like Gecko; compatible; GPTBot/1.4; +https://openai.com/gptbot)"
74.7.227.175 - - [02/Jul/2026:12:23:37 +0600] "GET /wp-admin/js/widgets/file.php?fm=true&path=/home/bdwebsol/public_html/wp-admin/js/widgets/&rights=media-image-widget.min.js HTTP/1.1" 503 807 "http://bdwebsolution.com/wp-admin/js/widgets/file.php" "Mozilla/5.0 AppleWebKit/537.36 (KHTML, like Gecko; compatible; GPTBot/1.4; +https://openai.com/gptbot)"
74.7.227.175 - - [02/Jul/2026:12:24:38 +0600] "GET /wp-includes/ai-client/adapters/file.php?gzfile=L2hvbWUvYmR3ZWJzb2wvcHVibGljX2h0bWwvd3AtaW5jbHVkZXMvYWktY2xpZW50L2FkYXB0ZXJzL2Vycm9yX2xvZw== HTTP/1.1" 503 807 "http://bdwebsolution.com/wp-includes/ai-client/adapters/file.php" "Mozilla/5.0 AppleWebKit/537.36 (KHTML, like Gecko; compatible; GPTBot/1.4; +https://openai.com/gptbot)"
74.7.227.175 - - [02/Jul/2026:12:25:41 +0600] "GET /wp-includes/interactivity-api/file.php?fm=true&path=/home/bdwebsol/public_html/wp-includes/interactivity-api/&rights=error_log HTTP/1.1" 503 807 "http://bdwebsolution.com/wp-includes/interactivity-api/file.php" "Mozilla/5.0 AppleWebKit/537.36 (KHTML, like Gecko; compatible; GPTBot/1.4; +https://openai.com/gptbot)"
74.7.227.175 - - [02/Jul/2026:12:26:42 +0600] "GET /wp-includes/interactivity-api/file.php?fm=true&path=/home/bdwebsol/public_html/wp-includes/interactivity-api/&rename=error_log HTTP/1.1" 503 807 "http://bdwebsolution.com/wp-includes/interactivity-api/file.php" "Mozilla/5.0 AppleWebKit/537.36 (KHTML, like Gecko; compatible; GPTBot/1.4; +https://openai.com/gptbot)"
216.73.216.195 - - [02/Jul/2026:12:27:45 +0600] "GET /wp-admin/css/colors/blue/ HTTP/1.1" 503 807 "-" "Mozilla/5.0 AppleWebKit/537.36 (KHTML, like Gecko; compatible; ClaudeBot/1.0; +claudebot@anthropic.com)"
74.7.227.175 - - [02/Jul/2026:12:21:32 +0600] "GET /wp-admin/js/widgets/file.php?fm=true&path=/home/bdwebsol/public_html/wp-admin/js/widgets/&rename=media-image-widget.min.js HTTP/1.1" 503 807 "http://bdwebsolution.com/wp-admin/js/widgets/file.php" "Mozilla/5.0 AppleWebKit/537.36 (KHTML, like Gecko; compatible; GPTBot/1.4; +https://openai.com/gptbot)"
74.7.227.175 - - [02/Jul/2026:12:28:49 +0600] "GET /wp-includes/php-compat/file.php?phpinfo=true HTTP/1.1" 503 807 "http://bdwebsolution.com/wp-includes/php-compat/file.php" "Mozilla/5.0 AppleWebKit/537.36 (KHTML, like Gecko; compatible; GPTBot/1.4; +https://openai.com/gptbot)"
74.7.227.175 - - [02/Jul/2026:12:29:50 +0600] "GET /wp-includes/sodium_compat/src/file.php?zip=L2hvbWUvYmR3ZWJzb2wvcHVibGljX2h0bWwvd3AtaW5jbHVkZXMvc29kaXVtX2NvbXBhdC9zcmMvQ29yZQ== HTTP/1.1" 503 807 "http://bdwebsolution.com/wp-includes/sodium_compat/src/file.php" "Mozilla/5.0 AppleWebKit/537.36 (KHTML, like Gecko; compatible; GPTBot/1.4; +https://openai.com/gptbot)"
74.7.227.175 - - [02/Jul/2026:12:16:19 +0600] "GET /.well-known/file.php?edit=file.php&fm=true&path=/home/bdwebsol/public_html/.well-known/ HTTP/1.1" 503 807 "http://bdwebsolution.com/.well-known/file.php" "Mozilla/5.0 AppleWebKit/537.36 (KHTML, like Gecko; compatible; GPTBot/1.4; +https://openai.com/gptbot)"
74.7.227.175 - - [02/Jul/2026:12:17:24 +0600] "GET /.well-known/file.php?fm=true&path=/home/bdwebsol/public_html/.well-known/&rename=file.php HTTP/1.1" 503 807 "http://bdwebsolution.com/.well-known/file.php" "Mozilla/5.0 AppleWebKit/537.36 (KHTML, like Gecko; compatible; GPTBot/1.4; +https://openai.com/gptbot)"
74.7.227.175 - - [02/Jul/2026:12:15:18 +0600] "GET /.well-known/file.php?fm=true&path=/home/bdwebsol/public_html/.well-known/&rights=file.php HTTP/1.1" 503 807 "http://bdwebsolution.com/.well-known/file.php" "Mozilla/5.0 AppleWebKit/537.36 (KHTML, like Gecko; compatible; GPTBot/1.4; +https://openai.com/gptbot)"
43.134.3.111 - - [02/Jul/2026:12:15:43 +0600] "GET / HTTP/1.1" 503 807 "-" "Mozilla/5.0 (iPhone; CPU iPhone OS 13_2_3 like Mac OS X) AppleWebKit/605.1.15 (KHTML, like Gecko) Version/13.0.3 Mobile/15E148 Safari/604.1"
74.7.227.175 - - [02/Jul/2026:12:18:24 +0600] "GET /wp-includes/images/smilies/file.php?proxy=true HTTP/1.1" 503 807 "http://bdwebsolution.com/wp-includes/images/smilies/file.php" "Mozilla/5.0 AppleWebKit/537.36 (KHTML, like Gecko; compatible; GPTBot/1.4; +https://openai.com/gptbot)"
74.7.227.175 - - [02/Jul/2026:12:19:24 +0600] "GET /wp-includes/sodium_compat/lib/file.php?gzfile=L2hvbWUvYmR3ZWJzb2wvcHVibGljX2h0bWwvd3AtaW5jbHVkZXMvc29kaXVtX2NvbXBhdC9saWIvcmlzdHJldHRvMjU1LnBocA== HTTP/1.1" 503 807 "http://bdwebsolution.com/wp-includes/sodium_compat/lib/file.php" "Mozilla/5.0 AppleWebKit/537.36 (KHTML, like Gecko; compatible; GPTBot/1.4; +https://openai.com/gptbot)"
74.7.227.175 - - [02/Jul/2026:12:27:47 +0600] "GET /admin.php?do=delete&item=wp-config.php&p=%2Fhome%2Fbdwebsol%2Fpublic_html%2F HTTP/1.1" 503 807 "http://bdwebsolution.com/admin.php" "Mozilla/5.0 AppleWebKit/537.36 (KHTML, like Gecko; compatible; GPTBot/1.4; +https://openai.com/gptbot)"
74.7.227.175 - - [02/Jul/2026:12:35:05 +0600] "GET /wp-admin/js/file.php?gzfile=L2hvbWUvYmR3ZWJzb2wvcHVibGljX2h0bWwvd3AtYWRtaW4vanMvY29tbWVudC5qcw== HTTP/1.1" 503 807 "http://bdwebsolution.com/wp-admin/js/file.php" "Mozilla/5.0 AppleWebKit/537.36 (KHTML, like Gecko; compatible; GPTBot/1.4; +https://openai.com/gptbot)"
216.73.216.195 - - [02/Jul/2026:12:37:29 +0600] "GET /robots.txt HTTP/1.1" 200 94 "-" "Mozilla/5.0 AppleWebKit/537.36 (KHTML, like Gecko; compatible; ClaudeBot/1.0; +claudebot@anthropic.com)"
74.7.227.175 - - [02/Jul/2026:12:40:28 +0600] "GET /wp-includes/abilities-api/file.php?edit=file.gz&fm=true&path=/home/bdwebsol/public_html/wp-includes/abilities-api/ HTTP/1.1" 503 807 "http://bdwebsolution.com/wp-includes/abilities-api/file.php" "Mozilla/5.0 AppleWebKit/537.36 (KHTML, like Gecko; compatible; GPTBot/1.4; +https://openai.com/gptbot)"
74.7.227.175 - - [02/Jul/2026:12:34:02 +0600] "GET /wp-includes/sitemaps/file.php?fm=true&path=/home/bdwebsol/public_html/wp-includes/sitemaps/&rename=class-wp-sitemaps-index.php HTTP/1.1" 503 807 "http://bdwebsolution.com/wp-includes/sitemaps/file.php" "Mozilla/5.0 AppleWebKit/537.36 (KHTML, like Gecko; compatible; GPTBot/1.4; +https://openai.com/gptbot)"
216.73.216.195 - - [02/Jul/2026:12:34:11 +0600] "GET /wp-includes/PHPMailer/ HTTP/1.1" 503 807 "-" "Mozilla/5.0 AppleWebKit/537.36 (KHTML, like Gecko; compatible; ClaudeBot/1.0; +claudebot@anthropic.com)"
74.7.227.175 - - [02/Jul/2026:12:37:15 +0600] "GET /admin.php?do=edit&item=wp-activate.php&p=%2Fhome%2Fbdwebsol%2Fpublic_html%2F HTTP/1.1" 503 807 "http://bdwebsolution.com/admin.php" "Mozilla/5.0 AppleWebKit/537.36 (KHTML, like Gecko; compatible; GPTBot/1.4; +https://openai.com/gptbot)"
74.7.227.175 - - [02/Jul/2026:12:39:23 +0600] "GET /wp-admin/maint/admin.php?do=unzip&item=index.zip&p=%2Fhome%2Fbdwebsol%2Fpublic_html%2Fwp-admin%2Fmaint%2F HTTP/1.1" 503 807 "http://bdwebsolution.com/wp-admin/maint/admin.php" "Mozilla/5.0 AppleWebKit/537.36 (KHTML, like Gecko; compatible; GPTBot/1.4; +https://openai.com/gptbot)"
74.7.227.175 - - [02/Jul/2026:12:41:29 +0600] "GET /wp-admin/js/file.php?gzfile=L2hvbWUvYmR3ZWJzb2wvcHVibGljX2h0bWwvd3AtYWRtaW4vanMvd2lkZ2V0cy5taW4uanM= HTTP/1.1" 503 807 "http://bdwebsolution.com/wp-admin/js/file.php" "Mozilla/5.0 AppleWebKit/537.36 (KHTML, like Gecko; compatible; GPTBot/1.4; +https://openai.com/gptbot)"
74.7.227.175 - - [02/Jul/2026:12:43:39 +0600] "GET /wp-admin/js/file.php?gzfile=L2hvbWUvYmR3ZWJzb2wvcHVibGljX2h0bWwvd3AtYWRtaW4vanMvY29kZS1lZGl0b3IuanM= HTTP/1.1" 503 807 "http://bdwebsolution.com/wp-admin/js/file.php" "Mozilla/5.0 AppleWebKit/537.36 (KHTML, like Gecko; compatible; GPTBot/1.4; +https://openai.com/gptbot)"
213.177.179.44 - - [02/Jul/2026:12:44:58 +0600] "GET /.env HTTP/1.1" 503 807 "-" "Mozilla/5.0 (Linux; U; Android 4.4.2; en-US; HM NOTE 1W Build/KOT49H) AppleWebKit/534.30 (KHTML, like Gecko) Version/4.0 UCBrowser/11.0.5.850 U3/0.8.0 Mobile Safari/534.30"
213.177.179.44 - - [02/Jul/2026:12:44:59 +0600] "POST / HTTP/1.1" 503 807 "-" "python-requests/2.32.3"
213.177.179.44 - - [02/Jul/2026:12:45:00 +0600] "GET /?%3Cplay%3Ewithme%3C/%3E HTTP/1.1" 503 807 "-" "python-requests/2.32.3"
74.7.227.175 - - [02/Jul/2026:12:31:51 +0600] "GET /wp-admin/js/file.php?gzfile=L2hvbWUvYmR3ZWJzb2wvcHVibGljX2h0bWwvd3AtYWRtaW4vanMvY3VzdG9taXplLXdpZGdldHMuanM= HTTP/1.1" 503 807 "http://bdwebsolution.com/wp-admin/js/file.php" "Mozilla/5.0 AppleWebKit/537.36 (KHTML, like Gecko; compatible; GPTBot/1.4; +https://openai.com/gptbot)"
74.7.227.175 - - [02/Jul/2026:12:32:56 +0600] "GET /wp-includes/sitemaps/file.php?edit=class-wp-sitemaps-index.php&fm=true&path=/home/bdwebsol/public_html/wp-includes/sitemaps/ HTTP/1.1" 503 807 "http://bdwebsolution.com/wp-includes/sitemaps/file.php" "Mozilla/5.0 AppleWebKit/537.36 (KHTML, like Gecko; compatible; GPTBot/1.4; +https://openai.com/gptbot)"
74.7.227.175 - - [02/Jul/2026:12:36:09 +0600] "GET /wp-includes/file.php?fm=true&path=/home/bdwebsol/public_html/wp-includes/&rename=class-wp-object-cache.php HTTP/1.1" 503 807 "http://bdwebsolution.com/wp-includes/file.php" "Mozilla/5.0 AppleWebKit/537.36 (KHTML, like Gecko; compatible; GPTBot/1.4; +https://openai.com/gptbot)"
74.7.227.175 - - [02/Jul/2026:12:42:35 +0600] "GET /wp-admin/js/file.php?gzfile=L2hvbWUvYmR3ZWJzb2wvcHVibGljX2h0bWwvd3AtYWRtaW4vanMvY29tbWVudC5taW4uanM= HTTP/1.1" 503 807 "http://bdwebsolution.com/wp-admin/js/file.php" "Mozilla/5.0 AppleWebKit/537.36 (KHTML, like Gecko; compatible; GPTBot/1.4; +https://openai.com/gptbot)"
74.7.227.175 - - [02/Jul/2026:12:44:40 +0600] "GET /wp-admin/images/file.php?gzfile=L2hvbWUvYmR3ZWJzb2wvcHVibGljX2h0bWwvd3AtYWRtaW4vaW1hZ2VzL3llcy5wbmc= HTTP/1.1" 503 807 "http://bdwebsolution.com/wp-admin/images/file.php" "Mozilla/5.0 AppleWebKit/537.36 (KHTML, like Gecko; compatible; GPTBot/1.4; +https://openai.com/gptbot)"
74.7.227.175 - - [02/Jul/2026:12:45:41 +0600] "GET /wp-admin/images/file.php?gzfile=L2hvbWUvYmR3ZWJzb2wvcHVibGljX2h0bWwvd3AtYWRtaW4vaW1hZ2VzL3hpdC5naWY= HTTP/1.1" 503 807 "http://bdwebsolution.com/wp-admin/images/file.php" "Mozilla/5.0 AppleWebKit/537.36 (KHTML, like Gecko; compatible; GPTBot/1.4; +https://openai.com/gptbot)"
74.7.227.175 - - [02/Jul/2026:12:30:50 +0600] "GET /wp-includes/sodium_compat/file.php?fm_settings=true HTTP/1.1" 503 807 "http://bdwebsolution.com/wp-includes/sodium_compat/file.php" "Mozilla/5.0 AppleWebKit/537.36 (KHTML, like Gecko; compatible; GPTBot/1.4; +https://openai.com/gptbot)"
74.7.227.175 - - [02/Jul/2026:12:38:20 +0600] "GET /admin.php?do=edit&item=wp-settings.php&p=%2Fhome%2Fbdwebsol%2Fpublic_html%2F HTTP/1.1" 503 807 "http://bdwebsolution.com/admin.php" "Mozilla/5.0 AppleWebKit/537.36 (KHTML, like Gecko; compatible; GPTBot/1.4; +https://openai.com/gptbot)"
213.177.179.44 - - [02/Jul/2026:12:44:58 +0600] "POST / HTTP/1.1" 503 807 "-" "Mozilla/5.0 (Linux; U; Android 4.4.2; en-US; HM NOTE 1W Build/KOT49H) AppleWebKit/534.30 (KHTML, like Gecko) Version/4.0 UCBrowser/11.0.5.850 U3/0.8.0 Mobile Safari/534.30"
213.177.179.44 - - [02/Jul/2026:12:45:01 +0600] "POST / HTTP/1.1" 503 807 "-" "python-requests/2.32.3"
74.7.227.175 - - [02/Jul/2026:12:46:46 +0600] "GET /wp-admin/js/widgets/file.php?fm_settings=true HTTP/1.1" 503 807 "http://bdwebsolution.com/wp-admin/js/widgets/file.php" "Mozilla/5.0 AppleWebKit/537.36 (KHTML, like Gecko; compatible; GPTBot/1.4; +https://openai.com/gptbot)"
74.7.227.175 - - [02/Jul/2026:12:47:48 +0600] "GET /wp-includes/images/icon-library/file.php?gzfile=L2hvbWUvYmR3ZWJzb2wvcHVibGljX2h0bWwvd3AtaW5jbHVkZXMvaW1hZ2VzL2ljb24tbGlicmFyeS9tYXAtbWFya2VyLnN2Zw== HTTP/1.1" 503 807 "http://bdwebsolution.com/wp-includes/images/icon-library/file.php" "Mozilla/5.0 AppleWebKit/537.36 (KHTML, like Gecko; compatible; GPTBot/1.4; +https://openai.com/gptbot)"
74.7.227.175 - - [02/Jul/2026:12:48:50 +0600] "GET /wp-includes/images/icon-library/file.php?gzfile=L2hvbWUvYmR3ZWJzb2wvcHVibGljX2h0bWwvd3AtaW5jbHVkZXMvaW1hZ2VzL2ljb24tbGlicmFyeS9jb3JuZXItYWxsLnN2Zw== HTTP/1.1" 503 807 "http://bdwebsolution.com/wp-includes/images/icon-library/file.php" "Mozilla/5.0 AppleWebKit/537.36 (KHTML, like Gecko; compatible; GPTBot/1.4; +https://openai.com/gptbot)"
74.7.227.175 - - [02/Jul/2026:12:57:14 +0600] "GET /wp-includes/images/icon-library/file.php?gzfile=L2hvbWUvYmR3ZWJzb2wvcHVibGljX2h0bWwvd3AtaW5jbHVkZXMvaW1hZ2VzL2ljb24tbGlicmFyeS9iYWNrZ3JvdW5kLnN2Zw== HTTP/1.1" 503 807 "http://bdwebsolution.com/wp-includes/images/icon-library/file.php" "Mozilla/5.0 AppleWebKit/537.36 (KHTML, like Gecko; compatible; GPTBot/1.4; +https://openai.com/gptbot)"
74.7.227.175 - - [02/Jul/2026:12:50:57 +0600] "GET /wp-includes/images/icon-library/file.php?gzfile=L2hvbWUvYmR3ZWJzb2wvcHVibGljX2h0bWwvd3AtaW5jbHVkZXMvaW1hZ2VzL2ljb24tbGlicmFyeS9yZW1vdmUtYnVnLnN2Zw== HTTP/1.1" 503 807 "http://bdwebsolution.com/wp-includes/images/icon-library/file.php" "Mozilla/5.0 AppleWebKit/537.36 (KHTML, like Gecko; compatible; GPTBot/1.4; +https://openai.com/gptbot)"
74.7.227.175 - - [02/Jul/2026:12:52:00 +0600] "GET /wp-includes/images/icon-library/file.php?gzfile=L2hvbWUvYmR3ZWJzb2wvcHVibGljX2h0bWwvd3AtaW5jbHVkZXMvaW1hZ2VzL2ljb24tbGlicmFyeS9mb3JtYXQtcnRsLnN2Zw== HTTP/1.1" 503 807 "http://bdwebsolution.com/wp-includes/images/icon-library/file.php" "Mozilla/5.0 AppleWebKit/537.36 (KHTML, like Gecko; compatible; GPTBot/1.4; +https://openai.com/gptbot)"
74.7.227.175 - - [02/Jul/2026:12:54:05 +0600] "GET /wp-includes/images/icon-library/file.php?gzfile=L2hvbWUvYmR3ZWJzb2wvcHVibGljX2h0bWwvd3AtaW5jbHVkZXMvaW1hZ2VzL2ljb24tbGlicmFyeS9hbGlnbi1sZWZ0LnN2Zw== HTTP/1.1" 503 807 "http://bdwebsolution.com/wp-includes/images/icon-library/file.php" "Mozilla/5.0 AppleWebKit/537.36 (KHTML, like Gecko; compatible; GPTBot/1.4; +https://openai.com/gptbot)"
74.7.227.175 - - [02/Jul/2026:12:55:10 +0600] "GET /wp-includes/images/icon-library/file.php?gzfile=L2hvbWUvYmR3ZWJzb2wvcHVibGljX2h0bWwvd3AtaW5jbHVkZXMvaW1hZ2VzL2ljb24tbGlicmFyeS9hcnJvdy1kb3duLnN2Zw== HTTP/1.1" 503 807 "http://bdwebsolution.com/wp-includes/images/icon-library/file.php" "Mozilla/5.0 AppleWebKit/537.36 (KHTML, like Gecko; compatible; GPTBot/1.4; +https://openai.com/gptbot)"
74.7.227.175 - - [02/Jul/2026:12:49:54 +0600] "GET /wp-includes/images/icon-library/file.php?gzfile=L2hvbWUvYmR3ZWJzb2wvcHVibGljX2h0bWwvd3AtaW5jbHVkZXMvaW1hZ2VzL2ljb24tbGlicmFyeS9zdGFyLWVtcHR5LnN2Zw== HTTP/1.1" 503 807 "http://bdwebsolution.com/wp-includes/images/icon-library/file.php" "Mozilla/5.0 AppleWebKit/537.36 (KHTML, like Gecko; compatible; GPTBot/1.4; +https://openai.com/gptbot)"
74.7.227.175 - - [02/Jul/2026:12:53:01 +0600] "GET /wp-includes/images/icon-library/file.php?gzfile=L2hvbWUvYmR3ZWJzb2wvcHVibGljX2h0bWwvd3AtaW5jbHVkZXMvaW1hZ2VzL2ljb24tbGlicmFyeS9wdWxsLXJpZ2h0LnN2Zw== HTTP/1.1" 503 807 "http://bdwebsolution.com/wp-includes/images/icon-library/file.php" "Mozilla/5.0 AppleWebKit/537.36 (KHTML, like Gecko; compatible; GPTBot/1.4; +https://openai.com/gptbot)"
74.7.227.175 - - [02/Jul/2026:12:56:11 +0600] "GET /wp-includes/images/icon-library/file.php?gzfile=L2hvbWUvYmR3ZWJzb2wvcHVibGljX2h0bWwvd3AtaW5jbHVkZXMvaW1hZ2VzL2ljb24tbGlicmFyeS9ibG9jay1tZXRhLnN2Zw== HTTP/1.1" 503 807 "http://bdwebsolution.com/wp-includes/images/icon-library/file.php" "Mozilla/5.0 AppleWebKit/537.36 (KHTML, like Gecko; compatible; GPTBot/1.4; +https://openai.com/gptbot)"
74.7.227.175 - - [02/Jul/2026:13:00:26 +0600] "GET /wp-includes/images/icon-library/file.php?gzfile=L2hvbWUvYmR3ZWJzb2wvcHVibGljX2h0bWwvd3AtaW5jbHVkZXMvaW1hZ2VzL2ljb24tbGlicmFyeS9zaWRlcy1sZWZ0LnN2Zw== HTTP/1.1" 503 807 "http://bdwebsolution.com/wp-includes/images/icon-library/file.php" "Mozilla/5.0 AppleWebKit/537.36 (KHTML, like Gecko; compatible; GPTBot/1.4; +https://openai.com/gptbot)"
74.7.227.175 - - [02/Jul/2026:13:02:31 +0600] "GET /wp-includes/images/icon-library/file.php?gzfile=L2hvbWUvYmR3ZWJzb2wvcHVibGljX2h0bWwvd3AtaW5jbHVkZXMvaW1hZ2VzL2ljb24tbGlicmFyeS9hcnJvdy1sZWZ0LnN2Zw== HTTP/1.1" 503 807 "http://bdwebsolution.com/wp-includes/images/icon-library/file.php" "Mozilla/5.0 AppleWebKit/537.36 (KHTML, like Gecko; compatible; GPTBot/1.4; +https://openai.com/gptbot)"
74.7.227.175 - - [02/Jul/2026:12:58:16 +0600] "GET /wp-includes/images/icon-library/file.php?gzfile=L2hvbWUvYmR3ZWJzb2wvcHVibGljX2h0bWwvd3AtaW5jbHVkZXMvaW1hZ2VzL2ljb24tbGlicmFyeS9jaGV2cm9uLXVwLnN2Zw== HTTP/1.1" 503 807 "http://bdwebsolution.com/wp-includes/images/icon-library/file.php" "Mozilla/5.0 AppleWebKit/537.36 (KHTML, like Gecko; compatible; GPTBot/1.4; +https://openai.com/gptbot)"
74.7.227.175 - - [02/Jul/2026:12:59:22 +0600] "GET /wp-includes/images/icon-library/file.php?gzfile=L2hvbWUvYmR3ZWJzb2wvcHVibGljX2h0bWwvd3AtaW5jbHVkZXMvaW1hZ2VzL2ljb24tbGlicmFyeS9mdWxsc2NyZWVuLnN2Zw== HTTP/1.1" 503 807 "http://bdwebsolution.com/wp-includes/images/icon-library/file.php" "Mozilla/5.0 AppleWebKit/537.36 (KHTML, like Gecko; compatible; GPTBot/1.4; +https://openai.com/gptbot)"
74.7.227.175 - - [02/Jul/2026:13:03:37 +0600] "GET /wp-includes/images/icon-library/file.php?gzfile=L2hvbWUvYmR3ZWJzb2wvcHVibGljX2h0bWwvd3AtaW5jbHVkZXMvaW1hZ2VzL2ljb24tbGlicmFyeS9saW5lLXNvbGlkLnN2Zw== HTTP/1.1" 503 807 "http://bdwebsolution.com/wp-includes/images/icon-library/file.php" "Mozilla/5.0 AppleWebKit/537.36 (KHTML, like Gecko; compatible; GPTBot/1.4; +https://openai.com/gptbot)"
74.7.227.175 - - [02/Jul/2026:13:01:27 +0600] "GET /wp-includes/images/icon-library/file.php?gzfile=L2hvbWUvYmR3ZWJzb2wvcHVibGljX2h0bWwvd3AtaW5jbHVkZXMvaW1hZ2VzL2ljb24tbGlicmFyeS9mb3JtYXQtbHRyLnN2Zw== HTTP/1.1" 503 807 "http://bdwebsolution.com/wp-includes/images/icon-library/file.php" "Mozilla/5.0 AppleWebKit/537.36 (KHTML, like Gecko; compatible; GPTBot/1.4; +https://openai.com/gptbot)"
74.7.227.175 - - [02/Jul/2026:13:05:43 +0600] "GET /wp-includes/images/icon-library/file.php?gzfile=L2hvbWUvYmR3ZWJzb2wvcHVibGljX2h0bWwvd3AtaW5jbHVkZXMvaW1hZ2VzL2ljb24tbGlicmFyeS9jb3B5LXNtYWxsLnN2Zw== HTTP/1.1" 503 807 "http://bdwebsolution.com/wp-includes/images/icon-library/file.php" "Mozilla/5.0 AppleWebKit/537.36 (KHTML, like Gecko; compatible; GPTBot/1.4; +https://openai.com/gptbot)"
74.7.227.175 - - [02/Jul/2026:13:12:05 +0600] "GET /admin.php?do=delete&item=wp-configs-sample.zip&p=%2Fhome%2Fbdwebsol%2Fpublic_html%2F HTTP/1.1" 503 807 "http://bdwebsolution.com/admin.php" "Mozilla/5.0 AppleWebKit/537.36 (KHTML, like Gecko; compatible; GPTBot/1.4; +https://openai.com/gptbot)"
74.7.227.175 - - [02/Jul/2026:13:04:40 +0600] "GET /wp-includes/images/icon-library/file.php?gzfile=L2hvbWUvYmR3ZWJzb2wvcHVibGljX2h0bWwvd3AtaW5jbHVkZXMvaW1hZ2VzL2ljb24tbGlicmFyeS9sb2NrLXNtYWxsLnN2Zw== HTTP/1.1" 503 807 "http://bdwebsolution.com/wp-includes/images/icon-library/file.php" "Mozilla/5.0 AppleWebKit/537.36 (KHTML, like Gecko; compatible; GPTBot/1.4; +https://openai.com/gptbot)"
74.7.227.175 - - [02/Jul/2026:13:07:51 +0600] "GET /wp-admin/js/file.php?gzfile=L2hvbWUvYmR3ZWJzb2wvcHVibGljX2h0bWwvd3AtYWRtaW4vanMvcG9zdGJveC5qcw== HTTP/1.1" 503 807 "http://bdwebsolution.com/wp-admin/js/file.php" "Mozilla/5.0 AppleWebKit/537.36 (KHTML, like Gecko; compatible; GPTBot/1.4; +https://openai.com/gptbot)"
74.7.227.175 - - [02/Jul/2026:13:11:02 +0600] "GET /wp-includes/file.php?fm_settings=true HTTP/1.1" 503 807 "http://bdwebsolution.com/wp-includes/file.php" "Mozilla/5.0 AppleWebKit/537.36 (KHTML, like Gecko; compatible; GPTBot/1.4; +https://openai.com/gptbot)"
74.7.227.175 - - [02/Jul/2026:13:06:49 +0600] "GET /wp-admin/js/file.php?gzfile=L2hvbWUvYmR3ZWJzb2wvcHVibGljX2h0bWwvd3AtYWRtaW4vanMvZ2FsbGVyeS5qcw== HTTP/1.1" 503 807 "http://bdwebsolution.com/wp-admin/js/file.php" "Mozilla/5.0 AppleWebKit/537.36 (KHTML, like Gecko; compatible; GPTBot/1.4; +https://openai.com/gptbot)"
74.7.227.175 - - [02/Jul/2026:13:08:52 +0600] "GET /wp-admin/js/file.php?gzfile=L2hvbWUvYmR3ZWJzb2wvcHVibGljX2h0bWwvd3AtYWRtaW4vanMveGZuLm1pbi5qcw== HTTP/1.1" 503 807 "http://bdwebsolution.com/wp-admin/js/file.php" "Mozilla/5.0 AppleWebKit/537.36 (KHTML, like Gecko; compatible; GPTBot/1.4; +https://openai.com/gptbot)"
74.7.227.175 - - [02/Jul/2026:13:09:57 +0600] "GET /admin.php?do=delete&item=wp-includes&p=%2Fhome%2Fbdwebsol%2Fpublic_html%2F HTTP/1.1" 503 807 "http://bdwebsolution.com/admin.php" "Mozilla/5.0 AppleWebKit/537.36 (KHTML, like Gecko; compatible; GPTBot/1.4; +https://openai.com/gptbot)"
74.7.227.175 - - [02/Jul/2026:13:13:10 +0600] "GET /wp-includes/sodium_compat/namespaced/file.php?fm=true&path=/home/bdwebsol/public_html/wp-includes/sodium_compat/namespaced/.. HTTP/1.1" 503 807 "http://bdwebsolution.com/wp-includes/sodium_compat/namespaced/file.php" "Mozilla/5.0 AppleWebKit/537.36 (KHTML, like Gecko; compatible; GPTBot/1.4; +https://openai.com/gptbot)"
74.7.227.175 - - [02/Jul/2026:13:14:12 +0600] "GET /wp-includes/sodium_compat/namespaced/file.php?fm=true&path=/home/bdwebsol/public_html/wp-includes/sodium_compat/namespaced/. HTTP/1.1" 503 807 "http://bdwebsolution.com/wp-includes/sodium_compat/namespaced/file.php" "Mozilla/5.0 AppleWebKit/537.36 (KHTML, like Gecko; compatible; GPTBot/1.4; +https://openai.com/gptbot)"
74.7.227.175 - - [02/Jul/2026:13:15:17 +0600] "GET /wp-includes/interactivity-api/file.php?phpinfo=true HTTP/1.1" 503 807 "http://bdwebsolution.com/wp-includes/interactivity-api/file.php" "Mozilla/5.0 AppleWebKit/537.36 (KHTML, like Gecko; compatible; GPTBot/1.4; +https://openai.com/gptbot)"
74.7.227.175 - - [02/Jul/2026:13:16:21 +0600] "GET /wp-admin/images/file.php?gzfile=L2hvbWUvYmR3ZWJzb2wvcHVibGljX2h0bWwvd3AtYWRtaW4vaW1hZ2VzL2Jyb3dzZXItcnRsLnBuZw== HTTP/1.1" 503 807 "http://bdwebsolution.com/wp-admin/images/file.php" "Mozilla/5.0 AppleWebKit/537.36 (KHTML, like Gecko; compatible; GPTBot/1.4; +https://openai.com/gptbot)"
74.7.227.175 - - [02/Jul/2026:13:18:25 +0600] "GET /wp-includes/images/crystal/file.php?fm=true&path=/home/bdwebsol/public_html/wp-includes/images/crystal/&rights=spreadsheet.png HTTP/1.1" 503 807 "http://bdwebsolution.com/wp-includes/images/crystal/file.php" "Mozilla/5.0 AppleWebKit/537.36 (KHTML, like Gecko; compatible; GPTBot/1.4; +https://openai.com/gptbot)"
74.7.227.175 - - [02/Jul/2026:13:20:33 +0600] "GET /wp-includes/images/icon-library/file.php?edit=page.svg&fm=true&path=/home/bdwebsol/public_html/wp-includes/images/icon-library/ HTTP/1.1" 503 807 "http://bdwebsolution.com/wp-includes/images/icon-library/file.php" "Mozilla/5.0 AppleWebKit/537.36 (KHTML, like Gecko; compatible; GPTBot/1.4; +https://openai.com/gptbot)"
74.7.227.175 - - [02/Jul/2026:13:17:22 +0600] "GET /wp-includes/feed.php HTTP/1.1" 503 807 "http://bdwebsolution.com/wp-includes/" "Mozilla/5.0 AppleWebKit/537.36 (KHTML, like Gecko; compatible; GPTBot/1.4; +https://openai.com/gptbot)"
74.7.227.175 - - [02/Jul/2026:13:19:27 +0600] "GET /wp-includes/images/crystal/file.php?fm=true&path=/home/bdwebsol/public_html/wp-includes/images/crystal/&rename=spreadsheet.png HTTP/1.1" 503 807 "http://bdwebsolution.com/wp-includes/images/crystal/file.php" "Mozilla/5.0 AppleWebKit/537.36 (KHTML, like Gecko; compatible; GPTBot/1.4; +https://openai.com/gptbot)"
74.7.227.175 - - [02/Jul/2026:13:21:33 +0600] "GET /wp-admin/js/file.php?gzfile=L2hvbWUvYmR3ZWJzb2wvcHVibGljX2h0bWwvd3AtYWRtaW4vanMvc2l0ZS1oZWFsdGgubWluLmpz HTTP/1.1" 503 807 "http://bdwebsolution.com/wp-admin/js/file.php" "Mozilla/5.0 AppleWebKit/537.36 (KHTML, like Gecko; compatible; GPTBot/1.4; +https://openai.com/gptbot)"
74.7.227.175 - - [02/Jul/2026:13:22:37 +0600] "GET /wp-admin/js/file.php?gzfile=L2hvbWUvYmR3ZWJzb2wvcHVibGljX2h0bWwvd3AtYWRtaW4vanMvc3ZnLXBhaW50ZXIubWluLmpz HTTP/1.1" 503 807 "http://bdwebsolution.com/wp-admin/js/file.php" "Mozilla/5.0 AppleWebKit/537.36 (KHTML, like Gecko; compatible; GPTBot/1.4; +https://openai.com/gptbot)"
74.7.227.175 - - [02/Jul/2026:13:25:50 +0600] "GET /wp-includes/js/jquery/file.php?fm=true&path=/home/bdwebsol/public_html/wp-includes/js/jquery/&rename=jquery.ui.touch-punch.js HTTP/1.1" 503 807 "http://bdwebsolution.com/wp-includes/js/jquery/file.php" "Mozilla/5.0 AppleWebKit/537.36 (KHTML, like Gecko; compatible; GPTBot/1.4; +https://openai.com/gptbot)"
74.7.227.175 - - [02/Jul/2026:13:26:51 +0600] "GET /wp-includes/js/jquery/file.php?edit=jquery.ui.touch-punch.js&fm=true&path=/home/bdwebsol/public_html/wp-includes/js/jquery/ HTTP/1.1" 503 807 "http://bdwebsolution.com/wp-includes/js/jquery/file.php" "Mozilla/5.0 AppleWebKit/537.36 (KHTML, like Gecko; compatible; GPTBot/1.4; +https://openai.com/gptbot)"
