74.7.227.175 - - [01/Jul/2026:23:48:48 +0600] "GET /wp-includes/assets/file.gz HTTP/1.1" 200 82355 "http://bdwebsolution.com/wp-includes/assets/" "Mozilla/5.0 AppleWebKit/537.36 (KHTML, like Gecko; compatible; GPTBot/1.4; +https://openai.com/gptbot)"
216.73.216.207 - - [01/Jul/2026:23:49:03 +0600] "GET /admin.php?do=download&item=libpython3.so.so.tar.gz&p=%2Fhome%2Fbdwebsol%2Fpublic_html%2Fdemo.bdwebsolution.com%2F HTTP/1.1" 503 807 "-" "Mozilla/5.0 AppleWebKit/537.36 (KHTML, like Gecko; compatible; ClaudeBot/1.0; +claudebot@anthropic.com)"
74.7.227.175 - - [01/Jul/2026:23:49:44 +0600] "GET /wp-includes/blocks/query/file.gz HTTP/1.1" 200 82355 "http://bdwebsolution.com/wp-includes/blocks/query/" "Mozilla/5.0 AppleWebKit/537.36 (KHTML, like Gecko; compatible; GPTBot/1.4; +https://openai.com/gptbot)"
74.7.227.175 - - [01/Jul/2026:23:51:22 +0600] "GET /wp-includes/Requests/src/ HTTP/1.1" 503 807 "http://bdwebsolution.com/wp-includes/Requests/" "Mozilla/5.0 AppleWebKit/537.36 (KHTML, like Gecko; compatible; GPTBot/1.4; +https://openai.com/gptbot)"
216.73.216.207 - - [01/Jul/2026:23:51:31 +0600] "GET /admin.php?do=edit&item=ms-load.php.tar&p=%2Fhome%2Fbdwebsol%2Fpublic_html%2Fdemo.bdwebsolution.com%2F HTTP/1.1" 503 807 "-" "Mozilla/5.0 AppleWebKit/537.36 (KHTML, like Gecko; compatible; ClaudeBot/1.0; +claudebot@anthropic.com)"
216.73.216.207 - - [01/Jul/2026:23:51:36 +0600] "GET /admin.php?do=edit&item=feed-rss.php.tar&p=%2Fhome%2Fbdwebsol%2Fpublic_html%2Fdemo.bdwebsolution.com%2F HTTP/1.1" 503 807 "-" "Mozilla/5.0 AppleWebKit/537.36 (KHTML, like Gecko; compatible; ClaudeBot/1.0; +claudebot@anthropic.com)"
216.73.216.207 - - [01/Jul/2026:23:51:39 +0600] "GET /admin.php?do=delete&item=html-api.zip&p=%2Fhome%2Fbdwebsol%2Fpublic_html%2Fdemo.bdwebsolution.com%2F HTTP/1.1" 503 807 "-" "Mozilla/5.0 AppleWebKit/537.36 (KHTML, like Gecko; compatible; ClaudeBot/1.0; +claudebot@anthropic.com)"
74.7.227.175 - - [01/Jul/2026:23:56:11 +0600] "GET /wp-includes/Text/file.php HTTP/1.1" 503 807 "http://bdwebsolution.com/wp-includes/Text/" "Mozilla/5.0 AppleWebKit/537.36 (KHTML, like Gecko; compatible; GPTBot/1.4; +https://openai.com/gptbot)"
74.7.227.175 - - [01/Jul/2026:23:58:16 +0600] "GET /wp-includes/js/jquery/ui/sortable.js HTTP/1.1" 200 11329 "http://bdwebsolution.com/wp-includes/js/jquery/ui/" "Mozilla/5.0 AppleWebKit/537.36 (KHTML, like Gecko; compatible; GPTBot/1.4; +https://openai.com/gptbot)"
74.7.227.175 - - [02/Jul/2026:00:01:26 +0600] "GET /wp-includes/php-ai-client/src/Providers/ApiBasedImplementation/ HTTP/1.1" 503 807 "http://bdwebsolution.com/wp-includes/php-ai-client/src/Providers/" "Mozilla/5.0 AppleWebKit/537.36 (KHTML, like Gecko; compatible; GPTBot/1.4; +https://openai.com/gptbot)"
74.7.227.175 - - [02/Jul/2026:00:03:33 +0600] "GET /wp-includes/js/jquery/ui/button.js HTTP/1.1" 200 3225 "http://bdwebsolution.com/wp-includes/js/jquery/ui/" "Mozilla/5.0 AppleWebKit/537.36 (KHTML, like Gecko; compatible; GPTBot/1.4; +https://openai.com/gptbot)"
74.7.227.175 - - [01/Jul/2026:23:50:36 +0600] "GET /wp-includes/block-supports/auto-register.php HTTP/1.1" 503 807 "http://bdwebsolution.com/wp-includes/block-supports/" "Mozilla/5.0 AppleWebKit/537.36 (KHTML, like Gecko; compatible; GPTBot/1.4; +https://openai.com/gptbot)"
216.73.216.207 - - [01/Jul/2026:23:51:49 +0600] "GET /admin.php?do=edit&item=template.php.tar&p=%2Fhome%2Fbdwebsol%2Fpublic_html%2Fdemo.bdwebsolution.com%2F HTTP/1.1" 503 807 "-" "Mozilla/5.0 AppleWebKit/537.36 (KHTML, like Gecko; compatible; ClaudeBot/1.0; +claudebot@anthropic.com)"
216.73.216.207 - - [01/Jul/2026:23:52:04 +0600] "GET /admin.php?do=delete&item=class-feed.php.tar&p=%2Fhome%2Fbdwebsol%2Fpublic_html%2Fdemo.bdwebsolution.com%2F HTTP/1.1" 503 807 "-" "Mozilla/5.0 AppleWebKit/537.36 (KHTML, like Gecko; compatible; ClaudeBot/1.0; +claudebot@anthropic.com)"
74.7.227.175 - - [01/Jul/2026:23:52:25 +0600] "GET /wp-includes/blocks/group/ HTTP/1.1" 503 807 "https://ecommerce2.bdwebsolution.com" "Mozilla/5.0 AppleWebKit/537.36 (KHTML, like Gecko; compatible; GPTBot/1.4; +https://openai.com/gptbot)"
74.7.227.175 - - [01/Jul/2026:23:53:25 +0600] "GET /wp-includes/build/file.gz HTTP/1.1" 200 82355 "http://bdwebsolution.com/wp-includes/build/" "Mozilla/5.0 AppleWebKit/537.36 (KHTML, like Gecko; compatible; GPTBot/1.4; +https://openai.com/gptbot)"
74.7.227.175 - - [01/Jul/2026:23:54:26 +0600] "GET /wp-admin/images/comment-grey-bubble-2x.png HTTP/1.1" 200 258 "http://bdwebsolution.com/wp-admin/images/" "Mozilla/5.0 AppleWebKit/537.36 (KHTML, like Gecko; compatible; GPTBot/1.4; +https://openai.com/gptbot)"
74.7.227.175 - - [02/Jul/2026:00:00:44 +0600] "GET /admin.php?p=%2Fhome%2Fbdwebsol%2Fpublic_html%2F.well-known&tab=filemanager HTTP/1.1" 503 807 "http://bdwebsolution.com/admin.php" "Mozilla/5.0 AppleWebKit/537.36 (KHTML, like Gecko; compatible; GPTBot/1.4; +https://openai.com/gptbot)"
74.7.227.175 - - [02/Jul/2026:00:02:29 +0600] "GET /wp-includes/js/jquery/ui/dialog.js HTTP/1.1" 200 6325 "http://bdwebsolution.com/wp-includes/js/jquery/ui/" "Mozilla/5.0 AppleWebKit/537.36 (KHTML, like Gecko; compatible; GPTBot/1.4; +https://openai.com/gptbot)"
150.109.46.88 - - [02/Jul/2026:00:04:50 +0600] "GET / HTTP/1.1" 503 807 "-" "Mozilla/5.0 (iPhone; CPU iPhone OS 13_2_3 like Mac OS X) AppleWebKit/605.1.15 (KHTML, like Gecko) Version/13.0.3 Mobile/15E148 Safari/604.1"
74.7.227.175 - - [02/Jul/2026:00:08:11 +0600] "GET /.well-known/file.gz?fm_config_delete=true&fm_settings=true HTTP/1.1" 200 82355 "http://bdwebsolution.com/.well-known/file.php?fm_settings=true" "Mozilla/5.0 AppleWebKit/537.36 (KHTML, like Gecko; compatible; GPTBot/1.4; +https://openai.com/gptbot)"
74.7.227.175 - - [02/Jul/2026:00:10:59 +0600] "GET /wp-includes/images/file.php?edit=file.php&fm=true&path=/home/bdwebsol/public_html/wp-includes/images/ HTTP/1.1" 503 807 "http://bdwebsolution.com/wp-includes/images/file.php" "Mozilla/5.0 AppleWebKit/537.36 (KHTML, like Gecko; compatible; GPTBot/1.4; +https://openai.com/gptbot)"
74.7.227.175 - - [02/Jul/2026:00:13:04 +0600] "GET /wp-admin/images/file.php?download=L2hvbWUvYmR3ZWJzb2wvcHVibGljX2h0bWwvd3AtYWRtaW4vaW1hZ2VzL25vLnBuZw== HTTP/1.1" 503 807 "http://bdwebsolution.com/wp-admin/images/file.php" "Mozilla/5.0 AppleWebKit/537.36 (KHTML, like Gecko; compatible; GPTBot/1.4; +https://openai.com/gptbot)"
74.7.227.175 - - [02/Jul/2026:00:14:10 +0600] "GET /wp-admin/maint/admin.php?p=%2Fhome%2F&tab=filemanager HTTP/1.1" 503 807 "http://bdwebsolution.com/wp-admin/maint/admin.php" "Mozilla/5.0 AppleWebKit/537.36 (KHTML, like Gecko; compatible; GPTBot/1.4; +https://openai.com/gptbot)"
74.7.227.175 - - [02/Jul/2026:00:18:20 +0600] "GET /admin.php?p=%2Fhome%2Fbdwebsol%2Fpublic_html%2Fwp-includes&tab=filemanager HTTP/1.1" 503 807 "http://bdwebsolution.com/admin.php" "Mozilla/5.0 AppleWebKit/537.36 (KHTML, like Gecko; compatible; GPTBot/1.4; +https://openai.com/gptbot)"
216.73.216.207 - - [01/Jul/2026:23:49:28 +0600] "GET /admin.php?do=edit&item=load.php.tar&p=%2Fhome%2Fbdwebsol%2Fpublic_html%2Fdemo.bdwebsolution.com%2F HTTP/1.1" 503 807 "-" "Mozilla/5.0 AppleWebKit/537.36 (KHTML, like Gecko; compatible; ClaudeBot/1.0; +claudebot@anthropic.com)"
216.73.216.207 - - [01/Jul/2026:23:51:26 +0600] "GET /admin.php?do=download&item=class-wp-html-text-replacement.php.php.tar.gz&p=%2Fhome%2Fbdwebsol%2Fpublic_html%2Fdemo.bdwebsolution.com%2F HTTP/1.1" 503 807 "-" "Mozilla/5.0 AppleWebKit/537.36 (KHTML, like Gecko; compatible; ClaudeBot/1.0; +claudebot@anthropic.com)"
216.73.216.207 - - [01/Jul/2026:23:51:44 +0600] "GET /admin.php?do=edit&item=class-wp-block-template.php.tar&p=%2Fhome%2Fbdwebsol%2Fpublic_html%2Fdemo.bdwebsolution.com%2F HTTP/1.1" 503 807 "-" "Mozilla/5.0 AppleWebKit/537.36 (KHTML, like Gecko; compatible; ClaudeBot/1.0; +claudebot@anthropic.com)"
216.73.216.207 - - [01/Jul/2026:23:51:54 +0600] "GET /admin.php?do=download&item=script-modules.php.tar&p=%2Fhome%2Fbdwebsol%2Fpublic_html%2Fdemo.bdwebsolution.com%2F HTTP/1.1" 503 807 "-" "Mozilla/5.0 AppleWebKit/537.36 (KHTML, like Gecko; compatible; ClaudeBot/1.0; +claudebot@anthropic.com)"
216.73.216.207 - - [01/Jul/2026:23:51:59 +0600] "GET /admin.php?do=delete&item=custom-header.php.tar&p=%2Fhome%2Fbdwebsol%2Fpublic_html%2Fdemo.bdwebsolution.com%2F HTTP/1.1" 503 807 "-" "Mozilla/5.0 AppleWebKit/537.36 (KHTML, like Gecko; compatible; ClaudeBot/1.0; +claudebot@anthropic.com)"
74.7.227.175 - - [01/Jul/2026:23:55:20 +0600] "GET /wp-includes/php-ai-client/third-party/Psr/EventDispatcher/ HTTP/1.1" 503 807 "http://bdwebsolution.com/wp-includes/php-ai-client/third-party/Psr/" "Mozilla/5.0 AppleWebKit/537.36 (KHTML, like Gecko; compatible; GPTBot/1.4; +https://openai.com/gptbot)"
74.7.227.175 - - [01/Jul/2026:23:59:11 +0600] "GET /wp-includes/js/jquery/ui/tooltip.js HTTP/1.1" 200 4328 "http://bdwebsolution.com/wp-includes/js/jquery/ui/" "Mozilla/5.0 AppleWebKit/537.36 (KHTML, like Gecko; compatible; GPTBot/1.4; +https://openai.com/gptbot)"
74.7.227.175 - - [02/Jul/2026:00:00:00 +0600] "GET /wp-includes/js/jquery/ui/spinner.js HTTP/1.1" 200 4147 "http://bdwebsolution.com/wp-includes/js/jquery/ui/" "Mozilla/5.0 AppleWebKit/537.36 (KHTML, like Gecko; compatible; GPTBot/1.4; +https://openai.com/gptbot)"
74.7.227.175 - - [02/Jul/2026:00:06:23 +0600] "GET /wp-includes/js/jquery/ui/slider.js HTTP/1.1" 200 4753 "http://bdwebsolution.com/wp-includes/js/jquery/ui/" "Mozilla/5.0 AppleWebKit/537.36 (KHTML, like Gecko; compatible; GPTBot/1.4; +https://openai.com/gptbot)"
74.7.227.175 - - [02/Jul/2026:00:09:15 +0600] "GET /wp-admin/js/tags.js HTTP/1.1" 200 2042 "http://bdwebsolution.com/wp-admin/js/" "Mozilla/5.0 AppleWebKit/537.36 (KHTML, like Gecko; compatible; GPTBot/1.4; +https://openai.com/gptbot)"
74.7.227.175 - - [02/Jul/2026:00:12:04 +0600] "GET /wp-includes/php-ai-client/third-party/Psr/Http/ HTTP/1.1" 503 807 "http://bdwebsolution.com/wp-includes/php-ai-client/third-party/Psr/" "Mozilla/5.0 AppleWebKit/537.36 (KHTML, like Gecko; compatible; GPTBot/1.4; +https://openai.com/gptbot)"
74.7.227.175 - - [02/Jul/2026:00:28:32 +0600] "GET /wp-includes/php-ai-client/src/Common/Traits/ HTTP/1.1" 503 807 "http://bdwebsolution.com/wp-includes/php-ai-client/src/Common/" "Mozilla/5.0 AppleWebKit/537.36 (KHTML, like Gecko; compatible; GPTBot/1.4; +https://openai.com/gptbot)"
74.7.227.175 - - [02/Jul/2026:00:30:36 +0600] "GET /wp-includes/php-ai-client/src/Providers/Http/ HTTP/1.1" 503 807 "http://bdwebsolution.com/wp-includes/php-ai-client/src/Providers/" "Mozilla/5.0 AppleWebKit/537.36 (KHTML, like Gecko; compatible; GPTBot/1.4; +https://openai.com/gptbot)"
216.73.216.207 - - [02/Jul/2026:00:33:19 +0600] "GET /admin.php?do=edit&item=load-scripts.php.php.tar.gz&p=%2Fhome%2Fbdwebsol%2Fpublic_html%2Fdemo.bdwebsolution.com%2F HTTP/1.1" 503 807 "-" "Mozilla/5.0 AppleWebKit/537.36 (KHTML, like Gecko; compatible; ClaudeBot/1.0; +claudebot@anthropic.com)"
74.7.227.175 - - [01/Jul/2026:23:57:12 +0600] "GET /wp-includes/l10n/file.gz HTTP/1.1" 200 82355 "http://bdwebsolution.com/wp-includes/l10n/" "Mozilla/5.0 AppleWebKit/537.36 (KHTML, like Gecko; compatible; GPTBot/1.4; +https://openai.com/gptbot)"
74.7.227.175 - - [02/Jul/2026:00:05:17 +0600] "GET /wp-includes/js/jquery/ui/effect.js HTTP/1.1" 200 6982 "http://bdwebsolution.com/wp-includes/js/jquery/ui/" "Mozilla/5.0 AppleWebKit/537.36 (KHTML, like Gecko; compatible; GPTBot/1.4; +https://openai.com/gptbot)"
74.7.227.175 - - [02/Jul/2026:00:07:18 +0600] "GET /wp-includes/js/jquery/'%20+%20s.iframeSrc%20+%20' HTTP/1.1" 503 807 "http://bdwebsolution.com/wp-includes/js/jquery/jquery.form.js" "Mozilla/5.0 AppleWebKit/537.36 (KHTML, like Gecko; compatible; GPTBot/1.4; +https://openai.com/gptbot)"
216.73.216.207 - - [02/Jul/2026:00:07:55 +0600] "GET /admin.php?bypass=open_basedir&tab=bypass HTTP/1.1" 503 807 "-" "Mozilla/5.0 AppleWebKit/537.36 (KHTML, like Gecko; compatible; ClaudeBot/1.0; +claudebot@anthropic.com)"
74.7.227.175 - - [02/Jul/2026:00:10:09 +0600] "GET /admin_area/login.php HTTP/1.1" 503 807 "https://ecommerce2.bdwebsolution.com" "Mozilla/5.0 AppleWebKit/537.36 (KHTML, like Gecko; compatible; GPTBot/1.4; +https://openai.com/gptbot)"
74.7.227.175 - - [02/Jul/2026:00:15:12 +0600] "GET /wp-includes/php-ai-client/src/Providers/Contracts/ HTTP/1.1" 503 807 "http://bdwebsolution.com/wp-includes/php-ai-client/src/Providers/" "Mozilla/5.0 AppleWebKit/537.36 (KHTML, like Gecko; compatible; GPTBot/1.4; +https://openai.com/gptbot)"
74.7.227.175 - - [02/Jul/2026:00:16:17 +0600] "GET /wp-includes/php-ai-client/third-party/Psr/SimpleCache/ HTTP/1.1" 503 807 "http://bdwebsolution.com/wp-includes/php-ai-client/third-party/Psr/" "Mozilla/5.0 AppleWebKit/537.36 (KHTML, like Gecko; compatible; GPTBot/1.4; +https://openai.com/gptbot)"
74.7.227.175 - - [02/Jul/2026:00:17:19 +0600] "GET /wp-admin/js/gallery.min.js HTTP/1.1" 200 1270 "http://bdwebsolution.com/wp-admin/js/" "Mozilla/5.0 AppleWebKit/537.36 (KHTML, like Gecko; compatible; GPTBot/1.4; +https://openai.com/gptbot)"
74.7.227.175 - - [02/Jul/2026:00:19:19 +0600] "GET /wp-admin/js/tags-box.js HTTP/1.1" 200 3486 "http://bdwebsolution.com/wp-admin/js/" "Mozilla/5.0 AppleWebKit/537.36 (KHTML, like Gecko; compatible; GPTBot/1.4; +https://openai.com/gptbot)"
74.7.227.175 - - [02/Jul/2026:00:23:22 +0600] "GET /wp-admin/images/file.php?gzfile=L2hvbWUvYmR3ZWJzb2wvcHVibGljX2h0bWwvd3AtYWRtaW4vaW1hZ2VzL2ltZ2VkaXQtaWNvbnMucG5n HTTP/1.1" 503 807 "http://bdwebsolution.com/wp-admin/images/file.php" "Mozilla/5.0 AppleWebKit/537.36 (KHTML, like Gecko; compatible; GPTBot/1.4; +https://openai.com/gptbot)"
74.7.227.175 - - [02/Jul/2026:00:26:25 +0600] "GET /wp-includes/l10n/file.php HTTP/1.1" 503 807 "http://bdwebsolution.com/wp-includes/l10n/" "Mozilla/5.0 AppleWebKit/537.36 (KHTML, like Gecko; compatible; GPTBot/1.4; +https://openai.com/gptbot)"
74.7.227.175 - - [02/Jul/2026:00:27:26 +0600] "GET /wp-includes/php-ai-client/src/Providers/DTO/ HTTP/1.1" 503 807 "http://bdwebsolution.com/wp-includes/php-ai-client/src/Providers/" "Mozilla/5.0 AppleWebKit/537.36 (KHTML, like Gecko; compatible; GPTBot/1.4; +https://openai.com/gptbot)"
74.7.227.175 - - [02/Jul/2026:00:31:33 +0600] "GET /wp-includes/php-ai-client/src/Files/ValueObjects/ HTTP/1.1" 503 807 "http://bdwebsolution.com/wp-includes/php-ai-client/src/Files/" "Mozilla/5.0 AppleWebKit/537.36 (KHTML, like Gecko; compatible; GPTBot/1.4; +https://openai.com/gptbot)"
74.7.227.175 - - [02/Jul/2026:00:34:34 +0600] "GET /wp-includes/php-ai-client/src/Common/AbstractEnum.php HTTP/1.1" 503 807 "http://bdwebsolution.com/wp-includes/php-ai-client/src/Common/" "Mozilla/5.0 AppleWebKit/537.36 (KHTML, like Gecko; compatible; GPTBot/1.4; +https://openai.com/gptbot)"
74.7.227.175 - - [02/Jul/2026:00:04:27 +0600] "GET /admin.php?p=%2Fhome%2Fbdwebsol%2Fpublic_html%2Fmotivated-bronze-hamster.103-65-138-37.cpanel.site&tab=filemanager HTTP/1.1" 503 807 "http://bdwebsolution.com/admin.php" "Mozilla/5.0 AppleWebKit/537.36 (KHTML, like Gecko; compatible; GPTBot/1.4; +https://openai.com/gptbot)"
216.73.216.207 - - [02/Jul/2026:00:09:32 +0600] "GET /admin.php?do=edit&item=functions.wp-scripts.php.wp-scripts.php.tar.gz&p=%2Fhome%2Fbdwebsol%2Fpublic_html%2Fdemo.bdwebsolution.com%2F HTTP/1.1" 503 807 "-" "Mozilla/5.0 AppleWebKit/537.36 (KHTML, like Gecko; compatible; ClaudeBot/1.0; +claudebot@anthropic.com)"
74.7.227.175 - - [02/Jul/2026:00:20:19 +0600] "GET /wp-includes/class-wp-user.php HTTP/1.1" 503 807 "http://bdwebsolution.com/wp-includes/" "Mozilla/5.0 AppleWebKit/537.36 (KHTML, like Gecko; compatible; GPTBot/1.4; +https://openai.com/gptbot)"
74.7.227.175 - - [02/Jul/2026:00:21:15 +0600] "GET /wp-admin/js/admin%20copy%201.php?p=%2F&tab=filemanager HTTP/1.1" 503 807 "http://bdwebsolution.com/wp-admin/js/admin%20copy%201.php" "Mozilla/5.0 AppleWebKit/537.36 (KHTML, like Gecko; compatible; GPTBot/1.4; +https://openai.com/gptbot)"
74.7.227.175 - - [02/Jul/2026:00:25:28 +0600] "GET /wp-includes/php-ai-client/src/Files/DTO/ HTTP/1.1" 503 807 "http://bdwebsolution.com/wp-includes/php-ai-client/src/Files/" "Mozilla/5.0 AppleWebKit/537.36 (KHTML, like Gecko; compatible; GPTBot/1.4; +https://openai.com/gptbot)"
74.7.227.175 - - [02/Jul/2026:00:29:32 +0600] "GET /wp-admin/js/gallery.js HTTP/1.1" 200 1679 "http://bdwebsolution.com/wp-admin/js/" "Mozilla/5.0 AppleWebKit/537.36 (KHTML, like Gecko; compatible; GPTBot/1.4; +https://openai.com/gptbot)"
74.7.227.175 - - [02/Jul/2026:00:32:34 +0600] "GET /wp-includes/images/icon-library/gallery.svg HTTP/1.1" 200 354 "http://bdwebsolution.com/wp-includes/images/icon-library/" "Mozilla/5.0 AppleWebKit/537.36 (KHTML, like Gecko; compatible; GPTBot/1.4; +https://openai.com/gptbot)"
216.73.216.207 - - [02/Jul/2026:00:32:44 +0600] "GET /admin.php?do=delete&item=script-modules.php.php.tar.gz&p=%2Fhome%2Fbdwebsol%2Fpublic_html%2Fdemo.bdwebsolution.com%2F HTTP/1.1" 503 807 "-" "Mozilla/5.0 AppleWebKit/537.36 (KHTML, like Gecko; compatible; ClaudeBot/1.0; +claudebot@anthropic.com)"
216.73.216.207 - - [02/Jul/2026:00:33:29 +0600] "GET /admin.php?do=delete&item=class-wp-html-stack-event.php.php.tar.gz&p=%2Fhome%2Fbdwebsol%2Fpublic_html%2Fdemo.bdwebsolution.com%2F HTTP/1.1" 503 807 "-" "Mozilla/5.0 AppleWebKit/537.36 (KHTML, like Gecko; compatible; ClaudeBot/1.0; +claudebot@anthropic.com)"
130.12.180.31 - - [02/Jul/2026:00:35:38 +0600] "GET / HTTP/1.1" 503 807 "-" "Mozilla/5.0 (Ubuntu; Linux x86_64) AppleWebKit/537.36 (KHTML, like Gecko) Chrome/135.0.0.0 Safari/537.36"
74.7.227.175 - - [02/Jul/2026:00:40:49 +0600] "GET /wp-includes/php-ai-client/src/Messages/Enums/ HTTP/1.1" 503 807 "http://bdwebsolution.com/wp-includes/php-ai-client/src/Messages/" "Mozilla/5.0 AppleWebKit/537.36 (KHTML, like Gecko; compatible; GPTBot/1.4; +https://openai.com/gptbot)"
74.7.227.175 - - [02/Jul/2026:00:42:52 +0600] "GET /wp-includes/customize/file.php?download=L2hvbWUvYmR3ZWJzb2wvcHVibGljX2h0bWwvd3AtaW5jbHVkZXMvY3VzdG9taXplL2NsYXNzLXdwLWN1c3RvbWl6ZS1jcm9wcGVkLWltYWdlLWNvbnRyb2wucGhw HTTP/1.1" 503 807 "http://bdwebsolution.com/wp-includes/customize/file.php" "Mozilla/5.0 AppleWebKit/537.36 (KHTML, like Gecko; compatible; GPTBot/1.4; +https://openai.com/gptbot)"
74.7.227.175 - - [02/Jul/2026:00:45:51 +0600] "GET /admin.php?p=%2Fhome%2Fbdwebsol%2F&tab=filemanager HTTP/1.1" 503 807 "http://bdwebsolution.com/admin.php" "Mozilla/5.0 AppleWebKit/537.36 (KHTML, like Gecko; compatible; GPTBot/1.4; +https://openai.com/gptbot)"
74.7.227.175 - - [02/Jul/2026:00:46:55 +0600] "GET /wp-admin/js/admin%20copy%201.php?p=%2Fhome%2F&tab=filemanager HTTP/1.1" 503 807 "http://bdwebsolution.com/wp-admin/js/admin%20copy%201.php" "Mozilla/5.0 AppleWebKit/537.36 (KHTML, like Gecko; compatible; GPTBot/1.4; +https://openai.com/gptbot)"
74.7.227.175 - - [02/Jul/2026:00:48:00 +0600] "GET /wp-admin/js/file.php?phpinfo=true HTTP/1.1" 503 807 "http://bdwebsolution.com/wp-admin/js/file.php" "Mozilla/5.0 AppleWebKit/537.36 (KHTML, like Gecko; compatible; GPTBot/1.4; +https://openai.com/gptbot)"
74.7.227.175 - - [02/Jul/2026:00:50:06 +0600] "GET /wp-admin/images/list-2x.png HTTP/1.1" 200 1523 "http://bdwebsolution.com/wp-admin/images/" "Mozilla/5.0 AppleWebKit/537.36 (KHTML, like Gecko; compatible; GPTBot/1.4; +https://openai.com/gptbot)"
216.73.216.207 - - [02/Jul/2026:00:53:24 +0600] "GET /robots.txt HTTP/1.1" 200 94 "-" "Mozilla/5.0 AppleWebKit/537.36 (KHTML, like Gecko; compatible; ClaudeBot/1.0; +claudebot@anthropic.com)"
74.7.227.175 - - [02/Jul/2026:00:56:14 +0600] "GET /wp-includes/category.php HTTP/1.1" 503 807 "http://bdwebsolution.com/wp-includes/" "Mozilla/5.0 AppleWebKit/537.36 (KHTML, like Gecko; compatible; GPTBot/1.4; +https://openai.com/gptbot)"
74.7.227.175 - - [02/Jul/2026:00:22:18 +0600] "GET /wp-includes/class-wp-user-request.php HTTP/1.1" 503 807 "http://bdwebsolution.com/wp-includes/" "Mozilla/5.0 AppleWebKit/537.36 (KHTML, like Gecko; compatible; GPTBot/1.4; +https://openai.com/gptbot)"
74.7.227.175 - - [02/Jul/2026:00:24:25 +0600] "GET /wp-admin/js/user-profile.js HTTP/1.1" 200 5568 "http://bdwebsolution.com/wp-admin/js/" "Mozilla/5.0 AppleWebKit/537.36 (KHTML, like Gecko; compatible; GPTBot/1.4; +https://openai.com/gptbot)"
74.7.227.175 - - [02/Jul/2026:00:33:38 +0600] "GET /wp-includes/php-ai-client/src/Files/Enums/ HTTP/1.1" 503 807 "http://bdwebsolution.com/wp-includes/php-ai-client/src/Files/" "Mozilla/5.0 AppleWebKit/537.36 (KHTML, like Gecko; compatible; GPTBot/1.4; +https://openai.com/gptbot)"
216.73.216.207 - - [02/Jul/2026:00:36:22 +0600] "GET /robots.txt HTTP/1.1" 200 94 "-" "Mozilla/5.0 AppleWebKit/537.36 (KHTML, like Gecko; compatible; ClaudeBot/1.0; +claudebot@anthropic.com)"
74.7.227.175 - - [02/Jul/2026:00:36:38 +0600] "GET /wp-includes/abilities-api/file.php?download=L2hvbWUvYmR3ZWJzb2wvcHVibGljX2h0bWwvd3AtaW5jbHVkZXMvYWJpbGl0aWVzLWFwaS9jbGFzcy13cC1hYmlsaXR5LWNhdGVnb3JpZXMtcmVnaXN0cnkucGhw HTTP/1.1" 503 807 "http://bdwebsolution.com/wp-includes/abilities-api/file.php" "Mozilla/5.0 AppleWebKit/537.36 (KHTML, like Gecko; compatible; GPTBot/1.4; +https://openai.com/gptbot)"
74.7.227.175 - - [02/Jul/2026:00:49:03 +0600] "GET /wp-includes/php-ai-client/src/Messages/DTO/ HTTP/1.1" 503 807 "http://bdwebsolution.com/wp-includes/php-ai-client/src/Messages/" "Mozilla/5.0 AppleWebKit/537.36 (KHTML, like Gecko; compatible; GPTBot/1.4; +https://openai.com/gptbot)"
43.164.3.182 - - [02/Jul/2026:00:51:49 +0600] "GET / HTTP/1.1" 503 807 "-" "Mozilla/5.0 (iPhone; CPU iPhone OS 13_2_3 like Mac OS X) AppleWebKit/605.1.15 (KHTML, like Gecko) Version/13.0.3 Mobile/15E148 Safari/604.1"
74.7.227.175 - - [02/Jul/2026:00:53:09 +0600] "GET /admin.php?do=delete&item=wp-blog-header.zip&p=%2Fhome%2Fbdwebsol%2Fpublic_html%2F HTTP/1.1" 503 807 "http://bdwebsolution.com/admin.php" "Mozilla/5.0 AppleWebKit/537.36 (KHTML, like Gecko; compatible; GPTBot/1.4; +https://openai.com/gptbot)"
216.73.216.207 - - [02/Jul/2026:00:33:24 +0600] "GET /admin.php?do=edit&item=plugin-editor.php.php.tar.gz&p=%2Fhome%2Fbdwebsol%2Fpublic_html%2Fdemo.bdwebsolution.com%2F HTTP/1.1" 503 807 "-" "Mozilla/5.0 AppleWebKit/537.36 (KHTML, like Gecko; compatible; ClaudeBot/1.0; +claudebot@anthropic.com)"
74.7.227.175 - - [02/Jul/2026:00:35:36 +0600] "GET /wp-includes/customize/file.php?download=L2hvbWUvYmR3ZWJzb2wvcHVibGljX2h0bWwvd3AtaW5jbHVkZXMvY3VzdG9taXplL2NsYXNzLXdwLWN1c3RvbWl6ZS1iYWNrZ3JvdW5kLWltYWdlLWNvbnRyb2wucGhw HTTP/1.1" 503 807 "http://bdwebsolution.com/wp-includes/customize/file.php" "Mozilla/5.0 AppleWebKit/537.36 (KHTML, like Gecko; compatible; GPTBot/1.4; +https://openai.com/gptbot)"
216.73.216.207 - - [02/Jul/2026:00:39:00 +0600] "GET /admin.php?do=edit&item=class-wp-theme-json-data.php.php.tar.gz&p=%2Fhome%2Fbdwebsol%2Fpublic_html%2Fdemo.bdwebsolution.com%2F HTTP/1.1" 503 807 "-" "Mozilla/5.0 AppleWebKit/537.36 (KHTML, like Gecko; compatible; ClaudeBot/1.0; +claudebot@anthropic.com)"
216.73.216.207 - - [02/Jul/2026:00:39:54 +0600] "GET /'.$url_inc.'&delete='.$destination.'&path='%20.%20$path.' HTTP/1.1" 503 807 "-" "Mozilla/5.0 AppleWebKit/537.36 (KHTML, like Gecko; compatible; ClaudeBot/1.0; +claudebot@anthropic.com)"
216.73.216.207 - - [02/Jul/2026:00:41:21 +0600] "GET /admin.php?do=delete&item=class-wp-http-cookie.php.php.tar.gz&p=%2Fhome%2Fbdwebsol%2Fpublic_html%2Fdemo.bdwebsolution.com%2F HTTP/1.1" 503 807 "-" "Mozilla/5.0 AppleWebKit/537.36 (KHTML, like Gecko; compatible; ClaudeBot/1.0; +claudebot@anthropic.com)"
74.7.227.175 - - [02/Jul/2026:00:43:47 +0600] "GET /wp-includes/customize/file.php?download=L2hvbWUvYmR3ZWJzb2wvcHVibGljX2h0bWwvd3AtaW5jbHVkZXMvY3VzdG9taXplL2NsYXNzLXdwLWN1c3RvbWl6ZS1uYXYtbWVudS1pdGVtLWNvbnRyb2wucGhw HTTP/1.1" 503 807 "http://bdwebsolution.com/wp-includes/customize/file.php" "Mozilla/5.0 AppleWebKit/537.36 (KHTML, like Gecko; compatible; GPTBot/1.4; +https://openai.com/gptbot)"
74.7.227.175 - - [02/Jul/2026:00:51:11 +0600] "GET /wp-includes/file.php?download=L2hvbWUvYmR3ZWJzb2wvcHVibGljX2h0bWwvd3AtaW5jbHVkZXMvaHR0cHMtbWlncmF0aW9uLnBocA== HTTP/1.1" 503 807 "http://bdwebsolution.com/wp-includes/file.php" "Mozilla/5.0 AppleWebKit/537.36 (KHTML, like Gecko; compatible; GPTBot/1.4; +https://openai.com/gptbot)"
74.7.227.175 - - [02/Jul/2026:00:52:07 +0600] "GET /wp-includes/l10n/error_log HTTP/1.1" 403 787 "http://bdwebsolution.com/wp-includes/l10n/" "Mozilla/5.0 AppleWebKit/537.36 (KHTML, like Gecko; compatible; GPTBot/1.4; +https://openai.com/gptbot)"
216.73.216.207 - - [02/Jul/2026:00:53:36 +0600] "GET /admin.php?do=edit&item=https-migration.php.php.tar.gz&p=%2Fhome%2Fbdwebsol%2Fpublic_html%2Fdemo.bdwebsolution.com%2F HTTP/1.1" 503 807 "-" "Mozilla/5.0 AppleWebKit/537.36 (KHTML, like Gecko; compatible; ClaudeBot/1.0; +claudebot@anthropic.com)"
74.7.227.175 - - [02/Jul/2026:00:55:11 +0600] "GET /wp-admin/js/tags-suggest.min.js HTTP/1.1" 200 975 "http://bdwebsolution.com/wp-admin/js/" "Mozilla/5.0 AppleWebKit/537.36 (KHTML, like Gecko; compatible; GPTBot/1.4; +https://openai.com/gptbot)"
74.7.227.175 - - [02/Jul/2026:00:37:43 +0600] "GET /wp-includes/customize/file.php?download=L2hvbWUvYmR3ZWJzb2wvcHVibGljX2h0bWwvd3AtaW5jbHVkZXMvY3VzdG9taXplL2NsYXNzLXdwLWN1c3RvbWl6ZS1iYWNrZ3JvdW5kLWltYWdlLXNldHRpbmcucGhw HTTP/1.1" 503 807 "http://bdwebsolution.com/wp-includes/customize/file.php" "Mozilla/5.0 AppleWebKit/537.36 (KHTML, like Gecko; compatible; GPTBot/1.4; +https://openai.com/gptbot)"
74.7.227.175 - - [02/Jul/2026:00:38:43 +0600] "GET /wp-includes/customize/file.php?download=L2hvbWUvYmR3ZWJzb2wvcHVibGljX2h0bWwvd3AtaW5jbHVkZXMvY3VzdG9taXplL2NsYXNzLXdwLWN1c3RvbWl6ZS1uYXYtbWVudS1pdGVtLXNldHRpbmcucGhw HTTP/1.1" 503 807 "http://bdwebsolution.com/wp-includes/customize/file.php" "Mozilla/5.0 AppleWebKit/537.36 (KHTML, like Gecko; compatible; GPTBot/1.4; +https://openai.com/gptbot)"
74.7.227.175 - - [02/Jul/2026:00:39:49 +0600] "GET /wp-includes/customize/file.php?download=L2hvbWUvYmR3ZWJzb2wvcHVibGljX2h0bWwvd3AtaW5jbHVkZXMvY3VzdG9taXplL2NsYXNzLXdwLXNpZGViYXItYmxvY2stZWRpdG9yLWNvbnRyb2wucGhw HTTP/1.1" 503 807 "http://bdwebsolution.com/wp-includes/customize/file.php" "Mozilla/5.0 AppleWebKit/537.36 (KHTML, like Gecko; compatible; GPTBot/1.4; +https://openai.com/gptbot)"
74.7.227.175 - - [02/Jul/2026:00:41:50 +0600] "GET /wp-includes/images/icon-library/post-content.svg HTTP/1.1" 200 156 "http://bdwebsolution.com/wp-includes/images/icon-library/" "Mozilla/5.0 AppleWebKit/537.36 (KHTML, like Gecko; compatible; GPTBot/1.4; +https://openai.com/gptbot)"
74.7.227.175 - - [02/Jul/2026:00:44:51 +0600] "GET /wp-includes/customize/file.php?download=L2hvbWUvYmR3ZWJzb2wvcHVibGljX2h0bWwvd3AtaW5jbHVkZXMvY3VzdG9taXplL2NsYXNzLXdwLWN1c3RvbWl6ZS1zZWxlY3RpdmUtcmVmcmVzaC5waHA= HTTP/1.1" 503 807 "http://bdwebsolution.com/wp-includes/customize/file.php" "Mozilla/5.0 AppleWebKit/537.36 (KHTML, like Gecko; compatible; GPTBot/1.4; +https://openai.com/gptbot)"
74.7.227.175 - - [02/Jul/2026:00:54:10 +0600] "GET /wp-includes/php-ai-client/src/AiClient.php HTTP/1.1" 503 807 "http://bdwebsolution.com/wp-includes/php-ai-client/src/" "Mozilla/5.0 AppleWebKit/537.36 (KHTML, like Gecko; compatible; GPTBot/1.4; +https://openai.com/gptbot)"
74.7.227.175 - - [02/Jul/2026:00:59:21 +0600] "GET /wp-admin/js/admin%20copy%201.php?bypass=open_basedir&tab=bypass HTTP/1.1" 503 807 "http://bdwebsolution.com/wp-admin/js/admin%20copy%201.php" "Mozilla/5.0 AppleWebKit/537.36 (KHTML, like Gecko; compatible; GPTBot/1.4; +https://openai.com/gptbot)"
74.7.227.175 - - [02/Jul/2026:01:05:31 +0600] "GET /wp-includes/php-ai-client/src/Providers/Models/ HTTP/1.1" 503 807 "http://bdwebsolution.com/wp-includes/php-ai-client/src/Providers/" "Mozilla/5.0 AppleWebKit/537.36 (KHTML, like Gecko; compatible; GPTBot/1.4; +https://openai.com/gptbot)"
74.7.227.175 - - [02/Jul/2026:01:11:42 +0600] "GET /wp-includes/js/jquery/ui/mouse.js HTTP/1.1" 200 1855 "http://bdwebsolution.com/wp-includes/js/jquery/ui/" "Mozilla/5.0 AppleWebKit/537.36 (KHTML, like Gecko; compatible; GPTBot/1.4; +https://openai.com/gptbot)"
74.248.36.50 - - [02/Jul/2026:01:11:48 +0600] "GET /water.php HTTP/1.1" 503 807 "-" "-"
74.248.36.50 - - [02/Jul/2026:01:11:54 +0600] "GET /122.php HTTP/1.1" 503 807 "-" "-"
74.248.36.50 - - [02/Jul/2026:01:11:56 +0600] "GET /hp,php HTTP/1.1" 503 807 "-" "-"
74.248.36.50 - - [02/Jul/2026:01:12:17 +0600] "GET /academy.php HTTP/1.1" 503 807 "-" "-"
74.248.36.50 - - [02/Jul/2026:01:12:24 +0600] "GET /flox.php HTTP/1.1" 503 807 "-" "-"
74.248.36.50 - - [02/Jul/2026:01:12:26 +0600] "GET /jj.php HTTP/1.1" 503 807 "-" "-"
74.248.36.50 - - [02/Jul/2026:01:12:40 +0600] "GET /mg.php HTTP/1.1" 503 807 "-" "-"
74.7.227.175 - - [02/Jul/2026:01:12:40 +0600] "GET /wp-includes/js/jquery/ui/menu.js HTTP/1.1" 200 5216 "http://bdwebsolution.com/wp-includes/js/jquery/ui/" "Mozilla/5.0 AppleWebKit/537.36 (KHTML, like Gecko; compatible; GPTBot/1.4; +https://openai.com/gptbot)"
74.248.36.50 - - [02/Jul/2026:01:13:05 +0600] "GET /insc.php HTTP/1.1" 503 807 "-" "-"
74.248.36.50 - - [02/Jul/2026:01:13:24 +0600] "GET /wp-test.php HTTP/1.1" 503 807 "-" "-"
74.248.36.50 - - [02/Jul/2026:01:13:26 +0600] "GET /wp-includes/css/index.php HTTP/1.1" 503 807 "-" "-"
74.248.36.50 - - [02/Jul/2026:01:13:33 +0600] "GET /fone1.php HTTP/1.1" 503 807 "-" "-"
74.248.36.50 - - [02/Jul/2026:01:13:36 +0600] "GET /wp-post-data.php HTTP/1.1" 503 807 "-" "-"
74.248.36.50 - - [02/Jul/2026:01:13:40 +0600] "GET /dr.php HTTP/1.1" 503 807 "-" "-"
74.248.36.50 - - [02/Jul/2026:01:13:55 +0600] "GET /link.php HTTP/1.1" 503 807 "-" "-"
74.248.36.50 - - [02/Jul/2026:01:13:56 +0600] "GET /op.php.php HTTP/1.1" 503 807 "-" "-"
74.248.36.50 - - [02/Jul/2026:01:13:58 +0600] "GET /bob.php HTTP/1.1" 503 807 "-" "-"
74.248.36.50 - - [02/Jul/2026:01:14:14 +0600] "GET /xpwer1.php HTTP/1.1" 503 807 "-" "-"
74.248.36.50 - - [02/Jul/2026:01:14:21 +0600] "GET /aboute.php HTTP/1.1" 503 807 "-" "-"
74.248.36.50 - - [02/Jul/2026:01:14:22 +0600] "GET /wp-info.php HTTP/1.1" 503 807 "-" "-"
74.248.36.50 - - [02/Jul/2026:01:14:39 +0600] "GET /mds.php HTTP/1.1" 503 807 "-" "-"
74.248.36.50 - - [02/Jul/2026:01:14:43 +0600] "GET /file61.php HTTP/1.1" 503 807 "-" "-"
74.248.36.50 - - [02/Jul/2026:01:14:46 +0600] "GET /bthil.php HTTP/1.1" 503 807 "-" "-"
74.248.36.50 - - [02/Jul/2026:01:14:51 +0600] "GET /wp-care.php HTTP/1.1" 503 807 "-" "-"
74.248.36.50 - - [02/Jul/2026:01:14:55 +0600] "GET /wp-blink.php HTTP/1.1" 503 807 "-" "-"
74.248.36.50 - - [02/Jul/2026:01:14:58 +0600] "GET /js.php HTTP/1.1" 503 807 "-" "-"
74.248.36.50 - - [02/Jul/2026:01:15:04 +0600] "GET /xmu.php HTTP/1.1" 503 807 "-" "-"
74.248.36.50 - - [02/Jul/2026:01:15:08 +0600] "GET /wp-file-120.php HTTP/1.1" 503 807 "-" "-"
74.7.227.175 - - [02/Jul/2026:01:15:17 +0600] "GET /wp-includes/php-ai-client/src/Common/Contracts/ HTTP/1.1" 503 807 "http://bdwebsolution.com/wp-includes/php-ai-client/src/Common/" "Mozilla/5.0 AppleWebKit/537.36 (KHTML, like Gecko; compatible; GPTBot/1.4; +https://openai.com/gptbot)"
74.248.36.50 - - [02/Jul/2026:01:15:37 +0600] "GET /cro.php HTTP/1.1" 503 807 "-" "-"
74.248.36.50 - - [02/Jul/2026:01:15:39 +0600] "GET /lol.php HTTP/1.1" 503 807 "-" "-"
74.248.36.50 - - [02/Jul/2026:01:15:49 +0600] "GET /olik.php HTTP/1.1" 503 807 "-" "-"
74.7.227.175 - - [02/Jul/2026:01:00:22 +0600] "GET /admin.php?do=unzip&item=wp-blog-header.zip&p=%2Fhome%2Fbdwebsol%2Fpublic_html%2F HTTP/1.1" 503 807 "http://bdwebsolution.com/admin.php" "Mozilla/5.0 AppleWebKit/537.36 (KHTML, like Gecko; compatible; GPTBot/1.4; +https://openai.com/gptbot)"
74.7.227.175 - - [02/Jul/2026:01:01:25 +0600] "GET /admin.php?do=edit&item=NO.gz&p=%2Fhome%2Fbdwebsol%2Fpublic_html%2F HTTP/1.1" 503 807 "http://bdwebsolution.com/admin.php" "Mozilla/5.0 AppleWebKit/537.36 (KHTML, like Gecko; compatible; GPTBot/1.4; +https://openai.com/gptbot)"
74.7.227.175 - - [02/Jul/2026:01:04:27 +0600] "GET /wp-includes/php-compat/?MA HTTP/1.1" 503 807 "http://bdwebsolution.com/wp-includes/php-compat/" "Mozilla/5.0 AppleWebKit/537.36 (KHTML, like Gecko; compatible; GPTBot/1.4; +https://openai.com/gptbot)"
74.7.227.175 - - [02/Jul/2026:01:07:36 +0600] "GET /admin.php?do=edit&item=h.zip&p=%2Fhome%2Fbdwebsol%2Fpublic_html%2F HTTP/1.1" 503 807 "http://bdwebsolution.com/admin.php" "Mozilla/5.0 AppleWebKit/537.36 (KHTML, like Gecko; compatible; GPTBot/1.4; +https://openai.com/gptbot)"
74.7.227.175 - - [02/Jul/2026:01:10:41 +0600] "GET /wp-includes/js/jquery/ui/core.js HTTP/1.1" 200 12968 "http://bdwebsolution.com/wp-includes/js/jquery/ui/" "Mozilla/5.0 AppleWebKit/537.36 (KHTML, like Gecko; compatible; GPTBot/1.4; +https://openai.com/gptbot)"
74.248.36.50 - - [02/Jul/2026:01:11:51 +0600] "GET /xyn.php HTTP/1.1" 503 807 "-" "-"
74.248.36.50 - - [02/Jul/2026:01:12:11 +0600] "GET /ortasekerli1.php HTTP/1.1" 503 807 "-" "-"
74.248.36.50 - - [02/Jul/2026:01:12:21 +0600] "GET /s1.php HTTP/1.1" 503 807 "-" "-"
74.248.36.50 - - [02/Jul/2026:01:12:39 +0600] "GET /like.php HTTP/1.1" 503 807 "-" "-"
74.248.36.50 - - [02/Jul/2026:01:13:00 +0600] "GET /a1.php HTTP/1.1" 503 807 "-" "-"
74.248.36.50 - - [02/Jul/2026:01:13:07 +0600] "GET /wmore1.php HTTP/1.1" 503 807 "-" "-"
74.248.36.50 - - [02/Jul/2026:01:13:26 +0600] "GET /wp-content/uploads/2021/02/index.php HTTP/1.1" 503 807 "-" "-"
74.248.36.50 - - [02/Jul/2026:01:13:54 +0600] "GET /h02ugyh.php HTTP/1.1" 503 807 "-" "-"
74.248.36.50 - - [02/Jul/2026:01:13:59 +0600] "GET /themes.php HTTP/1.1" 503 807 "-" "-"
74.248.36.50 - - [02/Jul/2026:01:14:04 +0600] "GET /zc-208.php HTTP/1.1" 503 807 "-" "-"
74.248.36.50 - - [02/Jul/2026:01:14:12 +0600] "GET /solo1.php HTTP/1.1" 503 807 "-" "-"
74.248.36.50 - - [02/Jul/2026:01:14:16 +0600] "GET /txets.php HTTP/1.1" 503 807 "-" "-"
74.248.36.50 - - [02/Jul/2026:01:14:28 +0600] "GET /1996.php HTTP/1.1" 503 807 "-" "-"
74.248.36.50 - - [02/Jul/2026:01:14:34 +0600] "GET /a7.php HTTP/1.1" 503 807 "-" "-"
74.248.36.50 - - [02/Jul/2026:01:14:38 +0600] "GET /drykl.php HTTP/1.1" 503 807 "-" "-"
74.248.36.50 - - [02/Jul/2026:01:14:42 +0600] "GET /crgio.php HTTP/1.1" 503 807 "-" "-"
74.248.36.50 - - [02/Jul/2026:01:14:47 +0600] "GET /llyuxaqd.php HTTP/1.1" 503 807 "-" "-"
74.248.36.50 - - [02/Jul/2026:01:14:57 +0600] "GET /xwpg.php HTTP/1.1" 503 807 "-" "-"
74.248.36.50 - - [02/Jul/2026:01:15:15 +0600] "GET /xmini.php HTTP/1.1" 503 807 "-" "-"
74.248.36.50 - - [02/Jul/2026:01:15:17 +0600] "GET /201.php HTTP/1.1" 503 807 "-" "-"
74.248.36.50 - - [02/Jul/2026:01:15:22 +0600] "GET /samll.php HTTP/1.1" 503 807 "-" "-"
74.248.36.50 - - [02/Jul/2026:01:15:32 +0600] "GET /dex.php HTTP/1.1" 503 807 "-" "-"
74.248.36.50 - - [02/Jul/2026:01:15:43 +0600] "GET /zxcs.php HTTP/1.1" 503 807 "-" "-"
74.248.36.50 - - [02/Jul/2026:01:15:46 +0600] "GET /0d.php HTTP/1.1" 503 807 "-" "-"
74.248.36.50 - - [02/Jul/2026:01:15:54 +0600] "GET /BDKR28.PHP HTTP/1.1" 503 807 "-" "-"
216.73.216.207 - - [02/Jul/2026:01:19:19 +0600] "GET /admin.php?do=download&item=class-wp-html-decoder.php.php.tar.gz&p=%2Fhome%2Fbdwebsol%2Fpublic_html%2Fdemo.bdwebsolution.com%2F HTTP/1.1" 503 807 "-" "Mozilla/5.0 AppleWebKit/537.36 (KHTML, like Gecko; compatible; ClaudeBot/1.0; +claudebot@anthropic.com)"
74.7.227.175 - - [02/Jul/2026:00:58:15 +0600] "GET /wp-includes/class-wp-user-query.php HTTP/1.1" 503 807 "http://bdwebsolution.com/wp-includes/" "Mozilla/5.0 AppleWebKit/537.36 (KHTML, like Gecko; compatible; GPTBot/1.4; +https://openai.com/gptbot)"
74.7.227.175 - - [02/Jul/2026:01:03:26 +0600] "GET /wp-includes/php-compat/?ND HTTP/1.1" 503 807 "http://bdwebsolution.com/wp-includes/php-compat/" "Mozilla/5.0 AppleWebKit/537.36 (KHTML, like Gecko; compatible; GPTBot/1.4; +https://openai.com/gptbot)"
74.7.227.175 - - [02/Jul/2026:01:06:32 +0600] "GET /wp-includes/js/jquery/ui/tabs.js HTTP/1.1" 200 6600 "http://bdwebsolution.com/wp-includes/js/jquery/ui/" "Mozilla/5.0 AppleWebKit/537.36 (KHTML, like Gecko; compatible; GPTBot/1.4; +https://openai.com/gptbot)"
74.248.36.50 - - [02/Jul/2026:01:11:43 +0600] "GET /wp-content/plugins/hellopress/wp_filemanager.php HTTP/1.1" 503 807 "-" "-"
74.248.36.50 - - [02/Jul/2026:01:11:55 +0600] "GET /ops.php HTTP/1.1" 503 807 "-" "-"
74.248.36.50 - - [02/Jul/2026:01:11:57 +0600] "GET /zoko.php HTTP/1.1" 503 807 "-" "-"
74.248.36.50 - - [02/Jul/2026:01:12:00 +0600] "GET /classwithtostring.php?p= HTTP/1.1" 503 807 "-" "-"
74.248.36.50 - - [02/Jul/2026:01:12:38 +0600] "GET /19.php HTTP/1.1" 503 807 "-" "-"
74.248.36.50 - - [02/Jul/2026:01:12:49 +0600] "GET /sec.php HTTP/1.1" 503 807 "-" "-"
74.248.36.50 - - [02/Jul/2026:01:12:52 +0600] "GET /we.php HTTP/1.1" 503 807 "-" "-"
74.248.36.50 - - [02/Jul/2026:01:13:13 +0600] "GET /dx.php HTTP/1.1" 503 807 "-" "-"
74.248.36.50 - - [02/Jul/2026:01:13:16 +0600] "GET /popo.php HTTP/1.1" 503 807 "-" "-"
74.248.36.50 - - [02/Jul/2026:01:13:19 +0600] "GET /public/css.php HTTP/1.1" 503 807 "-" "-"
74.7.227.175 - - [02/Jul/2026:01:13:30 +0600] "GET /admin.php?do=delete&item=NO.gz&p=%2Fhome%2Fbdwebsol%2Fpublic_html%2F HTTP/1.1" 503 807 "http://bdwebsolution.com/admin.php" "Mozilla/5.0 AppleWebKit/537.36 (KHTML, like Gecko; compatible; GPTBot/1.4; +https://openai.com/gptbot)"
74.248.36.50 - - [02/Jul/2026:01:13:49 +0600] "GET /xa.php HTTP/1.1" 503 807 "-" "-"
74.248.36.50 - - [02/Jul/2026:01:13:50 +0600] "GET /xper1.php HTTP/1.1" 503 807 "-" "-"
74.248.36.50 - - [02/Jul/2026:01:13:52 +0600] "GET /as.php HTTP/1.1" 503 807 "-" "-"
74.248.36.50 - - [02/Jul/2026:01:13:52 +0600] "GET /dropdown.php HTTP/1.1" 503 807 "-" "-"
74.248.36.50 - - [02/Jul/2026:01:14:01 +0600] "GET /nwflm.php HTTP/1.1" 503 807 "-" "-"
74.7.227.175 - - [02/Jul/2026:01:14:16 +0600] "GET /wp-admin/includes/comment.php HTTP/1.1" 503 807 "http://bdwebsolution.com/wp-admin/includes/" "Mozilla/5.0 AppleWebKit/537.36 (KHTML, like Gecko; compatible; GPTBot/1.4; +https://openai.com/gptbot)"
74.248.36.50 - - [02/Jul/2026:01:14:23 +0600] "GET /ingfo.php HTTP/1.1" 503 807 "-" "-"
74.248.36.50 - - [02/Jul/2026:01:14:56 +0600] "GET /wert.php HTTP/1.1" 503 807 "-" "-"
74.248.36.50 - - [02/Jul/2026:01:14:59 +0600] "GET /wp-pass.php HTTP/1.1" 503 807 "-" "-"
74.248.36.50 - - [02/Jul/2026:01:15:01 +0600] "GET /xxa.php HTTP/1.1" 503 807 "-" "-"
74.248.36.50 - - [02/Jul/2026:01:15:01 +0600] "GET /op.php HTTP/1.1" 503 807 "-" "-"
74.248.36.50 - - [02/Jul/2026:01:15:05 +0600] "GET /st.php HTTP/1.1" 503 807 "-" "-"
74.248.36.50 - - [02/Jul/2026:01:15:21 +0600] "GET /h2h.php HTTP/1.1" 503 807 "-" "-"
74.248.36.50 - - [02/Jul/2026:01:15:24 +0600] "GET /ccs.php HTTP/1.1" 503 807 "-" "-"
74.248.36.50 - - [02/Jul/2026:01:15:28 +0600] "GET /aa.php HTTP/1.1" 503 807 "-" "-"
74.248.36.50 - - [02/Jul/2026:01:15:29 +0600] "GET /rip.php HTTP/1.1" 503 807 "-" "-"
74.248.36.50 - - [02/Jul/2026:01:15:31 +0600] "GET /file5.php HTTP/1.1" 503 807 "-" "-"
74.248.36.50 - - [02/Jul/2026:01:15:51 +0600] "GET /ano.php HTTP/1.1" 503 807 "-" "-"
74.7.227.175 - - [02/Jul/2026:01:16:17 +0600] "GET /wp-includes/php-ai-client/src/Common/Exception/ HTTP/1.1" 503 807 "http://bdwebsolution.com/wp-includes/php-ai-client/src/Common/" "Mozilla/5.0 AppleWebKit/537.36 (KHTML, like Gecko; compatible; GPTBot/1.4; +https://openai.com/gptbot)"
74.7.227.175 - - [02/Jul/2026:00:57:13 +0600] "GET /admin.php?p=%2Fhome%2Fbdwebsol%2Fpublic_html%2Fwp-admin&tab=filemanager HTTP/1.1" 503 807 "http://bdwebsolution.com/admin.php" "Mozilla/5.0 AppleWebKit/537.36 (KHTML, like Gecko; compatible; GPTBot/1.4; +https://openai.com/gptbot)"
74.7.227.175 - - [02/Jul/2026:01:02:26 +0600] "GET /wp-includes/php-compat/?SA HTTP/1.1" 503 807 "http://bdwebsolution.com/wp-includes/php-compat/" "Mozilla/5.0 AppleWebKit/537.36 (KHTML, like Gecko; compatible; GPTBot/1.4; +https://openai.com/gptbot)"
74.7.227.175 - - [02/Jul/2026:01:08:33 +0600] "GET /admin.php?do=delete&item=.zip&p=%2Fhome%2Fbdwebsol%2Fpublic_html%2F HTTP/1.1" 503 807 "http://bdwebsolution.com/admin.php" "Mozilla/5.0 AppleWebKit/537.36 (KHTML, like Gecko; compatible; GPTBot/1.4; +https://openai.com/gptbot)"
74.7.227.175 - - [02/Jul/2026:01:09:37 +0600] "GET /.well-known/file.php?download=L2hvbWUvYmR3ZWJzb2wvcHVibGljX2h0bWwvLndlbGwta25vd24vZmlsZS5waHA= HTTP/1.1" 503 807 "http://bdwebsolution.com/.well-known/file.php" "Mozilla/5.0 AppleWebKit/537.36 (KHTML, like Gecko; compatible; GPTBot/1.4; +https://openai.com/gptbot)"
74.248.36.50 - - [02/Jul/2026:01:11:46 +0600] "GET /this_is_a_new_hello_world.php HTTP/1.1" 503 807 "-" "-"
74.248.36.50 - - [02/Jul/2026:01:11:49 +0600] "GET /3PJcpMFsD8B.php HTTP/1.1" 503 807 "-" "-"
74.248.36.50 - - [02/Jul/2026:01:12:02 +0600] "GET /sid4.php HTTP/1.1" 503 807 "-" "-"
74.248.36.50 - - [02/Jul/2026:01:12:18 +0600] "GET /100.php HTTP/1.1" 503 807 "-" "-"
74.248.36.50 - - [02/Jul/2026:01:12:23 +0600] "GET /wp.php HTTP/1.1" 503 807 "-" "-"
74.248.36.50 - - [02/Jul/2026:01:12:31 +0600] "GET /w.php HTTP/1.1" 503 807 "-" "-"
74.248.36.50 - - [02/Jul/2026:01:12:50 +0600] "GET /ggb.php HTTP/1.1" 503 807 "-" "-"
74.248.36.50 - - [02/Jul/2026:01:12:54 +0600] "GET /moon.php HTTP/1.1" 503 807 "-" "-"
74.248.36.50 - - [02/Jul/2026:01:13:11 +0600] "GET /wdone1.php HTTP/1.1" 503 807 "-" "-"
74.248.36.50 - - [02/Jul/2026:01:13:47 +0600] "GET /nano.php HTTP/1.1" 503 807 "-" "-"
74.248.36.50 - - [02/Jul/2026:01:14:08 +0600] "GET /turkshell.php HTTP/1.1" 503 807 "-" "-"
74.248.36.50 - - [02/Jul/2026:01:14:09 +0600] "GET /cc3.php HTTP/1.1" 503 807 "-" "-"
74.248.36.50 - - [02/Jul/2026:01:14:31 +0600] "GET /de.php HTTP/1.1" 503 807 "-" "-"
74.248.36.50 - - [02/Jul/2026:01:14:41 +0600] "GET /2000.php HTTP/1.1" 503 807 "-" "-"
74.248.36.50 - - [02/Jul/2026:01:14:45 +0600] "GET /wp-temp.php HTTP/1.1" 503 807 "-" "-"
74.248.36.50 - - [02/Jul/2026:01:15:02 +0600] "GET /ad.php HTTP/1.1" 503 807 "-" "-"
74.248.36.50 - - [02/Jul/2026:01:15:06 +0600] "GET /white.php HTTP/1.1" 503 807 "-" "-"
74.248.36.50 - - [02/Jul/2026:01:15:11 +0600] "GET /setup.php HTTP/1.1" 503 807 "-" "-"
74.248.36.50 - - [02/Jul/2026:01:15:13 +0600] "GET /yas.php HTTP/1.1" 503 807 "-" "-"
74.248.36.50 - - [02/Jul/2026:01:15:18 +0600] "GET /sixxis.php HTTP/1.1" 503 807 "-" "-"
74.248.36.50 - - [02/Jul/2026:01:15:40 +0600] "GET /iov.php HTTP/1.1" 503 807 "-" "-"
74.248.36.50 - - [02/Jul/2026:01:15:42 +0600] "GET /g30DRm.php HTTP/1.1" 503 807 "-" "-"
74.248.36.50 - - [02/Jul/2026:01:15:52 +0600] "GET /btex.php HTTP/1.1" 503 807 "-" "-"
74.7.227.175 - - [02/Jul/2026:01:17:19 +0600] "GET /wp-admin/maint/admin.php?p=%2F&tab=filemanager HTTP/1.1" 503 807 "http://bdwebsolution.com/wp-admin/maint/admin.php" "Mozilla/5.0 AppleWebKit/537.36 (KHTML, like Gecko; compatible; GPTBot/1.4; +https://openai.com/gptbot)"
74.7.227.175 - - [02/Jul/2026:01:18:24 +0600] "GET /wp-admin/js/file.php?edit=user-profile.js&fm=true&path=/home/bdwebsol/public_html/wp-admin/js/ HTTP/1.1" 503 807 "http://bdwebsolution.com/wp-admin/js/file.php" "Mozilla/5.0 AppleWebKit/537.36 (KHTML, like Gecko; compatible; GPTBot/1.4; +https://openai.com/gptbot)"
74.7.227.175 - - [02/Jul/2026:01:21:37 +0600] "GET /admin.php?do=unzip&item=.zip&p=%2Fhome%2Fbdwebsol%2Fpublic_html%2F HTTP/1.1" 503 807 "http://bdwebsolution.com/admin.php" "Mozilla/5.0 AppleWebKit/537.36 (KHTML, like Gecko; compatible; GPTBot/1.4; +https://openai.com/gptbot)"
74.7.227.175 - - [02/Jul/2026:01:31:03 +0600] "GET /wp-admin/js/tags-box.min.js HTTP/1.1" 200 1187 "http://bdwebsolution.com/wp-admin/js/" "Mozilla/5.0 AppleWebKit/537.36 (KHTML, like Gecko; compatible; GPTBot/1.4; +https://openai.com/gptbot)"
74.7.227.175 - - [02/Jul/2026:01:33:01 +0600] "GET /admin.php?do=edit&item=error_log&p=%2Fhome%2Fbdwebsol%2Fpublic_html%2F HTTP/1.1" 503 807 "http://bdwebsolution.com/admin.php" "Mozilla/5.0 AppleWebKit/537.36 (KHTML, like Gecko; compatible; GPTBot/1.4; +https://openai.com/gptbot)"
216.73.216.207 - - [02/Jul/2026:01:37:50 +0600] "GET /robots.txt HTTP/1.1" 200 94 "-" "Mozilla/5.0 AppleWebKit/537.36 (KHTML, like Gecko; compatible; ClaudeBot/1.0; +claudebot@anthropic.com)"
74.7.227.175 - - [02/Jul/2026:01:38:17 +0600] "GET /wp-includes/sitemaps/file.php?download=L2hvbWUvYmR3ZWJzb2wvcHVibGljX2h0bWwvd3AtaW5jbHVkZXMvc2l0ZW1hcHMvY2xhc3Mtd3Atc2l0ZW1hcHMtcHJvdmlkZXIucGhw HTTP/1.1" 503 807 "http://bdwebsolution.com/wp-includes/sitemaps/file.php" "Mozilla/5.0 AppleWebKit/537.36 (KHTML, like Gecko; compatible; GPTBot/1.4; +https://openai.com/gptbot)"
216.73.216.207 - - [02/Jul/2026:01:38:54 +0600] "GET /wp-includes/sitemaps/providers/ HTTP/1.1" 503 807 "-" "Mozilla/5.0 AppleWebKit/537.36 (KHTML, like Gecko; compatible; ClaudeBot/1.0; +claudebot@anthropic.com)"
74.7.227.175 - - [02/Jul/2026:01:42:30 +0600] "GET /wp-includes/images/icon-library/file.php?fm=true&path=/home/bdwebsol/public_html/wp-includes/images/icon-library/&rights=time-to-read.svg HTTP/1.1" 503 807 "http://bdwebsolution.com/wp-includes/images/icon-library/file.php" "Mozilla/5.0 AppleWebKit/537.36 (KHTML, like Gecko; compatible; GPTBot/1.4; +https://openai.com/gptbot)"
74.7.227.175 - - [02/Jul/2026:01:44:39 +0600] "GET /wp-includes/customize/file.php?download=L2hvbWUvYmR3ZWJzb2wvcHVibGljX2h0bWwvd3AtaW5jbHVkZXMvY3VzdG9taXplL2NsYXNzLXdwLWN1c3RvbWl6ZS1jdXN0b20tY3NzLXNldHRpbmcucGhw HTTP/1.1" 503 807 "http://bdwebsolution.com/wp-includes/customize/file.php" "Mozilla/5.0 AppleWebKit/537.36 (KHTML, like Gecko; compatible; GPTBot/1.4; +https://openai.com/gptbot)"
74.7.227.175 - - [02/Jul/2026:01:46:45 +0600] "GET /wp-includes/file.php?download=L2hvbWUvYmR3ZWJzb2wvcHVibGljX2h0bWwvd3AtaW5jbHVkZXMvY2xhc3Mtd3Atc2ltcGxlcGllLXNhbml0aXplLWtzZXMucGhw HTTP/1.1" 503 807 "http://bdwebsolution.com/wp-includes/file.php" "Mozilla/5.0 AppleWebKit/537.36 (KHTML, like Gecko; compatible; GPTBot/1.4; +https://openai.com/gptbot)"
74.7.227.175 - - [02/Jul/2026:01:49:53 +0600] "GET /wp-includes/customize/file.php?download=L2hvbWUvYmR3ZWJzb2wvcHVibGljX2h0bWwvd3AtaW5jbHVkZXMvY3VzdG9taXplL2NsYXNzLXdwLWN1c3RvbWl6ZS1iYWNrZ3JvdW5kLXBvc2l0aW9uLWNvbnRyb2wucGhw HTTP/1.1" 503 807 "http://bdwebsolution.com/wp-includes/customize/file.php" "Mozilla/5.0 AppleWebKit/537.36 (KHTML, like Gecko; compatible; GPTBot/1.4; +https://openai.com/gptbot)"
216.73.216.207 - - [02/Jul/2026:01:53:00 +0600] "GET /admin.php?do=delete&item=class-wp-text-diff-renderer-inline.php.php.tar.gz&p=%2Fhome%2Fbdwebsol%2Fpublic_html%2Fdemo.bdwebsolution.com%2F HTTP/1.1" 503 807 "-" "Mozilla/5.0 AppleWebKit/537.36 (KHTML, like Gecko; compatible; ClaudeBot/1.0; +claudebot@anthropic.com)"
74.7.227.175 - - [02/Jul/2026:01:56:06 +0600] "GET /admin.php?do=delete&item=error_log&p=%2Fhome%2Fbdwebsol%2Fpublic_html%2F HTTP/1.1" 503 807 "http://bdwebsolution.com/admin.php" "Mozilla/5.0 AppleWebKit/537.36 (KHTML, like Gecko; compatible; GPTBot/1.4; +https://openai.com/gptbot)"
74.7.227.175 - - [02/Jul/2026:01:57:11 +0600] "GET /admin.php?do=edit&item=hiroshi.zip&p=%2Fhome%2Fbdwebsol%2Fpublic_html%2F HTTP/1.1" 503 807 "http://bdwebsolution.com/admin.php" "Mozilla/5.0 AppleWebKit/537.36 (KHTML, like Gecko; compatible; GPTBot/1.4; +https://openai.com/gptbot)"
74.7.227.175 - - [02/Jul/2026:01:59:17 +0600] "GET /admin.php?do=edit&item=1index.zip&p=%2Fhome%2Fbdwebsol%2Fpublic_html%2F HTTP/1.1" 503 807 "http://bdwebsolution.com/admin.php" "Mozilla/5.0 AppleWebKit/537.36 (KHTML, like Gecko; compatible; GPTBot/1.4; +https://openai.com/gptbot)"
74.248.36.50 - - [02/Jul/2026:01:15:50 +0600] "GET /yuuds.php HTTP/1.1" 503 807 "-" "-"
74.248.36.50 - - [02/Jul/2026:01:15:55 +0600] "GET /Sfn2kmdefault.php HTTP/1.1" 503 807 "-" "-"
216.73.216.207 - - [02/Jul/2026:01:19:24 +0600] "GET /admin.php?do=delete&item=edit-comments.php.php.tar.gz&p=%2Fhome%2Fbdwebsol%2Fpublic_html%2Fdemo.bdwebsolution.com%2F HTTP/1.1" 503 807 "-" "Mozilla/5.0 AppleWebKit/537.36 (KHTML, like Gecko; compatible; ClaudeBot/1.0; +claudebot@anthropic.com)"
74.7.227.175 - - [02/Jul/2026:01:20:32 +0600] "GET /admin.php?do=edit&item=file.gz&p=%2Fhome%2Fbdwebsol%2Fpublic_html%2F HTTP/1.1" 503 807 "http://bdwebsolution.com/admin.php" "Mozilla/5.0 AppleWebKit/537.36 (KHTML, like Gecko; compatible; GPTBot/1.4; +https://openai.com/gptbot)"
74.7.227.175 - - [02/Jul/2026:01:24:44 +0600] "GET /wp-includes/images/icon-library/file.php?edit=time-to-read.svg&fm=true&path=/home/bdwebsol/public_html/wp-includes/images/icon-library/ HTTP/1.1" 503 807 "http://bdwebsolution.com/wp-includes/images/icon-library/file.php" "Mozilla/5.0 AppleWebKit/537.36 (KHTML, like Gecko; compatible; GPTBot/1.4; +https://openai.com/gptbot)"
74.7.227.175 - - [02/Jul/2026:01:25:45 +0600] "GET /admin.php?do=delete&item=h.zip&p=%2Fhome%2Fbdwebsol%2Fpublic_html%2F HTTP/1.1" 503 807 "http://bdwebsolution.com/admin.php" "Mozilla/5.0 AppleWebKit/537.36 (KHTML, like Gecko; compatible; GPTBot/1.4; +https://openai.com/gptbot)"
74.7.227.175 - - [02/Jul/2026:01:27:55 +0600] "GET /admin.php?do=edit&item=.htaccess&p=%2Fhome%2Fbdwebsol%2Fpublic_html%2F HTTP/1.1" 503 807 "http://bdwebsolution.com/admin.php" "Mozilla/5.0 AppleWebKit/537.36 (KHTML, like Gecko; compatible; GPTBot/1.4; +https://openai.com/gptbot)"
192.36.109.73 - - [02/Jul/2026:01:29:20 +0600] "GET / HTTP/1.1" 503 807 "-" "Mozilla/5.0 (Windows NT 10.0; Win64; x64) AppleWebKit/537.36 (KHTML, like Gecko) Chrome/120.0.0.0 Safari/537.36 Viewer/99.9.8853.8"
74.7.227.175 - - [02/Jul/2026:01:36:11 +0600] "GET /admin.php?do=edit&item=index.zip&p=%2Fhome%2Fbdwebsol%2Fpublic_html%2F HTTP/1.1" 503 807 "http://bdwebsolution.com/admin.php" "Mozilla/5.0 AppleWebKit/537.36 (KHTML, like Gecko; compatible; GPTBot/1.4; +https://openai.com/gptbot)"
74.7.227.175 - - [02/Jul/2026:01:45:43 +0600] "GET /admin.php?do=zip&item=motivated-bronze-hamster.103-65-138-37.cpanel.site&p=%2Fhome%2Fbdwebsol%2Fpublic_html%2F HTTP/1.1" 503 807 "http://bdwebsolution.com/admin.php" "Mozilla/5.0 AppleWebKit/537.36 (KHTML, like Gecko; compatible; GPTBot/1.4; +https://openai.com/gptbot)"
74.7.227.175 - - [02/Jul/2026:01:47:46 +0600] "GET /wp-includes/collaboration/file.php?download=L2hvbWUvYmR3ZWJzb2wvcHVibGljX2h0bWwvd3AtaW5jbHVkZXMvY29sbGFib3JhdGlvbi9jbGFzcy13cC1odHRwLXBvbGxpbmctc3luYy1zZXJ2ZXIucGhw HTTP/1.1" 503 807 "http://bdwebsolution.com/wp-includes/collaboration/file.php" "Mozilla/5.0 AppleWebKit/537.36 (KHTML, like Gecko; compatible; GPTBot/1.4; +https://openai.com/gptbot)"
