216.73.216.52 - - [03/Jul/2026:00:14:58 +0600] "GET /wp-includes/js/hoverIntent.min.js HTTP/1.1" 200 668 "-" "Mozilla/5.0 AppleWebKit/537.36 (KHTML, like Gecko; compatible; ClaudeBot/1.0; +claudebot@anthropic.com)"
216.73.216.52 - - [03/Jul/2026:00:14:58 +0600] "GET /wp-includes/css/editor-rtl.min.css HTTP/1.1" 200 5737 "-" "Mozilla/5.0 AppleWebKit/537.36 (KHTML, like Gecko; compatible; ClaudeBot/1.0; +claudebot@anthropic.com)"
216.73.216.52 - - [03/Jul/2026:00:14:59 +0600] "GET /wp-includes/css/customize-preview-rtl.css HTTP/1.1" 200 1026 "-" "Mozilla/5.0 AppleWebKit/537.36 (KHTML, like Gecko; compatible; ClaudeBot/1.0; +claudebot@anthropic.com)"
216.73.216.52 - - [03/Jul/2026:00:14:59 +0600] "GET /wp-includes/css/buttons-rtl.css HTTP/1.1" 200 2675 "-" "Mozilla/5.0 AppleWebKit/537.36 (KHTML, like Gecko; compatible; ClaudeBot/1.0; +claudebot@anthropic.com)"
216.73.216.52 - - [03/Jul/2026:00:15:00 +0600] "GET /wp-includes/js/api-request.min.js HTTP/1.1" 200 530 "-" "Mozilla/5.0 AppleWebKit/537.36 (KHTML, like Gecko; compatible; ClaudeBot/1.0; +claudebot@anthropic.com)"
216.73.216.52 - - [03/Jul/2026:00:15:00 +0600] "GET /wp-includes/css/wp-auth-check.css HTTP/1.1" 200 742 "-" "Mozilla/5.0 AppleWebKit/537.36 (KHTML, like Gecko; compatible; ClaudeBot/1.0; +claudebot@anthropic.com)"
216.73.216.52 - - [03/Jul/2026:00:15:01 +0600] "GET /wp-includes/css/wp-embed-template.min.css HTTP/1.1" 200 1764 "-" "Mozilla/5.0 AppleWebKit/537.36 (KHTML, like Gecko; compatible; ClaudeBot/1.0; +claudebot@anthropic.com)"
216.73.216.52 - - [03/Jul/2026:00:15:01 +0600] "GET /wp-includes/css/customize-preview.min.css HTTP/1.1" 200 787 "-" "Mozilla/5.0 AppleWebKit/537.36 (KHTML, like Gecko; compatible; ClaudeBot/1.0; +claudebot@anthropic.com)"
216.73.216.52 - - [03/Jul/2026:00:15:02 +0600] "GET /wp-includes/css/buttons.min.css HTTP/1.1" 200 1457 "-" "Mozilla/5.0 AppleWebKit/537.36 (KHTML, like Gecko; compatible; ClaudeBot/1.0; +claudebot@anthropic.com)"
216.73.216.52 - - [03/Jul/2026:00:15:02 +0600] "GET /wp-includes/js/utils.js HTTP/1.1" 200 1549 "-" "Mozilla/5.0 AppleWebKit/537.36 (KHTML, like Gecko; compatible; ClaudeBot/1.0; +claudebot@anthropic.com)"
216.73.216.52 - - [03/Jul/2026:00:15:03 +0600] "GET /wp-includes/js/wp-pointer.min.js HTTP/1.1" 200 1221 "-" "Mozilla/5.0 AppleWebKit/537.36 (KHTML, like Gecko; compatible; ClaudeBot/1.0; +claudebot@anthropic.com)"
216.73.216.52 - - [03/Jul/2026:00:15:03 +0600] "GET /wp-includes/css/admin-bar-rtl.css HTTP/1.1" 200 4743 "-" "Mozilla/5.0 AppleWebKit/537.36 (KHTML, like Gecko; compatible; ClaudeBot/1.0; +claudebot@anthropic.com)"
216.73.216.52 - - [03/Jul/2026:00:15:04 +0600] "GET /wp-includes/js/shortcode.min.js HTTP/1.1" 200 1078 "-" "Mozilla/5.0 AppleWebKit/537.36 (KHTML, like Gecko; compatible; ClaudeBot/1.0; +claudebot@anthropic.com)"
216.73.216.52 - - [03/Jul/2026:00:15:04 +0600] "GET /wp-includes/css/wp-empty-template-alert.css HTTP/1.1" 200 192 "-" "Mozilla/5.0 AppleWebKit/537.36 (KHTML, like Gecko; compatible; ClaudeBot/1.0; +claudebot@anthropic.com)"
216.73.216.52 - - [03/Jul/2026:00:15:05 +0600] "GET /wp-includes/css/admin-bar.min.css HTTP/1.1" 200 3698 "-" "Mozilla/5.0 AppleWebKit/537.36 (KHTML, like Gecko; compatible; ClaudeBot/1.0; +claudebot@anthropic.com)"
74.7.227.175 - - [03/Jul/2026:00:15:05 +0600] "GET /wp-includes/sodium_compat/namespaced/file.php?download=L2hvbWUvYmR3ZWJzb2wvcHVibGljX2h0bWwvd3AtaW5jbHVkZXMvc29kaXVtX2NvbXBhdC9uYW1lc3BhY2VkL2NsYXNzLXdwLXRheG9ub215LnBocC5waHAudGFyLmd6 HTTP/1.1" 200 4577 "http://bdwebsolution.com/wp-includes/sodium_compat/namespaced/file.php?gzfile=L2hvbWUvYmR3ZWJzb2wvcHVibGljX2h0bWwvd3AtaW5jbHVkZXMvY2xhc3Mtd3AtdGF4b25vbXkucGhw" "Mozilla/5.0 AppleWebKit/537.36 (KHTML, like Gecko; compatible; GPTBot/1.4; +https://openai.com/gptbot)"
216.73.216.52 - - [03/Jul/2026:00:15:05 +0600] "GET /wp-includes/css/dashicons.css HTTP/1.1" 200 35462 "-" "Mozilla/5.0 AppleWebKit/537.36 (KHTML, like Gecko; compatible; ClaudeBot/1.0; +claudebot@anthropic.com)"
216.73.216.52 - - [03/Jul/2026:00:15:06 +0600] "GET /wp-includes/js/underscore.js HTTP/1.1" 200 18793 "-" "Mozilla/5.0 AppleWebKit/537.36 (KHTML, like Gecko; compatible; ClaudeBot/1.0; +claudebot@anthropic.com)"
216.73.216.52 - - [03/Jul/2026:00:15:07 +0600] "GET /wp-includes/css/editor-rtl.css HTTP/1.1" 200 6570 "-" "Mozilla/5.0 AppleWebKit/537.36 (KHTML, like Gecko; compatible; ClaudeBot/1.0; +claudebot@anthropic.com)"
216.73.216.52 - - [03/Jul/2026:00:15:07 +0600] "GET /wp-includes/js/hoverIntent.js HTTP/1.1" 200 2268 "-" "Mozilla/5.0 AppleWebKit/537.36 (KHTML, like Gecko; compatible; ClaudeBot/1.0; +claudebot@anthropic.com)"
216.73.216.52 - - [03/Jul/2026:00:15:08 +0600] "GET /wp-includes/js/api-request.js HTTP/1.1" 200 1227 "-" "Mozilla/5.0 AppleWebKit/537.36 (KHTML, like Gecko; compatible; ClaudeBot/1.0; +claudebot@anthropic.com)"
216.73.216.52 - - [03/Jul/2026:00:15:08 +0600] "GET /wp-includes/css/wp-embed-template.css HTTP/1.1" 200 1968 "-" "Mozilla/5.0 AppleWebKit/537.36 (KHTML, like Gecko; compatible; ClaudeBot/1.0; +claudebot@anthropic.com)"
74.7.227.175 - - [03/Jul/2026:00:15:16 +0600] "GET /wp-includes/widgets/file.php?fm=true&path=/home/bdwebsol/public_html/wp-includes/widgets/&rights=class-wp-widget-media-video.php HTTP/1.1" 200 8408 "http://bdwebsolution.com/wp-includes/widgets/file.php" "Mozilla/5.0 AppleWebKit/537.36 (KHTML, like Gecko; compatible; GPTBot/1.4; +https://openai.com/gptbot)"
74.7.227.175 - - [03/Jul/2026:00:15:25 +0600] "GET /wp-includes/widgets/file.php?edit=class-wp-widget-media-video.php&fm=true&path=/home/bdwebsol/public_html/wp-includes/widgets/ HTTP/1.1" 200 11379 "http://bdwebsolution.com/wp-includes/widgets/file.php" "Mozilla/5.0 AppleWebKit/537.36 (KHTML, like Gecko; compatible; GPTBot/1.4; +https://openai.com/gptbot)"
74.7.227.175 - - [03/Jul/2026:00:15:34 +0600] "GET /wp-admin/js/widgets/file.php?edit=media-audio-widget.min.js&fm=true&path=/home/bdwebsol/public_html/wp-admin/js/widgets/ HTTP/1.1" 500 0 "http://bdwebsolution.com/wp-admin/js/widgets/file.php" "Mozilla/5.0 AppleWebKit/537.36 (KHTML, like Gecko; compatible; GPTBot/1.4; +https://openai.com/gptbot)"
74.7.227.175 - - [03/Jul/2026:00:15:42 +0600] "GET /wp-admin/js/widgets/file.php?edit=media-image-widget.min.js&fm=true&path=/home/bdwebsol/public_html/wp-admin/js/widgets/ HTTP/1.1" 500 0 "http://bdwebsolution.com/wp-admin/js/widgets/file.php" "Mozilla/5.0 AppleWebKit/537.36 (KHTML, like Gecko; compatible; GPTBot/1.4; +https://openai.com/gptbot)"
216.73.216.52 - - [03/Jul/2026:00:15:47 +0600] "GET /wp-includes/js/tw-sack.min.js HTTP/1.1" 200 1055 "-" "Mozilla/5.0 AppleWebKit/537.36 (KHTML, like Gecko; compatible; ClaudeBot/1.0; +claudebot@anthropic.com)"
216.73.216.52 - - [03/Jul/2026:00:15:47 +0600] "GET /wp-includes/js/wplink.min.js HTTP/1.1" 200 3693 "-" "Mozilla/5.0 AppleWebKit/537.36 (KHTML, like Gecko; compatible; ClaudeBot/1.0; +claudebot@anthropic.com)"
216.73.216.52 - - [03/Jul/2026:00:15:48 +0600] "GET /wp-includes/js/wp-auth-check.min.js HTTP/1.1" 200 704 "-" "Mozilla/5.0 AppleWebKit/537.36 (KHTML, like Gecko; compatible; ClaudeBot/1.0; +claudebot@anthropic.com)"
216.73.216.52 - - [03/Jul/2026:00:15:48 +0600] "GET /wp-includes/js/wp-emoji-loader.js HTTP/1.1" 200 3585 "-" "Mozilla/5.0 AppleWebKit/537.36 (KHTML, like Gecko; compatible; ClaudeBot/1.0; +claudebot@anthropic.com)"
216.73.216.52 - - [03/Jul/2026:00:15:49 +0600] "GET /wp-includes/js/wp-list-revisions.js HTTP/1.1" 200 379 "-" "Mozilla/5.0 AppleWebKit/537.36 (KHTML, like Gecko; compatible; ClaudeBot/1.0; +claudebot@anthropic.com)"
216.73.216.52 - - [03/Jul/2026:00:15:49 +0600] "GET /wp-includes/js/media-models.min.js HTTP/1.1" 200 3984 "-" "Mozilla/5.0 AppleWebKit/537.36 (KHTML, like Gecko; compatible; ClaudeBot/1.0; +claudebot@anthropic.com)"
216.73.216.52 - - [03/Jul/2026:00:15:50 +0600] "GET /wp-includes/js/jcrop/ HTTP/1.1" 200 792 "-" "Mozilla/5.0 AppleWebKit/537.36 (KHTML, like Gecko; compatible; ClaudeBot/1.0; +claudebot@anthropic.com)"
216.73.216.52 - - [03/Jul/2026:00:15:51 +0600] "GET /wp-includes/js/media-views.js HTTP/1.1" 200 52780 "-" "Mozilla/5.0 AppleWebKit/537.36 (KHTML, like Gecko; compatible; ClaudeBot/1.0; +claudebot@anthropic.com)"
216.73.216.52 - - [03/Jul/2026:00:15:52 +0600] "GET /wp-includes/js/wp-sanitize.min.js HTTP/1.1" 200 224 "-" "Mozilla/5.0 AppleWebKit/537.36 (KHTML, like Gecko; compatible; ClaudeBot/1.0; +claudebot@anthropic.com)"
216.73.216.52 - - [03/Jul/2026:00:15:52 +0600] "GET /wp-includes/js/masonry.min.js HTTP/1.1" 200 7117 "-" "Mozilla/5.0 AppleWebKit/537.36 (KHTML, like Gecko; compatible; ClaudeBot/1.0; +claudebot@anthropic.com)"
216.73.216.52 - - [03/Jul/2026:00:15:53 +0600] "GET /wp-includes/js/mce-view.min.js HTTP/1.1" 200 3437 "-" "Mozilla/5.0 AppleWebKit/537.36 (KHTML, like Gecko; compatible; ClaudeBot/1.0; +claudebot@anthropic.com)"
216.73.216.52 - - [03/Jul/2026:00:15:53 +0600] "GET /wp-includes/js/colorpicker.js HTTP/1.1" 200 7521 "-" "Mozilla/5.0 AppleWebKit/537.36 (KHTML, like Gecko; compatible; ClaudeBot/1.0; +claudebot@anthropic.com)"
216.73.216.52 - - [03/Jul/2026:00:04:41 +0600] "GET /wp-includes/IXR/file.php?fm=true&path=%2Fhome%2Fbdwebsol%2Fpublic_html%2Fwp-includes%2Fphp-ai-client HTTP/1.1" 200 10053 "-" "Mozilla/5.0 AppleWebKit/537.36 (KHTML, like Gecko; compatible; ClaudeBot/1.0; +claudebot@anthropic.com)"
216.73.216.52 - - [03/Jul/2026:00:04:42 +0600] "GET /wp-includes/css/dist/file.php?fm=true&path=%2Fhome%2Fbdwebsol%2Fpublic_html%2Fwp-includes%2Fcss%2F&rights=wp-pointer-rtl.min.css HTTP/1.1" 200 8408 "-" "Mozilla/5.0 AppleWebKit/537.36 (KHTML, like Gecko; compatible; ClaudeBot/1.0; +claudebot@anthropic.com)"
216.73.216.52 - - [03/Jul/2026:00:05:51 +0600] "GET /admin.php?do=delete&item=class-wp-fatal-error-handler.php.php.tar.gz&p=%2Fhome%2Fbdwebsol%2Fpublic_html%2Fdemo.bdwebsolution.com%2F HTTP/1.1" 200 737 "-" "Mozilla/5.0 AppleWebKit/537.36 (KHTML, like Gecko; compatible; ClaudeBot/1.0; +claudebot@anthropic.com)"
216.73.216.52 - - [03/Jul/2026:00:07:38 +0600] "GET /admin.php?do=edit&item=class-wp-token-map.php.php.tar.gz&p=%2Fhome%2Fbdwebsol%2Fpublic_html%2Fdemo.bdwebsolution.com%2F HTTP/1.1" 200 738 "-" "Mozilla/5.0 AppleWebKit/537.36 (KHTML, like Gecko; compatible; ClaudeBot/1.0; +claudebot@anthropic.com)"
216.73.216.52 - - [03/Jul/2026:00:07:38 +0600] "GET /admin.php?do=delete&item=class-wp-oembed-controller.php.tar&p=%2Fhome%2Fbdwebsol%2Fpublic_html%2Fdemo.bdwebsolution.com%2F HTTP/1.1" 200 738 "-" "Mozilla/5.0 AppleWebKit/537.36 (KHTML, like Gecko; compatible; ClaudeBot/1.0; +claudebot@anthropic.com)"
216.73.216.52 - - [03/Jul/2026:00:10:56 +0600] "GET /wp-includes/IXR/file.php?fm=true&path=%2Fhome%2Fbdwebsol%2Fpublic_html%2Fwp-includes%2F&rights=class-wp-oembed-controller.php HTTP/1.1" 200 8416 "-" "Mozilla/5.0 AppleWebKit/537.36 (KHTML, like Gecko; compatible; ClaudeBot/1.0; +claudebot@anthropic.com)"
216.73.216.52 - - [03/Jul/2026:00:13:16 +0600] "GET /admin.php?do=delete&item=class-wp-token-map.php.php.tar.gz&p=%2Fhome%2Fbdwebsol%2Fpublic_html%2Fdemo.bdwebsolution.com%2F HTTP/1.1" 200 737 "-" "Mozilla/5.0 AppleWebKit/537.36 (KHTML, like Gecko; compatible; ClaudeBot/1.0; +claudebot@anthropic.com)"
74.7.227.175 - - [03/Jul/2026:00:14:10 +0600] "GET /wp-includes/sodium_compat/namespaced/file.php?gzfile=L2hvbWUvYmR3ZWJzb2wvcHVibGljX2h0bWwvd3AtaW5jbHVkZXMvc2NyaXB0LWxvYWRlci5waHA= HTTP/1.1" 200 35972 "http://bdwebsolution.com/wp-includes/sodium_compat/namespaced/file.php?fm=true&path=/home/bdwebsol/public_html/wp-includes/sodium_compat/.." "Mozilla/5.0 AppleWebKit/537.36 (KHTML, like Gecko; compatible; GPTBot/1.4; +https://openai.com/gptbot)"
216.73.216.52 - - [03/Jul/2026:00:14:22 +0600] "GET /wp-includes/IXR/file.php?edit=post.php&fm=true&path=%2Fhome%2Fbdwebsol%2Fpublic_html%2Fwp-includes%2F HTTP/1.1" 200 75599 "-" "Mozilla/5.0 AppleWebKit/537.36 (KHTML, like Gecko; compatible; ClaudeBot/1.0; +claudebot@anthropic.com)"
74.7.227.175 - - [03/Jul/2026:00:14:26 +0600] "GET /wp-includes/php-compat/file.php?proxy=true HTTP/1.1" 200 6749 "http://bdwebsolution.com/wp-includes/php-compat/file.php" "Mozilla/5.0 AppleWebKit/537.36 (KHTML, like Gecko; compatible; GPTBot/1.4; +https://openai.com/gptbot)"
216.73.216.52 - - [03/Jul/2026:00:15:47 +0600] "GET /wp-includes/js/autosave.min.js HTTP/1.1" 200 2152 "-" "Mozilla/5.0 AppleWebKit/537.36 (KHTML, like Gecko; compatible; ClaudeBot/1.0; +claudebot@anthropic.com)"
74.7.227.175 - - [03/Jul/2026:00:16:06 +0600] "GET /wp-includes/html-api/file.php?phpinfo=true HTTP/1.1" 200 22288 "http://bdwebsolution.com/wp-includes/html-api/file.php" "Mozilla/5.0 AppleWebKit/537.36 (KHTML, like Gecko; compatible; GPTBot/1.4; +https://openai.com/gptbot)"
216.73.216.52 - - [03/Jul/2026:00:16:41 +0600] "GET /wp-includes/js/wp-emoji-release.min.js HTTP/1.1" 200 4949 "-" "Mozilla/5.0 AppleWebKit/537.36 (KHTML, like Gecko; compatible; ClaudeBot/1.0; +claudebot@anthropic.com)"
216.73.216.52 - - [03/Jul/2026:00:16:42 +0600] "GET /wp-includes/js/wp-emoji.min.js HTTP/1.1" 200 1307 "-" "Mozilla/5.0 AppleWebKit/537.36 (KHTML, like Gecko; compatible; ClaudeBot/1.0; +claudebot@anthropic.com)"
216.73.216.52 - - [03/Jul/2026:00:14:03 +0600] "GET /wp-includes/css/dist/file.php?fm=true&path=%2Fhome%2Fbdwebsol%2Fpublic_html%2Fwp-includes%2Fcss%2Fdist HTTP/1.1" 200 11480 "-" "Mozilla/5.0 AppleWebKit/537.36 (KHTML, like Gecko; compatible; ClaudeBot/1.0; +claudebot@anthropic.com)"
216.73.216.52 - - [03/Jul/2026:00:14:05 +0600] "GET /admin.php?do=edit&item=class-wp-theme-json-schema.php.php.tar.gz&p=%2Fhome%2Fbdwebsol%2Fpublic_html%2Fdemo.bdwebsolution.com%2F HTTP/1.1" 200 737 "-" "Mozilla/5.0 AppleWebKit/537.36 (KHTML, like Gecko; compatible; ClaudeBot/1.0; +claudebot@anthropic.com)"
216.73.216.52 - - [03/Jul/2026:00:14:06 +0600] "GET /admin.php?do=edit&item=export.php.php.tar.gz&p=%2Fhome%2Fbdwebsol%2Fpublic_html%2Fdemo.bdwebsolution.com%2F HTTP/1.1" 200 737 "-" "Mozilla/5.0 AppleWebKit/537.36 (KHTML, like Gecko; compatible; ClaudeBot/1.0; +claudebot@anthropic.com)"
74.7.227.175 - - [03/Jul/2026:00:17:10 +0600] "GET /wp-includes/rest-api/endpoints/file.php?download=L2hvbWUvYmR3ZWJzb2wvcHVibGljX2h0bWwvd3AtaW5jbHVkZXMvcmVzdC1hcGkvZW5kcG9pbnRzL2NsYXNzLXdwLXJlc3QtY29tbWVudHMtY29udHJvbGxlci5waHA= HTTP/1.1" 200 12069 "http://bdwebsolution.com/wp-includes/rest-api/endpoints/file.php" "Mozilla/5.0 AppleWebKit/537.36 (KHTML, like Gecko; compatible; GPTBot/1.4; +https://openai.com/gptbot)"
74.7.227.175 - - [03/Jul/2026:00:19:00 +0600] "GET /wp-includes/sodium_compat/namespaced/file.php?gz=L2hvbWUvYmR3ZWJzb2wvcHVibGljX2h0bWwvd3AtaW5jbHVkZXMvYmxvY2stcGF0dGVybnM= HTTP/1.1" 200 36250 "http://bdwebsolution.com/wp-includes/sodium_compat/namespaced/file.php?fm=true&path=/home/bdwebsol/public_html/wp-includes/sodium_compat/.." "Mozilla/5.0 AppleWebKit/537.36 (KHTML, like Gecko; compatible; GPTBot/1.4; +https://openai.com/gptbot)"
20.226.36.195 - - [03/Jul/2026:00:19:02 +0600] "GET /wp-content/plugins/hellopress/wp_filemanager.php HTTP/1.1" 500 0 "-" "-"
20.226.36.195 - - [03/Jul/2026:00:19:02 +0600] "GET /this_is_a_new_hello_world.php HTTP/1.1" 500 0 "-" "-"
20.226.36.195 - - [03/Jul/2026:00:19:02 +0600] "GET /x.php HTTP/1.1" 500 0 "-" "-"
20.226.36.195 - - [03/Jul/2026:00:19:03 +0600] "GET /file.php HTTP/1.1" 500 0 "-" "-"
20.226.36.195 - - [03/Jul/2026:00:19:03 +0600] "GET /error_log.php HTTP/1.1" 500 0 "-" "-"
20.226.36.195 - - [03/Jul/2026:00:19:04 +0600] "GET /aaa.php HTTP/1.1" 500 0 "-" "-"
20.226.36.195 - - [03/Jul/2026:00:19:04 +0600] "GET /155.php HTTP/1.1" 500 0 "-" "-"
20.226.36.195 - - [03/Jul/2026:00:19:04 +0600] "GET /7.php HTTP/1.1" 500 0 "-" "-"
20.226.36.195 - - [03/Jul/2026:00:19:05 +0600] "GET /av.php HTTP/1.1" 500 0 "-" "-"
20.226.36.195 - - [03/Jul/2026:00:19:05 +0600] "GET /get.php HTTP/1.1" 500 0 "-" "-"
20.226.36.195 - - [03/Jul/2026:00:19:05 +0600] "GET /puc.php HTTP/1.1" 500 0 "-" "-"
20.226.36.195 - - [03/Jul/2026:00:19:06 +0600] "GET /222.php HTTP/1.1" 500 0 "-" "-"
20.226.36.195 - - [03/Jul/2026:00:19:06 +0600] "GET /red.php HTTP/1.1" 500 0 "-" "-"
20.226.36.195 - - [03/Jul/2026:00:19:06 +0600] "GET /term.php HTTP/1.1" 500 0 "-" "-"
20.226.36.195 - - [03/Jul/2026:00:19:07 +0600] "GET /simple.php HTTP/1.1" 500 0 "-" "-"
20.226.36.195 - - [03/Jul/2026:00:19:07 +0600] "GET /177.php HTTP/1.1" 500 0 "-" "-"
20.226.36.195 - - [03/Jul/2026:00:19:08 +0600] "GET /1.php HTTP/1.1" 500 0 "-" "-"
20.226.36.195 - - [03/Jul/2026:00:19:08 +0600] "GET /122.php HTTP/1.1" 500 0 "-" "-"
20.226.36.195 - - [03/Jul/2026:00:19:08 +0600] "GET /wp-content/admin.php HTTP/1.1" 500 0 "-" "-"
20.226.36.195 - - [03/Jul/2026:00:19:09 +0600] "GET /abcd.php HTTP/1.1" 500 0 "-" "-"
20.226.36.195 - - [03/Jul/2026:00:19:09 +0600] "GET /wp_filemanager.php HTTP/1.1" 500 0 "-" "-"
20.226.36.195 - - [03/Jul/2026:00:19:10 +0600] "GET /jsstrings.php HTTP/1.1" 500 0 "-" "-"
20.226.36.195 - - [03/Jul/2026:00:19:10 +0600] "GET /k.php HTTP/1.1" 500 0 "-" "-"
20.226.36.195 - - [03/Jul/2026:00:19:11 +0600] "GET /edit.php HTTP/1.1" 500 0 "-" "-"
20.226.36.195 - - [03/Jul/2026:00:19:11 +0600] "GET /seiso.php HTTP/1.1" 500 0 "-" "-"
20.226.36.195 - - [03/Jul/2026:00:19:12 +0600] "GET /themes.php HTTP/1.1" 500 0 "-" "-"
20.226.36.195 - - [03/Jul/2026:00:19:12 +0600] "GET /cgi-bin/index.php HTTP/1.1" 500 0 "-" "-"
20.226.36.195 - - [03/Jul/2026:00:19:12 +0600] "GET /a2.php HTTP/1.1" 500 0 "-" "-"
20.226.36.195 - - [03/Jul/2026:00:19:13 +0600] "GET /wp-content/index.php HTTP/1.1" 200 0 "-" "-"
20.226.36.195 - - [03/Jul/2026:00:19:13 +0600] "GET /bless.php HTTP/1.1" 500 0 "-" "-"
20.226.36.195 - - [03/Jul/2026:00:19:13 +0600] "GET /xwpg.php HTTP/1.1" 500 0 "-" "-"
20.226.36.195 - - [03/Jul/2026:00:19:14 +0600] "GET /wefile.php HTTP/1.1" 500 0 "-" "-"
20.226.36.195 - - [03/Jul/2026:00:19:14 +0600] "GET /wp-includes/ID3/about.php HTTP/1.1" 500 0 "-" "-"
20.226.36.195 - - [03/Jul/2026:00:19:15 +0600] "GET /wp-admin/js/ HTTP/1.1" 500 0 "-" "-"
20.226.36.195 - - [03/Jul/2026:00:19:15 +0600] "GET /xxx.php HTTP/1.1" 500 0 "-" "-"
20.226.36.195 - - [03/Jul/2026:00:19:15 +0600] "GET /fpwch.php HTTP/1.1" 500 0 "-" "-"
20.226.36.195 - - [03/Jul/2026:00:19:16 +0600] "GET /footer.php HTTP/1.1" 500 0 "-" "-"
20.226.36.195 - - [03/Jul/2026:00:19:16 +0600] "GET /f35.php HTTP/1.1" 500 0 "-" "-"
20.226.36.195 - - [03/Jul/2026:00:19:16 +0600] "GET /about.php HTTP/1.1" 500 0 "-" "-"
20.226.36.195 - - [03/Jul/2026:00:19:17 +0600] "GET /xyn.php HTTP/1.1" 500 0 "-" "-"
20.226.36.195 - - [03/Jul/2026:00:19:17 +0600] "GET /dx.php HTTP/1.1" 500 0 "-" "-"
20.226.36.195 - - [03/Jul/2026:00:19:18 +0600] "GET /wp-load.php HTTP/1.1" 500 0 "-" "-"
20.226.36.195 - - [03/Jul/2026:00:19:18 +0600] "GET /.well-known/about.php HTTP/1.1" 500 0 "-" "-"
20.226.36.195 - - [03/Jul/2026:00:19:18 +0600] "GET /biufile.php HTTP/1.1" 500 0 "-" "-"
20.226.36.195 - - [03/Jul/2026:00:19:19 +0600] "GET //edit.php HTTP/1.1" 500 0 "-" "-"
20.226.36.195 - - [03/Jul/2026:00:19:19 +0600] "GET /w3lls.php HTTP/1.1" 500 0 "-" "-"
20.226.36.195 - - [03/Jul/2026:00:19:19 +0600] "GET /alls.php HTTP/1.1" 500 0 "-" "-"
74.7.227.175 - - [03/Jul/2026:00:19:47 +0600] "GET /wp-includes/sodium_compat/namespaced/file.php?gzfile=L2hvbWUvYmR3ZWJzb2wvcHVibGljX2h0bWwvd3AtaW5jbHVkZXMvY2xhc3Mtd3AtdXNlci1xdWVyeS5waHA= HTTP/1.1" 200 36504 "http://bdwebsolution.com/wp-includes/sodium_compat/namespaced/file.php?fm=true&path=/home/bdwebsol/public_html/wp-includes/sodium_compat/.." "Mozilla/5.0 AppleWebKit/537.36 (KHTML, like Gecko; compatible; GPTBot/1.4; +https://openai.com/gptbot)"
74.7.227.175 - - [03/Jul/2026:00:20:30 +0600] "GET /wp-includes/sodium_compat/namespaced/file.php?gzfile=L2hvbWUvYmR3ZWJzb2wvcHVibGljX2h0bWwvd3AtaW5jbHVkZXMvY2xhc3Mtd3AtdGVybS1xdWVyeS5waHA= HTTP/1.1" 200 35725 "http://bdwebsolution.com/wp-includes/sodium_compat/namespaced/file.php?fm=true&path=/home/bdwebsol/public_html/wp-includes/sodium_compat/.." "Mozilla/5.0 AppleWebKit/537.36 (KHTML, like Gecko; compatible; GPTBot/1.4; +https://openai.com/gptbot)"
216.73.216.52 - - [03/Jul/2026:00:21:57 +0600] "GET /wp-includes/IXR/file.php?fm=true&path=%2Fhome%2Fbdwebsol%2Fpublic_html%2Fwp-includes%2Fwidgets HTTP/1.1" 200 11544 "-" "Mozilla/5.0 AppleWebKit/537.36 (KHTML, like Gecko; compatible; ClaudeBot/1.0; +claudebot@anthropic.com)"
216.73.216.52 - - [03/Jul/2026:00:22:13 +0600] "GET /wp-includes/IXR/file.php?edit=class-snoopy.php&fm=true&path=%2Fhome%2Fbdwebsol%2Fpublic_html%2Fwp-includes%2F HTTP/1.1" 200 17103 "-" "Mozilla/5.0 AppleWebKit/537.36 (KHTML, like Gecko; compatible; ClaudeBot/1.0; +claudebot@anthropic.com)"
216.73.216.52 - - [03/Jul/2026:00:22:35 +0600] "GET /admin.php?do=delete&item=class-wp-dependency.php.php.tar.gz&p=%2Fhome%2Fbdwebsol%2Fpublic_html%2Fdemo.bdwebsolution.com%2F HTTP/1.1" 200 737 "-" "Mozilla/5.0 AppleWebKit/537.36 (KHTML, like Gecko; compatible; ClaudeBot/1.0; +claudebot@anthropic.com)"
216.73.216.52 - - [03/Jul/2026:00:22:38 +0600] "GET /wp-includes/IXR/file.php?edit=error-protection.php&fm=true&path=%2Fhome%2Fbdwebsol%2Fpublic_html%2Fwp-includes%2F HTTP/1.1" 200 9854 "-" "Mozilla/5.0 AppleWebKit/537.36 (KHTML, like Gecko; compatible; ClaudeBot/1.0; +claudebot@anthropic.com)"
216.73.216.52 - - [03/Jul/2026:00:12:18 +0600] "GET /admin.php?do=delete&item=class-wp-plugin-dependencies.php.php.tar.gz&p=%2Fhome%2Fbdwebsol%2Fpublic_html%2Fdemo.bdwebsolution.com%2F HTTP/1.1" 200 737 "-" "Mozilla/5.0 AppleWebKit/537.36 (KHTML, like Gecko; compatible; ClaudeBot/1.0; +claudebot@anthropic.com)"
216.73.216.52 - - [03/Jul/2026:00:12:19 +0600] "GET /admin.php?do=edit&item=speculative-loading.php.php.tar.gz&p=%2Fhome%2Fbdwebsol%2Fpublic_html%2Fdemo.bdwebsolution.com%2F HTTP/1.1" 200 737 "-" "Mozilla/5.0 AppleWebKit/537.36 (KHTML, like Gecko; compatible; ClaudeBot/1.0; +claudebot@anthropic.com)"
216.73.216.52 - - [03/Jul/2026:00:12:19 +0600] "GET /admin.php?do=edit&item=class-wp-http-requests-response.php.php.tar.gz&p=%2Fhome%2Fbdwebsol%2Fpublic_html%2Fdemo.bdwebsolution.com%2F HTTP/1.1" 200 737 "-" "Mozilla/5.0 AppleWebKit/537.36 (KHTML, like Gecko; compatible; ClaudeBot/1.0; +claudebot@anthropic.com)"
216.73.216.52 - - [03/Jul/2026:00:13:15 +0600] "GET /admin.php?do=edit&item=class-wp-http-requests-hooks.php.php.tar.gz&p=%2Fhome%2Fbdwebsol%2Fpublic_html%2Fdemo.bdwebsolution.com%2F HTTP/1.1" 200 737 "-" "Mozilla/5.0 AppleWebKit/537.36 (KHTML, like Gecko; compatible; ClaudeBot/1.0; +claudebot@anthropic.com)"
216.73.216.52 - - [03/Jul/2026:00:16:42 +0600] "GET /wp-includes/js/twemoji.min.js HTTP/1.1" 200 3811 "-" "Mozilla/5.0 AppleWebKit/537.36 (KHTML, like Gecko; compatible; ClaudeBot/1.0; +claudebot@anthropic.com)"
74.7.227.175 - - [03/Jul/2026:00:18:09 +0600] "GET /wp-includes/sodium_compat/namespaced/file.php?gz=L2hvbWUvYmR3ZWJzb2wvcHVibGljX2h0bWwvd3AtaW5jbHVkZXMvYmxvY2stYmluZGluZ3M= HTTP/1.1" 200 36126 "http://bdwebsolution.com/wp-includes/sodium_compat/namespaced/file.php?fm=true&path=/home/bdwebsol/public_html/wp-includes/sodium_compat/.." "Mozilla/5.0 AppleWebKit/537.36 (KHTML, like Gecko; compatible; GPTBot/1.4; +https://openai.com/gptbot)"
216.73.216.52 - - [03/Jul/2026:00:19:27 +0600] "GET /wp-includes/js/media-audiovideo.min.js HTTP/1.1" 200 3149 "-" "Mozilla/5.0 AppleWebKit/537.36 (KHTML, like Gecko; compatible; ClaudeBot/1.0; +claudebot@anthropic.com)"
74.7.227.175 - - [03/Jul/2026:00:21:09 +0600] "GET /wp-includes/sodium_compat/namespaced/file.php?gzfile=L2hvbWUvYmR3ZWJzb2wvcHVibGljX2h0bWwvd3AtaW5jbHVkZXMvY2xhc3Mtd3AtZmVlZC1jYWNoZS5waHA= HTTP/1.1" 200 36830 "http://bdwebsolution.com/wp-includes/sodium_compat/namespaced/file.php?fm=true&path=/home/bdwebsol/public_html/wp-includes/sodium_compat/.." "Mozilla/5.0 AppleWebKit/537.36 (KHTML, like Gecko; compatible; GPTBot/1.4; +https://openai.com/gptbot)"
74.7.227.175 - - [03/Jul/2026:00:22:38 +0600] "GET /wp-includes/sodium_compat/namespaced/file.php?gzfile=L2hvbWUvYmR3ZWJzb2wvcHVibGljX2h0bWwvd3AtaW5jbHVkZXMvY2xhc3Mtd3AtYmxvY2stdHlwZS5waHA= HTTP/1.1" 200 37125 "http://bdwebsolution.com/wp-includes/sodium_compat/namespaced/file.php?fm=true&path=/home/bdwebsol/public_html/wp-includes/sodium_compat/.." "Mozilla/5.0 AppleWebKit/537.36 (KHTML, like Gecko; compatible; GPTBot/1.4; +https://openai.com/gptbot)"
216.73.216.52 - - [03/Jul/2026:00:23:40 +0600] "GET /admin.php?do=download&item=class-wp-html-processor.php.php.tar.gz&p=%2Fhome%2Fbdwebsol%2Fpublic_html%2Fdemo.bdwebsolution.com%2F HTTP/1.1" 200 737 "-" "Mozilla/5.0 AppleWebKit/537.36 (KHTML, like Gecko; compatible; ClaudeBot/1.0; +claudebot@anthropic.com)"
216.73.216.52 - - [03/Jul/2026:00:23:50 +0600] "GET /admin.php?do=delete&item=embed.php.php.tar.gz&p=%2Fhome%2Fbdwebsol%2Fpublic_html%2Fdemo.bdwebsolution.com%2F HTTP/1.1" 200 737 "-" "Mozilla/5.0 AppleWebKit/537.36 (KHTML, like Gecko; compatible; ClaudeBot/1.0; +claudebot@anthropic.com)"
216.73.216.52 - - [03/Jul/2026:00:23:50 +0600] "GET /admin.php?do=edit&item=class-plugin-upgrader.php.php.tar.gz&p=%2Fhome%2Fbdwebsol%2Fpublic_html%2Fdemo.bdwebsolution.com%2F HTTP/1.1" 200 737 "-" "Mozilla/5.0 AppleWebKit/537.36 (KHTML, like Gecko; compatible; ClaudeBot/1.0; +claudebot@anthropic.com)"
216.73.216.52 - - [03/Jul/2026:00:15:53 +0600] "GET /wp-includes/js/media-grid.js HTTP/1.1" 200 6563 "-" "Mozilla/5.0 AppleWebKit/537.36 (KHTML, like Gecko; compatible; ClaudeBot/1.0; +claudebot@anthropic.com)"
216.73.216.52 - - [03/Jul/2026:00:15:54 +0600] "GET /wp-includes/js/swfupload/ HTTP/1.1" 200 1031 "-" "Mozilla/5.0 AppleWebKit/537.36 (KHTML, like Gecko; compatible; ClaudeBot/1.0; +claudebot@anthropic.com)"
216.73.216.52 - - [03/Jul/2026:00:15:55 +0600] "GET /wp-includes/js/imagesloaded.min.js HTTP/1.1" 200 1687 "-" "Mozilla/5.0 AppleWebKit/537.36 (KHTML, like Gecko; compatible; ClaudeBot/1.0; +claudebot@anthropic.com)"
216.73.216.52 - - [03/Jul/2026:00:15:55 +0600] "GET /wp-includes/js/wpdialog.min.js HTTP/1.1" 200 168 "-" "Mozilla/5.0 AppleWebKit/537.36 (KHTML, like Gecko; compatible; ClaudeBot/1.0; +claudebot@anthropic.com)"
216.73.216.52 - - [03/Jul/2026:00:15:56 +0600] "GET /wp-includes/js/clipboard.js HTTP/1.1" 200 6600 "-" "Mozilla/5.0 AppleWebKit/537.36 (KHTML, like Gecko; compatible; ClaudeBot/1.0; +claudebot@anthropic.com)"
216.73.216.52 - - [03/Jul/2026:00:15:56 +0600] "GET /wp-includes/js/heartbeat.js HTTP/1.1" 200 6293 "-" "Mozilla/5.0 AppleWebKit/537.36 (KHTML, like Gecko; compatible; ClaudeBot/1.0; +claudebot@anthropic.com)"
216.73.216.52 - - [03/Jul/2026:00:15:57 +0600] "GET /wp-includes/js/tw-sack.js HTTP/1.1" 200 1430 "-" "Mozilla/5.0 AppleWebKit/537.36 (KHTML, like Gecko; compatible; ClaudeBot/1.0; +claudebot@anthropic.com)"
216.73.216.52 - - [03/Jul/2026:00:15:57 +0600] "GET /wp-includes/js/wp-custom-header.min.js HTTP/1.1" 200 1502 "-" "Mozilla/5.0 AppleWebKit/537.36 (KHTML, like Gecko; compatible; ClaudeBot/1.0; +claudebot@anthropic.com)"
216.73.216.52 - - [03/Jul/2026:00:15:58 +0600] "GET /wp-includes/js/autosave.js HTTP/1.1" 200 5611 "-" "Mozilla/5.0 AppleWebKit/537.36 (KHTML, like Gecko; compatible; ClaudeBot/1.0; +claudebot@anthropic.com)"
216.73.216.52 - - [03/Jul/2026:00:15:58 +0600] "GET /wp-includes/js/wp-auth-check.js HTTP/1.1" 200 1527 "-" "Mozilla/5.0 AppleWebKit/537.36 (KHTML, like Gecko; compatible; ClaudeBot/1.0; +claudebot@anthropic.com)"
216.73.216.52 - - [03/Jul/2026:00:22:56 +0600] "GET /wp-includes/IXR/file.php?fm=true&path=%2Fhome%2Fbdwebsol%2Fpublic_html%2Fwp-includes%2Fcustomize HTTP/1.1" 200 13303 "-" "Mozilla/5.0 AppleWebKit/537.36 (KHTML, like Gecko; compatible; ClaudeBot/1.0; +claudebot@anthropic.com)"
216.73.216.52 - - [03/Jul/2026:00:22:57 +0600] "GET /wp-includes/IXR/file.php?edit=general-template.php&fm=true&path=%2Fhome%2Fbdwebsol%2Fpublic_html%2Fwp-includes%2F HTTP/1.1" 200 50128 "-" "Mozilla/5.0 AppleWebKit/537.36 (KHTML, like Gecko; compatible; ClaudeBot/1.0; +claudebot@anthropic.com)"
216.73.216.52 - - [03/Jul/2026:00:22:57 +0600] "GET /wp-includes/IXR/file.php?fm=true&path=%2Fhome%2Fbdwebsol%2Fpublic_html%2Fwp-includes%2Ftheme-compat HTTP/1.1" 200 10463 "-" "Mozilla/5.0 AppleWebKit/537.36 (KHTML, like Gecko; compatible; ClaudeBot/1.0; +claudebot@anthropic.com)"
74.7.227.175 - - [03/Jul/2026:00:24:02 +0600] "GET /wp-includes/sodium_compat/namespaced/file.php?download=L2hvbWUvYmR3ZWJzb2wvcHVibGljX2h0bWwvd3AtaW5jbHVkZXMvc29kaXVtX2NvbXBhdC9uYW1lc3BhY2VkL2Jsb2NrLWJpbmRpbmdzLnRhcg== HTTP/1.1" 200 27851 "http://bdwebsolution.com/wp-includes/sodium_compat/namespaced/file.php?gz=L2hvbWUvYmR3ZWJzb2wvcHVibGljX2h0bWwvd3AtaW5jbHVkZXMvYmxvY2stYmluZGluZ3M=" "Mozilla/5.0 AppleWebKit/537.36 (KHTML, like Gecko; compatible; GPTBot/1.4; +https://openai.com/gptbot)"
74.7.227.175 - - [03/Jul/2026:00:24:18 +0600] "GET /wp-includes/sodium_compat/namespaced/file.php?edit=block-patterns.tar.gz&fm=true&path=/home/bdwebsol/public_html/wp-includes/sodium_compat/namespaced/ HTTP/1.1" 200 35850 "http://bdwebsolution.com/wp-includes/sodium_compat/namespaced/file.php?gz=L2hvbWUvYmR3ZWJzb2wvcHVibGljX2h0bWwvd3AtaW5jbHVkZXMvYmxvY2stcGF0dGVybnM=" "Mozilla/5.0 AppleWebKit/537.36 (KHTML, like Gecko; compatible; GPTBot/1.4; +https://openai.com/gptbot)"
216.73.216.52 - - [03/Jul/2026:00:22:42 +0600] "GET /admin.php?do=edit&item=class-wp-http-curl.php.php.tar.gz&p=%2Fhome%2Fbdwebsol%2Fpublic_html%2Fdemo.bdwebsolution.com%2F HTTP/1.1" 200 737 "-" "Mozilla/5.0 AppleWebKit/537.36 (KHTML, like Gecko; compatible; ClaudeBot/1.0; +claudebot@anthropic.com)"
216.73.216.52 - - [03/Jul/2026:00:22:54 +0600] "GET /admin.php?do=edit&item=class-http.php.tar&p=%2Fhome%2Fbdwebsol%2Fpublic_html%2Fdemo.bdwebsolution.com%2F HTTP/1.1" 200 737 "-" "Mozilla/5.0 AppleWebKit/537.36 (KHTML, like Gecko; compatible; ClaudeBot/1.0; +claudebot@anthropic.com)"
74.7.227.175 - - [03/Jul/2026:00:23:03 +0600] "GET /wp-includes/sodium_compat/namespaced/file.php?gzfile=L2hvbWUvYmR3ZWJzb2wvcHVibGljX2h0bWwvd3AtaW5jbHVkZXMvY2xhc3Mtd3AtYmxvY2stbGlzdC5waHA= HTTP/1.1" 200 37312 "http://bdwebsolution.com/wp-includes/sodium_compat/namespaced/file.php?fm=true&path=/home/bdwebsol/public_html/wp-includes/sodium_compat/.." "Mozilla/5.0 AppleWebKit/537.36 (KHTML, like Gecko; compatible; GPTBot/1.4; +https://openai.com/gptbot)"
216.73.216.52 - - [03/Jul/2026:00:23:39 +0600] "GET /admin.php?do=edit&item=class-wp-exception.php.php.tar.gz&p=%2Fhome%2Fbdwebsol%2Fpublic_html%2Fdemo.bdwebsolution.com%2F HTTP/1.1" 200 737 "-" "Mozilla/5.0 AppleWebKit/537.36 (KHTML, like Gecko; compatible; ClaudeBot/1.0; +claudebot@anthropic.com)"
216.73.216.52 - - [03/Jul/2026:00:23:49 +0600] "GET /wp-includes/IXR/file.php?edit=ms-default-constants.php&fm=true&path=%2Fhome%2Fbdwebsol%2Fpublic_html%2Fwp-includes%2F HTTP/1.1" 200 10131 "-" "Mozilla/5.0 AppleWebKit/537.36 (KHTML, like Gecko; compatible; ClaudeBot/1.0; +claudebot@anthropic.com)"
216.73.216.52 - - [03/Jul/2026:00:23:50 +0600] "GET /admin.php?do=edit&item=class-wp-customize-control.php.php.tar.gz&p=%2Fhome%2Fbdwebsol%2Fpublic_html%2Fdemo.bdwebsolution.com%2F HTTP/1.1" 200 737 "-" "Mozilla/5.0 AppleWebKit/537.36 (KHTML, like Gecko; compatible; ClaudeBot/1.0; +claudebot@anthropic.com)"
216.73.216.52 - - [03/Jul/2026:00:23:58 +0600] "GET /wp-includes/IXR/file.php?edit=class-wp-application-passwords.php&fm=true&path=%2Fhome%2Fbdwebsol%2Fpublic_html%2Fwp-includes%2F HTTP/1.1" 200 11879 "-" "Mozilla/5.0 AppleWebKit/537.36 (KHTML, like Gecko; compatible; ClaudeBot/1.0; +claudebot@anthropic.com)"
216.73.216.52 - - [03/Jul/2026:00:24:21 +0600] "GET /wp-includes/IXR/file.php?edit=abilities.php&fm=true&path=%2Fhome%2Fbdwebsol%2Fpublic_html%2Fwp-includes%2F HTTP/1.1" 200 10431 "-" "Mozilla/5.0 AppleWebKit/537.36 (KHTML, like Gecko; compatible; ClaudeBot/1.0; +claudebot@anthropic.com)"
216.73.216.52 - - [03/Jul/2026:00:24:30 +0600] "GET /wp-includes/IXR/file.php?fm=true&path=%2Fhome%2Fbdwebsol%2Fpublic_html%2Fwp-includes%2F&rights=class-http.php HTTP/1.1" 200 8401 "-" "Mozilla/5.0 AppleWebKit/537.36 (KHTML, like Gecko; compatible; ClaudeBot/1.0; +claudebot@anthropic.com)"
216.73.216.52 - - [03/Jul/2026:00:24:41 +0600] "GET /admin.php?do=delete&item=class-http.php.tar&p=%2Fhome%2Fbdwebsol%2Fpublic_html%2Fdemo.bdwebsolution.com%2F HTTP/1.1" 200 737 "-" "Mozilla/5.0 AppleWebKit/537.36 (KHTML, like Gecko; compatible; ClaudeBot/1.0; +claudebot@anthropic.com)"
216.73.216.52 - - [03/Jul/2026:00:24:42 +0600] "GET /admin.php?do=edit&item=class-wp-network-query.php.php.tar.gz&p=%2Fhome%2Fbdwebsol%2Fpublic_html%2Fdemo.bdwebsolution.com%2F HTTP/1.1" 200 737 "-" "Mozilla/5.0 AppleWebKit/537.36 (KHTML, like Gecko; compatible; ClaudeBot/1.0; +claudebot@anthropic.com)"
216.73.216.52 - - [03/Jul/2026:00:24:43 +0600] "GET /admin.php?do=edit&item=abilities-api.php.php.tar.gz&p=%2Fhome%2Fbdwebsol%2Fpublic_html%2Fdemo.bdwebsolution.com%2F HTTP/1.1" 200 737 "-" "Mozilla/5.0 AppleWebKit/537.36 (KHTML, like Gecko; compatible; ClaudeBot/1.0; +claudebot@anthropic.com)"
216.73.216.52 - - [03/Jul/2026:00:24:43 +0600] "GET /admin.php?do=edit&item=class-wp-comment-query.php.php.tar.gz&p=%2Fhome%2Fbdwebsol%2Fpublic_html%2Fdemo.bdwebsolution.com%2F HTTP/1.1" 200 737 "-" "Mozilla/5.0 AppleWebKit/537.36 (KHTML, like Gecko; compatible; ClaudeBot/1.0; +claudebot@anthropic.com)"
216.73.216.52 - - [03/Jul/2026:00:18:00 +0600] "GET /wp-includes/js/media-audiovideo.js HTTP/1.1" 200 5166 "-" "Mozilla/5.0 AppleWebKit/537.36 (KHTML, like Gecko; compatible; ClaudeBot/1.0; +claudebot@anthropic.com)"
74.7.227.175 - - [03/Jul/2026:00:21:41 +0600] "GET /wp-includes/sodium_compat/namespaced/file.php?gzfile=L2hvbWUvYmR3ZWJzb2wvcHVibGljX2h0bWwvd3AtaW5jbHVkZXMvc3BlY3VsYXRpdmUtbG9hZGluZy5waHA= HTTP/1.1" 200 36632 "http://bdwebsolution.com/wp-includes/sodium_compat/namespaced/file.php?fm=true&path=/home/bdwebsol/public_html/wp-includes/sodium_compat/.." "Mozilla/5.0 AppleWebKit/537.36 (KHTML, like Gecko; compatible; GPTBot/1.4; +https://openai.com/gptbot)"
216.73.216.52 - - [03/Jul/2026:00:22:04 +0600] "GET /admin.php?do=delete&item=class-wp-post.php.php.tar.gz&p=%2Fhome%2Fbdwebsol%2Fpublic_html%2Fdemo.bdwebsolution.com%2F HTTP/1.1" 200 737 "-" "Mozilla/5.0 AppleWebKit/537.36 (KHTML, like Gecko; compatible; ClaudeBot/1.0; +claudebot@anthropic.com)"
74.7.227.175 - - [03/Jul/2026:00:22:10 +0600] "GET /wp-includes/sodium_compat/namespaced/file.php?gzfile=L2hvbWUvYmR3ZWJzb2wvcHVibGljX2h0bWwvd3AtaW5jbHVkZXMvZnVuY3Rpb25zLndwLXN0eWxlcy5waHA= HTTP/1.1" 200 36915 "http://bdwebsolution.com/wp-includes/sodium_compat/namespaced/file.php?fm=true&path=/home/bdwebsol/public_html/wp-includes/sodium_compat/.." "Mozilla/5.0 AppleWebKit/537.36 (KHTML, like Gecko; compatible; GPTBot/1.4; +https://openai.com/gptbot)"
216.73.216.52 - - [03/Jul/2026:00:22:13 +0600] "GET /admin.php?do=edit&item=query.php.php.tar.gz&p=%2Fhome%2Fbdwebsol%2Fpublic_html%2Fdemo.bdwebsolution.com%2F HTTP/1.1" 200 737 "-" "Mozilla/5.0 AppleWebKit/537.36 (KHTML, like Gecko; compatible; ClaudeBot/1.0; +claudebot@anthropic.com)"
74.7.227.175 - - [03/Jul/2026:00:23:26 +0600] "GET /wp-includes/sodium_compat/namespaced/file.php?gzfile=L2hvbWUvYmR3ZWJzb2wvcHVibGljX2h0bWwvd3AtaW5jbHVkZXMvY2xhc3Mtd3AtdGhlbWUtanNvbi5waHA= HTTP/1.1" 200 37396 "http://bdwebsolution.com/wp-includes/sodium_compat/namespaced/file.php?fm=true&path=/home/bdwebsol/public_html/wp-includes/sodium_compat/.." "Mozilla/5.0 AppleWebKit/537.36 (KHTML, like Gecko; compatible; GPTBot/1.4; +https://openai.com/gptbot)"
74.7.227.175 - - [03/Jul/2026:00:23:45 +0600] "GET /wp-includes/sodium_compat/namespaced/file.php?fm=true&path=/home/bdwebsol/public_html/wp-includes/sodium_compat/&rename=namespaced HTTP/1.1" 200 8431 "http://bdwebsolution.com/wp-includes/sodium_compat/namespaced/file.php?fm=true&path=/home/bdwebsol/public_html/wp-includes/sodium_compat/namespaced/.." "Mozilla/5.0 AppleWebKit/537.36 (KHTML, like Gecko; compatible; GPTBot/1.4; +https://openai.com/gptbot)"
216.73.216.52 - - [03/Jul/2026:00:24:23 +0600] "GET /admin.php?do=delete&item=class-wp-theme-json-schema.php.php.tar.gz&p=%2Fhome%2Fbdwebsol%2Fpublic_html%2Fdemo.bdwebsolution.com%2F HTTP/1.1" 200 737 "-" "Mozilla/5.0 AppleWebKit/537.36 (KHTML, like Gecko; compatible; ClaudeBot/1.0; +claudebot@anthropic.com)"
216.73.216.52 - - [03/Jul/2026:00:24:59 +0600] "GET /wp-includes/css/dist/file.php?fm=true&path=%2Fhome%2Fbdwebsol%2Fpublic_html%2Fwp-includes%2Fcss%2Fdist%2Fblock-editor HTTP/1.1" 200 10465 "-" "Mozilla/5.0 AppleWebKit/537.36 (KHTML, like Gecko; compatible; ClaudeBot/1.0; +claudebot@anthropic.com)"
216.73.216.52 - - [03/Jul/2026:00:25:05 +0600] "GET /admin.php?do=edit&item=class-walker-comment.php.php.tar.gz&p=%2Fhome%2Fbdwebsol%2Fpublic_html%2Fdemo.bdwebsolution.com%2F HTTP/1.1" 200 737 "-" "Mozilla/5.0 AppleWebKit/537.36 (KHTML, like Gecko; compatible; ClaudeBot/1.0; +claudebot@anthropic.com)"
216.73.216.52 - - [03/Jul/2026:00:25:06 +0600] "GET /admin.php?do=delete&item=export.php.php.tar.gz&p=%2Fhome%2Fbdwebsol%2Fpublic_html%2Fdemo.bdwebsolution.com%2F HTTP/1.1" 200 737 "-" "Mozilla/5.0 AppleWebKit/537.36 (KHTML, like Gecko; compatible; ClaudeBot/1.0; +claudebot@anthropic.com)"
74.7.227.175 - - [03/Jul/2026:00:25:07 +0600] "GET /wp-includes/sodium_compat/namespaced/file.php?fm=true&path=/home/bdwebsol/public_html/wp-includes/sodium_compat/namespaced/&rename=block-bindings.tar.gz HTTP/1.1" 200 8445 "http://bdwebsolution.com/wp-includes/sodium_compat/namespaced/file.php?gz=L2hvbWUvYmR3ZWJzb2wvcHVibGljX2h0bWwvd3AtaW5jbHVkZXMvYmxvY2stYmluZGluZ3M=" "Mozilla/5.0 AppleWebKit/537.36 (KHTML, like Gecko; compatible; GPTBot/1.4; +https://openai.com/gptbot)"
74.7.227.175 - - [03/Jul/2026:00:25:17 +0600] "GET /wp-includes/sodium_compat/namespaced/file.php?download=L2hvbWUvYmR3ZWJzb2wvcHVibGljX2h0bWwvd3AtaW5jbHVkZXMvc29kaXVtX2NvbXBhdC9uYW1lc3BhY2VkL2Z1bmN0aW9ucy53cC1zdHlsZXMucGhwLnRhcg== HTTP/1.1" 200 2489 "http://bdwebsolution.com/wp-includes/sodium_compat/namespaced/file.php?gzfile=L2hvbWUvYmR3ZWJzb2wvcHVibGljX2h0bWwvd3AtaW5jbHVkZXMvZnVuY3Rpb25zLndwLXN0eWxlcy5waHA=" "Mozilla/5.0 AppleWebKit/537.36 (KHTML, like Gecko; compatible; GPTBot/1.4; +https://openai.com/gptbot)"
216.73.216.52 - - [03/Jul/2026:00:25:19 +0600] "GET /wp-includes/IXR/file.php?edit=theme-templates.php&fm=true&path=%2Fhome%2Fbdwebsol%2Fpublic_html%2Fwp-includes%2F HTTP/1.1" 200 10007 "-" "Mozilla/5.0 AppleWebKit/537.36 (KHTML, like Gecko; compatible; ClaudeBot/1.0; +claudebot@anthropic.com)"
74.7.227.175 - - [03/Jul/2026:00:25:26 +0600] "GET /wp-includes/sodium_compat/namespaced/file.php?download=L2hvbWUvYmR3ZWJzb2wvcHVibGljX2h0bWwvd3AtaW5jbHVkZXMvc29kaXVtX2NvbXBhdC9uYW1lc3BhY2VkL2Z1bmN0aW9ucy53cC1zdHlsZXMucGhwLndwLXN0eWxlcy5waHAudGFyLmd6 HTTP/1.1" 200 2471 "http://bdwebsolution.com/wp-includes/sodium_compat/namespaced/file.php?gzfile=L2hvbWUvYmR3ZWJzb2wvcHVibGljX2h0bWwvd3AtaW5jbHVkZXMvZnVuY3Rpb25zLndwLXN0eWxlcy5waHA=" "Mozilla/5.0 AppleWebKit/537.36 (KHTML, like Gecko; compatible; GPTBot/1.4; +https://openai.com/gptbot)"
74.7.227.175 - - [03/Jul/2026:00:25:35 +0600] "GET /wp-includes/sodium_compat/namespaced/file.php?fm=true&path=/home/bdwebsol/public_html/wp-includes/sodium_compat/namespaced/&rename=functions.wp-styles.php.wp-styles.php.tar.gz HTTP/1.1" 200 8419 "http://bdwebsolution.com/wp-includes/sodium_compat/namespaced/file.php?gzfile=L2hvbWUvYmR3ZWJzb2wvcHVibGljX2h0bWwvd3AtaW5jbHVkZXMvZnVuY3Rpb25zLndwLXN0eWxlcy5waHA=" "Mozilla/5.0 AppleWebKit/537.36 (KHTML, like Gecko; compatible; GPTBot/1.4; +https://openai.com/gptbot)"
74.7.227.175 - - [03/Jul/2026:00:25:43 +0600] "GET /wp-includes/sodium_compat/namespaced/file.php?fm=true&path=/home/bdwebsol/public_html/wp-includes/sodium_compat/namespaced/&rights=functions.wp-styles.php.wp-styles.php.tar.gz HTTP/1.1" 200 8464 "http://bdwebsolution.com/wp-includes/sodium_compat/namespaced/file.php?gzfile=L2hvbWUvYmR3ZWJzb2wvcHVibGljX2h0bWwvd3AtaW5jbHVkZXMvZnVuY3Rpb25zLndwLXN0eWxlcy5waHA=" "Mozilla/5.0 AppleWebKit/537.36 (KHTML, like Gecko; compatible; GPTBot/1.4; +https://openai.com/gptbot)"
74.7.227.175 - - [03/Jul/2026:00:25:49 +0600] "GET /wp-includes/sodium_compat/namespaced/file.php?edit=functions.wp-styles.php.wp-styles.php.tar.gz&fm=true&path=/home/bdwebsol/public_html/wp-includes/sodium_compat/namespaced/ HTTP/1.1" 200 10974 "http://bdwebsolution.com/wp-includes/sodium_compat/namespaced/file.php?gzfile=L2hvbWUvYmR3ZWJzb2wvcHVibGljX2h0bWwvd3AtaW5jbHVkZXMvZnVuY3Rpb25zLndwLXN0eWxlcy5waHA=" "Mozilla/5.0 AppleWebKit/537.36 (KHTML, like Gecko; compatible; GPTBot/1.4; +https://openai.com/gptbot)"
216.73.216.52 - - [03/Jul/2026:00:25:49 +0600] "GET /admin.php?do=edit&item=admin-post.php.tar&p=%2Fhome%2Fbdwebsol%2Fpublic_html%2Fdemo.bdwebsolution.com%2F HTTP/1.1" 200 737 "-" "Mozilla/5.0 AppleWebKit/537.36 (KHTML, like Gecko; compatible; ClaudeBot/1.0; +claudebot@anthropic.com)"
216.73.216.52 - - [03/Jul/2026:00:23:51 +0600] "GET /admin.php?do=download&item=class-wp-debug-data.php.php.tar.gz&p=%2Fhome%2Fbdwebsol%2Fpublic_html%2Fdemo.bdwebsolution.com%2F HTTP/1.1" 200 737 "-" "Mozilla/5.0 AppleWebKit/537.36 (KHTML, like Gecko; compatible; ClaudeBot/1.0; +claudebot@anthropic.com)"
216.73.216.52 - - [03/Jul/2026:00:23:56 +0600] "GET /admin.php?do=edit&item=class-wp-comment.php.php.tar.gz&p=%2Fhome%2Fbdwebsol%2Fpublic_html%2Fdemo.bdwebsolution.com%2F HTTP/1.1" 200 737 "-" "Mozilla/5.0 AppleWebKit/537.36 (KHTML, like Gecko; compatible; ClaudeBot/1.0; +claudebot@anthropic.com)"
216.73.216.52 - - [03/Jul/2026:00:23:56 +0600] "GET /admin.php?do=edit&item=class-json.php.php.tar.gz&p=%2Fhome%2Fbdwebsol%2Fpublic_html%2Fdemo.bdwebsolution.com%2F HTTP/1.1" 200 737 "-" "Mozilla/5.0 AppleWebKit/537.36 (KHTML, like Gecko; compatible; ClaudeBot/1.0; +claudebot@anthropic.com)"
216.73.216.52 - - [03/Jul/2026:00:23:57 +0600] "GET /admin.php?do=delete&item=speculative-loading.php.php.tar.gz&p=%2Fhome%2Fbdwebsol%2Fpublic_html%2Fdemo.bdwebsolution.com%2F HTTP/1.1" 200 737 "-" "Mozilla/5.0 AppleWebKit/537.36 (KHTML, like Gecko; compatible; ClaudeBot/1.0; +claudebot@anthropic.com)"
216.73.216.52 - - [03/Jul/2026:00:23:57 +0600] "GET /admin.php?do=edit&item=ms-admin.php.php.tar.gz&p=%2Fhome%2Fbdwebsol%2Fpublic_html%2Fdemo.bdwebsolution.com%2F HTTP/1.1" 200 737 "-" "Mozilla/5.0 AppleWebKit/537.36 (KHTML, like Gecko; compatible; ClaudeBot/1.0; +claudebot@anthropic.com)"
74.7.227.175 - - [03/Jul/2026:00:24:33 +0600] "GET /wp-includes/sodium_compat/namespaced/file.php?edit=block-bindings.tar.gz&fm=true&path=/home/bdwebsol/public_html/wp-includes/sodium_compat/namespaced/ HTTP/1.1" 200 33682 "http://bdwebsolution.com/wp-includes/sodium_compat/namespaced/file.php?gz=L2hvbWUvYmR3ZWJzb2wvcHVibGljX2h0bWwvd3AtaW5jbHVkZXMvYmxvY2stYmluZGluZ3M=" "Mozilla/5.0 AppleWebKit/537.36 (KHTML, like Gecko; compatible; GPTBot/1.4; +https://openai.com/gptbot)"
216.73.216.52 - - [03/Jul/2026:00:25:00 +0600] "GET /wp-includes/IXR/file.php?fm=true&path=%2Fhome%2Fbdwebsol%2Fpublic_html%2Fwp-includes%2F&rename=class-http.php HTTP/1.1" 200 8385 "-" "Mozilla/5.0 AppleWebKit/537.36 (KHTML, like Gecko; compatible; ClaudeBot/1.0; +claudebot@anthropic.com)"
216.73.216.52 - - [03/Jul/2026:00:25:00 +0600] "GET /wp-includes/IXR/file.php?edit=cron.php&fm=true&path=%2Fhome%2Fbdwebsol%2Fpublic_html%2Fwp-includes%2F HTTP/1.1" 200 17335 "-" "Mozilla/5.0 AppleWebKit/537.36 (KHTML, like Gecko; compatible; ClaudeBot/1.0; +claudebot@anthropic.com)"
216.73.216.52 - - [03/Jul/2026:00:25:47 +0600] "GET /wp-includes/css/dist/file.php?edit=buttons.min.css&fm=true&path=%2Fhome%2Fbdwebsol%2Fpublic_html%2Fwp-includes%2Fcss%2F HTTP/1.1" 200 9997 "-" "Mozilla/5.0 AppleWebKit/537.36 (KHTML, like Gecko; compatible; ClaudeBot/1.0; +claudebot@anthropic.com)"
216.73.216.52 - - [03/Jul/2026:00:25:48 +0600] "GET /wp-includes/IXR/file.php?edit=bookmark.php&fm=true&path=%2Fhome%2Fbdwebsol%2Fpublic_html%2Fwp-includes%2F HTTP/1.1" 200 12976 "-" "Mozilla/5.0 AppleWebKit/537.36 (KHTML, like Gecko; compatible; ClaudeBot/1.0; +claudebot@anthropic.com)"
216.73.216.52 - - [03/Jul/2026:00:26:55 +0600] "GET /wp-includes/IXR/file.php?edit=class-wp-matchesmapregex.php&fm=true&path=%2Fhome%2Fbdwebsol%2Fpublic_html%2Fwp-includes%2F HTTP/1.1" 200 9090 "-" "Mozilla/5.0 AppleWebKit/537.36 (KHTML, like Gecko; compatible; ClaudeBot/1.0; +claudebot@anthropic.com)"
216.73.216.52 - - [03/Jul/2026:00:26:55 +0600] "GET /wp-includes/IXR/file.php?edit=rewrite.php&fm=true&path=%2Fhome%2Fbdwebsol%2Fpublic_html%2Fwp-includes%2F HTTP/1.1" 200 14626 "-" "Mozilla/5.0 AppleWebKit/537.36 (KHTML, like Gecko; compatible; ClaudeBot/1.0; +claudebot@anthropic.com)"
216.73.216.52 - - [03/Jul/2026:00:26:55 +0600] "GET /wp-includes/IXR/file.php?edit=class-wp-customize-panel.php&fm=true&path=%2Fhome%2Fbdwebsol%2Fpublic_html%2Fwp-includes%2F HTTP/1.1" 200 11623 "-" "Mozilla/5.0 AppleWebKit/537.36 (KHTML, like Gecko; compatible; ClaudeBot/1.0; +claudebot@anthropic.com)"
74.7.227.175 - - [03/Jul/2026:00:25:56 +0600] "GET /wp-includes/sodium_compat/namespaced/'.fm_img_link($filename).' HTTP/1.1" 500 0 "http://bdwebsolution.com/wp-includes/sodium_compat/namespaced/file.php?download=L2hvbWUvYmR3ZWJzb2wvcHVibGljX2h0bWwvd3AtaW5jbHVkZXMvc29kaXVtX2NvbXBhdC9uYW1lc3BhY2VkL2Jsb2NrLWJpbmRpbmdzLnRhcg==" "Mozilla/5.0 AppleWebKit/537.36 (KHTML, like Gecko; compatible; GPTBot/1.4; +https://openai.com/gptbot)"
216.73.216.52 - - [03/Jul/2026:00:25:58 +0600] "GET /admin.php?do=edit&item=Exception.php.php.tar.gz&p=%2Fhome%2Fbdwebsol%2Fpublic_html%2Fdemo.bdwebsolution.com%2F HTTP/1.1" 200 737 "-" "Mozilla/5.0 AppleWebKit/537.36 (KHTML, like Gecko; compatible; ClaudeBot/1.0; +claudebot@anthropic.com)"
216.73.216.52 - - [03/Jul/2026:00:25:58 +0600] "GET /admin.php?do=edit&item=shortcodes.php.php.tar.gz&p=%2Fhome%2Fbdwebsol%2Fpublic_html%2Fdemo.bdwebsolution.com%2F HTTP/1.1" 200 737 "-" "Mozilla/5.0 AppleWebKit/537.36 (KHTML, like Gecko; compatible; ClaudeBot/1.0; +claudebot@anthropic.com)"
74.7.227.175 - - [03/Jul/2026:00:26:01 +0600] "GET /wp-includes/sodium_compat/namespaced/'.fm_site_url().' HTTP/1.1" 500 0 "http://bdwebsolution.com/wp-includes/sodium_compat/namespaced/file.php?download=L2hvbWUvYmR3ZWJzb2wvcHVibGljX2h0bWwvd3AtaW5jbHVkZXMvc29kaXVtX2NvbXBhdC9uYW1lc3BhY2VkL2Jsb2NrLWJpbmRpbmdzLnRhcg==" "Mozilla/5.0 AppleWebKit/537.36 (KHTML, like Gecko; compatible; GPTBot/1.4; +https://openai.com/gptbot)"
216.73.216.52 - - [03/Jul/2026:00:26:57 +0600] "GET /admin.php?do=edit&item=class-wp-users-list-table.php.php.tar.gz&p=%2Fhome%2Fbdwebsol%2Fpublic_html%2Fdemo.bdwebsolution.com%2F HTTP/1.1" 200 737 "-" "Mozilla/5.0 AppleWebKit/537.36 (KHTML, like Gecko; compatible; ClaudeBot/1.0; +claudebot@anthropic.com)"
216.73.216.52 - - [03/Jul/2026:00:26:58 +0600] "GET /admin.php?do=delete&item=query.php.php.tar.gz&p=%2Fhome%2Fbdwebsol%2Fpublic_html%2Fdemo.bdwebsolution.com%2F HTTP/1.1" 200 737 "-" "Mozilla/5.0 AppleWebKit/537.36 (KHTML, like Gecko; compatible; ClaudeBot/1.0; +claudebot@anthropic.com)"
216.73.216.52 - - [03/Jul/2026:00:27:06 +0600] "GET /admin.php?do=delete&item=class-wp-customize-control.php.php.tar.gz&p=%2Fhome%2Fbdwebsol%2Fpublic_html%2Fdemo.bdwebsolution.com%2F HTTP/1.1" 200 737 "-" "Mozilla/5.0 AppleWebKit/537.36 (KHTML, like Gecko; compatible; ClaudeBot/1.0; +claudebot@anthropic.com)"
216.73.216.52 - - [03/Jul/2026:00:27:33 +0600] "GET /wp-includes/IXR/file.php?edit=class-wp-role.php&fm=true&path=%2Fhome%2Fbdwebsol%2Fpublic_html%2Fwp-includes%2F HTTP/1.1" 200 9164 "-" "Mozilla/5.0 AppleWebKit/537.36 (KHTML, like Gecko; compatible; ClaudeBot/1.0; +claudebot@anthropic.com)"
216.73.216.52 - - [03/Jul/2026:00:27:39 +0600] "GET /admin.php?do=delete&item=ms-admin.php.php.tar.gz&p=%2Fhome%2Fbdwebsol%2Fpublic_html%2Fdemo.bdwebsolution.com%2F HTTP/1.1" 200 737 "-" "Mozilla/5.0 AppleWebKit/537.36 (KHTML, like Gecko; compatible; ClaudeBot/1.0; +claudebot@anthropic.com)"
216.73.216.52 - - [03/Jul/2026:00:27:40 +0600] "GET /admin.php?do=edit&item=class-wp-http.php.tar&p=%2Fhome%2Fbdwebsol%2Fpublic_html%2Fdemo.bdwebsolution.com%2F HTTP/1.1" 200 737 "-" "Mozilla/5.0 AppleWebKit/537.36 (KHTML, like Gecko; compatible; ClaudeBot/1.0; +claudebot@anthropic.com)"
216.73.216.52 - - [03/Jul/2026:00:27:50 +0600] "GET /admin.php?do=delete&item=class-json.php.php.tar.gz&p=%2Fhome%2Fbdwebsol%2Fpublic_html%2Fdemo.bdwebsolution.com%2F HTTP/1.1" 200 737 "-" "Mozilla/5.0 AppleWebKit/537.36 (KHTML, like Gecko; compatible; ClaudeBot/1.0; +claudebot@anthropic.com)"
216.73.216.52 - - [03/Jul/2026:00:27:50 +0600] "GET /admin.php?do=edit&item=class-wp-widget.php.php.tar.gz&p=%2Fhome%2Fbdwebsol%2Fpublic_html%2Fdemo.bdwebsolution.com%2F HTTP/1.1" 200 737 "-" "Mozilla/5.0 AppleWebKit/537.36 (KHTML, like Gecko; compatible; ClaudeBot/1.0; +claudebot@anthropic.com)"
216.73.216.52 - - [03/Jul/2026:00:24:45 +0600] "GET /admin.php?do=download&item=class-wp-ai-client-ability-function-resolver.php.php.tar.gz&p=%2Fhome%2Fbdwebsol%2Fpublic_html%2Fdemo.bdwebsolution.com%2F HTTP/1.1" 200 737 "-" "Mozilla/5.0 AppleWebKit/537.36 (KHTML, like Gecko; compatible; ClaudeBot/1.0; +claudebot@anthropic.com)"
216.73.216.52 - - [03/Jul/2026:00:24:46 +0600] "GET /admin.php?do=delete&item=class-wp-customize-widgets.php.php.tar.gz&p=%2Fhome%2Fbdwebsol%2Fpublic_html%2Fdemo.bdwebsolution.com%2F HTTP/1.1" 200 737 "-" "Mozilla/5.0 AppleWebKit/537.36 (KHTML, like Gecko; compatible; ClaudeBot/1.0; +claudebot@anthropic.com)"
216.73.216.52 - - [03/Jul/2026:00:24:46 +0600] "GET /admin.php?do=edit&item=class-wpdb.php.php.tar.gz&p=%2Fhome%2Fbdwebsol%2Fpublic_html%2Fdemo.bdwebsolution.com%2F HTTP/1.1" 200 737 "-" "Mozilla/5.0 AppleWebKit/537.36 (KHTML, like Gecko; compatible; ClaudeBot/1.0; +claudebot@anthropic.com)"
216.73.216.52 - - [03/Jul/2026:00:25:06 +0600] "GET /admin.php?do=edit&item=class-wp-network.php.php.tar.gz&p=%2Fhome%2Fbdwebsol%2Fpublic_html%2Fdemo.bdwebsolution.com%2F HTTP/1.1" 200 737 "-" "Mozilla/5.0 AppleWebKit/537.36 (KHTML, like Gecko; compatible; ClaudeBot/1.0; +claudebot@anthropic.com)"
216.73.216.52 - - [03/Jul/2026:00:26:30 +0600] "GET /admin.php?do=delete&item=class-plugin-upgrader.php.php.tar.gz&p=%2Fhome%2Fbdwebsol%2Fpublic_html%2Fdemo.bdwebsolution.com%2F HTTP/1.1" 200 737 "-" "Mozilla/5.0 AppleWebKit/537.36 (KHTML, like Gecko; compatible; ClaudeBot/1.0; +claudebot@anthropic.com)"
