216.73.216.195 - - [02/Jul/2026:23:53:50 +0600] "GET /wp-includes/IXR/file.php?edit=class-IXR-date.php&fm=true&path=%2Fhome%2Fbdwebsol%2Fpublic_html%2Fwp-includes%2FIXR%2F HTTP/1.1" 200 8958 "-" "Mozilla/5.0 AppleWebKit/537.36 (KHTML, like Gecko; compatible; ClaudeBot/1.0; +claudebot@anthropic.com)"
216.73.216.195 - - [02/Jul/2026:23:54:22 +0600] "GET /wp-includes/IXR/file.php?fm=true&path=%2Fhome%2Fbdwebsol%2Fpublic_html%2Fwp-includes%2F&rename=class-wp-block-processor.php HTTP/1.1" 200 8393 "-" "Mozilla/5.0 AppleWebKit/537.36 (KHTML, like Gecko; compatible; ClaudeBot/1.0; +claudebot@anthropic.com)"
216.73.216.195 - - [02/Jul/2026:23:56:15 +0600] "GET /admin.php?do=delete&item=class-wp-html-span.php.php.tar.gz&p=%2Fhome%2Fbdwebsol%2Fpublic_html%2Fdemo.bdwebsolution.com%2F HTTP/1.1" 200 737 "-" "Mozilla/5.0 AppleWebKit/537.36 (KHTML, like Gecko; compatible; ClaudeBot/1.0; +claudebot@anthropic.com)"
74.7.227.175 - - [02/Jul/2026:23:56:16 +0600] "GET /wp-includes/widgets/file.php?phpinfo=true HTTP/1.1" 200 22316 "http://bdwebsolution.com/wp-includes/widgets/file.php?fm=true&path=/home/bdwebsol/public_html/wp-includes/widgets/&rename=class-wp-widget-tag-cloud.php" "Mozilla/5.0 AppleWebKit/537.36 (KHTML, like Gecko; compatible; GPTBot/1.4; +https://openai.com/gptbot)"
216.73.216.195 - - [02/Jul/2026:23:56:49 +0600] "GET /admin.php?do=delete&item=class-wp-block-parser-frame.php.php.tar.gz&p=%2Fhome%2Fbdwebsol%2Fpublic_html%2Fdemo.bdwebsolution.com%2F HTTP/1.1" 200 738 "-" "Mozilla/5.0 AppleWebKit/537.36 (KHTML, like Gecko; compatible; ClaudeBot/1.0; +claudebot@anthropic.com)"
216.73.216.195 - - [02/Jul/2026:23:56:50 +0600] "GET /admin.php?do=delete&item=admin-functions.php.php.tar.gz&p=%2Fhome%2Fbdwebsol%2Fpublic_html%2Fdemo.bdwebsolution.com%2F HTTP/1.1" 200 737 "-" "Mozilla/5.0 AppleWebKit/537.36 (KHTML, like Gecko; compatible; ClaudeBot/1.0; +claudebot@anthropic.com)"
216.73.216.195 - - [02/Jul/2026:23:56:48 +0600] "GET /admin.php?do=edit&item=wp-comments-post.php&p=%2Fhome%2Fbdwebsol%2Fpublic_html%2Fecommerce1.bdwebsolution.com%2F HTTP/1.1" 200 0 "-" "Mozilla/5.0 AppleWebKit/537.36 (KHTML, like Gecko; compatible; ClaudeBot/1.0; +claudebot@anthropic.com)"
74.7.227.175 - - [02/Jul/2026:23:57:17 +0600] "GET /wp-includes/ai-client/adapters/?MD HTTP/1.1" 200 1134 "http://bdwebsolution.com/wp-includes/ai-client/adapters/?MA" "Mozilla/5.0 AppleWebKit/537.36 (KHTML, like Gecko; compatible; GPTBot/1.4; +https://openai.com/gptbot)"
216.73.216.195 - - [02/Jul/2026:23:58:30 +0600] "GET /admin.php?do=edit&item=options-permalink.php.php.tar.gz&p=%2Fhome%2Fbdwebsol%2Fpublic_html%2Fdemo.bdwebsolution.com%2F HTTP/1.1" 200 738 "-" "Mozilla/5.0 AppleWebKit/537.36 (KHTML, like Gecko; compatible; ClaudeBot/1.0; +claudebot@anthropic.com)"
216.73.216.52 - - [03/Jul/2026:00:01:14 +0600] "GET /wp-includes/IXR/file.php?edit=functions.wp-styles.php&fm=true&path=%2Fhome%2Fbdwebsol%2Fpublic_html%2Fwp-includes%2F HTTP/1.1" 200 10914 "-" "Mozilla/5.0 AppleWebKit/537.36 (KHTML, like Gecko; compatible; ClaudeBot/1.0; +claudebot@anthropic.com)"
216.73.216.52 - - [03/Jul/2026:00:02:23 +0600] "GET /admin.php?do=delete&item=block-editor.php.php.tar.gz&p=%2Fhome%2Fbdwebsol%2Fpublic_html%2Fdemo.bdwebsolution.com%2F HTTP/1.1" 200 737 "-" "Mozilla/5.0 AppleWebKit/537.36 (KHTML, like Gecko; compatible; ClaudeBot/1.0; +claudebot@anthropic.com)"
216.73.216.52 - - [03/Jul/2026:00:03:00 +0600] "GET /admin.php?do=edit&item=class-wp-object-cache.php.tar&p=%2Fhome%2Fbdwebsol%2Fpublic_html%2Fdemo.bdwebsolution.com%2F HTTP/1.1" 200 737 "-" "Mozilla/5.0 AppleWebKit/537.36 (KHTML, like Gecko; compatible; ClaudeBot/1.0; +claudebot@anthropic.com)"
74.7.227.175 - - [03/Jul/2026:00:01:43 +0600] "GET /wp-includes/html-api/file.php?edit=class-wp-html-processor.php&fm=true&path=/home/bdwebsol/public_html/wp-includes/html-api/ HTTP/1.1" 200 51526 "http://bdwebsolution.com/wp-includes/html-api/file.php" "Mozilla/5.0 AppleWebKit/537.36 (KHTML, like Gecko; compatible; GPTBot/1.4; +https://openai.com/gptbot)"
216.73.216.52 - - [03/Jul/2026:00:01:54 +0600] "GET /admin.php?do=edit&item=class-wp-user-request.php.php.tar.gz&p=%2Fhome%2Fbdwebsol%2Fpublic_html%2Fdemo.bdwebsolution.com%2F HTTP/1.1" 200 737 "-" "Mozilla/5.0 AppleWebKit/537.36 (KHTML, like Gecko; compatible; ClaudeBot/1.0; +claudebot@anthropic.com)"
216.73.216.52 - - [03/Jul/2026:00:01:54 +0600] "GET /admin.php?do=edit&item=class-wp-image-editor.php.php.tar.gz&p=%2Fhome%2Fbdwebsol%2Fpublic_html%2Fdemo.bdwebsolution.com%2F HTTP/1.1" 200 737 "-" "Mozilla/5.0 AppleWebKit/537.36 (KHTML, like Gecko; compatible; ClaudeBot/1.0; +claudebot@anthropic.com)"
216.73.216.52 - - [03/Jul/2026:00:02:13 +0600] "GET /wp-includes/IXR/file.php?edit=class-wp-block-template.php&fm=true&path=%2Fhome%2Fbdwebsol%2Fpublic_html%2Fwp-includes%2F HTTP/1.1" 200 8977 "-" "Mozilla/5.0 AppleWebKit/537.36 (KHTML, like Gecko; compatible; ClaudeBot/1.0; +claudebot@anthropic.com)"
216.73.216.52 - - [03/Jul/2026:00:02:15 +0600] "GET /wp-includes/IXR/file.php?edit=block-template.php&fm=true&path=%2Fhome%2Fbdwebsol%2Fpublic_html%2Fwp-includes%2F HTTP/1.1" 200 14582 "-" "Mozilla/5.0 AppleWebKit/537.36 (KHTML, like Gecko; compatible; ClaudeBot/1.0; +claudebot@anthropic.com)"
216.73.216.52 - - [03/Jul/2026:00:02:17 +0600] "GET /wp-includes/IXR/file.php?edit=file.php&fm=true&path=%2Fhome%2Fbdwebsol%2Fpublic_html%2Fwp-includes%2F HTTP/1.1" 200 8454 "-" "Mozilla/5.0 AppleWebKit/537.36 (KHTML, like Gecko; compatible; ClaudeBot/1.0; +claudebot@anthropic.com)"
216.73.216.52 - - [03/Jul/2026:00:02:18 +0600] "GET /wp-includes/css/dist/file.php?fm=true&path=%2Fhome%2Fbdwebsol%2Fpublic_html%2Fwp-includes%2Fcss%2Fdist%2Fwidgets HTTP/1.1" 200 9816 "-" "Mozilla/5.0 AppleWebKit/537.36 (KHTML, like Gecko; compatible; ClaudeBot/1.0; +claudebot@anthropic.com)"
216.73.216.52 - - [03/Jul/2026:00:02:30 +0600] "GET /wp-includes/IXR/file.php?edit=class-wp-simplepie-file.php&fm=true&path=%2Fhome%2Fbdwebsol%2Fpublic_html%2Fwp-includes%2F HTTP/1.1" 200 9810 "-" "Mozilla/5.0 AppleWebKit/537.36 (KHTML, like Gecko; compatible; ClaudeBot/1.0; +claudebot@anthropic.com)"
216.73.216.52 - - [03/Jul/2026:00:02:59 +0600] "GET /wp-includes/IXR/file.php?edit=ms-load.php&fm=true&path=%2Fhome%2Fbdwebsol%2Fpublic_html%2Fwp-includes%2F HTTP/1.1" 200 14978 "-" "Mozilla/5.0 AppleWebKit/537.36 (KHTML, like Gecko; compatible; ClaudeBot/1.0; +claudebot@anthropic.com)"
216.73.216.52 - - [03/Jul/2026:00:03:47 +0600] "GET /admin.php?do=delete&item=xmlrpc.php&p=%2Fhome%2Fbdwebsol%2Fpublic_html%2Fecommerce1.bdwebsolution.com%2F HTTP/1.1" 200 57449 "-" "Mozilla/5.0 AppleWebKit/537.36 (KHTML, like Gecko; compatible; ClaudeBot/1.0; +claudebot@anthropic.com)"
216.73.216.52 - - [03/Jul/2026:00:03:54 +0600] "GET /admin.php?do=edit&item=class-wp-fatal-error-handler.php.php.tar.gz&p=%2Fhome%2Fbdwebsol%2Fpublic_html%2Fdemo.bdwebsolution.com%2F HTTP/1.1" 200 738 "-" "Mozilla/5.0 AppleWebKit/537.36 (KHTML, like Gecko; compatible; ClaudeBot/1.0; +claudebot@anthropic.com)"
216.73.216.52 - - [03/Jul/2026:00:04:00 +0600] "GET /admin.php?do=edit&item=class-wp-oembed-controller.php.tar&p=%2Fhome%2Fbdwebsol%2Fpublic_html%2Fdemo.bdwebsolution.com%2F HTTP/1.1" 200 737 "-" "Mozilla/5.0 AppleWebKit/537.36 (KHTML, like Gecko; compatible; ClaudeBot/1.0; +claudebot@anthropic.com)"
74.7.227.175 - - [03/Jul/2026:00:04:22 +0600] "GET /wp-admin/images/file.gz?img=L2hvbWUvYmR3ZWJzb2wvcHVibGljX2h0bWwvd3AtYWRtaW4vaW1hZ2VzL3Bvc3QtZm9ybWF0cy12cy5wbmc= HTTP/1.1" 500 0 "http://bdwebsolution.com/wp-admin/images/file.php" "Mozilla/5.0 AppleWebKit/537.36 (KHTML, like Gecko; compatible; GPTBot/1.4; +https://openai.com/gptbot)"
216.73.216.52 - - [03/Jul/2026:00:01:10 +0600] "GET /admin.php?do=delete&item=class-wp-filesystem-ssh2.php.php.tar.gz&p=%2Fhome%2Fbdwebsol%2Fpublic_html%2Fdemo.bdwebsolution.com%2F HTTP/1.1" 200 737 "-" "Mozilla/5.0 AppleWebKit/537.36 (KHTML, like Gecko; compatible; ClaudeBot/1.0; +claudebot@anthropic.com)"
216.73.216.52 - - [03/Jul/2026:00:01:36 +0600] "GET /admin.php?do=edit&item=class-wp-theme-json.php.php.tar.gz&p=%2Fhome%2Fbdwebsol%2Fpublic_html%2Fdemo.bdwebsolution.com%2F HTTP/1.1" 200 737 "-" "Mozilla/5.0 AppleWebKit/537.36 (KHTML, like Gecko; compatible; ClaudeBot/1.0; +claudebot@anthropic.com)"
216.73.216.52 - - [03/Jul/2026:00:01:55 +0600] "GET /admin.php?do=delete&item=wp-comments-post.php&p=%2Fhome%2Fbdwebsol%2Fpublic_html%2Fecommerce1.bdwebsolution.com%2F HTTP/1.1" 200 59768 "-" "Mozilla/5.0 AppleWebKit/537.36 (KHTML, like Gecko; compatible; ClaudeBot/1.0; +claudebot@anthropic.com)"
74.7.227.175 - - [03/Jul/2026:00:02:41 +0600] "GET /wp-includes/sodium_compat/namespaced/file.php?download=L2hvbWUvYmR3ZWJzb2wvcHVibGljX2h0bWwvd3AtaW5jbHVkZXMvc29kaXVtX2NvbXBhdC9uYW1lc3BhY2VkL2NsYXNzLXdhbGtlci1jYXRlZ29yeS1kcm9wZG93bi5waHAucGhwLnRhci5neg== HTTP/1.1" 200 1198 "http://bdwebsolution.com/wp-includes/sodium_compat/namespaced/file.php?gzfile=L2hvbWUvYmR3ZWJzb2wvcHVibGljX2h0bWwvd3AtaW5jbHVkZXMvY2xhc3Mtd2Fsa2VyLWNhdGVnb3J5LWRyb3Bkb3duLnBocA==" "Mozilla/5.0 AppleWebKit/537.36 (KHTML, like Gecko; compatible; GPTBot/1.4; +https://openai.com/gptbot)"
216.73.216.52 - - [03/Jul/2026:00:03:24 +0600] "GET /wp-includes/IXR/file.php?edit=compat-utf8.php&fm=true&path=%2Fhome%2Fbdwebsol%2Fpublic_html%2Fwp-includes%2F HTTP/1.1" 200 14043 "-" "Mozilla/5.0 AppleWebKit/537.36 (KHTML, like Gecko; compatible; ClaudeBot/1.0; +claudebot@anthropic.com)"
216.73.216.52 - - [03/Jul/2026:00:04:12 +0600] "GET /wp-includes/IXR/file.php?edit=robots-template.php&fm=true&path=%2Fhome%2Fbdwebsol%2Fpublic_html%2Fwp-includes%2F HTTP/1.1" 200 9650 "-" "Mozilla/5.0 AppleWebKit/537.36 (KHTML, like Gecko; compatible; ClaudeBot/1.0; +claudebot@anthropic.com)"
216.73.216.52 - - [03/Jul/2026:00:04:46 +0600] "GET /admin.php?do=delete&item=class-wp-html-text-replacement.php.php.tar.gz&p=%2Fhome%2Fbdwebsol%2Fpublic_html%2Fdemo.bdwebsolution.com%2F HTTP/1.1" 200 737 "-" "Mozilla/5.0 AppleWebKit/537.36 (KHTML, like Gecko; compatible; ClaudeBot/1.0; +claudebot@anthropic.com)"
216.73.216.52 - - [03/Jul/2026:00:05:03 +0600] "GET /admin.php?do=edit&item=Diff.php.tar&p=%2Fhome%2Fbdwebsol%2Fpublic_html%2Fdemo.bdwebsolution.com%2F HTTP/1.1" 200 737 "-" "Mozilla/5.0 AppleWebKit/537.36 (KHTML, like Gecko; compatible; ClaudeBot/1.0; +claudebot@anthropic.com)"
216.73.216.52 - - [03/Jul/2026:00:05:04 +0600] "GET /admin.php?do=delete&item=class-wp-user-request.php.php.tar.gz&p=%2Fhome%2Fbdwebsol%2Fpublic_html%2Fdemo.bdwebsolution.com%2F HTTP/1.1" 200 737 "-" "Mozilla/5.0 AppleWebKit/537.36 (KHTML, like Gecko; compatible; ClaudeBot/1.0; +claudebot@anthropic.com)"
216.73.216.52 - - [03/Jul/2026:00:05:04 +0600] "GET /admin.php?do=delete&item=class-wp-image-editor.php.php.tar.gz&p=%2Fhome%2Fbdwebsol%2Fpublic_html%2Fdemo.bdwebsolution.com%2F HTTP/1.1" 200 737 "-" "Mozilla/5.0 AppleWebKit/537.36 (KHTML, like Gecko; compatible; ClaudeBot/1.0; +claudebot@anthropic.com)"
216.73.216.52 - - [03/Jul/2026:00:05:51 +0600] "GET /admin.php?do=edit&item=class-wp-feed-cache.php.php.tar.gz&p=%2Fhome%2Fbdwebsol%2Fpublic_html%2Fdemo.bdwebsolution.com%2F HTTP/1.1" 200 737 "-" "Mozilla/5.0 AppleWebKit/537.36 (KHTML, like Gecko; compatible; ClaudeBot/1.0; +claudebot@anthropic.com)"
216.73.216.52 - - [03/Jul/2026:00:05:52 +0600] "GET /admin.php?do=delete&item=class-wp-theme.php.php.tar.gz&p=%2Fhome%2Fbdwebsol%2Fpublic_html%2Fdemo.bdwebsolution.com%2F HTTP/1.1" 200 737 "-" "Mozilla/5.0 AppleWebKit/537.36 (KHTML, like Gecko; compatible; ClaudeBot/1.0; +claudebot@anthropic.com)"
216.73.216.52 - - [03/Jul/2026:00:03:47 +0600] "GET /admin.php?do=edit&item=cache-compat.php.php.tar.gz&p=%2Fhome%2Fbdwebsol%2Fpublic_html%2Fdemo.bdwebsolution.com%2F HTTP/1.1" 200 738 "-" "Mozilla/5.0 AppleWebKit/537.36 (KHTML, like Gecko; compatible; ClaudeBot/1.0; +claudebot@anthropic.com)"
216.73.216.52 - - [03/Jul/2026:00:03:54 +0600] "GET /admin.php?do=edit&item=class-wp-theme-json-data.php.tar&p=%2Fhome%2Fbdwebsol%2Fpublic_html%2Fdemo.bdwebsolution.com%2F HTTP/1.1" 200 738 "-" "Mozilla/5.0 AppleWebKit/537.36 (KHTML, like Gecko; compatible; ClaudeBot/1.0; +claudebot@anthropic.com)"
216.73.216.52 - - [03/Jul/2026:00:03:55 +0600] "GET /admin.php?do=delete&item=class-wp-speculation-rules.php.php.tar.gz&p=%2Fhome%2Fbdwebsol%2Fpublic_html%2Fdemo.bdwebsolution.com%2F HTTP/1.1" 200 738 "-" "Mozilla/5.0 AppleWebKit/537.36 (KHTML, like Gecko; compatible; ClaudeBot/1.0; +claudebot@anthropic.com)"
216.73.216.52 - - [03/Jul/2026:00:04:00 +0600] "GET /admin.php?do=edit&item=default-widgets.php.php.tar.gz&p=%2Fhome%2Fbdwebsol%2Fpublic_html%2Fdemo.bdwebsolution.com%2F HTTP/1.1" 200 737 "-" "Mozilla/5.0 AppleWebKit/537.36 (KHTML, like Gecko; compatible; ClaudeBot/1.0; +claudebot@anthropic.com)"
74.7.227.175 - - [03/Jul/2026:00:04:06 +0600] "GET /wp-admin/images/file.gz?img=L2hvbWUvYmR3ZWJzb2wvcHVibGljX2h0bWwvd3AtYWRtaW4vaW1hZ2VzL21lZGlhLWJ1dHRvbi0yeC5wbmc= HTTP/1.1" 500 0 "http://bdwebsolution.com/wp-admin/images/file.php" "Mozilla/5.0 AppleWebKit/537.36 (KHTML, like Gecko; compatible; GPTBot/1.4; +https://openai.com/gptbot)"
216.73.216.52 - - [03/Jul/2026:00:04:46 +0600] "GET /admin.php?do=delete&item=class-wp-theme-json.php.php.tar.gz&p=%2Fhome%2Fbdwebsol%2Fpublic_html%2Fdemo.bdwebsolution.com%2F HTTP/1.1" 200 737 "-" "Mozilla/5.0 AppleWebKit/537.36 (KHTML, like Gecko; compatible; ClaudeBot/1.0; +claudebot@anthropic.com)"
74.7.227.175 - - [03/Jul/2026:00:05:08 +0600] "GET /wp-admin/images/file.gz?img=L2hvbWUvYmR3ZWJzb2wvcHVibGljX2h0bWwvd3AtYWRtaW4vaW1hZ2VzL3dwc3Bpbl9saWdodC0yeC5naWY= HTTP/1.1" 500 0 "http://bdwebsolution.com/wp-admin/images/file.php" "Mozilla/5.0 AppleWebKit/537.36 (KHTML, like Gecko; compatible; GPTBot/1.4; +https://openai.com/gptbot)"
74.7.227.175 - - [03/Jul/2026:00:06:14 +0600] "GET /wp-includes/rest-api/file.php?proxy=true HTTP/1.1" 200 6749 "http://bdwebsolution.com/wp-includes/rest-api/file.php" "Mozilla/5.0 AppleWebKit/537.36 (KHTML, like Gecko; compatible; GPTBot/1.4; +https://openai.com/gptbot)"
216.73.216.52 - - [03/Jul/2026:00:06:25 +0600] "GET /wp-includes/IXR/file.php?edit=link-template.php&fm=true&path=%2Fhome%2Fbdwebsol%2Fpublic_html%2Fwp-includes%2F HTTP/1.1" 200 39172 "-" "Mozilla/5.0 AppleWebKit/537.36 (KHTML, like Gecko; compatible; ClaudeBot/1.0; +claudebot@anthropic.com)"
216.73.216.52 - - [03/Jul/2026:00:06:27 +0600] "GET /admin.php?do=edit&item=class-wp-html-token.php.php.tar.gz&p=%2Fhome%2Fbdwebsol%2Fpublic_html%2Fdemo.bdwebsolution.com%2F HTTP/1.1" 200 737 "-" "Mozilla/5.0 AppleWebKit/537.36 (KHTML, like Gecko; compatible; ClaudeBot/1.0; +claudebot@anthropic.com)"
216.73.216.52 - - [03/Jul/2026:00:06:33 +0600] "GET /wp-includes/IXR/file.php?edit=block-bindings.php&fm=true&path=%2Fhome%2Fbdwebsol%2Fpublic_html%2Fwp-includes%2F HTTP/1.1" 200 10567 "-" "Mozilla/5.0 AppleWebKit/537.36 (KHTML, like Gecko; compatible; ClaudeBot/1.0; +claudebot@anthropic.com)"
216.73.216.52 - - [03/Jul/2026:00:06:47 +0600] "GET /wp-includes/IXR/file.php?edit=feed-atom.php&fm=true&path=%2Fhome%2Fbdwebsol%2Fpublic_html%2Fwp-includes%2F HTTP/1.1" 200 9675 "-" "Mozilla/5.0 AppleWebKit/537.36 (KHTML, like Gecko; compatible; ClaudeBot/1.0; +claudebot@anthropic.com)"
216.73.216.52 - - [03/Jul/2026:00:06:48 +0600] "GET /admin.php?do=delete&item=class-wp-object-cache.php.tar&p=%2Fhome%2Fbdwebsol%2Fpublic_html%2Fdemo.bdwebsolution.com%2F HTTP/1.1" 200 737 "-" "Mozilla/5.0 AppleWebKit/537.36 (KHTML, like Gecko; compatible; ClaudeBot/1.0; +claudebot@anthropic.com)"
74.7.227.175 - - [03/Jul/2026:00:03:06 +0600] "GET /wp-includes/sodium_compat/namespaced/file.php?fm=true&path=/home/bdwebsol/public_html/wp-includes/sodium_compat/namespaced/&rights=sitemaps.tar HTTP/1.1" 200 8418 "http://bdwebsolution.com/wp-includes/sodium_compat/namespaced/file.php?gz=L2hvbWUvYmR3ZWJzb2wvcHVibGljX2h0bWwvd3AtaW5jbHVkZXMvc2l0ZW1hcHM=" "Mozilla/5.0 AppleWebKit/537.36 (KHTML, like Gecko; compatible; GPTBot/1.4; +https://openai.com/gptbot)"
74.7.227.175 - - [03/Jul/2026:00:03:28 +0600] "GET /wp-includes/sodium_compat/namespaced/file.php?fm=true&path=/home/bdwebsol/public_html/wp-includes/sodium_compat/namespaced/&rights=sitemaps.zip HTTP/1.1" 200 8418 "http://bdwebsolution.com/wp-includes/sodium_compat/namespaced/file.php?gzfile=L2hvbWUvYmR3ZWJzb2wvcHVibGljX2h0bWwvd3AtaW5jbHVkZXMvY2Fub25pY2FsLnBocA==" "Mozilla/5.0 AppleWebKit/537.36 (KHTML, like Gecko; compatible; GPTBot/1.4; +https://openai.com/gptbot)"
74.7.227.175 - - [03/Jul/2026:00:03:47 +0600] "GET /wp-includes/sodium_compat/namespaced/file.php?fm=true&path=/home/bdwebsol/public_html/wp-includes/sodium_compat/namespaced/&rename=sitemaps.zip HTTP/1.1" 200 8409 "http://bdwebsolution.com/wp-includes/sodium_compat/namespaced/file.php?gzfile=L2hvbWUvYmR3ZWJzb2wvcHVibGljX2h0bWwvd3AtaW5jbHVkZXMvY2Fub25pY2FsLnBocA==" "Mozilla/5.0 AppleWebKit/537.36 (KHTML, like Gecko; compatible; GPTBot/1.4; +https://openai.com/gptbot)"
216.73.216.52 - - [03/Jul/2026:00:03:51 +0600] "GET /wp-includes/IXR/file.php?edit=feed-rss.php&fm=true&path=%2Fhome%2Fbdwebsol%2Fpublic_html%2Fwp-includes%2F HTTP/1.1" 200 9023 "-" "Mozilla/5.0 AppleWebKit/537.36 (KHTML, like Gecko; compatible; ClaudeBot/1.0; +claudebot@anthropic.com)"
216.73.216.52 - - [03/Jul/2026:00:03:56 +0600] "GET /wp-includes/css/dist/file.php?fm=true&path=%2Fhome%2Fbdwebsol%2Fpublic_html%2Fwp-includes%2Fcss%2F&rename=wp-pointer-rtl.min.css HTTP/1.1" 200 8428 "-" "Mozilla/5.0 AppleWebKit/537.36 (KHTML, like Gecko; compatible; ClaudeBot/1.0; +claudebot@anthropic.com)"
216.73.216.52 - - [03/Jul/2026:00:03:58 +0600] "GET /wp-includes/IXR/file.php?edit=class-wp-styles.php&fm=true&path=%2Fhome%2Fbdwebsol%2Fpublic_html%2Fwp-includes%2F HTTP/1.1" 200 12381 "-" "Mozilla/5.0 AppleWebKit/537.36 (KHTML, like Gecko; compatible; ClaudeBot/1.0; +claudebot@anthropic.com)"
216.73.216.52 - - [03/Jul/2026:00:03:59 +0600] "GET /wp-includes/IXR/file.php?edit=capabilities.php&fm=true&path=%2Fhome%2Fbdwebsol%2Fpublic_html%2Fwp-includes%2F HTTP/1.1" 200 16528 "-" "Mozilla/5.0 AppleWebKit/537.36 (KHTML, like Gecko; compatible; ClaudeBot/1.0; +claudebot@anthropic.com)"
216.73.216.52 - - [03/Jul/2026:00:05:02 +0600] "GET /wp-includes/IXR/file.php?edit=wp-db.php&fm=true&path=%2Fhome%2Fbdwebsol%2Fpublic_html%2Fwp-includes%2F HTTP/1.1" 200 8657 "-" "Mozilla/5.0 AppleWebKit/537.36 (KHTML, like Gecko; compatible; ClaudeBot/1.0; +claudebot@anthropic.com)"
216.73.216.52 - - [03/Jul/2026:00:05:28 +0600] "GET /wp-includes/IXR/file.php?edit=ms-functions.php&fm=true&path=%2Fhome%2Fbdwebsol%2Fpublic_html%2Fwp-includes%2F HTTP/1.1" 200 29890 "-" "Mozilla/5.0 AppleWebKit/537.36 (KHTML, like Gecko; compatible; ClaudeBot/1.0; +claudebot@anthropic.com)"
216.73.216.52 - - [03/Jul/2026:00:05:28 +0600] "GET /wp-includes/css/dist/file.php?edit=wp-auth-check.css&fm=true&path=%2Fhome%2Fbdwebsol%2Fpublic_html%2Fwp-includes%2Fcss%2F HTTP/1.1" 200 9179 "-" "Mozilla/5.0 AppleWebKit/537.36 (KHTML, like Gecko; compatible; ClaudeBot/1.0; +claudebot@anthropic.com)"
216.73.216.52 - - [03/Jul/2026:00:05:29 +0600] "GET /wp-includes/IXR/file.php?edit=feed.php&fm=true&path=%2Fhome%2Fbdwebsol%2Fpublic_html%2Fwp-includes%2F HTTP/1.1" 200 15354 "-" "Mozilla/5.0 AppleWebKit/537.36 (KHTML, like Gecko; compatible; ClaudeBot/1.0; +claudebot@anthropic.com)"
216.73.216.52 - - [03/Jul/2026:00:06:27 +0600] "GET /admin.php?do=edit&item=class-wp-embed.php.php.tar.gz&p=%2Fhome%2Fbdwebsol%2Fpublic_html%2Fdemo.bdwebsolution.com%2F HTTP/1.1" 200 737 "-" "Mozilla/5.0 AppleWebKit/537.36 (KHTML, like Gecko; compatible; ClaudeBot/1.0; +claudebot@anthropic.com)"
216.73.216.52 - - [03/Jul/2026:00:06:54 +0600] "GET /admin.php?do=edit&item=class-wp-customize-setting.php.php.tar.gz&p=%2Fhome%2Fbdwebsol%2Fpublic_html%2Fdemo.bdwebsolution.com%2F HTTP/1.1" 200 737 "-" "Mozilla/5.0 AppleWebKit/537.36 (KHTML, like Gecko; compatible; ClaudeBot/1.0; +claudebot@anthropic.com)"
216.73.216.52 - - [03/Jul/2026:00:06:54 +0600] "GET /admin.php?do=delete&item=class-wp-theme-json-data.php.tar&p=%2Fhome%2Fbdwebsol%2Fpublic_html%2Fdemo.bdwebsolution.com%2F HTTP/1.1" 200 737 "-" "Mozilla/5.0 AppleWebKit/537.36 (KHTML, like Gecko; compatible; ClaudeBot/1.0; +claudebot@anthropic.com)"
216.73.216.52 - - [03/Jul/2026:00:06:55 +0600] "GET /admin.php?do=delete&item=cache-compat.php.php.tar.gz&p=%2Fhome%2Fbdwebsol%2Fpublic_html%2Fdemo.bdwebsolution.com%2F HTTP/1.1" 200 737 "-" "Mozilla/5.0 AppleWebKit/537.36 (KHTML, like Gecko; compatible; ClaudeBot/1.0; +claudebot@anthropic.com)"
216.73.216.52 - - [03/Jul/2026:00:06:55 +0600] "GET /wp-includes/IXR/file.php?fm=true&path=%2Fhome%2Fbdwebsol%2Fpublic_html%2Fwp-includes%2F&rename=class-wp-object-cache.php HTTP/1.1" 200 8403 "-" "Mozilla/5.0 AppleWebKit/537.36 (KHTML, like Gecko; compatible; ClaudeBot/1.0; +claudebot@anthropic.com)"
216.73.216.52 - - [03/Jul/2026:00:06:56 +0600] "GET /wp-includes/css/dist/file.php?fm=true&path=%2Fhome%2Fbdwebsol%2Fpublic_html%2Fwp-includes%2Fcss%2Fdist%2Freusable-blocks HTTP/1.1" 200 9817 "-" "Mozilla/5.0 AppleWebKit/537.36 (KHTML, like Gecko; compatible; ClaudeBot/1.0; +claudebot@anthropic.com)"
216.73.216.52 - - [03/Jul/2026:00:06:56 +0600] "GET /wp-includes/IXR/file.php?fm=true&path=%2Fhome%2Fbdwebsol%2Fpublic_html%2Fwp-includes%2FRequests HTTP/1.1" 200 9821 "-" "Mozilla/5.0 AppleWebKit/537.36 (KHTML, like Gecko; compatible; ClaudeBot/1.0; +claudebot@anthropic.com)"
216.73.216.52 - - [03/Jul/2026:00:07:02 +0600] "GET /wp-includes/css/dist/file.php?edit=admin-bar-rtl.min.css&fm=true&path=%2Fhome%2Fbdwebsol%2Fpublic_html%2Fwp-includes%2Fcss%2F HTTP/1.1" 200 12486 "-" "Mozilla/5.0 AppleWebKit/537.36 (KHTML, like Gecko; compatible; ClaudeBot/1.0; +claudebot@anthropic.com)"
216.73.216.52 - - [03/Jul/2026:00:07:35 +0600] "GET /wp-includes/IXR/file.php?fm=true&path=%2Fhome%2Fbdwebsol%2Fpublic_html%2Fwp-includes%2FSimplePie HTTP/1.1" 200 9912 "-" "Mozilla/5.0 AppleWebKit/537.36 (KHTML, like Gecko; compatible; ClaudeBot/1.0; +claudebot@anthropic.com)"
216.73.216.52 - - [03/Jul/2026:00:07:35 +0600] "GET /wp-includes/css/dist/file.php?fm=true&path=%2Fhome%2Fbdwebsol%2Fpublic_html%2Fwp-includes%2Fcss%2F&rename=editor.css HTTP/1.1" 200 8386 "-" "Mozilla/5.0 AppleWebKit/537.36 (KHTML, like Gecko; compatible; ClaudeBot/1.0; +claudebot@anthropic.com)"
74.7.227.175 - - [03/Jul/2026:00:09:08 +0600] "GET /wp-includes/images/icon-library/file.php?fm=true&path=/home/bdwebsol/public_html/wp-includes/images/icon-library/&rights=help-filled.svg HTTP/1.1" 200 8410 "http://bdwebsolution.com/wp-includes/images/icon-library/file.php" "Mozilla/5.0 AppleWebKit/537.36 (KHTML, like Gecko; compatible; GPTBot/1.4; +https://openai.com/gptbot)"
216.73.216.52 - - [03/Jul/2026:00:09:15 +0600] "GET /wp-includes/IXR/file.php?fm=true&path=%2Fhome%2Fbdwebsol%2Fpublic_html%2Fwp-includes%2F&rights=class-wp-object-cache.php HTTP/1.1" 200 8406 "-" "Mozilla/5.0 AppleWebKit/537.36 (KHTML, like Gecko; compatible; ClaudeBot/1.0; +claudebot@anthropic.com)"
216.73.216.52 - - [03/Jul/2026:00:09:40 +0600] "GET /wp-includes/IXR/file.php?edit=collaboration.php&fm=true&path=%2Fhome%2Fbdwebsol%2Fpublic_html%2Fwp-includes%2F HTTP/1.1" 200 9215 "-" "Mozilla/5.0 AppleWebKit/537.36 (KHTML, like Gecko; compatible; ClaudeBot/1.0; +claudebot@anthropic.com)"
216.73.216.52 - - [03/Jul/2026:00:09:54 +0600] "GET /admin.php?do=delete&item=Diff.php.tar&p=%2Fhome%2Fbdwebsol%2Fpublic_html%2Fdemo.bdwebsolution.com%2F HTTP/1.1" 200 737 "-" "Mozilla/5.0 AppleWebKit/537.36 (KHTML, like Gecko; compatible; ClaudeBot/1.0; +claudebot@anthropic.com)"
216.73.216.52 - - [03/Jul/2026:00:07:36 +0600] "GET /admin.php?do=edit&item=edit-comments.php.php.tar.gz&p=%2Fhome%2Fbdwebsol%2Fpublic_html%2Fdemo.bdwebsolution.com%2F HTTP/1.1" 200 738 "-" "Mozilla/5.0 AppleWebKit/537.36 (KHTML, like Gecko; compatible; ClaudeBot/1.0; +claudebot@anthropic.com)"
216.73.216.52 - - [03/Jul/2026:00:07:37 +0600] "GET /admin.php?do=edit&item=class-wp-block-bindings-source.php.php.tar.gz&p=%2Fhome%2Fbdwebsol%2Fpublic_html%2Fdemo.bdwebsolution.com%2F HTTP/1.1" 200 738 "-" "Mozilla/5.0 AppleWebKit/537.36 (KHTML, like Gecko; compatible; ClaudeBot/1.0; +claudebot@anthropic.com)"
216.73.216.52 - - [03/Jul/2026:00:07:38 +0600] "GET /admin.php?do=edit&item=class-wp-plugin-dependencies.php.php.tar.gz&p=%2Fhome%2Fbdwebsol%2Fpublic_html%2Fdemo.bdwebsolution.com%2F HTTP/1.1" 200 738 "-" "Mozilla/5.0 AppleWebKit/537.36 (KHTML, like Gecko; compatible; ClaudeBot/1.0; +claudebot@anthropic.com)"
216.73.216.52 - - [03/Jul/2026:00:09:42 +0600] "GET /admin.php?do=edit&item=class-wp-post.php.php.tar.gz&p=%2Fhome%2Fbdwebsol%2Fpublic_html%2Fdemo.bdwebsolution.com%2F HTTP/1.1" 200 737 "-" "Mozilla/5.0 AppleWebKit/537.36 (KHTML, like Gecko; compatible; ClaudeBot/1.0; +claudebot@anthropic.com)"
216.73.216.52 - - [03/Jul/2026:00:09:53 +0600] "GET /wp-includes/css/dist/file.php?fm=true&path=%2Fhome%2Fbdwebsol%2Fpublic_html%2Fwp-includes%2Fcss%2F&rights=editor.css HTTP/1.1" 200 8396 "-" "Mozilla/5.0 AppleWebKit/537.36 (KHTML, like Gecko; compatible; ClaudeBot/1.0; +claudebot@anthropic.com)"
216.73.216.52 - - [03/Jul/2026:00:10:44 +0600] "GET /admin.php?do=edit&item=class-wp-dependency.php.php.tar.gz&p=%2Fhome%2Fbdwebsol%2Fpublic_html%2Fdemo.bdwebsolution.com%2F HTTP/1.1" 200 737 "-" "Mozilla/5.0 AppleWebKit/537.36 (KHTML, like Gecko; compatible; ClaudeBot/1.0; +claudebot@anthropic.com)"
216.73.216.52 - - [03/Jul/2026:00:10:44 +0600] "GET /admin.php?do=delete&item=class-wp-embed.php.php.tar.gz&p=%2Fhome%2Fbdwebsol%2Fpublic_html%2Fdemo.bdwebsolution.com%2F HTTP/1.1" 200 737 "-" "Mozilla/5.0 AppleWebKit/537.36 (KHTML, like Gecko; compatible; ClaudeBot/1.0; +claudebot@anthropic.com)"
216.73.216.52 - - [03/Jul/2026:00:10:45 +0600] "GET /admin.php?do=delete&item=class-wp-html-token.php.php.tar.gz&p=%2Fhome%2Fbdwebsol%2Fpublic_html%2Fdemo.bdwebsolution.com%2F HTTP/1.1" 200 737 "-" "Mozilla/5.0 AppleWebKit/537.36 (KHTML, like Gecko; compatible; ClaudeBot/1.0; +claudebot@anthropic.com)"
216.73.216.52 - - [03/Jul/2026:00:10:45 +0600] "GET /admin.php?do=delete&item=class-wp-feed-cache.php.php.tar.gz&p=%2Fhome%2Fbdwebsol%2Fpublic_html%2Fdemo.bdwebsolution.com%2F HTTP/1.1" 200 737 "-" "Mozilla/5.0 AppleWebKit/537.36 (KHTML, like Gecko; compatible; ClaudeBot/1.0; +claudebot@anthropic.com)"
216.73.216.52 - - [03/Jul/2026:00:11:35 +0600] "GET /admin.php?p=%2Fhome%2Fbdwebsol%2Fpublic_html%2Fmunna.bdwebsolution.com&tab=filemanager HTTP/1.1" 200 737 "-" "Mozilla/5.0 AppleWebKit/537.36 (KHTML, like Gecko; compatible; ClaudeBot/1.0; +claudebot@anthropic.com)"
216.73.216.52 - - [03/Jul/2026:00:12:17 +0600] "GET /admin.php?do=delete&item=class-wp-customize-setting.php.php.tar.gz&p=%2Fhome%2Fbdwebsol%2Fpublic_html%2Fdemo.bdwebsolution.com%2F HTTP/1.1" 200 737 "-" "Mozilla/5.0 AppleWebKit/537.36 (KHTML, like Gecko; compatible; ClaudeBot/1.0; +claudebot@anthropic.com)"
216.73.216.52 - - [03/Jul/2026:00:12:18 +0600] "GET /admin.php?do=delete&item=class-wp-block-bindings-source.php.php.tar.gz&p=%2Fhome%2Fbdwebsol%2Fpublic_html%2Fdemo.bdwebsolution.com%2F HTTP/1.1" 200 737 "-" "Mozilla/5.0 AppleWebKit/537.36 (KHTML, like Gecko; compatible; ClaudeBot/1.0; +claudebot@anthropic.com)"
74.7.227.175 - - [03/Jul/2026:00:12:18 +0600] "GET /wp-includes/sodium_compat/namespaced/file.php?fm=true&path=/home/bdwebsol/public_html/wp-includes/sodium_compat/namespaced/&rights=Requests.tar HTTP/1.1" 200 8420 "http://bdwebsolution.com/wp-includes/sodium_compat/namespaced/file.php?gz=L2hvbWUvYmR3ZWJzb2wvcHVibGljX2h0bWwvd3AtaW5jbHVkZXMvUmVxdWVzdHM=" "Mozilla/5.0 AppleWebKit/537.36 (KHTML, like Gecko; compatible; GPTBot/1.4; +https://openai.com/gptbot)"
216.73.216.52 - - [03/Jul/2026:00:05:54 +0600] "GET /admin.php?do=download&item=class-wp-http-encoding.php.php.tar.gz&p=%2Fhome%2Fbdwebsol%2Fpublic_html%2Fdemo.bdwebsolution.com%2F HTTP/1.1" 200 737 "-" "Mozilla/5.0 AppleWebKit/537.36 (KHTML, like Gecko; compatible; ClaudeBot/1.0; +claudebot@anthropic.com)"
216.73.216.52 - - [03/Jul/2026:00:05:55 +0600] "GET /admin.php?do=delete&item=class-wp-xmlrpc-server.php.php.tar.gz&p=%2Fhome%2Fbdwebsol%2Fpublic_html%2Fdemo.bdwebsolution.com%2F HTTP/1.1" 200 737 "-" "Mozilla/5.0 AppleWebKit/537.36 (KHTML, like Gecko; compatible; ClaudeBot/1.0; +claudebot@anthropic.com)"
74.7.227.175 - - [03/Jul/2026:00:07:19 +0600] "GET /wp-includes/sodium_compat/namespaced/file.php?fm=true&path=/home/bdwebsol/public_html/wp-includes/sodium_compat/src/Core/&rights=SecretStream HTTP/1.1" 200 8437 "http://bdwebsolution.com/wp-includes/sodium_compat/namespaced/file.php?fm=true&path=/home/bdwebsol/public_html/wp-includes/sodium_compat/src/Core" "Mozilla/5.0 AppleWebKit/537.36 (KHTML, like Gecko; compatible; GPTBot/1.4; +https://openai.com/gptbot)"
216.73.216.52 - - [03/Jul/2026:00:07:34 +0600] "GET /wp-includes/IXR/file.php?fm=true&path=%2Fhome%2Fbdwebsol%2Fpublic_html%2Fwp-includes%2F&rename=class-wp-oembed-controller.php HTTP/1.1" 200 8400 "-" "Mozilla/5.0 AppleWebKit/537.36 (KHTML, like Gecko; compatible; ClaudeBot/1.0; +claudebot@anthropic.com)"
216.73.216.52 - - [03/Jul/2026:00:07:35 +0600] "GET /wp-includes/IXR/file.php?edit=deprecated.php&fm=true&path=%2Fhome%2Fbdwebsol%2Fpublic_html%2Fwp-includes%2F HTTP/1.1" 200 54290 "-" "Mozilla/5.0 AppleWebKit/537.36 (KHTML, like Gecko; compatible; ClaudeBot/1.0; +claudebot@anthropic.com)"
216.73.216.52 - - [03/Jul/2026:00:08:06 +0600] "GET /wp-includes/IXR/file.php?edit=class-wp-dependencies.php&fm=true&path=%2Fhome%2Fbdwebsol%2Fpublic_html%2Fwp-includes%2F HTTP/1.1" 200 12966 "-" "Mozilla/5.0 AppleWebKit/537.36 (KHTML, like Gecko; compatible; ClaudeBot/1.0; +claudebot@anthropic.com)"
216.73.216.52 - - [03/Jul/2026:00:08:07 +0600] "GET /admin.php?do=delete&item=class-wp-http-requests-hooks.php.php.tar.gz&p=%2Fhome%2Fbdwebsol%2Fpublic_html%2Fdemo.bdwebsolution.com%2F HTTP/1.1" 200 737 "-" "Mozilla/5.0 AppleWebKit/537.36 (KHTML, like Gecko; compatible; ClaudeBot/1.0; +claudebot@anthropic.com)"
74.7.227.175 - - [03/Jul/2026:00:08:18 +0600] "GET /wp-includes/sodium_compat/namespaced/file.php?fm=true&path=/home/bdwebsol/public_html/wp-includes/sodium_compat/namespaced/&rights=Requests.zip HTTP/1.1" 200 8420 "http://bdwebsolution.com/wp-includes/sodium_compat/namespaced/file.php?gzfile=L2hvbWUvYmR3ZWJzb2wvcHVibGljX2h0bWwvd3AtaW5jbHVkZXMvY3Jvbi5waHA=" "Mozilla/5.0 AppleWebKit/537.36 (KHTML, like Gecko; compatible; GPTBot/1.4; +https://openai.com/gptbot)"
216.73.216.52 - - [03/Jul/2026:00:09:52 +0600] "GET /wp-content/uploads/2025/11/aven.png HTTP/1.1" 200 21828 "-" "Mozilla/5.0 AppleWebKit/537.36 (KHTML, like Gecko; compatible; ClaudeBot/1.0; +claudebot@anthropic.com)"
216.73.216.52 - - [03/Jul/2026:00:11:37 +0600] "GET /wp-includes/css/dist/file.php?edit=editor-rtl.min.css&fm=true&path=%2Fhome%2Fbdwebsol%2Fpublic_html%2Fwp-includes%2Fcss%2F HTTP/1.1" 200 14728 "-" "Mozilla/5.0 AppleWebKit/537.36 (KHTML, like Gecko; compatible; ClaudeBot/1.0; +claudebot@anthropic.com)"
52.138.1.81 - - [03/Jul/2026:00:13:01 +0600] "GET /wp-content/plugins/hellopress/wp_filemanager.php HTTP/1.1" 500 0 "-" "-"
52.138.1.81 - - [03/Jul/2026:00:13:01 +0600] "GET /this_is_a_new_hello_world.php HTTP/1.1" 500 0 "-" "-"
52.138.1.81 - - [03/Jul/2026:00:13:02 +0600] "GET /x.php HTTP/1.1" 500 0 "-" "-"
52.138.1.81 - - [03/Jul/2026:00:13:02 +0600] "GET /file.php HTTP/1.1" 500 0 "-" "-"
52.138.1.81 - - [03/Jul/2026:00:13:02 +0600] "GET /error_log.php HTTP/1.1" 500 0 "-" "-"
52.138.1.81 - - [03/Jul/2026:00:13:02 +0600] "GET /aaa.php HTTP/1.1" 500 0 "-" "-"
52.138.1.81 - - [03/Jul/2026:00:13:03 +0600] "GET /155.php HTTP/1.1" 500 0 "-" "-"
52.138.1.81 - - [03/Jul/2026:00:13:03 +0600] "GET /7.php HTTP/1.1" 500 0 "-" "-"
52.138.1.81 - - [03/Jul/2026:00:13:03 +0600] "GET /av.php HTTP/1.1" 500 0 "-" "-"
52.138.1.81 - - [03/Jul/2026:00:13:04 +0600] "GET /get.php HTTP/1.1" 500 0 "-" "-"
52.138.1.81 - - [03/Jul/2026:00:13:04 +0600] "GET /puc.php HTTP/1.1" 500 0 "-" "-"
52.138.1.81 - - [03/Jul/2026:00:13:04 +0600] "GET /222.php HTTP/1.1" 500 0 "-" "-"
52.138.1.81 - - [03/Jul/2026:00:13:04 +0600] "GET /red.php HTTP/1.1" 500 0 "-" "-"
52.138.1.81 - - [03/Jul/2026:00:13:05 +0600] "GET /term.php HTTP/1.1" 500 0 "-" "-"
52.138.1.81 - - [03/Jul/2026:00:13:05 +0600] "GET /simple.php HTTP/1.1" 500 0 "-" "-"
52.138.1.81 - - [03/Jul/2026:00:13:05 +0600] "GET /177.php HTTP/1.1" 500 0 "-" "-"
52.138.1.81 - - [03/Jul/2026:00:13:06 +0600] "GET /1.php HTTP/1.1" 500 0 "-" "-"
52.138.1.81 - - [03/Jul/2026:00:13:06 +0600] "GET /122.php HTTP/1.1" 500 0 "-" "-"
52.138.1.81 - - [03/Jul/2026:00:13:06 +0600] "GET /wp-content/admin.php HTTP/1.1" 500 0 "-" "-"
52.138.1.81 - - [03/Jul/2026:00:13:06 +0600] "GET /abcd.php HTTP/1.1" 500 0 "-" "-"
52.138.1.81 - - [03/Jul/2026:00:13:07 +0600] "GET /wp_filemanager.php HTTP/1.1" 500 0 "-" "-"
52.138.1.81 - - [03/Jul/2026:00:13:08 +0600] "GET /jsstrings.php HTTP/1.1" 500 0 "-" "-"
52.138.1.81 - - [03/Jul/2026:00:13:09 +0600] "GET /k.php HTTP/1.1" 500 0 "-" "-"
52.138.1.81 - - [03/Jul/2026:00:13:09 +0600] "GET /edit.php HTTP/1.1" 500 0 "-" "-"
52.138.1.81 - - [03/Jul/2026:00:13:09 +0600] "GET /seiso.php HTTP/1.1" 500 0 "-" "-"
52.138.1.81 - - [03/Jul/2026:00:13:09 +0600] "GET /themes.php HTTP/1.1" 500 0 "-" "-"
52.138.1.81 - - [03/Jul/2026:00:13:10 +0600] "GET /cgi-bin/index.php HTTP/1.1" 500 0 "-" "-"
52.138.1.81 - - [03/Jul/2026:00:13:10 +0600] "GET /a2.php HTTP/1.1" 500 0 "-" "-"
52.138.1.81 - - [03/Jul/2026:00:13:10 +0600] "GET /wp-content/index.php HTTP/1.1" 200 0 "-" "-"
52.138.1.81 - - [03/Jul/2026:00:13:10 +0600] "GET /bless.php HTTP/1.1" 500 0 "-" "-"
52.138.1.81 - - [03/Jul/2026:00:13:11 +0600] "GET /xwpg.php HTTP/1.1" 500 0 "-" "-"
52.138.1.81 - - [03/Jul/2026:00:13:11 +0600] "GET /wefile.php HTTP/1.1" 500 0 "-" "-"
52.138.1.81 - - [03/Jul/2026:00:13:11 +0600] "GET /wp-includes/ID3/about.php HTTP/1.1" 500 0 "-" "-"
52.138.1.81 - - [03/Jul/2026:00:13:11 +0600] "GET /wp-admin/js/ HTTP/1.1" 500 0 "-" "-"
52.138.1.81 - - [03/Jul/2026:00:13:11 +0600] "GET /xxx.php HTTP/1.1" 500 0 "-" "-"
52.138.1.81 - - [03/Jul/2026:00:13:12 +0600] "GET /fpwch.php HTTP/1.1" 500 0 "-" "-"
52.138.1.81 - - [03/Jul/2026:00:13:12 +0600] "GET /footer.php HTTP/1.1" 500 0 "-" "-"
52.138.1.81 - - [03/Jul/2026:00:13:12 +0600] "GET /f35.php HTTP/1.1" 500 0 "-" "-"
52.138.1.81 - - [03/Jul/2026:00:13:12 +0600] "GET /about.php HTTP/1.1" 500 0 "-" "-"
52.138.1.81 - - [03/Jul/2026:00:13:13 +0600] "GET /xyn.php HTTP/1.1" 500 0 "-" "-"
52.138.1.81 - - [03/Jul/2026:00:13:13 +0600] "GET /dx.php HTTP/1.1" 500 0 "-" "-"
52.138.1.81 - - [03/Jul/2026:00:13:13 +0600] "GET /wp-load.php HTTP/1.1" 500 0 "-" "-"
52.138.1.81 - - [03/Jul/2026:00:13:14 +0600] "GET /.well-known/about.php HTTP/1.1" 500 0 "-" "-"
52.138.1.81 - - [03/Jul/2026:00:13:14 +0600] "GET /biufile.php HTTP/1.1" 500 0 "-" "-"
52.138.1.81 - - [03/Jul/2026:00:13:14 +0600] "GET //edit.php HTTP/1.1" 500 0 "-" "-"
52.138.1.81 - - [03/Jul/2026:00:13:14 +0600] "GET /w3lls.php HTTP/1.1" 500 0 "-" "-"
52.138.1.81 - - [03/Jul/2026:00:13:15 +0600] "GET /alls.php HTTP/1.1" 500 0 "-" "-"
216.73.216.52 - - [03/Jul/2026:00:13:20 +0600] "GET /wp-includes/IXR/file.php?edit=class-walker-nav-menu.php&fm=true&path=%2Fhome%2Fbdwebsol%2Fpublic_html%2Fwp-includes%2F HTTP/1.1" 200 11294 "-" "Mozilla/5.0 AppleWebKit/537.36 (KHTML, like Gecko; compatible; ClaudeBot/1.0; +claudebot@anthropic.com)"
74.7.227.175 - - [03/Jul/2026:00:09:55 +0600] "GET /wp-includes/images/icon-library/file.php?fm=true&path=/home/bdwebsol/public_html/wp-includes/images/icon-library/&rename=help-filled.svg HTTP/1.1" 200 8398 "http://bdwebsolution.com/wp-includes/images/icon-library/file.php" "Mozilla/5.0 AppleWebKit/537.36 (KHTML, like Gecko; compatible; GPTBot/1.4; +https://openai.com/gptbot)"
74.7.227.175 - - [03/Jul/2026:00:10:37 +0600] "GET /wp-includes/images/smilies/file.php?gzfile=L2hvbWUvYmR3ZWJzb2wvcHVibGljX2h0bWwvd3AtaW5jbHVkZXMvaW1hZ2VzL3NtaWxpZXMvZnJvd25pZS5wbmc= HTTP/1.1" 200 6529 "http://bdwebsolution.com/wp-includes/images/smilies/file.php" "Mozilla/5.0 AppleWebKit/537.36 (KHTML, like Gecko; compatible; GPTBot/1.4; +https://openai.com/gptbot)"
74.7.227.175 - - [03/Jul/2026:00:11:16 +0600] "GET /wp-includes/sodium_compat/namespaced/file.php?gzfile=L2hvbWUvYmR3ZWJzb2wvcHVibGljX2h0bWwvd3AtaW5jbHVkZXMvY2xhc3Mtd3AtdGF4b25vbXkucGhw HTTP/1.1" 200 35850 "http://bdwebsolution.com/wp-includes/sodium_compat/namespaced/file.php?fm=true&path=/home/bdwebsol/public_html/wp-includes/sodium_compat/.." "Mozilla/5.0 AppleWebKit/537.36 (KHTML, like Gecko; compatible; GPTBot/1.4; +https://openai.com/gptbot)"
216.73.216.52 - - [03/Jul/2026:00:11:35 +0600] "GET /admin.php?do=edit&item=embed.php.php.tar.gz&p=%2Fhome%2Fbdwebsol%2Fpublic_html%2Fdemo.bdwebsolution.com%2F HTTP/1.1" 200 737 "-" "Mozilla/5.0 AppleWebKit/537.36 (KHTML, like Gecko; compatible; ClaudeBot/1.0; +claudebot@anthropic.com)"
74.7.227.175 - - [03/Jul/2026:00:11:48 +0600] "GET /wp-includes/sodium_compat/namespaced/file.php?edit=Requests.tar&fm=true&path=/home/bdwebsol/public_html/wp-includes/sodium_compat/namespaced/ HTTP/1.1" 200 132645 "http://bdwebsolution.com/wp-includes/sodium_compat/namespaced/file.php?gz=L2hvbWUvYmR3ZWJzb2wvcHVibGljX2h0bWwvd3AtaW5jbHVkZXMvUmVxdWVzdHM=" "Mozilla/5.0 AppleWebKit/537.36 (KHTML, like Gecko; compatible; GPTBot/1.4; +https://openai.com/gptbot)"
216.73.216.52 - - [03/Jul/2026:00:12:14 +0600] "GET /wp-includes/css/dist/file.php?fm=true&path=%2Fhome%2Fbdwebsol%2Fpublic_html%2Fwp-includes%2Fcss%2Fdist%2Fformat-library HTTP/1.1" 200 9825 "-" "Mozilla/5.0 AppleWebKit/537.36 (KHTML, like Gecko; compatible; ClaudeBot/1.0; +claudebot@anthropic.com)"
216.73.216.52 - - [03/Jul/2026:00:12:15 +0600] "GET /wp-includes/css/dist/file.php?fm=true&path=%2Fhome%2Fbdwebsol%2Fpublic_html%2Fwp-includes%2Fcss%2Fdist%2Feditor HTTP/1.1" 200 9799 "-" "Mozilla/5.0 AppleWebKit/537.36 (KHTML, like Gecko; compatible; ClaudeBot/1.0; +claudebot@anthropic.com)"
74.7.227.175 - - [03/Jul/2026:00:12:46 +0600] "GET /wp-includes/sodium_compat/namespaced/file.php?fm=true&path=/home/bdwebsol/public_html/wp-includes/sodium_compat/namespaced/&rename=Requests.tar HTTP/1.1" 200 8409 "http://bdwebsolution.com/wp-includes/sodium_compat/namespaced/file.php?gz=L2hvbWUvYmR3ZWJzb2wvcHVibGljX2h0bWwvd3AtaW5jbHVkZXMvUmVxdWVzdHM=" "Mozilla/5.0 AppleWebKit/537.36 (KHTML, like Gecko; compatible; GPTBot/1.4; +https://openai.com/gptbot)"
74.7.227.175 - - [03/Jul/2026:00:13:11 +0600] "GET /wp-includes/sodium_compat/namespaced/file.php?fm=true&path=/home/bdwebsol/public_html/wp-includes/sodium_compat/src/Core/&rename=SecretStream HTTP/1.1" 200 8402 "http://bdwebsolution.com/wp-includes/sodium_compat/namespaced/file.php?fm=true&path=/home/bdwebsol/public_html/wp-includes/sodium_compat/src/Core" "Mozilla/5.0 AppleWebKit/537.36 (KHTML, like Gecko; compatible; GPTBot/1.4; +https://openai.com/gptbot)"
74.7.227.175 - - [03/Jul/2026:00:13:53 +0600] "GET /wp-includes/sodium_compat/namespaced/file.php?edit=Requests.zip&fm=true&path=/home/bdwebsol/public_html/wp-includes/sodium_compat/namespaced/ HTTP/1.1" 200 133470 "http://bdwebsolution.com/wp-includes/sodium_compat/namespaced/file.php?gzfile=L2hvbWUvYmR3ZWJzb2wvcHVibGljX2h0bWwvd3AtaW5jbHVkZXMvY3Jvbi5waHA=" "Mozilla/5.0 AppleWebKit/537.36 (KHTML, like Gecko; compatible; GPTBot/1.4; +https://openai.com/gptbot)"
74.7.227.175 - - [03/Jul/2026:00:13:33 +0600] "GET /wp-includes/sodium_compat/namespaced/file.php?fm=true&path=/home/bdwebsol/public_html/wp-includes/sodium_compat/namespaced/&rename=Requests.zip HTTP/1.1" 200 8444 "http://bdwebsolution.com/wp-includes/sodium_compat/namespaced/file.php?gzfile=L2hvbWUvYmR3ZWJzb2wvcHVibGljX2h0bWwvd3AtaW5jbHVkZXMvY3Jvbi5waHA=" "Mozilla/5.0 AppleWebKit/537.36 (KHTML, like Gecko; compatible; GPTBot/1.4; +https://openai.com/gptbot)"
216.73.216.52 - - [03/Jul/2026:00:14:03 +0600] "GET /wp-includes/IXR/file.php?edit=class-wp-rewrite.php&fm=true&path=%2Fhome%2Fbdwebsol%2Fpublic_html%2Fwp-includes%2F HTTP/1.1" 200 24277 "-" "Mozilla/5.0 AppleWebKit/537.36 (KHTML, like Gecko; compatible; ClaudeBot/1.0; +claudebot@anthropic.com)"
216.73.216.52 - - [03/Jul/2026:00:14:05 +0600] "GET /admin.php?do=delete&item=class-wp-http-requests-response.php.php.tar.gz&p=%2Fhome%2Fbdwebsol%2Fpublic_html%2Fdemo.bdwebsolution.com%2F HTTP/1.1" 200 737 "-" "Mozilla/5.0 AppleWebKit/537.36 (KHTML, like Gecko; compatible; ClaudeBot/1.0; +claudebot@anthropic.com)"
216.73.216.52 - - [03/Jul/2026:00:14:34 +0600] "GET /wp-includes/css/wp-embed-template-ie.min.css HTTP/1.1" 200 35 "-" "Mozilla/5.0 AppleWebKit/537.36 (KHTML, like Gecko; compatible; ClaudeBot/1.0; +claudebot@anthropic.com)"
216.73.216.52 - - [03/Jul/2026:00:14:35 +0600] "GET /wp-includes/js/backbone.min.js HTTP/1.1" 200 7836 "-" "Mozilla/5.0 AppleWebKit/537.36 (KHTML, like Gecko; compatible; ClaudeBot/1.0; +claudebot@anthropic.com)"
216.73.216.52 - - [03/Jul/2026:00:14:35 +0600] "GET /wp-includes/js/json2.min.js HTTP/1.1" 200 35 "-" "Mozilla/5.0 AppleWebKit/537.36 (KHTML, like Gecko; compatible; ClaudeBot/1.0; +claudebot@anthropic.com)"
216.73.216.52 - - [03/Jul/2026:00:14:36 +0600] "GET /wp-includes/js/media-editor.js HTTP/1.1" 200 7344 "-" "Mozilla/5.0 AppleWebKit/537.36 (KHTML, like Gecko; compatible; ClaudeBot/1.0; +claudebot@anthropic.com)"
216.73.216.52 - - [03/Jul/2026:00:14:36 +0600] "GET /wp-includes/js/comment-reply.min.js HTTP/1.1" 200 1247 "-" "Mozilla/5.0 AppleWebKit/537.36 (KHTML, like Gecko; compatible; ClaudeBot/1.0; +claudebot@anthropic.com)"
216.73.216.52 - - [03/Jul/2026:00:14:37 +0600] "GET /wp-includes/js/customize-loader.min.js HTTP/1.1" 200 1224 "-" "Mozilla/5.0 AppleWebKit/537.36 (KHTML, like Gecko; compatible; ClaudeBot/1.0; +claudebot@anthropic.com)"
216.73.216.52 - - [03/Jul/2026:00:14:37 +0600] "GET /wp-includes/js/wp-api.min.js HTTP/1.1" 200 3983 "-" "Mozilla/5.0 AppleWebKit/537.36 (KHTML, like Gecko; compatible; ClaudeBot/1.0; +claudebot@anthropic.com)"
216.73.216.52 - - [03/Jul/2026:00:14:38 +0600] "GET /wp-includes/css/wp-auth-check-rtl.css HTTP/1.1" 200 765 "-" "Mozilla/5.0 AppleWebKit/537.36 (KHTML, like Gecko; compatible; ClaudeBot/1.0; +claudebot@anthropic.com)"
216.73.216.52 - - [03/Jul/2026:00:14:38 +0600] "GET /wp-includes/js/wp-util.js HTTP/1.1" 200 1594 "-" "Mozilla/5.0 AppleWebKit/537.36 (KHTML, like Gecko; compatible; ClaudeBot/1.0; +claudebot@anthropic.com)"
216.73.216.52 - - [03/Jul/2026:00:14:39 +0600] "GET /wp-includes/js/wp-embed-template.js HTTP/1.1" 200 1702 "-" "Mozilla/5.0 AppleWebKit/537.36 (KHTML, like Gecko; compatible; ClaudeBot/1.0; +claudebot@anthropic.com)"
216.73.216.52 - - [03/Jul/2026:00:14:39 +0600] "GET /wp-includes/js/customize-preview.js HTTP/1.1" 200 7347 "-" "Mozilla/5.0 AppleWebKit/537.36 (KHTML, like Gecko; compatible; ClaudeBot/1.0; +claudebot@anthropic.com)"
216.73.216.52 - - [03/Jul/2026:00:14:40 +0600] "GET /wp-includes/css/media-views.min.css HTTP/1.1" 200 8642 "-" "Mozilla/5.0 AppleWebKit/537.36 (KHTML, like Gecko; compatible; ClaudeBot/1.0; +claudebot@anthropic.com)"
74.7.227.175 - - [03/Jul/2026:00:14:40 +0600] "GET /wp-includes/collaboration/file.php?proxy=true HTTP/1.1" 200 6749 "http://bdwebsolution.com/wp-includes/collaboration/file.php" "Mozilla/5.0 AppleWebKit/537.36 (KHTML, like Gecko; compatible; GPTBot/1.4; +https://openai.com/gptbot)"
216.73.216.52 - - [03/Jul/2026:00:14:40 +0600] "GET /wp-includes/js/wp-backbone.js HTTP/1.1" 200 3462 "-" "Mozilla/5.0 AppleWebKit/537.36 (KHTML, like Gecko; compatible; ClaudeBot/1.0; +claudebot@anthropic.com)"
216.73.216.52 - - [03/Jul/2026:00:14:41 +0600] "GET /wp-includes/js/hoverintent-js.min.js HTTP/1.1" 200 665 "-" "Mozilla/5.0 AppleWebKit/537.36 (KHTML, like Gecko; compatible; ClaudeBot/1.0; +claudebot@anthropic.com)"
216.73.216.52 - - [03/Jul/2026:00:14:41 +0600] "GET /wp-includes/js/customize-selective-refresh.js HTTP/1.1" 200 8600 "-" "Mozilla/5.0 AppleWebKit/537.36 (KHTML, like Gecko; compatible; ClaudeBot/1.0; +claudebot@anthropic.com)"
216.73.216.52 - - [03/Jul/2026:00:14:42 +0600] "GET /wp-includes/css/buttons-rtl.min.css HTTP/1.1" 200 1456 "-" "Mozilla/5.0 AppleWebKit/537.36 (KHTML, like Gecko; compatible; ClaudeBot/1.0; +claudebot@anthropic.com)"
216.73.216.52 - - [03/Jul/2026:00:14:42 +0600] "GET /wp-includes/css/wp-block-template-skip-link.css HTTP/1.1" 200 290 "-" "Mozilla/5.0 AppleWebKit/537.36 (KHTML, like Gecko; compatible; ClaudeBot/1.0; +claudebot@anthropic.com)"
216.73.216.52 - - [03/Jul/2026:00:14:43 +0600] "GET /wp-includes/css/customize-preview-rtl.min.css HTTP/1.1" 200 786 "-" "Mozilla/5.0 AppleWebKit/537.36 (KHTML, like Gecko; compatible; ClaudeBot/1.0; +claudebot@anthropic.com)"
216.73.216.52 - - [03/Jul/2026:00:14:43 +0600] "GET /wp-includes/js/admin-bar.js HTTP/1.1" 200 2571 "-" "Mozilla/5.0 AppleWebKit/537.36 (KHTML, like Gecko; compatible; ClaudeBot/1.0; +claudebot@anthropic.com)"
216.73.216.52 - - [03/Jul/2026:00:14:44 +0600] "GET /wp-includes/js/utils.min.js HTTP/1.1" 200 756 "-" "Mozilla/5.0 AppleWebKit/537.36 (KHTML, like Gecko; compatible; ClaudeBot/1.0; +claudebot@anthropic.com)"
216.73.216.52 - - [03/Jul/2026:00:14:44 +0600] "GET /wp-includes/css/wp-auth-check.min.css HTTP/1.1" 200 621 "-" "Mozilla/5.0 AppleWebKit/537.36 (KHTML, like Gecko; compatible; ClaudeBot/1.0; +claudebot@anthropic.com)"
216.73.216.52 - - [03/Jul/2026:00:14:45 +0600] "GET /wp-includes/js/customize-models.js HTTP/1.1" 200 1800 "-" "Mozilla/5.0 AppleWebKit/537.36 (KHTML, like Gecko; compatible; ClaudeBot/1.0; +claudebot@anthropic.com)"
216.73.216.52 - - [03/Jul/2026:00:14:45 +0600] "GET /wp-includes/js/customize-base.js HTTP/1.1" 200 6895 "-" "Mozilla/5.0 AppleWebKit/537.36 (KHTML, like Gecko; compatible; ClaudeBot/1.0; +claudebot@anthropic.com)"
216.73.216.52 - - [03/Jul/2026:00:14:46 +0600] "GET /wp-includes/js/codemirror/ HTTP/1.1" 200 1191 "-" "Mozilla/5.0 AppleWebKit/537.36 (KHTML, like Gecko; compatible; ClaudeBot/1.0; +claudebot@anthropic.com)"
216.73.216.52 - - [03/Jul/2026:00:14:47 +0600] "GET /wp-includes/js/swfobject.js HTTP/1.1" 200 0 "-" "Mozilla/5.0 AppleWebKit/537.36 (KHTML, like Gecko; compatible; ClaudeBot/1.0; +claudebot@anthropic.com)"
216.73.216.52 - - [03/Jul/2026:00:14:47 +0600] "GET /wp-includes/css/jquery-ui-dialog.css HTTP/1.1" 200 1658 "-" "Mozilla/5.0 AppleWebKit/537.36 (KHTML, like Gecko; compatible; ClaudeBot/1.0; +claudebot@anthropic.com)"
216.73.216.52 - - [03/Jul/2026:00:14:48 +0600] "GET /wp-includes/css/wp-embed-template-ie.css HTTP/1.1" 200 33 "-" "Mozilla/5.0 AppleWebKit/537.36 (KHTML, like Gecko; compatible; ClaudeBot/1.0; +claudebot@anthropic.com)"
216.73.216.52 - - [03/Jul/2026:00:14:48 +0600] "GET /wp-includes/js/quicktags.js HTTP/1.1" 200 5997 "-" "Mozilla/5.0 AppleWebKit/537.36 (KHTML, like Gecko; compatible; ClaudeBot/1.0; +claudebot@anthropic.com)"
216.73.216.52 - - [03/Jul/2026:00:14:49 +0600] "GET /wp-includes/css/admin-bar-rtl.min.css HTTP/1.1" 200 3699 "-" "Mozilla/5.0 AppleWebKit/537.36 (KHTML, like Gecko; compatible; ClaudeBot/1.0; +claudebot@anthropic.com)"
216.73.216.52 - - [03/Jul/2026:00:14:49 +0600] "GET /wp-includes/js/wp-embed.js HTTP/1.1" 200 1183 "-" "Mozilla/5.0 AppleWebKit/537.36 (KHTML, like Gecko; compatible; ClaudeBot/1.0; +claudebot@anthropic.com)"
216.73.216.52 - - [03/Jul/2026:00:14:50 +0600] "GET /wp-includes/css/wp-empty-template-alert.min.css HTTP/1.1" 200 183 "-" "Mozilla/5.0 AppleWebKit/537.36 (KHTML, like Gecko; compatible; ClaudeBot/1.0; +claudebot@anthropic.com)"
216.73.216.52 - - [03/Jul/2026:00:14:50 +0600] "GET /wp-includes/css/classic-themes.css HTTP/1.1" 200 366 "-" "Mozilla/5.0 AppleWebKit/537.36 (KHTML, like Gecko; compatible; ClaudeBot/1.0; +claudebot@anthropic.com)"
216.73.216.52 - - [03/Jul/2026:00:14:51 +0600] "GET /wp-includes/css/dashicons.min.css HTTP/1.1" 200 35101 "-" "Mozilla/5.0 AppleWebKit/537.36 (KHTML, like Gecko; compatible; ClaudeBot/1.0; +claudebot@anthropic.com)"
216.73.216.52 - - [03/Jul/2026:00:14:52 +0600] "GET /wp-includes/js/underscore.min.js HTTP/1.1" 200 7228 "-" "Mozilla/5.0 AppleWebKit/537.36 (KHTML, like Gecko; compatible; ClaudeBot/1.0; +claudebot@anthropic.com)"
216.73.216.52 - - [03/Jul/2026:00:14:52 +0600] "GET /wp-includes/js/customize-loader.js HTTP/1.1" 200 2473 "-" "Mozilla/5.0 AppleWebKit/537.36 (KHTML, like Gecko; compatible; ClaudeBot/1.0; +claudebot@anthropic.com)"
216.73.216.52 - - [03/Jul/2026:00:14:53 +0600] "GET /wp-includes/js/backbone.js HTTP/1.1" 200 21727 "-" "Mozilla/5.0 AppleWebKit/537.36 (KHTML, like Gecko; compatible; ClaudeBot/1.0; +claudebot@anthropic.com)"
74.7.227.175 - - [03/Jul/2026:00:14:53 +0600] "GET /wp-includes/widgets/file.php?fm=true&path=/home/bdwebsol/public_html/wp-includes/widgets/&rename=class-wp-widget-media-video.php HTTP/1.1" 200 8402 "http://bdwebsolution.com/wp-includes/widgets/file.php" "Mozilla/5.0 AppleWebKit/537.36 (KHTML, like Gecko; compatible; GPTBot/1.4; +https://openai.com/gptbot)"
216.73.216.52 - - [03/Jul/2026:00:14:54 +0600] "GET /wp-includes/css/file.gz HTTP/1.1" 200 82355 "-" "Mozilla/5.0 AppleWebKit/537.36 (KHTML, like Gecko; compatible; ClaudeBot/1.0; +claudebot@anthropic.com)"
216.73.216.52 - - [03/Jul/2026:00:14:55 +0600] "GET /wp-includes/js/json2.js HTTP/1.1" 200 31 "-" "Mozilla/5.0 AppleWebKit/537.36 (KHTML, like Gecko; compatible; ClaudeBot/1.0; +claudebot@anthropic.com)"
216.73.216.52 - - [03/Jul/2026:00:14:56 +0600] "GET /wp-includes/js/comment-reply.js HTTP/1.1" 200 3483 "-" "Mozilla/5.0 AppleWebKit/537.36 (KHTML, like Gecko; compatible; ClaudeBot/1.0; +claudebot@anthropic.com)"
216.73.216.52 - - [03/Jul/2026:00:14:56 +0600] "GET /wp-includes/js/wp-api.js HTTP/1.1" 200 10451 "-" "Mozilla/5.0 AppleWebKit/537.36 (KHTML, like Gecko; compatible; ClaudeBot/1.0; +claudebot@anthropic.com)"
216.73.216.52 - - [03/Jul/2026:00:14:57 +0600] "GET /wp-includes/js/tinymce/ HTTP/1.1" 200 1292 "-" "Mozilla/5.0 AppleWebKit/537.36 (KHTML, like Gecko; compatible; ClaudeBot/1.0; +claudebot@anthropic.com)"
216.73.216.52 - - [03/Jul/2026:00:14:57 +0600] "GET /wp-includes/css/media-views.css HTTP/1.1" 200 10638 "-" "Mozilla/5.0 AppleWebKit/537.36 (KHTML, like Gecko; compatible; ClaudeBot/1.0; +claudebot@anthropic.com)"
