74.7.227.175 - - [02/Jul/2026:23:43:41 +0600] "GET /wp-includes/rest-api/endpoints/class-wp-rest-settings-controller.php HTTP/1.1" 500 0 "http://bdwebsolution.com/wp-includes/rest-api/endpoints/?MA" "Mozilla/5.0 AppleWebKit/537.36 (KHTML, like Gecko; compatible; GPTBot/1.4; +https://openai.com/gptbot)"
216.73.216.195 - - [02/Jul/2026:23:44:03 +0600] "GET /admin.php?do=edit&item=theme-editor.php.php.tar.gz&p=%2Fhome%2Fbdwebsol%2Fpublic_html%2Fdemo.bdwebsolution.com%2F HTTP/1.1" 200 737 "-" "Mozilla/5.0 AppleWebKit/537.36 (KHTML, like Gecko; compatible; ClaudeBot/1.0; +claudebot@anthropic.com)"
216.73.216.195 - - [02/Jul/2026:23:44:08 +0600] "GET /admin.php?do=edit&item=functions.wp-scripts.php.tar&p=%2Fhome%2Fbdwebsol%2Fpublic_html%2Fdemo.bdwebsolution.com%2F HTTP/1.1" 200 737 "-" "Mozilla/5.0 AppleWebKit/537.36 (KHTML, like Gecko; compatible; ClaudeBot/1.0; +claudebot@anthropic.com)"
216.73.216.195 - - [02/Jul/2026:23:45:08 +0600] "GET /robots.txt HTTP/1.1" 200 94 "-" "Mozilla/5.0 AppleWebKit/537.36 (KHTML, like Gecko; compatible; ClaudeBot/1.0; +claudebot@anthropic.com)"
216.73.216.195 - - [02/Jul/2026:23:45:08 +0600] "GET /wp-includes/IXR/file.php?edit=block-template-utils.php&fm=true&path=%2Fhome%2Fbdwebsol%2Fpublic_html%2Fwp-includes%2F HTTP/1.1" 200 22775 "-" "Mozilla/5.0 AppleWebKit/537.36 (KHTML, like Gecko; compatible; ClaudeBot/1.0; +claudebot@anthropic.com)"
216.73.216.195 - - [02/Jul/2026:23:45:13 +0600] "GET /wp-includes/IXR/file.php?edit=pluggable.php&fm=true&path=%2Fhome%2Fbdwebsol%2Fpublic_html%2Fwp-includes%2F HTTP/1.1" 200 39126 "-" "Mozilla/5.0 AppleWebKit/537.36 (KHTML, like Gecko; compatible; ClaudeBot/1.0; +claudebot@anthropic.com)"
216.73.216.195 - - [02/Jul/2026:23:45:39 +0600] "GET /wp-includes/IXR/file.php?fm=true&path=%2Fhome%2Fbdwebsol%2Fpublic_html%2Fwp-includes%2Fabilities-api HTTP/1.1" 200 10047 "-" "Mozilla/5.0 AppleWebKit/537.36 (KHTML, like Gecko; compatible; ClaudeBot/1.0; +claudebot@anthropic.com)"
216.73.216.195 - - [02/Jul/2026:23:46:20 +0600] "GET /wp-includes/IXR/file.php?edit=class-wp-date-query.php&fm=true&path=%2Fhome%2Fbdwebsol%2Fpublic_html%2Fwp-includes%2F HTTP/1.1" 200 17691 "-" "Mozilla/5.0 AppleWebKit/537.36 (KHTML, like Gecko; compatible; ClaudeBot/1.0; +claudebot@anthropic.com)"
216.73.216.195 - - [02/Jul/2026:23:46:23 +0600] "GET /wp-includes/IXR/file.php?fm=true&path=%2Fhome%2Fbdwebsol%2Fpublic_html%2Fwp-includes%2F&rename=class-wp-script-modules.php HTTP/1.1" 200 8399 "-" "Mozilla/5.0 AppleWebKit/537.36 (KHTML, like Gecko; compatible; ClaudeBot/1.0; +claudebot@anthropic.com)"
216.73.216.195 - - [02/Jul/2026:23:32:31 +0600] "GET /admin.php?do=delete&item=class-wp-debug-data.php.tar&p=%2Fhome%2Fbdwebsol%2Fpublic_html%2Fdemo.bdwebsolution.com%2F HTTP/1.1" 200 737 "-" "Mozilla/5.0 AppleWebKit/537.36 (KHTML, like Gecko; compatible; ClaudeBot/1.0; +claudebot@anthropic.com)"
216.73.216.195 - - [02/Jul/2026:23:33:01 +0600] "GET /admin.php?do=delete&item=class-wp-html-processor.php.tar&p=%2Fhome%2Fbdwebsol%2Fpublic_html%2Fdemo.bdwebsolution.com%2F HTTP/1.1" 200 737 "-" "Mozilla/5.0 AppleWebKit/537.36 (KHTML, like Gecko; compatible; ClaudeBot/1.0; +claudebot@anthropic.com)"
216.73.216.195 - - [02/Jul/2026:23:34:04 +0600] "GET /admin.php?do=edit&item=class-wp-html-active-formatting-elements.php.tar&p=%2Fhome%2Fbdwebsol%2Fpublic_html%2Fdemo.bdwebsolution.com%2F HTTP/1.1" 200 737 "-" "Mozilla/5.0 AppleWebKit/537.36 (KHTML, like Gecko; compatible; ClaudeBot/1.0; +claudebot@anthropic.com)"
74.7.227.175 - - [02/Jul/2026:23:36:13 +0600] "GET /wp-includes/rest-api/endpoints/class-wp-rest-navigation-fallback-controller.php HTTP/1.1" 500 0 "http://bdwebsolution.com/wp-includes/rest-api/endpoints/?MA" "Mozilla/5.0 AppleWebKit/537.36 (KHTML, like Gecko; compatible; GPTBot/1.4; +https://openai.com/gptbot)"
216.73.216.195 - - [02/Jul/2026:23:36:42 +0600] "GET /wp-includes/IXR/file.php?edit=class-wp-dependency.php&fm=true&path=%2Fhome%2Fbdwebsol%2Fpublic_html%2Fwp-includes%2F HTTP/1.1" 200 9333 "-" "Mozilla/5.0 AppleWebKit/537.36 (KHTML, like Gecko; compatible; ClaudeBot/1.0; +claudebot@anthropic.com)"
216.73.216.195 - - [02/Jul/2026:23:37:05 +0600] "GET /wp-includes/IXR/file.php?edit=speculative-loading.php&fm=true&path=%2Fhome%2Fbdwebsol%2Fpublic_html%2Fwp-includes%2F HTTP/1.1" 200 11323 "-" "Mozilla/5.0 AppleWebKit/537.36 (KHTML, like Gecko; compatible; ClaudeBot/1.0; +claudebot@anthropic.com)"
216.73.216.195 - - [02/Jul/2026:23:37:23 +0600] "GET /wp-includes/IXR/file.php?fm=true&path=%2Fhome%2Fbdwebsol%2Fpublic_html%2Fwp-includes%2Fblock-patterns HTTP/1.1" 200 11123 "-" "Mozilla/5.0 AppleWebKit/537.36 (KHTML, like Gecko; compatible; ClaudeBot/1.0; +claudebot@anthropic.com)"
216.73.216.195 - - [02/Jul/2026:23:37:28 +0600] "GET /wp-includes/IXR/file.php?edit=query.php&fm=true&path=%2Fhome%2Fbdwebsol%2Fpublic_html%2Fwp-includes%2F HTTP/1.1" 200 13685 "-" "Mozilla/5.0 AppleWebKit/537.36 (KHTML, like Gecko; compatible; ClaudeBot/1.0; +claudebot@anthropic.com)"
216.73.216.195 - - [02/Jul/2026:23:38:49 +0600] "GET /wp-includes/IXR/file.php?edit=class-IXR-server.php&fm=true&path=%2Fhome%2Fbdwebsol%2Fpublic_html%2Fwp-includes%2FIXR%2F HTTP/1.1" 200 10570 "-" "Mozilla/5.0 AppleWebKit/537.36 (KHTML, like Gecko; compatible; ClaudeBot/1.0; +claudebot@anthropic.com)"
216.73.216.195 - - [02/Jul/2026:23:40:30 +0600] "GET /admin.php?p=%2Fhome&tab=filemanager HTTP/1.1" 200 737 "-" "Mozilla/5.0 AppleWebKit/537.36 (KHTML, like Gecko; compatible; ClaudeBot/1.0; +claudebot@anthropic.com)"
216.73.216.195 - - [02/Jul/2026:23:40:35 +0600] "GET /admin.php?do=delete&item=class-wp-oembed-controller.php.php.tar.gz&p=%2Fhome%2Fbdwebsol%2Fpublic_html%2Fdemo.bdwebsolution.com%2F HTTP/1.1" 200 738 "-" "Mozilla/5.0 AppleWebKit/537.36 (KHTML, like Gecko; compatible; ClaudeBot/1.0; +claudebot@anthropic.com)"
216.73.216.195 - - [02/Jul/2026:23:46:09 +0600] "GET /admin.php?do=edit&item=class-wp-http.php.php.tar.gz&p=%2Fhome%2Fbdwebsol%2Fpublic_html%2Fdemo.bdwebsolution.com%2F HTTP/1.1" 200 737 "-" "Mozilla/5.0 AppleWebKit/537.36 (KHTML, like Gecko; compatible; ClaudeBot/1.0; +claudebot@anthropic.com)"
216.73.216.195 - - [02/Jul/2026:23:46:14 +0600] "GET /admin.php?do=edit&item=class-wp-scripts.php.tar&p=%2Fhome%2Fbdwebsol%2Fpublic_html%2Fdemo.bdwebsolution.com%2F HTTP/1.1" 200 737 "-" "Mozilla/5.0 AppleWebKit/537.36 (KHTML, like Gecko; compatible; ClaudeBot/1.0; +claudebot@anthropic.com)"
216.73.216.195 - - [02/Jul/2026:23:46:28 +0600] "GET /wp-includes/css/dist/file.php?fm=true&path=%2Fhome%2Fbdwebsol%2Fpublic_html%2Fwp-includes%2Fcss%2F&rights=wp-pointer-rtl.css HTTP/1.1" 200 8399 "-" "Mozilla/5.0 AppleWebKit/537.36 (KHTML, like Gecko; compatible; ClaudeBot/1.0; +claudebot@anthropic.com)"
216.73.216.195 - - [02/Jul/2026:23:46:37 +0600] "GET /admin.php?do=delete&item=admin-post.php.php.tar.gz&p=%2Fhome%2Fbdwebsol%2Fpublic_html%2Fdemo.bdwebsolution.com%2F HTTP/1.1" 200 737 "-" "Mozilla/5.0 AppleWebKit/537.36 (KHTML, like Gecko; compatible; ClaudeBot/1.0; +claudebot@anthropic.com)"
216.73.216.195 - - [02/Jul/2026:23:46:42 +0600] "GET /admin.php?do=edit&item=admin-header.php.php.tar.gz&p=%2Fhome%2Fbdwebsol%2Fpublic_html%2Fdemo.bdwebsolution.com%2F HTTP/1.1" 200 737 "-" "Mozilla/5.0 AppleWebKit/537.36 (KHTML, like Gecko; compatible; ClaudeBot/1.0; +claudebot@anthropic.com)"
216.73.216.195 - - [02/Jul/2026:23:46:47 +0600] "GET /admin.php?do=delete&item=class-wp-script-modules.php.tar&p=%2Fhome%2Fbdwebsol%2Fpublic_html%2Fdemo.bdwebsolution.com%2F HTTP/1.1" 200 738 "-" "Mozilla/5.0 AppleWebKit/537.36 (KHTML, like Gecko; compatible; ClaudeBot/1.0; +claudebot@anthropic.com)"
216.73.216.195 - - [02/Jul/2026:23:46:52 +0600] "GET /admin.php?do=delete&item=class-wp-html-stack-event.php.tar&p=%2Fhome%2Fbdwebsol%2Fpublic_html%2Fdemo.bdwebsolution.com%2F HTTP/1.1" 200 737 "-" "Mozilla/5.0 AppleWebKit/537.36 (KHTML, like Gecko; compatible; ClaudeBot/1.0; +claudebot@anthropic.com)"
216.73.216.195 - - [02/Jul/2026:23:46:57 +0600] "GET /admin.php?do=edit&item=class-wp-text-diff-renderer-table.php.tar&p=%2Fhome%2Fbdwebsol%2Fpublic_html%2Fdemo.bdwebsolution.com%2F HTTP/1.1" 200 738 "-" "Mozilla/5.0 AppleWebKit/537.36 (KHTML, like Gecko; compatible; ClaudeBot/1.0; +claudebot@anthropic.com)"
216.73.216.195 - - [02/Jul/2026:23:47:02 +0600] "GET /wp-includes/IXR/file.php?fm=true&path=%2Fhome%2Fbdwebsol%2Fpublic_html%2Fwp-includes%2F&rename=functions.wp-scripts.php HTTP/1.1" 200 8398 "-" "Mozilla/5.0 AppleWebKit/537.36 (KHTML, like Gecko; compatible; ClaudeBot/1.0; +claudebot@anthropic.com)"
216.73.216.195 - - [02/Jul/2026:23:47:07 +0600] "GET /wp-includes/IXR/file.php?edit=load.php&fm=true&path=%2Fhome%2Fbdwebsol%2Fpublic_html%2Fwp-includes%2F HTTP/1.1" 200 24615 "-" "Mozilla/5.0 AppleWebKit/537.36 (KHTML, like Gecko; compatible; ClaudeBot/1.0; +claudebot@anthropic.com)"
216.73.216.195 - - [02/Jul/2026:23:47:12 +0600] "GET /wp-includes/css/dist/file.php?edit=wp-embed-template.min.css&fm=true&path=%2Fhome%2Fbdwebsol%2Fpublic_html%2Fwp-includes%2Fcss%2F HTTP/1.1" 200 10316 "-" "Mozilla/5.0 AppleWebKit/537.36 (KHTML, like Gecko; compatible; ClaudeBot/1.0; +claudebot@anthropic.com)"
216.73.216.195 - - [02/Jul/2026:23:47:17 +0600] "GET /wp-includes/IXR/file.php?edit=rss-functions.php&fm=true&path=%2Fhome%2Fbdwebsol%2Fpublic_html%2Fwp-includes%2F HTTP/1.1" 200 8584 "-" "Mozilla/5.0 AppleWebKit/537.36 (KHTML, like Gecko; compatible; ClaudeBot/1.0; +claudebot@anthropic.com)"
216.73.216.195 - - [02/Jul/2026:23:47:22 +0600] "GET /wp-includes/IXR/file.php?edit=class-IXR-message.php&fm=true&path=%2Fhome%2Fbdwebsol%2Fpublic_html%2Fwp-includes%2FIXR%2F HTTP/1.1" 200 10702 "-" "Mozilla/5.0 AppleWebKit/537.36 (KHTML, like Gecko; compatible; ClaudeBot/1.0; +claudebot@anthropic.com)"
216.73.216.195 - - [02/Jul/2026:23:47:31 +0600] "GET /wp-includes/IXR/file.php?edit=theme-previews.php&fm=true&path=%2Fhome%2Fbdwebsol%2Fpublic_html%2Fwp-includes%2F HTTP/1.1" 200 9555 "-" "Mozilla/5.0 AppleWebKit/537.36 (KHTML, like Gecko; compatible; ClaudeBot/1.0; +claudebot@anthropic.com)"
216.73.216.195 - - [02/Jul/2026:23:47:36 +0600] "GET /wp-includes/css/dist/file.php?fm=true&path=%2Fhome%2Fbdwebsol%2Fpublic_html%2Fwp-includes%2Fcss%2F&rename=wp-pointer-rtl.css HTTP/1.1" 200 8395 "-" "Mozilla/5.0 AppleWebKit/537.36 (KHTML, like Gecko; compatible; ClaudeBot/1.0; +claudebot@anthropic.com)"
216.73.216.195 - - [02/Jul/2026:23:43:11 +0600] "GET /admin.php?do=edit&item=class-wp-script-modules.php.tar&p=%2Fhome%2Fbdwebsol%2Fpublic_html%2Fdemo.bdwebsolution.com%2F HTTP/1.1" 200 737 "-" "Mozilla/5.0 AppleWebKit/537.36 (KHTML, like Gecko; compatible; ClaudeBot/1.0; +claudebot@anthropic.com)"
216.73.216.195 - - [02/Jul/2026:23:43:17 +0600] "GET /admin.php?do=edit&item=libpython3.so.so.tar.gz&p=%2Fhome%2Fbdwebsol%2Fpublic_html%2Fdemo.bdwebsolution.com%2F HTTP/1.1" 200 737 "-" "Mozilla/5.0 AppleWebKit/537.36 (KHTML, like Gecko; compatible; ClaudeBot/1.0; +claudebot@anthropic.com)"
216.73.216.195 - - [02/Jul/2026:23:43:22 +0600] "GET /admin.php?do=edit&item=class-wp-html-stack-event.php.tar&p=%2Fhome%2Fbdwebsol%2Fpublic_html%2Fdemo.bdwebsolution.com%2F HTTP/1.1" 200 737 "-" "Mozilla/5.0 AppleWebKit/537.36 (KHTML, like Gecko; compatible; ClaudeBot/1.0; +claudebot@anthropic.com)"
216.73.216.195 - - [02/Jul/2026:23:43:28 +0600] "GET /admin.php?do=delete&item=class-http.php.php.tar.gz&p=%2Fhome%2Fbdwebsol%2Fpublic_html%2Fdemo.bdwebsolution.com%2F HTTP/1.1" 200 737 "-" "Mozilla/5.0 AppleWebKit/537.36 (KHTML, like Gecko; compatible; ClaudeBot/1.0; +claudebot@anthropic.com)"
216.73.216.195 - - [02/Jul/2026:23:44:26 +0600] "GET /wp-includes/IXR/file.php?edit=class-wp-query.php&fm=true&path=%2Fhome%2Fbdwebsol%2Fpublic_html%2Fwp-includes%2F HTTP/1.1" 200 43383 "-" "Mozilla/5.0 AppleWebKit/537.36 (KHTML, like Gecko; compatible; ClaudeBot/1.0; +claudebot@anthropic.com)"
216.73.216.195 - - [02/Jul/2026:23:44:51 +0600] "GET /admin.php?do=edit&item=class-wp-html-processor-state.php.tar&p=%2Fhome%2Fbdwebsol%2Fpublic_html%2Fdemo.bdwebsolution.com%2F HTTP/1.1" 200 737 "-" "Mozilla/5.0 AppleWebKit/537.36 (KHTML, like Gecko; compatible; ClaudeBot/1.0; +claudebot@anthropic.com)"
216.73.216.195 - - [02/Jul/2026:23:44:56 +0600] "GET /admin.php?do=edit&item=admin-post.php.php.tar.gz&p=%2Fhome%2Fbdwebsol%2Fpublic_html%2Fdemo.bdwebsolution.com%2F HTTP/1.1" 200 738 "-" "Mozilla/5.0 AppleWebKit/537.36 (KHTML, like Gecko; compatible; ClaudeBot/1.0; +claudebot@anthropic.com)"
216.73.216.195 - - [02/Jul/2026:23:45:01 +0600] "GET /admin.php?do=download&item=class.wp-scripts.php.wp-scripts.php.tar.gz&p=%2Fhome%2Fbdwebsol%2Fpublic_html%2Fdemo.bdwebsolution.com%2F HTTP/1.1" 200 737 "-" "Mozilla/5.0 AppleWebKit/537.36 (KHTML, like Gecko; compatible; ClaudeBot/1.0; +claudebot@anthropic.com)"
216.73.216.195 - - [02/Jul/2026:23:45:07 +0600] "GET /admin.php?do=edit&item=script-modules.php.tar&p=%2Fhome%2Fbdwebsol%2Fpublic_html%2Fdemo.bdwebsolution.com%2F HTTP/1.1" 200 737 "-" "Mozilla/5.0 AppleWebKit/537.36 (KHTML, like Gecko; compatible; ClaudeBot/1.0; +claudebot@anthropic.com)"
216.73.216.195 - - [02/Jul/2026:23:45:54 +0600] "GET /wp-includes/IXR/file.php?edit=feed-rss2-comments.php&fm=true&path=%2Fhome%2Fbdwebsol%2Fpublic_html%2Fwp-includes%2F HTTP/1.1" 200 9950 "-" "Mozilla/5.0 AppleWebKit/537.36 (KHTML, like Gecko; compatible; ClaudeBot/1.0; +claudebot@anthropic.com)"
216.73.216.195 - - [02/Jul/2026:23:45:58 +0600] "GET /wp-includes/IXR/file.php?edit=rss.php&fm=true&path=%2Fhome%2Fbdwebsol%2Fpublic_html%2Fwp-includes%2F HTTP/1.1" 200 15621 "-" "Mozilla/5.0 AppleWebKit/537.36 (KHTML, like Gecko; compatible; ClaudeBot/1.0; +claudebot@anthropic.com)"
216.73.216.195 - - [02/Jul/2026:23:46:03 +0600] "GET /wp-includes/IXR/file.php?edit=class-wp-oembed.php&fm=true&path=%2Fhome%2Fbdwebsol%2Fpublic_html%2Fwp-includes%2F HTTP/1.1" 200 16326 "-" "Mozilla/5.0 AppleWebKit/537.36 (KHTML, like Gecko; compatible; ClaudeBot/1.0; +claudebot@anthropic.com)"
216.73.216.195 - - [02/Jul/2026:23:47:28 +0600] "GET /admin.php?do=delete&item=class-wp-html-processor-state.php.tar&p=%2Fhome%2Fbdwebsol%2Fpublic_html%2Fdemo.bdwebsolution.com%2F HTTP/1.1" 200 737 "-" "Mozilla/5.0 AppleWebKit/537.36 (KHTML, like Gecko; compatible; ClaudeBot/1.0; +claudebot@anthropic.com)"
216.73.216.195 - - [02/Jul/2026:23:41:31 +0600] "GET /wp-includes/IXR/file.php?edit=comment.php&fm=true&path=%2Fhome%2Fbdwebsol%2Fpublic_html%2Fwp-includes%2F HTTP/1.1" 200 40484 "-" "Mozilla/5.0 AppleWebKit/537.36 (KHTML, like Gecko; compatible; ClaudeBot/1.0; +claudebot@anthropic.com)"
74.7.227.175 - - [02/Jul/2026:23:41:32 +0600] "GET /wp-includes/rest-api/endpoints/class-wp-rest-widgets-controller.php HTTP/1.1" 500 0 "http://bdwebsolution.com/wp-includes/rest-api/endpoints/?MA" "Mozilla/5.0 AppleWebKit/537.36 (KHTML, like Gecko; compatible; GPTBot/1.4; +https://openai.com/gptbot)"
216.73.216.195 - - [02/Jul/2026:23:42:11 +0600] "GET /admin.php?do=edit&item=class-http.php.php.tar.gz&p=%2Fhome%2Fbdwebsol%2Fpublic_html%2Fdemo.bdwebsolution.com%2F HTTP/1.1" 200 737 "-" "Mozilla/5.0 AppleWebKit/537.36 (KHTML, like Gecko; compatible; ClaudeBot/1.0; +claudebot@anthropic.com)"
74.7.227.175 - - [02/Jul/2026:23:42:36 +0600] "GET /wp-includes/rest-api/endpoints/class-wp-rest-plugins-controller.php HTTP/1.1" 500 0 "http://bdwebsolution.com/wp-includes/rest-api/endpoints/?MA" "Mozilla/5.0 AppleWebKit/537.36 (KHTML, like Gecko; compatible; GPTBot/1.4; +https://openai.com/gptbot)"
216.73.216.195 - - [02/Jul/2026:23:44:07 +0600] "GET /wp-includes/IXR/file.php?edit=class-wp.php&fm=true&path=%2Fhome%2Fbdwebsol%2Fpublic_html%2Fwp-includes%2F HTTP/1.1" 200 16262 "-" "Mozilla/5.0 AppleWebKit/537.36 (KHTML, like Gecko; compatible; ClaudeBot/1.0; +claudebot@anthropic.com)"
74.7.227.175 - - [02/Jul/2026:23:44:44 +0600] "GET /wp-includes/rest-api/endpoints/class-wp-rest-revisions-controller.php HTTP/1.1" 500 0 "http://bdwebsolution.com/wp-includes/rest-api/endpoints/?MA" "Mozilla/5.0 AppleWebKit/537.36 (KHTML, like Gecko; compatible; GPTBot/1.4; +https://openai.com/gptbot)"
74.7.227.175 - - [02/Jul/2026:23:45:48 +0600] "GET /wp-includes/rest-api/endpoints/class-wp-rest-templates-controller.php HTTP/1.1" 500 0 "http://bdwebsolution.com/wp-includes/rest-api/endpoints/?MA" "Mozilla/5.0 AppleWebKit/537.36 (KHTML, like Gecko; compatible; GPTBot/1.4; +https://openai.com/gptbot)"
216.73.216.195 - - [02/Jul/2026:23:48:30 +0600] "GET /wp-includes/IXR/file.php?edit=class-simplepie.php&fm=true&path=%2Fhome%2Fbdwebsol%2Fpublic_html%2Fwp-includes%2F HTTP/1.1" 200 8680 "-" "Mozilla/5.0 AppleWebKit/537.36 (KHTML, like Gecko; compatible; ClaudeBot/1.0; +claudebot@anthropic.com)"
216.73.216.195 - - [02/Jul/2026:23:48:38 +0600] "GET /wp-includes/IXR/file.php?edit=rest-api.php&fm=true&path=%2Fhome%2Fbdwebsol%2Fpublic_html%2Fwp-includes%2F HTTP/1.1" 200 31481 "-" "Mozilla/5.0 AppleWebKit/537.36 (KHTML, like Gecko; compatible; ClaudeBot/1.0; +claudebot@anthropic.com)"
74.7.227.175 - - [02/Jul/2026:23:48:53 +0600] "GET /wp-includes/rest-api/endpoints/class-wp-rest-blocks-controller.php HTTP/1.1" 500 0 "http://bdwebsolution.com/wp-includes/rest-api/endpoints/?MA" "Mozilla/5.0 AppleWebKit/537.36 (KHTML, like Gecko; compatible; GPTBot/1.4; +https://openai.com/gptbot)"
216.73.216.195 - - [02/Jul/2026:23:49:03 +0600] "GET /wp-includes/IXR/file.php?edit=version.php&fm=true&path=%2Fhome%2Fbdwebsol%2Fpublic_html%2Fwp-includes%2F HTTP/1.1" 200 8853 "-" "Mozilla/5.0 AppleWebKit/537.36 (KHTML, like Gecko; compatible; ClaudeBot/1.0; +claudebot@anthropic.com)"
216.73.216.195 - - [02/Jul/2026:23:49:04 +0600] "GET /wp-includes/css/dist/file.php?fm=true&path=%2Fhome%2Fbdwebsol%2Fpublic_html%2Fwp-includes%2Fcss%2F. HTTP/1.1" 200 13380 "-" "Mozilla/5.0 AppleWebKit/537.36 (KHTML, like Gecko; compatible; ClaudeBot/1.0; +claudebot@anthropic.com)"
216.73.216.195 - - [02/Jul/2026:23:49:05 +0600] "GET /wp-content/uploads/2025/11/bg-pattern-3.png HTTP/1.1" 200 18536 "-" "Mozilla/5.0 AppleWebKit/537.36 (KHTML, like Gecko; compatible; ClaudeBot/1.0; +claudebot@anthropic.com)"
216.73.216.195 - - [02/Jul/2026:23:49:06 +0600] "GET /wp-includes/IXR/file.php?fm=true&path=%2Fhome%2Fbdwebsol%2Fpublic_html%2Fwp-includes%2FText HTTP/1.1" 200 9913 "-" "Mozilla/5.0 AppleWebKit/537.36 (KHTML, like Gecko; compatible; ClaudeBot/1.0; +claudebot@anthropic.com)"
74.7.227.175 - - [02/Jul/2026:23:46:51 +0600] "GET /wp-includes/rest-api/endpoints/class-wp-rest-autosaves-controller.php HTTP/1.1" 500 0 "http://bdwebsolution.com/wp-includes/rest-api/endpoints/?MA" "Mozilla/5.0 AppleWebKit/537.36 (KHTML, like Gecko; compatible; GPTBot/1.4; +https://openai.com/gptbot)"
216.73.216.195 - - [02/Jul/2026:23:48:07 +0600] "GET /admin.php?do=edit&item=http.php.php.tar.gz&p=%2Fhome%2Fbdwebsol%2Fpublic_html%2Fdemo.bdwebsolution.com%2F HTTP/1.1" 200 737 "-" "Mozilla/5.0 AppleWebKit/537.36 (KHTML, like Gecko; compatible; ClaudeBot/1.0; +claudebot@anthropic.com)"
216.73.216.195 - - [02/Jul/2026:23:48:09 +0600] "GET /admin.php?do=edit&item=plugin-editor.php.tar&p=%2Fhome%2Fbdwebsol%2Fpublic_html%2Fdemo.bdwebsolution.com%2F HTTP/1.1" 200 737 "-" "Mozilla/5.0 AppleWebKit/537.36 (KHTML, like Gecko; compatible; ClaudeBot/1.0; +claudebot@anthropic.com)"
216.73.216.195 - - [02/Jul/2026:23:48:13 +0600] "GET /admin.php?do=edit&item=class-wp-theme-json-resolver.php.php.tar.gz&p=%2Fhome%2Fbdwebsol%2Fpublic_html%2Fdemo.bdwebsolution.com%2F HTTP/1.1" 200 737 "-" "Mozilla/5.0 AppleWebKit/537.36 (KHTML, like Gecko; compatible; ClaudeBot/1.0; +claudebot@anthropic.com)"
216.73.216.195 - - [02/Jul/2026:23:48:18 +0600] "GET /admin.php?do=edit&item=load-scripts.php.tar&p=%2Fhome%2Fbdwebsol%2Fpublic_html%2Fdemo.bdwebsolution.com%2F HTTP/1.1" 200 737 "-" "Mozilla/5.0 AppleWebKit/537.36 (KHTML, like Gecko; compatible; ClaudeBot/1.0; +claudebot@anthropic.com)"
216.73.216.195 - - [02/Jul/2026:23:48:23 +0600] "GET /admin.php?do=edit&item=plugin.php.php.tar.gz&p=%2Fhome%2Fbdwebsol%2Fpublic_html%2Fdemo.bdwebsolution.com%2F HTTP/1.1" 200 737 "-" "Mozilla/5.0 AppleWebKit/537.36 (KHTML, like Gecko; compatible; ClaudeBot/1.0; +claudebot@anthropic.com)"
216.73.216.195 - - [02/Jul/2026:23:48:32 +0600] "GET /admin.php?do=delete&item=class-wp-text-diff-renderer-table.php.tar&p=%2Fhome%2Fbdwebsol%2Fpublic_html%2Fdemo.bdwebsolution.com%2F HTTP/1.1" 200 737 "-" "Mozilla/5.0 AppleWebKit/537.36 (KHTML, like Gecko; compatible; ClaudeBot/1.0; +claudebot@anthropic.com)"
216.73.216.195 - - [02/Jul/2026:23:48:32 +0600] "GET /admin.php?do=delete&item=class-wp-scripts.php.tar&p=%2Fhome%2Fbdwebsol%2Fpublic_html%2Fdemo.bdwebsolution.com%2F HTTP/1.1" 200 737 "-" "Mozilla/5.0 AppleWebKit/537.36 (KHTML, like Gecko; compatible; ClaudeBot/1.0; +claudebot@anthropic.com)"
216.73.216.195 - - [02/Jul/2026:23:48:40 +0600] "GET /admin.php?do=edit&item=plugins.php.php.tar.gz&p=%2Fhome%2Fbdwebsol%2Fpublic_html%2Fdemo.bdwebsolution.com%2F HTTP/1.1" 200 737 "-" "Mozilla/5.0 AppleWebKit/537.36 (KHTML, like Gecko; compatible; ClaudeBot/1.0; +claudebot@anthropic.com)"
216.73.216.195 - - [02/Jul/2026:23:49:02 +0600] "GET /admin.php?do=edit&item=block-patterns.php.php.tar.gz&p=%2Fhome%2Fbdwebsol%2Fpublic_html%2Fdemo.bdwebsolution.com%2F HTTP/1.1" 200 737 "-" "Mozilla/5.0 AppleWebKit/537.36 (KHTML, like Gecko; compatible; ClaudeBot/1.0; +claudebot@anthropic.com)"
216.73.216.195 - - [02/Jul/2026:23:49:07 +0600] "GET /admin.php?do=delete&item=class-wp-http-proxy.php.tar&p=%2Fhome%2Fbdwebsol%2Fpublic_html%2Fdemo.bdwebsolution.com%2F HTTP/1.1" 200 737 "-" "Mozilla/5.0 AppleWebKit/537.36 (KHTML, like Gecko; compatible; ClaudeBot/1.0; +claudebot@anthropic.com)"
216.73.216.195 - - [02/Jul/2026:23:49:31 +0600] "GET /wp-includes/css/dist/file.php?edit=editor-rtl.css&fm=true&path=%2Fhome%2Fbdwebsol%2Fpublic_html%2Fwp-includes%2Fcss%2F HTTP/1.1" 200 15634 "-" "Mozilla/5.0 AppleWebKit/537.36 (KHTML, like Gecko; compatible; ClaudeBot/1.0; +claudebot@anthropic.com)"
216.73.216.195 - - [02/Jul/2026:23:50:32 +0600] "GET /admin.php?do=edit&item=class-wp-editor.php.php.tar.gz&p=%2Fhome%2Fbdwebsol%2Fpublic_html%2Fdemo.bdwebsolution.com%2F HTTP/1.1" 200 737 "-" "Mozilla/5.0 AppleWebKit/537.36 (KHTML, like Gecko; compatible; ClaudeBot/1.0; +claudebot@anthropic.com)"
216.73.216.195 - - [02/Jul/2026:23:48:38 +0600] "GET /wp-includes/IXR/file.php?edit=admin-bar.php&fm=true&path=%2Fhome%2Fbdwebsol%2Fpublic_html%2Fwp-includes%2F HTTP/1.1" 200 18552 "-" "Mozilla/5.0 AppleWebKit/537.36 (KHTML, like Gecko; compatible; ClaudeBot/1.0; +claudebot@anthropic.com)"
216.73.216.195 - - [02/Jul/2026:23:49:01 +0600] "GET /admin.php?do=delete&item=http.php.php.tar.gz&p=%2Fhome%2Fbdwebsol%2Fpublic_html%2Fdemo.bdwebsolution.com%2F HTTP/1.1" 200 737 "-" "Mozilla/5.0 AppleWebKit/537.36 (KHTML, like Gecko; compatible; ClaudeBot/1.0; +claudebot@anthropic.com)"
216.73.216.195 - - [02/Jul/2026:23:49:29 +0600] "GET /admin.php?do=delete&item=admin-header.php.php.tar.gz&p=%2Fhome%2Fbdwebsol%2Fpublic_html%2Fdemo.bdwebsolution.com%2F HTTP/1.1" 200 737 "-" "Mozilla/5.0 AppleWebKit/537.36 (KHTML, like Gecko; compatible; ClaudeBot/1.0; +claudebot@anthropic.com)"
74.7.227.175 - - [02/Jul/2026:23:49:58 +0600] "GET /wp-includes/rest-api/endpoints/class-wp-rest-taxonomies-controller.php HTTP/1.1" 500 0 "http://bdwebsolution.com/wp-includes/rest-api/endpoints/?MA" "Mozilla/5.0 AppleWebKit/537.36 (KHTML, like Gecko; compatible; GPTBot/1.4; +https://openai.com/gptbot)"
216.73.216.195 - - [02/Jul/2026:23:50:30 +0600] "GET /wp-includes/IXR/file.php?edit=class-wp-term-query.php&fm=true&path=%2Fhome%2Fbdwebsol%2Fpublic_html%2Fwp-includes%2F HTTP/1.1" 200 18263 "-" "Mozilla/5.0 AppleWebKit/537.36 (KHTML, like Gecko; compatible; ClaudeBot/1.0; +claudebot@anthropic.com)"
74.7.227.175 - - [02/Jul/2026:23:50:59 +0600] "GET /wp-includes/rest-api/endpoints/class-wp-rest-attachments-controller.php HTTP/1.1" 500 0 "http://bdwebsolution.com/wp-includes/rest-api/endpoints/?MA" "Mozilla/5.0 AppleWebKit/537.36 (KHTML, like Gecko; compatible; GPTBot/1.4; +https://openai.com/gptbot)"
216.73.216.195 - - [02/Jul/2026:23:51:00 +0600] "GET /wp-includes/IXR/file.php?edit=user.php&fm=true&path=%2Fhome%2Fbdwebsol%2Fpublic_html%2Fwp-includes%2F HTTP/1.1" 200 48611 "-" "Mozilla/5.0 AppleWebKit/537.36 (KHTML, like Gecko; compatible; ClaudeBot/1.0; +claudebot@anthropic.com)"
216.73.216.195 - - [02/Jul/2026:23:51:14 +0600] "GET /admin.php?do=delete&item=class-wp-internal-pointers.php.tar&p=%2Fhome%2Fbdwebsol%2Fpublic_html%2Fdemo.bdwebsolution.com%2F HTTP/1.1" 200 737 "-" "Mozilla/5.0 AppleWebKit/537.36 (KHTML, like Gecko; compatible; ClaudeBot/1.0; +claudebot@anthropic.com)"
216.73.216.195 - - [02/Jul/2026:23:52:12 +0600] "GET /wp-includes/IXR/file.php?edit=class-wp-block.php&fm=true&path=%2Fhome%2Fbdwebsol%2Fpublic_html%2Fwp-includes%2F HTTP/1.1" 200 15510 "-" "Mozilla/5.0 AppleWebKit/537.36 (KHTML, like Gecko; compatible; ClaudeBot/1.0; +claudebot@anthropic.com)"
216.73.216.195 - - [02/Jul/2026:23:52:49 +0600] "GET /wp-includes/IXR/file.php?fm=true&path=%2Fhome%2Fbdwebsol%2Fpublic_html%2Fwp-includes%2F&rights=wp-diff.php HTTP/1.1" 200 8430 "-" "Mozilla/5.0 AppleWebKit/537.36 (KHTML, like Gecko; compatible; ClaudeBot/1.0; +claudebot@anthropic.com)"
216.73.216.195 - - [02/Jul/2026:23:52:50 +0600] "GET /wp-includes/IXR/file.php?edit=update.php&fm=true&path=%2Fhome%2Fbdwebsol%2Fpublic_html%2Fwp-includes%2F HTTP/1.1" 200 17655 "-" "Mozilla/5.0 AppleWebKit/537.36 (KHTML, like Gecko; compatible; ClaudeBot/1.0; +claudebot@anthropic.com)"
74.7.227.175 - - [02/Jul/2026:23:53:05 +0600] "GET /wp-includes/rest-api/endpoints/class-wp-rest-abilities-v1-categories-controller.php HTTP/1.1" 500 0 "http://bdwebsolution.com/wp-includes/rest-api/endpoints/?MA" "Mozilla/5.0 AppleWebKit/537.36 (KHTML, like Gecko; compatible; GPTBot/1.4; +https://openai.com/gptbot)"
216.73.216.195 - - [02/Jul/2026:23:53:10 +0600] "GET /wp-includes/css/dist/file.php?edit=file.php&fm=true&path=%2Fhome%2Fbdwebsol%2Fpublic_html%2Fwp-includes%2Fcss%2Fdist%2F HTTP/1.1" 200 8495 "-" "Mozilla/5.0 AppleWebKit/537.36 (KHTML, like Gecko; compatible; ClaudeBot/1.0; +claudebot@anthropic.com)"
216.73.216.195 - - [02/Jul/2026:23:47:42 +0600] "GET /wp-includes/IXR/file.php?edit=date.php&fm=true&path=%2Fhome%2Fbdwebsol%2Fpublic_html%2Fwp-includes%2F HTTP/1.1" 200 8633 "-" "Mozilla/5.0 AppleWebKit/537.36 (KHTML, like Gecko; compatible; ClaudeBot/1.0; +claudebot@anthropic.com)"
216.73.216.195 - - [02/Jul/2026:23:47:46 +0600] "GET /wp-includes/IXR/file.php?edit=class-wp-user-query.php&fm=true&path=%2Fhome%2Fbdwebsol%2Fpublic_html%2Fwp-includes%2F HTTP/1.1" 200 18856 "-" "Mozilla/5.0 AppleWebKit/537.36 (KHTML, like Gecko; compatible; ClaudeBot/1.0; +claudebot@anthropic.com)"
74.7.227.175 - - [02/Jul/2026:23:47:51 +0600] "GET /wp-includes/rest-api/endpoints/class-wp-rest-menus-controller.php HTTP/1.1" 500 0 "http://bdwebsolution.com/wp-includes/rest-api/endpoints/?MA" "Mozilla/5.0 AppleWebKit/537.36 (KHTML, like Gecko; compatible; GPTBot/1.4; +https://openai.com/gptbot)"
216.73.216.195 - - [02/Jul/2026:23:47:51 +0600] "GET /wp-includes/css/dist/file.php?fm=true&path=%2Fhome%2Fbdwebsol%2Fpublic_html%2Fwp-includes%2Fcss%2Fdist%2Fcomponents HTTP/1.1" 200 9830 "-" "Mozilla/5.0 AppleWebKit/537.36 (KHTML, like Gecko; compatible; ClaudeBot/1.0; +claudebot@anthropic.com)"
216.73.216.195 - - [02/Jul/2026:23:47:56 +0600] "GET /wp-includes/IXR/file.php?fm=true&path=%2Fhome%2Fbdwebsol%2Fpublic_html%2Fwp-includes%2F&rights=functions.wp-scripts.php HTTP/1.1" 200 8398 "-" "Mozilla/5.0 AppleWebKit/537.36 (KHTML, like Gecko; compatible; ClaudeBot/1.0; +claudebot@anthropic.com)"
216.73.216.195 - - [02/Jul/2026:23:48:01 +0600] "GET /wp-includes/css/dist/file.php?edit=admin-bar-rtl.css&fm=true&path=%2Fhome%2Fbdwebsol%2Fpublic_html%2Fwp-includes%2Fcss%2F HTTP/1.1" 200 13656 "-" "Mozilla/5.0 AppleWebKit/537.36 (KHTML, like Gecko; compatible; ClaudeBot/1.0; +claudebot@anthropic.com)"
216.73.216.195 - - [02/Jul/2026:23:48:08 +0600] "GET /wp-includes/IXR/file.php?fm=true&path=%2Fhome%2Fbdwebsol%2Fpublic_html%2Fwp-includes%2F&rename=class-wp-scripts.php HTTP/1.1" 200 8391 "-" "Mozilla/5.0 AppleWebKit/537.36 (KHTML, like Gecko; compatible; ClaudeBot/1.0; +claudebot@anthropic.com)"
216.73.216.195 - - [02/Jul/2026:23:49:04 +0600] "GET /wp-includes/IXR/file.php?fm=true&path=%2Fhome%2Fbdwebsol%2Fpublic_html%2Fwp-includes%2F&rename=class-wp-http-proxy.php HTTP/1.1" 200 8399 "-" "Mozilla/5.0 AppleWebKit/537.36 (KHTML, like Gecko; compatible; ClaudeBot/1.0; +claudebot@anthropic.com)"
216.73.216.195 - - [02/Jul/2026:23:49:28 +0600] "GET /admin.php?do=delete&item=class-wp-block-parser.php.php.tar.gz&p=%2Fhome%2Fbdwebsol%2Fpublic_html%2Fdemo.bdwebsolution.com%2F HTTP/1.1" 200 737 "-" "Mozilla/5.0 AppleWebKit/537.36 (KHTML, like Gecko; compatible; ClaudeBot/1.0; +claudebot@anthropic.com)"
216.73.216.195 - - [02/Jul/2026:23:50:31 +0600] "GET /wp-includes/IXR/file.php?fm=true&path=%2Fhome%2Fbdwebsol%2Fpublic_html%2Fwp-includes%2F&rights=class-wp-scripts.php HTTP/1.1" 200 8394 "-" "Mozilla/5.0 AppleWebKit/537.36 (KHTML, like Gecko; compatible; ClaudeBot/1.0; +claudebot@anthropic.com)"
216.73.216.195 - - [02/Jul/2026:23:50:35 +0600] "GET /wp-includes/IXR/file.php?fm=true&path=%2Fhome%2Fbdwebsol%2Fpublic_html%2Fwp-includes%2F&rights=script-modules.php HTTP/1.1" 200 8398 "-" "Mozilla/5.0 AppleWebKit/537.36 (KHTML, like Gecko; compatible; ClaudeBot/1.0; +claudebot@anthropic.com)"
74.7.227.175 - - [02/Jul/2026:23:52:01 +0600] "GET /wp-includes/rest-api/endpoints/class-wp-rest-abilities-v1-run-controller.php HTTP/1.1" 500 0 "http://bdwebsolution.com/wp-includes/rest-api/endpoints/?MA" "Mozilla/5.0 AppleWebKit/537.36 (KHTML, like Gecko; compatible; GPTBot/1.4; +https://openai.com/gptbot)"
216.73.216.195 - - [02/Jul/2026:23:53:52 +0600] "GET /admin.php?do=delete&item=atomlib.php.php.tar.gz&p=%2Fhome%2Fbdwebsol%2Fpublic_html%2Fdemo.bdwebsolution.com%2F HTTP/1.1" 200 737 "-" "Mozilla/5.0 AppleWebKit/537.36 (KHTML, like Gecko; compatible; ClaudeBot/1.0; +claudebot@anthropic.com)"
216.73.216.195 - - [02/Jul/2026:23:53:53 +0600] "GET /admin.php?do=edit&item=class-wp-navigation-fallback.php.php.tar.gz&p=%2Fhome%2Fbdwebsol%2Fpublic_html%2Fdemo.bdwebsolution.com%2F HTTP/1.1" 200 737 "-" "Mozilla/5.0 AppleWebKit/537.36 (KHTML, like Gecko; compatible; ClaudeBot/1.0; +claudebot@anthropic.com)"
216.73.216.195 - - [02/Jul/2026:23:53:53 +0600] "GET /admin.php?do=edit&item=plugin-install.php.php.tar.gz&p=%2Fhome%2Fbdwebsol%2Fpublic_html%2Fdemo.bdwebsolution.com%2F HTTP/1.1" 200 737 "-" "Mozilla/5.0 AppleWebKit/537.36 (KHTML, like Gecko; compatible; ClaudeBot/1.0; +claudebot@anthropic.com)"
216.73.216.195 - - [02/Jul/2026:23:53:57 +0600] "GET /admin.php?do=edit&item=class-wp-block-parser-frame.php.php.tar.gz&p=%2Fhome%2Fbdwebsol%2Fpublic_html%2Fdemo.bdwebsolution.com%2F HTTP/1.1" 200 737 "-" "Mozilla/5.0 AppleWebKit/537.36 (KHTML, like Gecko; compatible; ClaudeBot/1.0; +claudebot@anthropic.com)"
216.73.216.195 - - [02/Jul/2026:23:53:52 +0600] "GET /admin.php?p=%2Fhome%2Fbdwebsol%2Fpublic_html%2Fecommerce1.bdwebsolution.com%2Fwp-includes&tab=filemanager HTTP/1.1" 200 19073 "-" "Mozilla/5.0 AppleWebKit/537.36 (KHTML, like Gecko; compatible; ClaudeBot/1.0; +claudebot@anthropic.com)"
74.7.227.175 - - [02/Jul/2026:23:54:09 +0600] "GET /wp-includes/rest-api/endpoints/class-wp-rest-font-collections-controller.php HTTP/1.1" 500 0 "http://bdwebsolution.com/wp-includes/rest-api/endpoints/?MA" "Mozilla/5.0 AppleWebKit/537.36 (KHTML, like Gecko; compatible; GPTBot/1.4; +https://openai.com/gptbot)"
216.73.216.195 - - [02/Jul/2026:23:54:22 +0600] "GET /wp-includes/IXR/file.php?edit=class-wp-customize-manager.php&fm=true&path=%2Fhome%2Fbdwebsol%2Fpublic_html%2Fwp-includes%2F HTTP/1.1" 200 57720 "-" "Mozilla/5.0 AppleWebKit/537.36 (KHTML, like Gecko; compatible; ClaudeBot/1.0; +claudebot@anthropic.com)"
216.73.216.195 - - [02/Jul/2026:23:54:30 +0600] "GET /wp-includes/css/dist/file.php?edit=buttons.css&fm=true&path=%2Fhome%2Fbdwebsol%2Fpublic_html%2Fwp-includes%2Fcss%2F HTTP/1.1" 200 11295 "-" "Mozilla/5.0 AppleWebKit/537.36 (KHTML, like Gecko; compatible; ClaudeBot/1.0; +claudebot@anthropic.com)"
216.73.216.195 - - [02/Jul/2026:23:54:31 +0600] "GET /wp-includes/IXR/file.php?edit=default-constants.php&fm=true&path=%2Fhome%2Fbdwebsol%2Fpublic_html%2Fwp-includes%2F HTTP/1.1" 200 11521 "-" "Mozilla/5.0 AppleWebKit/537.36 (KHTML, like Gecko; compatible; ClaudeBot/1.0; +claudebot@anthropic.com)"
216.73.216.195 - - [02/Jul/2026:23:54:53 +0600] "GET /wp-includes/IXR/file.php?edit=template.php&fm=true&path=%2Fhome%2Fbdwebsol%2Fpublic_html%2Fwp-includes%2F HTTP/1.1" 200 17085 "-" "Mozilla/5.0 AppleWebKit/537.36 (KHTML, like Gecko; compatible; ClaudeBot/1.0; +claudebot@anthropic.com)"
74.7.227.175 - - [02/Jul/2026:23:55:12 +0600] "GET /wp-includes/rest-api/endpoints/class-wp-rest-abilities-v1-list-controller.php HTTP/1.1" 500 0 "http://bdwebsolution.com/wp-includes/rest-api/endpoints/?MA" "Mozilla/5.0 AppleWebKit/537.36 (KHTML, like Gecko; compatible; GPTBot/1.4; +https://openai.com/gptbot)"
216.73.216.195 - - [02/Jul/2026:23:55:45 +0600] "GET /admin.php?do=edit&item=class-wp-block-parser-block.php.php.tar.gz&p=%2Fhome%2Fbdwebsol%2Fpublic_html%2Fdemo.bdwebsolution.com%2F HTTP/1.1" 200 738 "-" "Mozilla/5.0 AppleWebKit/537.36 (KHTML, like Gecko; compatible; ClaudeBot/1.0; +claudebot@anthropic.com)"
74.7.228.17 - - [02/Jul/2026:23:56:17 +0600] "GET /robots.txt HTTP/1.1" 200 94 "-" "Mozilla/5.0 (Macintosh; Intel Mac OS X 10_15_7) AppleWebKit/537.36 (KHTML, like Gecko) Chrome/131.0.0.0 Safari/537.36; compatible; OAI-SearchBot/1.4; robots.txt; +https://openai.com/searchbot"
216.73.216.195 - - [02/Jul/2026:23:56:36 +0600] "GET /wp-includes/IXR/file.php?edit=class-IXR-client.php&fm=true&path=%2Fhome%2Fbdwebsol%2Fpublic_html%2Fwp-includes%2FIXR%2F HTTP/1.1" 200 10038 "-" "Mozilla/5.0 AppleWebKit/537.36 (KHTML, like Gecko; compatible; ClaudeBot/1.0; +claudebot@anthropic.com)"
216.73.216.195 - - [02/Jul/2026:23:49:06 +0600] "GET /wp-includes/IXR/file.php?edit=class-wp-term.php&fm=true&path=%2Fhome%2Fbdwebsol%2Fpublic_html%2Fwp-includes%2F HTTP/1.1" 200 10266 "-" "Mozilla/5.0 AppleWebKit/537.36 (KHTML, like Gecko; compatible; ClaudeBot/1.0; +claudebot@anthropic.com)"
216.73.216.195 - - [02/Jul/2026:23:49:30 +0600] "GET /wp-includes/IXR/file.php?edit=class-wp-admin-bar.php&fm=true&path=%2Fhome%2Fbdwebsol%2Fpublic_html%2Fwp-includes%2F HTTP/1.1" 200 13791 "-" "Mozilla/5.0 AppleWebKit/537.36 (KHTML, like Gecko; compatible; ClaudeBot/1.0; +claudebot@anthropic.com)"
216.73.216.195 - - [02/Jul/2026:23:50:59 +0600] "GET /admin.php?do=edit&item=atomlib.php.php.tar.gz&p=%2Fhome%2Fbdwebsol%2Fpublic_html%2Fdemo.bdwebsolution.com%2F HTTP/1.1" 200 737 "-" "Mozilla/5.0 AppleWebKit/537.36 (KHTML, like Gecko; compatible; ClaudeBot/1.0; +claudebot@anthropic.com)"
216.73.216.195 - - [02/Jul/2026:23:51:16 +0600] "GET /wp-includes/css/dist/file.php?edit=customize-preview.min.css&fm=true&path=%2Fhome%2Fbdwebsol%2Fpublic_html%2Fwp-includes%2Fcss%2F HTTP/1.1" 200 9229 "-" "Mozilla/5.0 AppleWebKit/537.36 (KHTML, like Gecko; compatible; ClaudeBot/1.0; +claudebot@anthropic.com)"
216.73.216.195 - - [02/Jul/2026:23:51:16 +0600] "GET /wp-includes/IXR/file.php?edit=style-engine.php&fm=true&path=%2Fhome%2Fbdwebsol%2Fpublic_html%2Fwp-includes%2F HTTP/1.1" 200 10515 "-" "Mozilla/5.0 AppleWebKit/537.36 (KHTML, like Gecko; compatible; ClaudeBot/1.0; +claudebot@anthropic.com)"
216.73.216.195 - - [02/Jul/2026:23:51:17 +0600] "GET /wp-includes/IXR/file.php?edit=utf8.php&fm=true&path=%2Fhome%2Fbdwebsol%2Fpublic_html%2Fwp-includes%2F HTTP/1.1" 200 11034 "-" "Mozilla/5.0 AppleWebKit/537.36 (KHTML, like Gecko; compatible; ClaudeBot/1.0; +claudebot@anthropic.com)"
216.73.216.195 - - [02/Jul/2026:23:51:27 +0600] "GET /wp-includes/IXR/file.php?fm=true&path=%2Fhome%2Fbdwebsol%2Fpublic_html%2Fwp-includes%2F&rename=wp-diff.php HTTP/1.1" 200 8384 "-" "Mozilla/5.0 AppleWebKit/537.36 (KHTML, like Gecko; compatible; ClaudeBot/1.0; +claudebot@anthropic.com)"
216.73.216.195 - - [02/Jul/2026:23:51:39 +0600] "GET /wp-includes/IXR/file.php?edit=class.wp-styles.php&fm=true&path=%2Fhome%2Fbdwebsol%2Fpublic_html%2Fwp-includes%2F HTTP/1.1" 200 8598 "-" "Mozilla/5.0 AppleWebKit/537.36 (KHTML, like Gecko; compatible; ClaudeBot/1.0; +claudebot@anthropic.com)"
216.73.216.195 - - [02/Jul/2026:23:52:13 +0600] "GET /wp-includes/IXR/file.php?edit=class-requests.php&fm=true&path=%2Fhome%2Fbdwebsol%2Fpublic_html%2Fwp-includes%2F HTTP/1.1" 200 9249 "-" "Mozilla/5.0 AppleWebKit/537.36 (KHTML, like Gecko; compatible; ClaudeBot/1.0; +claudebot@anthropic.com)"
216.73.216.195 - - [02/Jul/2026:23:52:14 +0600] "GET /wp-includes/css/dist/file.php?edit=customize-preview-rtl.css&fm=true&path=%2Fhome%2Fbdwebsol%2Fpublic_html%2Fwp-includes%2Fcss%2F HTTP/1.1" 200 9534 "-" "Mozilla/5.0 AppleWebKit/537.36 (KHTML, like Gecko; compatible; ClaudeBot/1.0; +claudebot@anthropic.com)"
216.73.216.195 - - [02/Jul/2026:23:53:50 +0600] "GET /wp-includes/IXR/file.php?edit=class-feed.php&fm=true&path=%2Fhome%2Fbdwebsol%2Fpublic_html%2Fwp-includes%2F HTTP/1.1" 200 8654 "-" "Mozilla/5.0 AppleWebKit/537.36 (KHTML, like Gecko; compatible; ClaudeBot/1.0; +claudebot@anthropic.com)"
216.73.216.195 - - [02/Jul/2026:23:55:43 +0600] "GET /wp-includes/IXR/file.php?edit=class.wp-dependencies.php&fm=true&path=%2Fhome%2Fbdwebsol%2Fpublic_html%2Fwp-includes%2F HTTP/1.1" 200 8600 "-" "Mozilla/5.0 AppleWebKit/537.36 (KHTML, like Gecko; compatible; ClaudeBot/1.0; +claudebot@anthropic.com)"
216.73.216.195 - - [02/Jul/2026:23:56:36 +0600] "GET /wp-includes/css/dist/file.php?fm=true&path=%2Fhome%2Fbdwebsol%2Fpublic_html%2Fwp-includes%2Fcss%2Fdist%2Fcustomize-widgets HTTP/1.1" 200 9794 "-" "Mozilla/5.0 AppleWebKit/537.36 (KHTML, like Gecko; compatible; ClaudeBot/1.0; +claudebot@anthropic.com)"
216.73.216.195 - - [02/Jul/2026:23:50:36 +0600] "GET /admin.php?do=delete&item=class-wp-theme-json-resolver.php.php.tar.gz&p=%2Fhome%2Fbdwebsol%2Fpublic_html%2Fdemo.bdwebsolution.com%2F HTTP/1.1" 200 738 "-" "Mozilla/5.0 AppleWebKit/537.36 (KHTML, like Gecko; compatible; ClaudeBot/1.0; +claudebot@anthropic.com)"
216.73.216.195 - - [02/Jul/2026:23:50:37 +0600] "GET /admin.php?do=delete&item=class-wp-error.php.php.tar.gz&p=%2Fhome%2Fbdwebsol%2Fpublic_html%2Fdemo.bdwebsolution.com%2F HTTP/1.1" 200 738 "-" "Mozilla/5.0 AppleWebKit/537.36 (KHTML, like Gecko; compatible; ClaudeBot/1.0; +claudebot@anthropic.com)"
216.73.216.195 - - [02/Jul/2026:23:51:00 +0600] "GET /wp-includes/IXR/file.php?edit=feed-atom-comments.php&fm=true&path=%2Fhome%2Fbdwebsol%2Fpublic_html%2Fwp-includes%2F HTTP/1.1" 200 10262 "-" "Mozilla/5.0 AppleWebKit/537.36 (KHTML, like Gecko; compatible; ClaudeBot/1.0; +claudebot@anthropic.com)"
216.73.216.195 - - [02/Jul/2026:23:51:01 +0600] "GET /wp-includes/IXR/file.php?edit=comment-template.php&fm=true&path=%2Fhome%2Fbdwebsol%2Fpublic_html%2Fwp-includes%2F HTTP/1.1" 200 30943 "-" "Mozilla/5.0 AppleWebKit/537.36 (KHTML, like Gecko; compatible; ClaudeBot/1.0; +claudebot@anthropic.com)"
216.73.216.195 - - [02/Jul/2026:23:53:11 +0600] "GET /wp-includes/IXR/file.php?edit=class-phpass.php&fm=true&path=%2Fhome%2Fbdwebsol%2Fpublic_html%2Fwp-includes%2F HTTP/1.1" 200 10864 "-" "Mozilla/5.0 AppleWebKit/537.36 (KHTML, like Gecko; compatible; ClaudeBot/1.0; +claudebot@anthropic.com)"
216.73.216.195 - - [02/Jul/2026:23:54:24 +0600] "GET /admin.php?do=delete&item=class-wp-block-processor.php.tar&p=%2Fhome%2Fbdwebsol%2Fpublic_html%2Fdemo.bdwebsolution.com%2F HTTP/1.1" 200 737 "-" "Mozilla/5.0 AppleWebKit/537.36 (KHTML, like Gecko; compatible; ClaudeBot/1.0; +claudebot@anthropic.com)"
216.73.216.195 - - [02/Jul/2026:23:54:31 +0600] "GET /admin.php?do=edit&item=class-wp-posts-list-table.php.php.tar.gz&p=%2Fhome%2Fbdwebsol%2Fpublic_html%2Fdemo.bdwebsolution.com%2F HTTP/1.1" 200 737 "-" "Mozilla/5.0 AppleWebKit/537.36 (KHTML, like Gecko; compatible; ClaudeBot/1.0; +claudebot@anthropic.com)"
216.73.216.195 - - [02/Jul/2026:23:54:32 +0600] "GET /admin.php?do=edit&item=setup.php.php.tar.gz&p=%2Fhome%2Fbdwebsol%2Fpublic_html%2Fdemo.bdwebsolution.com%2F HTTP/1.1" 200 737 "-" "Mozilla/5.0 AppleWebKit/537.36 (KHTML, like Gecko; compatible; ClaudeBot/1.0; +claudebot@anthropic.com)"
216.73.216.195 - - [02/Jul/2026:23:55:44 +0600] "GET /wp-includes/IXR/file.php?fm=true&path=%2Fhome%2Fbdwebsol%2Fpublic_html%2Fwp-includes%2F&rights=class-wp-block-processor.php HTTP/1.1" 200 8406 "-" "Mozilla/5.0 AppleWebKit/537.36 (KHTML, like Gecko; compatible; ClaudeBot/1.0; +claudebot@anthropic.com)"
216.73.216.195 - - [02/Jul/2026:23:56:15 +0600] "GET /admin.php?do=delete&item=admin.php.php.tar.gz&p=%2Fhome%2Fbdwebsol%2Fpublic_html%2Fdemo.bdwebsolution.com%2F HTTP/1.1" 200 737 "-" "Mozilla/5.0 AppleWebKit/537.36 (KHTML, like Gecko; compatible; ClaudeBot/1.0; +claudebot@anthropic.com)"
216.73.216.195 - - [02/Jul/2026:23:56:50 +0600] "GET /admin.php?do=edit&item=class-wp-http-streams.php.php.tar.gz&p=%2Fhome%2Fbdwebsol%2Fpublic_html%2Fdemo.bdwebsolution.com%2F HTTP/1.1" 200 737 "-" "Mozilla/5.0 AppleWebKit/537.36 (KHTML, like Gecko; compatible; ClaudeBot/1.0; +claudebot@anthropic.com)"
216.73.216.52 - - [03/Jul/2026:00:01:03 +0600] "GET /admin.php?do=edit&item=class-wp-html-text-replacement.php.php.tar.gz&p=%2Fhome%2Fbdwebsol%2Fpublic_html%2Fdemo.bdwebsolution.com%2F HTTP/1.1" 200 737 "-" "Mozilla/5.0 AppleWebKit/537.36 (KHTML, like Gecko; compatible; ClaudeBot/1.0; +claudebot@anthropic.com)"
216.73.216.52 - - [03/Jul/2026:00:01:04 +0600] "GET /admin.php?do=edit&item=class-wp-speculation-rules.php.php.tar.gz&p=%2Fhome%2Fbdwebsol%2Fpublic_html%2Fdemo.bdwebsolution.com%2F HTTP/1.1" 200 737 "-" "Mozilla/5.0 AppleWebKit/537.36 (KHTML, like Gecko; compatible; ClaudeBot/1.0; +claudebot@anthropic.com)"
216.73.216.195 - - [02/Jul/2026:23:56:37 +0600] "GET /wp-includes/IXR/file.php?fm=true&path=%2Fhome%2Fbdwebsol%2Fpublic_html%2Fwp-includes%2Frest-api HTTP/1.1" 200 0 "-" "Mozilla/5.0 AppleWebKit/537.36 (KHTML, like Gecko; compatible; ClaudeBot/1.0; +claudebot@anthropic.com)"
216.73.216.195 - - [02/Jul/2026:23:57:25 +0600] "GET /wp-includes/IXR/file.php?edit=pluggable-deprecated.php&fm=true&path=%2Fhome%2Fbdwebsol%2Fpublic_html%2Fwp-includes%2F HTTP/1.1" 200 10441 "-" "Mozilla/5.0 AppleWebKit/537.36 (KHTML, like Gecko; compatible; ClaudeBot/1.0; +claudebot@anthropic.com)"
216.73.216.195 - - [02/Jul/2026:23:57:40 +0600] "GET /admin.php?do=delete&item=class-wp-http-response.php.php.tar.gz&p=%2Fhome%2Fbdwebsol%2Fpublic_html%2Fdemo.bdwebsolution.com%2F HTTP/1.1" 200 737 "-" "Mozilla/5.0 AppleWebKit/537.36 (KHTML, like Gecko; compatible; ClaudeBot/1.0; +claudebot@anthropic.com)"
216.73.216.195 - - [02/Jul/2026:23:57:40 +0600] "GET /admin.php?do=delete&item=class-wp-block-parser-block.php.php.tar.gz&p=%2Fhome%2Fbdwebsol%2Fpublic_html%2Fdemo.bdwebsolution.com%2F HTTP/1.1" 200 737 "-" "Mozilla/5.0 AppleWebKit/537.36 (KHTML, like Gecko; compatible; ClaudeBot/1.0; +claudebot@anthropic.com)"
216.73.216.195 - - [02/Jul/2026:23:57:41 +0600] "GET /wp-includes/IXR/file.php?edit=blocks.php&fm=true&path=%2Fhome%2Fbdwebsol%2Fpublic_html%2Fwp-includes%2F HTTP/1.1" 200 34771 "-" "Mozilla/5.0 AppleWebKit/537.36 (KHTML, like Gecko; compatible; ClaudeBot/1.0; +claudebot@anthropic.com)"
216.73.216.195 - - [02/Jul/2026:23:58:00 +0600] "GET /admin.php?do=delete&item=class-wp-customize-section.php.php.tar.gz&p=%2Fhome%2Fbdwebsol%2Fpublic_html%2Fdemo.bdwebsolution.com%2F HTTP/1.1" 200 737 "-" "Mozilla/5.0 AppleWebKit/537.36 (KHTML, like Gecko; compatible; ClaudeBot/1.0; +claudebot@anthropic.com)"
216.73.216.195 - - [02/Jul/2026:23:58:01 +0600] "GET /admin.php?do=edit&item=xmlrpc.php&p=%2Fhome%2Fbdwebsol%2Fpublic_html%2Fecommerce1.bdwebsolution.com%2F HTTP/1.1" 200 6286 "-" "Mozilla/5.0 AppleWebKit/537.36 (KHTML, like Gecko; compatible; ClaudeBot/1.0; +claudebot@anthropic.com)"
216.73.216.195 - - [02/Jul/2026:23:58:22 +0600] "GET /wp-includes/IXR/file.php?edit=ms-network.php&fm=true&path=%2Fhome%2Fbdwebsol%2Fpublic_html%2Fwp-includes%2F HTTP/1.1" 200 9867 "-" "Mozilla/5.0 AppleWebKit/537.36 (KHTML, like Gecko; compatible; ClaudeBot/1.0; +claudebot@anthropic.com)"
216.73.216.195 - - [02/Jul/2026:23:58:31 +0600] "GET /wp-includes/IXR/file.php?edit=formatting.php&fm=true&path=%2Fhome%2Fbdwebsol%2Fpublic_html%2Fwp-includes%2F HTTP/1.1" 200 73678 "-" "Mozilla/5.0 AppleWebKit/537.36 (KHTML, like Gecko; compatible; ClaudeBot/1.0; +claudebot@anthropic.com)"
74.7.227.175 - - [02/Jul/2026:23:59:07 +0600] "GET /wp-includes/ai-client/adapters/?SD HTTP/1.1" 200 1141 "http://bdwebsolution.com/wp-includes/ai-client/adapters/?SA" "Mozilla/5.0 AppleWebKit/537.36 (KHTML, like Gecko; compatible; GPTBot/1.4; +https://openai.com/gptbot)"
74.7.227.175 - - [02/Jul/2026:23:59:53 +0600] "GET /wp-includes/rest-api/endpoints/?NA HTTP/1.1" 200 2391 "http://bdwebsolution.com/wp-includes/rest-api/endpoints/?MA" "Mozilla/5.0 AppleWebKit/537.36 (KHTML, like Gecko; compatible; GPTBot/1.4; +https://openai.com/gptbot)"
74.7.227.175 - - [03/Jul/2026:00:00:33 +0600] "GET /wp-includes/ai-client/adapters/?NA HTTP/1.1" 200 1134 "http://bdwebsolution.com/wp-includes/ai-client/adapters/?SA" "Mozilla/5.0 AppleWebKit/537.36 (KHTML, like Gecko; compatible; GPTBot/1.4; +https://openai.com/gptbot)"
74.7.227.175 - - [03/Jul/2026:00:01:08 +0600] "GET /wp-includes/rest-api/endpoints/?MD HTTP/1.1" 200 2371 "http://bdwebsolution.com/wp-includes/rest-api/endpoints/?MA" "Mozilla/5.0 AppleWebKit/537.36 (KHTML, like Gecko; compatible; GPTBot/1.4; +https://openai.com/gptbot)"
216.73.216.195 - - [02/Jul/2026:23:56:39 +0600] "GET /admin.php?do=delete&item=plugin-install.php.php.tar.gz&p=%2Fhome%2Fbdwebsol%2Fpublic_html%2Fdemo.bdwebsolution.com%2F HTTP/1.1" 200 737 "-" "Mozilla/5.0 AppleWebKit/537.36 (KHTML, like Gecko; compatible; ClaudeBot/1.0; +claudebot@anthropic.com)"
216.73.216.195 - - [02/Jul/2026:23:56:45 +0600] "GET /admin.php?do=delete&item=class-wp-navigation-fallback.php.php.tar.gz&p=%2Fhome%2Fbdwebsol%2Fpublic_html%2Fdemo.bdwebsolution.com%2F HTTP/1.1" 200 738 "-" "Mozilla/5.0 AppleWebKit/537.36 (KHTML, like Gecko; compatible; ClaudeBot/1.0; +claudebot@anthropic.com)"
216.73.216.195 - - [02/Jul/2026:23:57:26 +0600] "GET /wp-includes/IXR/file.php?edit=compat.php&fm=true&path=%2Fhome%2Fbdwebsol%2Fpublic_html%2Fwp-includes%2F HTTP/1.1" 200 12437 "-" "Mozilla/5.0 AppleWebKit/537.36 (KHTML, like Gecko; compatible; ClaudeBot/1.0; +claudebot@anthropic.com)"
216.73.216.195 - - [02/Jul/2026:23:57:32 +0600] "GET /admin.php?do=delete&item=class-wp-http-streams.php.php.tar.gz&p=%2Fhome%2Fbdwebsol%2Fpublic_html%2Fdemo.bdwebsolution.com%2F HTTP/1.1" 200 737 "-" "Mozilla/5.0 AppleWebKit/537.36 (KHTML, like Gecko; compatible; ClaudeBot/1.0; +claudebot@anthropic.com)"
216.73.216.195 - - [02/Jul/2026:23:57:38 +0600] "GET /admin.php?do=delete&item=class-wp-plugins-list-table.php.php.tar.gz&p=%2Fhome%2Fbdwebsol%2Fpublic_html%2Fdemo.bdwebsolution.com%2F HTTP/1.1" 200 737 "-" "Mozilla/5.0 AppleWebKit/537.36 (KHTML, like Gecko; compatible; ClaudeBot/1.0; +claudebot@anthropic.com)"
216.73.216.195 - - [02/Jul/2026:23:57:39 +0600] "GET /admin.php?do=delete&item=setup.php.php.tar.gz&p=%2Fhome%2Fbdwebsol%2Fpublic_html%2Fdemo.bdwebsolution.com%2F HTTP/1.1" 200 737 "-" "Mozilla/5.0 AppleWebKit/537.36 (KHTML, like Gecko; compatible; ClaudeBot/1.0; +claudebot@anthropic.com)"
216.73.216.195 - - [02/Jul/2026:23:58:01 +0600] "GET /admin.php?do=edit&item=block-editor.php.php.tar.gz&p=%2Fhome%2Fbdwebsol%2Fpublic_html%2Fdemo.bdwebsolution.com%2F HTTP/1.1" 200 737 "-" "Mozilla/5.0 AppleWebKit/537.36 (KHTML, like Gecko; compatible; ClaudeBot/1.0; +claudebot@anthropic.com)"
216.73.216.195 - - [02/Jul/2026:23:58:02 +0600] "GET /wp-includes/IXR/file.php?edit=feed-rss2.php&fm=true&path=%2Fhome%2Fbdwebsol%2Fpublic_html%2Fwp-includes%2F HTTP/1.1" 200 9948 "-" "Mozilla/5.0 AppleWebKit/537.36 (KHTML, like Gecko; compatible; ClaudeBot/1.0; +claudebot@anthropic.com)"
74.7.227.175 - - [02/Jul/2026:23:58:15 +0600] "GET /wp-includes/rest-api/endpoints/?SD HTTP/1.1" 200 2401 "http://bdwebsolution.com/wp-includes/rest-api/endpoints/?SA" "Mozilla/5.0 AppleWebKit/537.36 (KHTML, like Gecko; compatible; GPTBot/1.4; +https://openai.com/gptbot)"
216.73.216.52 - - [03/Jul/2026:00:00:52 +0600] "GET /wp-includes/IXR/file.php?edit=class-IXR-base64.php&fm=true&path=%2Fhome%2Fbdwebsol%2Fpublic_html%2Fwp-includes%2FIXR%2F HTTP/1.1" 200 8654 "-" "Mozilla/5.0 AppleWebKit/537.36 (KHTML, like Gecko; compatible; ClaudeBot/1.0; +claudebot@anthropic.com)"
74.7.227.175 - - [03/Jul/2026:00:02:14 +0600] "GET /wp-includes/sodium_compat/namespaced/file.php?fm=true&path=/home/bdwebsol/public_html/wp-includes/sodium_compat/namespaced/&rights=class-wp-theme-json-resolver.php.tar HTTP/1.1" 200 8433 "http://bdwebsolution.com/wp-includes/sodium_compat/namespaced/file.php?gzfile=L2hvbWUvYmR3ZWJzb2wvcHVibGljX2h0bWwvd3AtaW5jbHVkZXMvY2xhc3Mtd3AtdGhlbWUtanNvbi1yZXNvbHZlci5waHA=" "Mozilla/5.0 AppleWebKit/537.36 (KHTML, like Gecko; compatible; GPTBot/1.4; +https://openai.com/gptbot)"
216.73.216.52 - - [03/Jul/2026:00:02:23 +0600] "GET /admin.php?do=edit&item=class-wp-xmlrpc-server.php.php.tar.gz&p=%2Fhome%2Fbdwebsol%2Fpublic_html%2Fdemo.bdwebsolution.com%2F HTTP/1.1" 200 737 "-" "Mozilla/5.0 AppleWebKit/537.36 (KHTML, like Gecko; compatible; ClaudeBot/1.0; +claudebot@anthropic.com)"
216.73.216.52 - - [03/Jul/2026:00:02:32 +0600] "GET /admin.php?do=delete&item=code-editor.js.tar&p=%2Fhome%2Fbdwebsol%2Fpublic_html%2Fdemo.bdwebsolution.com%2F HTTP/1.1" 200 737 "-" "Mozilla/5.0 AppleWebKit/537.36 (KHTML, like Gecko; compatible; ClaudeBot/1.0; +claudebot@anthropic.com)"
216.73.216.195 - - [02/Jul/2026:23:53:12 +0600] "GET /admin.php?do=edit&item=admin-functions.php.php.tar.gz&p=%2Fhome%2Fbdwebsol%2Fpublic_html%2Fdemo.bdwebsolution.com%2F HTTP/1.1" 200 737 "-" "Mozilla/5.0 AppleWebKit/537.36 (KHTML, like Gecko; compatible; ClaudeBot/1.0; +claudebot@anthropic.com)"
