74.7.227.175 - - [02/Jul/2026:15:39:54 +0600] "GET /wp-admin/js/admin%20copy%201.php?do=delete&item=user-profile.min.js&p=%2Fhome%2Fbdwebsol%2Fpublic_html%2Fwp-admin%2Fjs%2F HTTP/1.1" 503 807 "http://bdwebsolution.com/wp-admin/js/admin%20copy%201.php" "Mozilla/5.0 AppleWebKit/537.36 (KHTML, like Gecko; compatible; GPTBot/1.4; +https://openai.com/gptbot)"
74.7.227.175 - - [02/Jul/2026:15:43:04 +0600] "GET /wp-includes/images/icon-library/file.php?fm=true&path=/home/bdwebsol/public_html/wp-includes/images/icon-library/&rights=tabs-menu-item.svg HTTP/1.1" 503 807 "http://bdwebsolution.com/wp-includes/images/icon-library/file.php" "Mozilla/5.0 AppleWebKit/537.36 (KHTML, like Gecko; compatible; GPTBot/1.4; +https://openai.com/gptbot)"
74.7.227.175 - - [02/Jul/2026:15:44:09 +0600] "GET /wp-includes/widgets/file.php?phpinfo=true HTTP/1.1" 503 807 "http://bdwebsolution.com/wp-includes/widgets/file.php" "Mozilla/5.0 AppleWebKit/537.36 (KHTML, like Gecko; compatible; GPTBot/1.4; +https://openai.com/gptbot)"
74.7.227.175 - - [02/Jul/2026:15:45:10 +0600] "GET /wp-includes/images/smilies/file.gz?img=L2hvbWUvYmR3ZWJzb2wvcHVibGljX2h0bWwvd3AtaW5jbHVkZXMvaW1hZ2VzL3NtaWxpZXMvaWNvbl9uZXV0cmFsLmdpZg== HTTP/1.1" 200 82355 "http://bdwebsolution.com/wp-includes/images/smilies/file.php" "Mozilla/5.0 AppleWebKit/537.36 (KHTML, like Gecko; compatible; GPTBot/1.4; +https://openai.com/gptbot)"
74.7.227.175 - - [02/Jul/2026:15:50:10 +0600] "GET /wp-includes/block-bindings/file.php?fm_settings=true HTTP/1.1" 503 807 "http://bdwebsolution.com/wp-includes/block-bindings/file.php" "Mozilla/5.0 AppleWebKit/537.36 (KHTML, like Gecko; compatible; GPTBot/1.4; +https://openai.com/gptbot)"
74.7.227.175 - - [02/Jul/2026:15:51:46 +0600] "GET /wp-admin/js/file.php?fm=true&path=/home/bdwebsol/public_html/wp-admin/js/&rename=privacy-tools.min.js HTTP/1.1" 503 807 "http://bdwebsolution.com/wp-admin/js/file.php" "Mozilla/5.0 AppleWebKit/537.36 (KHTML, like Gecko; compatible; GPTBot/1.4; +https://openai.com/gptbot)"
74.7.227.175 - - [02/Jul/2026:15:54:46 +0600] "GET /wp-includes/feed-atom.php HTTP/1.1" 503 807 "http://bdwebsolution.com/wp-includes/" "Mozilla/5.0 AppleWebKit/537.36 (KHTML, like Gecko; compatible; GPTBot/1.4; +https://openai.com/gptbot)"
139.28.120.202 - - [02/Jul/2026:15:54:58 +0600] "GET / HTTP/1.1" 503 807 "-" "Mozilla/5.0 (Macintosh; Intel Mac OS X 15_7_7) AppleWebKit/605.1.15 (KHTML, like Gecko) Version/26.0 Safari/605.1.15"
74.7.227.175 - - [02/Jul/2026:15:38:53 +0600] "GET /wp-admin/js/admin%20copy%201.php?do=delete&item=user-profile.js&p=%2Fhome%2Fbdwebsol%2Fpublic_html%2Fwp-admin%2Fjs%2F HTTP/1.1" 503 807 "http://bdwebsolution.com/wp-admin/js/admin%20copy%201.php" "Mozilla/5.0 AppleWebKit/537.36 (KHTML, like Gecko; compatible; GPTBot/1.4; +https://openai.com/gptbot)"
74.7.227.175 - - [02/Jul/2026:15:47:15 +0600] "GET /wp-includes/images/smilies/file.gz?img=L2hvbWUvYmR3ZWJzb2wvcHVibGljX2h0bWwvd3AtaW5jbHVkZXMvaW1hZ2VzL3NtaWxpZXMvaWNvbl9tcmdyZWVuLmdpZg== HTTP/1.1" 200 82355 "http://bdwebsolution.com/wp-includes/images/smilies/file.php" "Mozilla/5.0 AppleWebKit/537.36 (KHTML, like Gecko; compatible; GPTBot/1.4; +https://openai.com/gptbot)"
74.7.227.175 - - [02/Jul/2026:15:49:33 +0600] "GET /wp-includes/images/smilies/file.gz?img=L2hvbWUvYmR3ZWJzb2wvcHVibGljX2h0bWwvd3AtaW5jbHVkZXMvaW1hZ2VzL3NtaWxpZXMvc2ltcGxlLXNtaWxlLnBuZw== HTTP/1.1" 200 82355 "http://bdwebsolution.com/wp-includes/images/smilies/file.php" "Mozilla/5.0 AppleWebKit/537.36 (KHTML, like Gecko; compatible; GPTBot/1.4; +https://openai.com/gptbot)"
74.7.227.175 - - [02/Jul/2026:15:50:46 +0600] "GET /wp-admin/js/file.php?fm=true&path=/home/bdwebsol/public_html/wp-admin/js/&rights=privacy-tools.min.js HTTP/1.1" 503 807 "http://bdwebsolution.com/wp-admin/js/file.php" "Mozilla/5.0 AppleWebKit/537.36 (KHTML, like Gecko; compatible; GPTBot/1.4; +https://openai.com/gptbot)"
74.7.227.175 - - [02/Jul/2026:15:52:50 +0600] "GET /wp-admin/images/file.gz?img=L2hvbWUvYmR3ZWJzb2wvcHVibGljX2h0bWwvd3AtYWRtaW4vaW1hZ2VzL21lZGlhLWJ1dHRvbi1vdGhlci5naWY= HTTP/1.1" 200 82355 "http://bdwebsolution.com/wp-admin/images/file.php" "Mozilla/5.0 AppleWebKit/537.36 (KHTML, like Gecko; compatible; GPTBot/1.4; +https://openai.com/gptbot)"
74.7.227.175 - - [02/Jul/2026:15:59:41 +0600] "GET /wp-includes/widgets/file.php?edit=class-wp-widget-tag-cloud.php&fm=true&path=/home/bdwebsol/public_html/wp-includes/widgets/ HTTP/1.1" 503 807 "http://bdwebsolution.com/wp-includes/widgets/file.php" "Mozilla/5.0 AppleWebKit/537.36 (KHTML, like Gecko; compatible; GPTBot/1.4; +https://openai.com/gptbot)"
74.7.227.175 - - [02/Jul/2026:15:56:36 +0600] "GET /wp-includes/php-ai-client/src/file.php?proxy=true HTTP/1.1" 503 807 "http://bdwebsolution.com/wp-includes/php-ai-client/src/file.php" "Mozilla/5.0 AppleWebKit/537.36 (KHTML, like Gecko; compatible; GPTBot/1.4; +https://openai.com/gptbot)"
74.7.227.175 - - [02/Jul/2026:15:58:40 +0600] "GET /wp-includes/widgets/file.php?fm=true&path=/home/bdwebsol/public_html/wp-includes/widgets/&rights=class-wp-widget-tag-cloud.php HTTP/1.1" 503 807 "http://bdwebsolution.com/wp-includes/widgets/file.php" "Mozilla/5.0 AppleWebKit/537.36 (KHTML, like Gecko; compatible; GPTBot/1.4; +https://openai.com/gptbot)"
162.14.109.170 - - [02/Jul/2026:15:59:39 +0600] "GET / HTTP/1.1" 503 807 "-" "Mozilla/5.0 (iPhone; CPU iPhone OS 13_2_3 like Mac OS X) AppleWebKit/605.1.15 (KHTML, like Gecko) Version/13.0.3 Mobile/15E148 Safari/604.1"
74.7.227.175 - - [02/Jul/2026:15:55:35 +0600] "GET /wp-includes/assets/file.php?phpinfo=true HTTP/1.1" 503 807 "http://bdwebsolution.com/wp-includes/assets/file.php" "Mozilla/5.0 AppleWebKit/537.36 (KHTML, like Gecko; compatible; GPTBot/1.4; +https://openai.com/gptbot)"
198.98.58.78 - - [02/Jul/2026:15:56:35 +0600] "GET / HTTP/1.1" 503 807 "-" "Mozilla/5.0 (Macintosh; Intel Mac OS X 15_7_7) AppleWebKit/605.1.15 (KHTML, like Gecko) Version/26.0 Safari/605.1.15"
74.7.227.175 - - [02/Jul/2026:15:57:39 +0600] "GET /wp-admin/js/file.php?gzfile=L2hvbWUvYmR3ZWJzb2wvcHVibGljX2h0bWwvd3AtYWRtaW4vanMvY29tbW9uLmpz HTTP/1.1" 503 807 "http://bdwebsolution.com/wp-admin/js/file.php" "Mozilla/5.0 AppleWebKit/537.36 (KHTML, like Gecko; compatible; GPTBot/1.4; +https://openai.com/gptbot)"
74.7.227.175 - - [02/Jul/2026:16:01:45 +0600] "GET /wp-includes/images/smilies/file.php?fm=true&path=/home/bdwebsol/public_html/wp-includes/images/smilies/&rights=file.gz HTTP/1.1" 503 807 "http://bdwebsolution.com/wp-includes/images/smilies/file.php" "Mozilla/5.0 AppleWebKit/537.36 (KHTML, like Gecko; compatible; GPTBot/1.4; +https://openai.com/gptbot)"
89.163.146.197 - - [02/Jul/2026:16:06:40 +0600] "GET /wp-login.php HTTP/1.1" 503 807 "https://wordpress.org/" "Mozilla/5.0 (Windows NT 10.0; Win64; x64; rv:120.0) Gecko/20100101 Firefox/120.0"
74.7.227.175 - - [02/Jul/2026:16:08:03 +0600] "GET /wp-includes/images/smilies/file.php?fm=true&path=/home/bdwebsol/public_html/wp-includes/images/smilies/&rename=icon_confused.gif HTTP/1.1" 503 807 "http://bdwebsolution.com/wp-includes/images/smilies/file.php" "Mozilla/5.0 AppleWebKit/537.36 (KHTML, like Gecko; compatible; GPTBot/1.4; +https://openai.com/gptbot)"
74.7.227.175 - - [02/Jul/2026:16:00:43 +0600] "GET /wp-includes/sitemaps/file.php?phpinfo=true HTTP/1.1" 503 807 "http://bdwebsolution.com/wp-includes/sitemaps/file.php" "Mozilla/5.0 AppleWebKit/537.36 (KHTML, like Gecko; compatible; GPTBot/1.4; +https://openai.com/gptbot)"
74.7.227.175 - - [02/Jul/2026:16:03:50 +0600] "GET /wp-admin/js/file.php?edit=user-suggest.min.js&fm=true&path=/home/bdwebsol/public_html/wp-admin/js/ HTTP/1.1" 503 807 "http://bdwebsolution.com/wp-admin/js/file.php" "Mozilla/5.0 AppleWebKit/537.36 (KHTML, like Gecko; compatible; GPTBot/1.4; +https://openai.com/gptbot)"
216.73.216.195 - - [02/Jul/2026:16:04:15 +0600] "GET /wp-includes/js/jquery/ HTTP/1.1" 503 807 "-" "Mozilla/5.0 AppleWebKit/537.36 (KHTML, like Gecko; compatible; ClaudeBot/1.0; +claudebot@anthropic.com)"
74.7.227.175 - - [02/Jul/2026:16:10:05 +0600] "GET /wp-includes/images/smilies/file.php?fm=true&path=/home/bdwebsol/public_html/wp-includes/images/smilies/&rights=icon_confused.gif HTTP/1.1" 503 807 "http://bdwebsolution.com/wp-includes/images/smilies/file.php" "Mozilla/5.0 AppleWebKit/537.36 (KHTML, like Gecko; compatible; GPTBot/1.4; +https://openai.com/gptbot)"
74.7.227.175 - - [02/Jul/2026:16:11:05 +0600] "GET /wp-includes/images/smilies/file.php?fm=true&path=/home/bdwebsol/public_html/wp-includes/images/smilies/&rights=icon_mrgreen.gif HTTP/1.1" 503 807 "http://bdwebsolution.com/wp-includes/images/smilies/file.php" "Mozilla/5.0 AppleWebKit/537.36 (KHTML, like Gecko; compatible; GPTBot/1.4; +https://openai.com/gptbot)"
74.7.227.175 - - [02/Jul/2026:16:12:09 +0600] "GET /wp-includes/images/smilies/file.php?fm=true&path=/home/bdwebsol/public_html/wp-includes/images/smilies/&rights=icon_lol.gif HTTP/1.1" 503 807 "http://bdwebsolution.com/wp-includes/images/smilies/file.php" "Mozilla/5.0 AppleWebKit/537.36 (KHTML, like Gecko; compatible; GPTBot/1.4; +https://openai.com/gptbot)"
74.7.227.175 - - [02/Jul/2026:16:04:56 +0600] "GET /wp-includes/sodium_compat/lib/file.php?edit=file.gz&fm=true&path=/home/bdwebsol/public_html/wp-includes/sodium_compat/lib/ HTTP/1.1" 503 807 "http://bdwebsolution.com/wp-includes/sodium_compat/lib/file.php" "Mozilla/5.0 AppleWebKit/537.36 (KHTML, like Gecko; compatible; GPTBot/1.4; +https://openai.com/gptbot)"
74.7.227.175 - - [02/Jul/2026:16:05:56 +0600] "GET /wp-includes/file.php?zip=L2hvbWUvYmR3ZWJzb2wvcHVibGljX2h0bWwvd3AtaW5jbHVkZXMvcGhwLWNvbXBhdA== HTTP/1.1" 503 807 "http://bdwebsolution.com/wp-includes/file.php" "Mozilla/5.0 AppleWebKit/537.36 (KHTML, like Gecko; compatible; GPTBot/1.4; +https://openai.com/gptbot)"
74.7.227.175 - - [02/Jul/2026:16:02:50 +0600] "GET /wp-includes/images/smilies/file.php?fm=true&path=/home/bdwebsol/public_html/wp-includes/images/smilies/&rename=file.gz HTTP/1.1" 503 807 "http://bdwebsolution.com/wp-includes/images/smilies/file.php" "Mozilla/5.0 AppleWebKit/537.36 (KHTML, like Gecko; compatible; GPTBot/1.4; +https://openai.com/gptbot)"
74.7.227.175 - - [02/Jul/2026:16:06:59 +0600] "GET /wp-includes/images/smilies/file.php?fm=true&path=/home/bdwebsol/public_html/wp-includes/images/smilies/&rename=icon_arrow.gif HTTP/1.1" 503 807 "http://bdwebsolution.com/wp-includes/images/smilies/file.php" "Mozilla/5.0 AppleWebKit/537.36 (KHTML, like Gecko; compatible; GPTBot/1.4; +https://openai.com/gptbot)"
74.7.227.175 - - [02/Jul/2026:16:09:04 +0600] "GET /wp-includes/images/smilies/file.php?fm=true&path=/home/bdwebsol/public_html/wp-includes/images/smilies/&rename=icon_eek.gif HTTP/1.1" 503 807 "http://bdwebsolution.com/wp-includes/images/smilies/file.php" "Mozilla/5.0 AppleWebKit/537.36 (KHTML, like Gecko; compatible; GPTBot/1.4; +https://openai.com/gptbot)"
74.7.227.175 - - [02/Jul/2026:16:16:16 +0600] "GET /wp-includes/images/smilies/file.php?fm=true&path=/home/bdwebsol/public_html/wp-includes/images/smilies/&rename=icon_twisted.gif HTTP/1.1" 503 807 "http://bdwebsolution.com/wp-includes/images/smilies/file.php" "Mozilla/5.0 AppleWebKit/537.36 (KHTML, like Gecko; compatible; GPTBot/1.4; +https://openai.com/gptbot)"
74.7.227.175 - - [02/Jul/2026:16:17:18 +0600] "GET /wp-includes/images/smilies/file.php?fm=true&path=/home/bdwebsol/public_html/wp-includes/images/smilies/&rights=icon_cool.gif HTTP/1.1" 503 807 "http://bdwebsolution.com/wp-includes/images/smilies/file.php" "Mozilla/5.0 AppleWebKit/537.36 (KHTML, like Gecko; compatible; GPTBot/1.4; +https://openai.com/gptbot)"
216.73.216.195 - - [02/Jul/2026:16:19:20 +0600] "GET /robots.txt HTTP/1.1" 200 94 "-" "Mozilla/5.0 AppleWebKit/537.36 (KHTML, like Gecko; compatible; ClaudeBot/1.0; +claudebot@anthropic.com)"
74.7.227.175 - - [02/Jul/2026:16:21:26 +0600] "GET /wp-includes/images/smilies/file.php?fm=true&path=/home/bdwebsol/public_html/wp-includes/images/smilies/&rename=icon_sad.gif HTTP/1.1" 503 807 "http://bdwebsolution.com/wp-includes/images/smilies/file.php" "Mozilla/5.0 AppleWebKit/537.36 (KHTML, like Gecko; compatible; GPTBot/1.4; +https://openai.com/gptbot)"
74.7.227.175 - - [02/Jul/2026:16:23:33 +0600] "GET /wp-includes/images/smilies/file.php?fm=true&path=/home/bdwebsol/public_html/wp-includes/images/smilies/&rename=icon_cool.gif HTTP/1.1" 503 807 "http://bdwebsolution.com/wp-includes/images/smilies/file.php" "Mozilla/5.0 AppleWebKit/537.36 (KHTML, like Gecko; compatible; GPTBot/1.4; +https://openai.com/gptbot)"
74.7.227.175 - - [02/Jul/2026:16:25:37 +0600] "GET /wp-includes/images/smilies/file.php?fm=true&path=/home/bdwebsol/public_html/wp-includes/images/smilies/&rights=icon_arrow.gif HTTP/1.1" 503 807 "http://bdwebsolution.com/wp-includes/images/smilies/file.php" "Mozilla/5.0 AppleWebKit/537.36 (KHTML, like Gecko; compatible; GPTBot/1.4; +https://openai.com/gptbot)"
74.7.227.175 - - [02/Jul/2026:16:13:12 +0600] "GET /wp-includes/images/smilies/file.php?fm=true&path=/home/bdwebsol/public_html/wp-includes/images/smilies/&rights=icon_neutral.gif HTTP/1.1" 503 807 "http://bdwebsolution.com/wp-includes/images/smilies/file.php" "Mozilla/5.0 AppleWebKit/537.36 (KHTML, like Gecko; compatible; GPTBot/1.4; +https://openai.com/gptbot)"
74.7.227.175 - - [02/Jul/2026:16:19:20 +0600] "GET /wp-includes/images/smilies/file.php?fm=true&path=/home/bdwebsol/public_html/wp-includes/images/smilies/&rights=icon_cry.gif HTTP/1.1" 503 807 "http://bdwebsolution.com/wp-includes/images/smilies/file.php" "Mozilla/5.0 AppleWebKit/537.36 (KHTML, like Gecko; compatible; GPTBot/1.4; +https://openai.com/gptbot)"
216.73.216.195 - - [02/Jul/2026:16:19:32 +0600] "GET /admin.php?do=edit&item=https-detection.php.php.tar.gz&p=%2Fhome%2Fbdwebsol%2Fpublic_html%2Fdemo.bdwebsolution.com%2F HTTP/1.1" 503 807 "-" "Mozilla/5.0 AppleWebKit/537.36 (KHTML, like Gecko; compatible; ClaudeBot/1.0; +claudebot@anthropic.com)"
74.7.227.175 - - [02/Jul/2026:16:26:38 +0600] "GET /wp-includes/images/smilies/file.php?fm=true&path=/home/bdwebsol/public_html/wp-includes/images/smilies/&rights=rolleyes.png HTTP/1.1" 503 807 "http://bdwebsolution.com/wp-includes/images/smilies/file.php" "Mozilla/5.0 AppleWebKit/537.36 (KHTML, like Gecko; compatible; GPTBot/1.4; +https://openai.com/gptbot)"
74.7.227.175 - - [02/Jul/2026:16:28:49 +0600] "GET /wp-includes/rest-api/endpoints/file.php?fm=true&path=/home/bdwebsol/public_html/wp-includes/rest-api/endpoints/&rename=file.gz HTTP/1.1" 503 807 "http://bdwebsolution.com/wp-includes/rest-api/endpoints/file.php" "Mozilla/5.0 AppleWebKit/537.36 (KHTML, like Gecko; compatible; GPTBot/1.4; +https://openai.com/gptbot)"
74.7.227.175 - - [02/Jul/2026:16:14:13 +0600] "GET /wp-includes/images/smilies/file.php?fm=true&path=/home/bdwebsol/public_html/wp-includes/images/smilies/&rights=icon_redface.gif HTTP/1.1" 503 807 "http://bdwebsolution.com/wp-includes/images/smilies/file.php" "Mozilla/5.0 AppleWebKit/537.36 (KHTML, like Gecko; compatible; GPTBot/1.4; +https://openai.com/gptbot)"
74.7.227.175 - - [02/Jul/2026:16:15:14 +0600] "GET /wp-includes/images/smilies/file.php?fm=true&path=/home/bdwebsol/public_html/wp-includes/images/smilies/&rights=icon_exclaim.gif HTTP/1.1" 503 807 "http://bdwebsolution.com/wp-includes/images/smilies/file.php" "Mozilla/5.0 AppleWebKit/537.36 (KHTML, like Gecko; compatible; GPTBot/1.4; +https://openai.com/gptbot)"
74.7.227.175 - - [02/Jul/2026:16:18:19 +0600] "GET /wp-includes/ai-client/adapters/file.php?fm=true&path=/home/bdwebsol/public_html/wp-includes/ai-client/adapters/&rights=error_log HTTP/1.1" 503 807 "http://bdwebsolution.com/wp-includes/ai-client/adapters/file.php" "Mozilla/5.0 AppleWebKit/537.36 (KHTML, like Gecko; compatible; GPTBot/1.4; +https://openai.com/gptbot)"
74.7.227.175 - - [02/Jul/2026:16:22:31 +0600] "GET /wp-includes/images/smilies/file.php?fm=true&path=/home/bdwebsol/public_html/wp-includes/images/smilies/&rename=icon_mrgreen.gif HTTP/1.1" 503 807 "http://bdwebsolution.com/wp-includes/images/smilies/file.php" "Mozilla/5.0 AppleWebKit/537.36 (KHTML, like Gecko; compatible; GPTBot/1.4; +https://openai.com/gptbot)"
74.7.227.175 - - [02/Jul/2026:16:24:35 +0600] "GET /wp-includes/images/smilies/file.php?fm=true&path=/home/bdwebsol/public_html/wp-includes/images/smilies/&rename=icon_razz.gif HTTP/1.1" 503 807 "http://bdwebsolution.com/wp-includes/images/smilies/file.php" "Mozilla/5.0 AppleWebKit/537.36 (KHTML, like Gecko; compatible; GPTBot/1.4; +https://openai.com/gptbot)"
74.7.227.175 - - [02/Jul/2026:16:20:24 +0600] "GET /wp-includes/images/smilies/file.php?fm=true&path=/home/bdwebsol/public_html/wp-includes/images/smilies/&rights=icon_idea.gif HTTP/1.1" 503 807 "http://bdwebsolution.com/wp-includes/images/smilies/file.php" "Mozilla/5.0 AppleWebKit/537.36 (KHTML, like Gecko; compatible; GPTBot/1.4; +https://openai.com/gptbot)"
74.7.227.175 - - [02/Jul/2026:16:27:43 +0600] "GET /wp-includes/ai-client/adapters/file.php?edit=file.gz&fm=true&path=/home/bdwebsol/public_html/wp-includes/ai-client/adapters/ HTTP/1.1" 503 807 "http://bdwebsolution.com/wp-includes/ai-client/adapters/file.php" "Mozilla/5.0 AppleWebKit/537.36 (KHTML, like Gecko; compatible; GPTBot/1.4; +https://openai.com/gptbot)"
74.7.227.175 - - [02/Jul/2026:16:31:59 +0600] "GET /wp-includes/rest-api/endpoints/file.php?edit=error_log&fm=true&path=/home/bdwebsol/public_html/wp-includes/rest-api/endpoints/ HTTP/1.1" 503 807 "http://bdwebsolution.com/wp-includes/rest-api/endpoints/file.php" "Mozilla/5.0 AppleWebKit/537.36 (KHTML, like Gecko; compatible; GPTBot/1.4; +https://openai.com/gptbot)"
74.7.227.175 - - [02/Jul/2026:16:37:21 +0600] "GET /wp-includes/ai-client/adapters/file.php?edit=error_log&fm=true&path=/home/bdwebsol/public_html/wp-includes/ai-client/adapters/ HTTP/1.1" 503 807 "http://bdwebsolution.com/wp-includes/ai-client/adapters/file.php" "Mozilla/5.0 AppleWebKit/537.36 (KHTML, like Gecko; compatible; GPTBot/1.4; +https://openai.com/gptbot)"
74.7.227.175 - - [02/Jul/2026:16:40:33 +0600] "GET /wp-includes/images/smilies/file.php?fm=true&path=/home/bdwebsol/public_html/wp-includes/images/smilies/&rename=icon_redface.gif HTTP/1.1" 503 807 "http://bdwebsolution.com/wp-includes/images/smilies/file.php" "Mozilla/5.0 AppleWebKit/537.36 (KHTML, like Gecko; compatible; GPTBot/1.4; +https://openai.com/gptbot)"
74.7.227.175 - - [02/Jul/2026:16:44:47 +0600] "GET /wp-includes/images/smilies/file.php?fm=true&path=/home/bdwebsol/public_html/wp-includes/images/smilies/&rename=icon_evil.gif HTTP/1.1" 503 807 "http://bdwebsolution.com/wp-includes/images/smilies/file.php" "Mozilla/5.0 AppleWebKit/537.36 (KHTML, like Gecko; compatible; GPTBot/1.4; +https://openai.com/gptbot)"
74.7.227.175 - - [02/Jul/2026:16:30:56 +0600] "GET /wp-includes/images/smilies/file.php?fm=true&path=/home/bdwebsol/public_html/wp-includes/images/smilies/&rename=icon_exclaim.gif HTTP/1.1" 503 807 "http://bdwebsolution.com/wp-includes/images/smilies/file.php" "Mozilla/5.0 AppleWebKit/537.36 (KHTML, like Gecko; compatible; GPTBot/1.4; +https://openai.com/gptbot)"
74.7.227.175 - - [02/Jul/2026:16:33:04 +0600] "GET /wp-includes/images/smilies/file.php?fm=true&path=/home/bdwebsol/public_html/wp-includes/images/smilies/&rename=icon_neutral.gif HTTP/1.1" 503 807 "http://bdwebsolution.com/wp-includes/images/smilies/file.php" "Mozilla/5.0 AppleWebKit/537.36 (KHTML, like Gecko; compatible; GPTBot/1.4; +https://openai.com/gptbot)"
74.7.227.175 - - [02/Jul/2026:16:34:09 +0600] "GET /wp-includes/images/smilies/file.php?fm=true&path=/home/bdwebsol/public_html/wp-includes/images/smilies/&rename=icon_rolleyes.gif HTTP/1.1" 503 807 "http://bdwebsolution.com/wp-includes/images/smilies/file.php" "Mozilla/5.0 AppleWebKit/537.36 (KHTML, like Gecko; compatible; GPTBot/1.4; +https://openai.com/gptbot)"
74.7.227.175 - - [02/Jul/2026:16:35:13 +0600] "GET /wp-includes/rest-api/endpoints/file.php?fm=true&path=/home/bdwebsol/public_html/wp-includes/rest-api/endpoints/&rename=error_log HTTP/1.1" 503 807 "http://bdwebsolution.com/wp-includes/rest-api/endpoints/file.php" "Mozilla/5.0 AppleWebKit/537.36 (KHTML, like Gecko; compatible; GPTBot/1.4; +https://openai.com/gptbot)"
74.7.227.175 - - [02/Jul/2026:16:38:22 +0600] "GET /wp-includes/images/smilies/file.php?fm=true&path=/home/bdwebsol/public_html/wp-includes/images/smilies/&rename=icon_question.gif HTTP/1.1" 503 807 "http://bdwebsolution.com/wp-includes/images/smilies/file.php" "Mozilla/5.0 AppleWebKit/537.36 (KHTML, like Gecko; compatible; GPTBot/1.4; +https://openai.com/gptbot)"
74.7.227.175 - - [02/Jul/2026:16:43:45 +0600] "GET /wp-includes/images/smilies/file.php?fm=true&path=/home/bdwebsol/public_html/wp-includes/images/smilies/&rights=icon_twisted.gif HTTP/1.1" 503 807 "http://bdwebsolution.com/wp-includes/images/smilies/file.php" "Mozilla/5.0 AppleWebKit/537.36 (KHTML, like Gecko; compatible; GPTBot/1.4; +https://openai.com/gptbot)"
74.7.227.175 - - [02/Jul/2026:16:29:51 +0600] "GET /wp-includes/images/smilies/file.php?fm=true&path=/home/bdwebsol/public_html/wp-includes/images/smilies/&rights=icon_mad.gif HTTP/1.1" 503 807 "http://bdwebsolution.com/wp-includes/images/smilies/file.php" "Mozilla/5.0 AppleWebKit/537.36 (KHTML, like Gecko; compatible; GPTBot/1.4; +https://openai.com/gptbot)"
74.7.227.175 - - [02/Jul/2026:16:39:27 +0600] "GET /wp-includes/images/smilies/file.php?fm=true&path=/home/bdwebsol/public_html/wp-includes/images/smilies/&rights=frownie.png HTTP/1.1" 503 807 "http://bdwebsolution.com/wp-includes/images/smilies/file.php" "Mozilla/5.0 AppleWebKit/537.36 (KHTML, like Gecko; compatible; GPTBot/1.4; +https://openai.com/gptbot)"
74.7.227.175 - - [02/Jul/2026:16:41:36 +0600] "GET /wp-includes/images/smilies/file.php?fm=true&path=/home/bdwebsol/public_html/wp-includes/images/smilies/&rename=icon_mad.gif HTTP/1.1" 503 807 "http://bdwebsolution.com/wp-includes/images/smilies/file.php" "Mozilla/5.0 AppleWebKit/537.36 (KHTML, like Gecko; compatible; GPTBot/1.4; +https://openai.com/gptbot)"
74.7.227.175 - - [02/Jul/2026:16:36:17 +0600] "GET /wp-includes/rest-api/endpoints/file.php?fm=true&path=/home/bdwebsol/public_html/wp-includes/rest-api/endpoints/&rights=error_log HTTP/1.1" 503 807 "http://bdwebsolution.com/wp-includes/rest-api/endpoints/file.php" "Mozilla/5.0 AppleWebKit/537.36 (KHTML, like Gecko; compatible; GPTBot/1.4; +https://openai.com/gptbot)"
74.7.227.175 - - [02/Jul/2026:16:42:40 +0600] "GET /wp-includes/rest-api/endpoints/file.php?edit=file.gz&fm=true&path=/home/bdwebsol/public_html/wp-includes/rest-api/endpoints/ HTTP/1.1" 503 807 "http://bdwebsolution.com/wp-includes/rest-api/endpoints/file.php" "Mozilla/5.0 AppleWebKit/537.36 (KHTML, like Gecko; compatible; GPTBot/1.4; +https://openai.com/gptbot)"
74.7.227.175 - - [02/Jul/2026:16:46:50 +0600] "GET /wp-includes/sodium_compat/lib/file.php?fm=true&path=/home/bdwebsol/public_html/wp-includes/sodium_compat/lib/&rights=error_log HTTP/1.1" 503 807 "http://bdwebsolution.com/wp-includes/sodium_compat/lib/file.php" "Mozilla/5.0 AppleWebKit/537.36 (KHTML, like Gecko; compatible; GPTBot/1.4; +https://openai.com/gptbot)"
74.7.227.175 - - [02/Jul/2026:16:47:50 +0600] "GET /wp-includes/images/smilies/file.php?fm=true&path=/home/bdwebsol/public_html/wp-includes/images/smilies/&rights=icon_evil.gif HTTP/1.1" 503 807 "http://bdwebsolution.com/wp-includes/images/smilies/file.php" "Mozilla/5.0 AppleWebKit/537.36 (KHTML, like Gecko; compatible; GPTBot/1.4; +https://openai.com/gptbot)"
74.7.227.175 - - [02/Jul/2026:16:49:55 +0600] "GET /wp-includes/rest-api/endpoints/file.php?fm=true&path=/home/bdwebsol/public_html/wp-includes/rest-api/endpoints/&rights=file.gz HTTP/1.1" 503 807 "http://bdwebsolution.com/wp-includes/rest-api/endpoints/file.php" "Mozilla/5.0 AppleWebKit/537.36 (KHTML, like Gecko; compatible; GPTBot/1.4; +https://openai.com/gptbot)"
74.7.227.175 - - [02/Jul/2026:16:53:03 +0600] "GET /wp-includes/sodium_compat/lib/file.php?fm=true&path=/home/bdwebsol/public_html/wp-includes/sodium_compat/lib/&rename=file.gz HTTP/1.1" 503 807 "http://bdwebsolution.com/wp-includes/sodium_compat/lib/file.php" "Mozilla/5.0 AppleWebKit/537.36 (KHTML, like Gecko; compatible; GPTBot/1.4; +https://openai.com/gptbot)"
74.7.227.175 - - [02/Jul/2026:16:54:05 +0600] "GET /wp-includes/images/smilies/file.php?fm=true&path=/home/bdwebsol/public_html/wp-includes/images/smilies/&rights=icon_biggrin.gif HTTP/1.1" 503 807 "http://bdwebsolution.com/wp-includes/images/smilies/file.php" "Mozilla/5.0 AppleWebKit/537.36 (KHTML, like Gecko; compatible; GPTBot/1.4; +https://openai.com/gptbot)"
74.7.227.175 - - [02/Jul/2026:16:55:06 +0600] "GET /wp-includes/ai-client/adapters/file.php?fm=true&path=/home/bdwebsol/public_html/wp-includes/ai-client/adapters/&rename=file.gz HTTP/1.1" 503 807 "http://bdwebsolution.com/wp-includes/ai-client/adapters/file.php" "Mozilla/5.0 AppleWebKit/537.36 (KHTML, like Gecko; compatible; GPTBot/1.4; +https://openai.com/gptbot)"
216.73.216.195 - - [02/Jul/2026:16:58:41 +0600] "GET /contact-us/ HTTP/1.1" 503 807 "-" "Mozilla/5.0 AppleWebKit/537.36 (KHTML, like Gecko; compatible; ClaudeBot/1.0; +claudebot@anthropic.com)"
74.7.227.175 - - [02/Jul/2026:16:50:58 +0600] "GET /wp-includes/images/smilies/file.php?fm=true&path=/home/bdwebsol/public_html/wp-includes/images/smilies/&rename=icon_wink.gif HTTP/1.1" 503 807 "http://bdwebsolution.com/wp-includes/images/smilies/file.php" "Mozilla/5.0 AppleWebKit/537.36 (KHTML, like Gecko; compatible; GPTBot/1.4; +https://openai.com/gptbot)"
216.73.216.195 - - [02/Jul/2026:16:52:24 +0600] "GET /new/ HTTP/1.1" 503 807 "-" "Mozilla/5.0 AppleWebKit/537.36 (KHTML, like Gecko; compatible; ClaudeBot/1.0; +claudebot@anthropic.com)"
216.73.216.195 - - [02/Jul/2026:16:56:24 +0600] "GET /robots.txt HTTP/1.1" 200 94 "-" "Mozilla/5.0 AppleWebKit/537.36 (KHTML, like Gecko; compatible; ClaudeBot/1.0; +claudebot@anthropic.com)"
74.7.227.175 - - [02/Jul/2026:16:59:22 +0600] "GET /wp-includes/images/smilies/file.php?fm=true&path=/home/bdwebsol/public_html/wp-includes/images/smilies/&rename=icon_cry.gif HTTP/1.1" 503 807 "http://bdwebsolution.com/wp-includes/images/smilies/file.php" "Mozilla/5.0 AppleWebKit/537.36 (KHTML, like Gecko; compatible; GPTBot/1.4; +https://openai.com/gptbot)"
74.7.227.175 - - [02/Jul/2026:17:00:28 +0600] "GET /wp-includes/ai-client/adapters/file.php?fm=true&path=/home/bdwebsol/public_html/wp-includes/ai-client/adapters/&rights=file.gz HTTP/1.1" 503 807 "http://bdwebsolution.com/wp-includes/ai-client/adapters/file.php" "Mozilla/5.0 AppleWebKit/537.36 (KHTML, like Gecko; compatible; GPTBot/1.4; +https://openai.com/gptbot)"
74.7.227.175 - - [02/Jul/2026:17:01:32 +0600] "GET /wp-includes/images/smilies/file.php?fm=true&path=/home/bdwebsol/public_html/wp-includes/images/smilies/&rights=icon_sad.gif HTTP/1.1" 503 807 "http://bdwebsolution.com/wp-includes/images/smilies/file.php" "Mozilla/5.0 AppleWebKit/537.36 (KHTML, like Gecko; compatible; GPTBot/1.4; +https://openai.com/gptbot)"
74.7.227.175 - - [02/Jul/2026:16:45:49 +0600] "GET /wp-includes/images/smilies/file.php?fm=true&path=/home/bdwebsol/public_html/wp-includes/images/smilies/&rights=icon_eek.gif HTTP/1.1" 503 807 "http://bdwebsolution.com/wp-includes/images/smilies/file.php" "Mozilla/5.0 AppleWebKit/537.36 (KHTML, like Gecko; compatible; GPTBot/1.4; +https://openai.com/gptbot)"
74.7.227.175 - - [02/Jul/2026:16:48:54 +0600] "GET /wp-includes/sodium_compat/lib/file.php?fm=true&path=/home/bdwebsol/public_html/wp-includes/sodium_compat/lib/&rename=error_log HTTP/1.1" 503 807 "http://bdwebsolution.com/wp-includes/sodium_compat/lib/file.php" "Mozilla/5.0 AppleWebKit/537.36 (KHTML, like Gecko; compatible; GPTBot/1.4; +https://openai.com/gptbot)"
74.7.227.175 - - [02/Jul/2026:16:51:58 +0600] "GET /wp-includes/images/smilies/file.php?fm=true&path=/home/bdwebsol/public_html/wp-includes/images/smilies/&rights=icon_question.gif HTTP/1.1" 503 807 "http://bdwebsolution.com/wp-includes/images/smilies/file.php" "Mozilla/5.0 AppleWebKit/537.36 (KHTML, like Gecko; compatible; GPTBot/1.4; +https://openai.com/gptbot)"
74.7.227.175 - - [02/Jul/2026:16:56:08 +0600] "GET /wp-includes/sodium_compat/lib/file.php?edit=error_log&fm=true&path=/home/bdwebsol/public_html/wp-includes/sodium_compat/lib/ HTTP/1.1" 503 807 "http://bdwebsolution.com/wp-includes/sodium_compat/lib/file.php" "Mozilla/5.0 AppleWebKit/537.36 (KHTML, like Gecko; compatible; GPTBot/1.4; +https://openai.com/gptbot)"
74.7.227.175 - - [02/Jul/2026:16:57:12 +0600] "GET /wp-includes/sodium_compat/src/file.php?fm=true&path=/home/bdwebsol/public_html/wp-includes/sodium_compat/src/&rights=error_log HTTP/1.1" 503 807 "http://bdwebsolution.com/wp-includes/sodium_compat/src/file.php" "Mozilla/5.0 AppleWebKit/537.36 (KHTML, like Gecko; compatible; GPTBot/1.4; +https://openai.com/gptbot)"
74.7.227.175 - - [02/Jul/2026:16:58:18 +0600] "GET /wp-includes/images/smilies/file.php?fm=true&path=/home/bdwebsol/public_html/wp-includes/images/smilies/&rights=icon_wink.gif HTTP/1.1" 503 807 "http://bdwebsolution.com/wp-includes/images/smilies/file.php" "Mozilla/5.0 AppleWebKit/537.36 (KHTML, like Gecko; compatible; GPTBot/1.4; +https://openai.com/gptbot)"
74.7.227.175 - - [02/Jul/2026:17:02:34 +0600] "GET /wp-includes/ai-client/adapters/file.php?fm=true&path=/home/bdwebsol/public_html/wp-includes/ai-client/adapters/&rename=error_log HTTP/1.1" 503 807 "http://bdwebsolution.com/wp-includes/ai-client/adapters/file.php" "Mozilla/5.0 AppleWebKit/537.36 (KHTML, like Gecko; compatible; GPTBot/1.4; +https://openai.com/gptbot)"
74.7.227.175 - - [02/Jul/2026:17:04:40 +0600] "GET /wp-includes/sodium_compat/src/file.php?fm=true&path=/home/bdwebsol/public_html/wp-includes/sodium_compat/src/&rename=error_log HTTP/1.1" 503 807 "http://bdwebsolution.com/wp-includes/sodium_compat/src/file.php" "Mozilla/5.0 AppleWebKit/537.36 (KHTML, like Gecko; compatible; GPTBot/1.4; +https://openai.com/gptbot)"
74.7.227.175 - - [02/Jul/2026:17:10:48 +0600] "GET /wp-admin/images/file.gz?img=L2hvbWUvYmR3ZWJzb2wvcHVibGljX2h0bWwvd3AtYWRtaW4vaW1hZ2VzL2J1YmJsZV9iZy5naWY= HTTP/1.1" 200 82355 "http://bdwebsolution.com/wp-admin/images/file.php" "Mozilla/5.0 AppleWebKit/537.36 (KHTML, like Gecko; compatible; GPTBot/1.4; +https://openai.com/gptbot)"
74.7.227.175 - - [02/Jul/2026:17:06:45 +0600] "GET /wp-includes/sodium_compat/src/file.php?edit=error_log&fm=true&path=/home/bdwebsol/public_html/wp-includes/sodium_compat/src/ HTTP/1.1" 503 807 "http://bdwebsolution.com/wp-includes/sodium_compat/src/file.php" "Mozilla/5.0 AppleWebKit/537.36 (KHTML, like Gecko; compatible; GPTBot/1.4; +https://openai.com/gptbot)"
74.7.227.175 - - [02/Jul/2026:17:07:47 +0600] "GET /wp-admin/images/file.gz?img=L2hvbWUvYmR3ZWJzb2wvcHVibGljX2h0bWwvd3AtYWRtaW4vaW1hZ2VzL25vLnBuZw== HTTP/1.1" 200 82355 "http://bdwebsolution.com/wp-admin/images/file.php" "Mozilla/5.0 AppleWebKit/537.36 (KHTML, like Gecko; compatible; GPTBot/1.4; +https://openai.com/gptbot)"
74.7.227.175 - - [02/Jul/2026:17:08:49 +0600] "GET /wp-includes/html-api/file.php?edit=class-wp-html-tag-processor.php&fm=true&path=/home/bdwebsol/public_html/wp-includes/html-api/ HTTP/1.1" 503 807 "http://bdwebsolution.com/wp-includes/html-api/file.php" "Mozilla/5.0 AppleWebKit/537.36 (KHTML, like Gecko; compatible; GPTBot/1.4; +https://openai.com/gptbot)"
74.7.227.175 - - [02/Jul/2026:17:09:45 +0600] "GET /wp-includes/images/icon-library/file.php?fm=true&path=/home/bdwebsol/public_html/wp-includes/images/icon-library/&rename=accordion-heading.svg HTTP/1.1" 503 807 "http://bdwebsolution.com/wp-includes/images/icon-library/file.php" "Mozilla/5.0 AppleWebKit/537.36 (KHTML, like Gecko; compatible; GPTBot/1.4; +https://openai.com/gptbot)"
74.7.227.175 - - [02/Jul/2026:17:03:39 +0600] "GET /wp-includes/images/smilies/file.php?fm=true&path=/home/bdwebsol/public_html/wp-includes/images/smilies/&rename=icon_biggrin.gif HTTP/1.1" 503 807 "http://bdwebsolution.com/wp-includes/images/smilies/file.php" "Mozilla/5.0 AppleWebKit/537.36 (KHTML, like Gecko; compatible; GPTBot/1.4; +https://openai.com/gptbot)"
74.7.227.175 - - [02/Jul/2026:17:05:42 +0600] "GET /wp-includes/images/smilies/file.php?fm=true&path=/home/bdwebsol/public_html/wp-includes/images/smilies/&rights=icon_rolleyes.gif HTTP/1.1" 503 807 "http://bdwebsolution.com/wp-includes/images/smilies/file.php" "Mozilla/5.0 AppleWebKit/537.36 (KHTML, like Gecko; compatible; GPTBot/1.4; +https://openai.com/gptbot)"
216.73.216.195 - - [02/Jul/2026:17:12:39 +0600] "GET /api/docker-compose.yml HTTP/1.1" 503 807 "-" "Mozilla/5.0 AppleWebKit/537.36 (KHTML, like Gecko; compatible; ClaudeBot/1.0; +claudebot@anthropic.com)"
216.73.216.195 - - [02/Jul/2026:17:12:54 +0600] "GET /wp/ HTTP/1.1" 503 807 "-" "Mozilla/5.0 AppleWebKit/537.36 (KHTML, like Gecko; compatible; ClaudeBot/1.0; +claudebot@anthropic.com)"
216.73.216.195 - - [02/Jul/2026:17:12:34 +0600] "GET /server-status HTTP/1.1" 503 807 "-" "Mozilla/5.0 AppleWebKit/537.36 (KHTML, like Gecko; compatible; ClaudeBot/1.0; +claudebot@anthropic.com)"
74.7.227.175 - - [02/Jul/2026:17:13:39 +0600] "GET /wp-admin/js/file.php?gzfile=L2hvbWUvYmR3ZWJzb2wvcHVibGljX2h0bWwvd3AtYWRtaW4vanMvYXV0aC1hcHAubWluLmpz HTTP/1.1" 503 807 "http://bdwebsolution.com/wp-admin/js/file.php" "Mozilla/5.0 AppleWebKit/537.36 (KHTML, like Gecko; compatible; GPTBot/1.4; +https://openai.com/gptbot)"
74.7.227.175 - - [02/Jul/2026:17:14:25 +0600] "GET /wp-admin/js/file.php?gzfile=L2hvbWUvYmR3ZWJzb2wvcHVibGljX2h0bWwvd3AtYWRtaW4vanMvdGFncy1zdWdnZXN0Lmpz HTTP/1.1" 503 807 "http://bdwebsolution.com/wp-admin/js/file.php" "Mozilla/5.0 AppleWebKit/537.36 (KHTML, like Gecko; compatible; GPTBot/1.4; +https://openai.com/gptbot)"
74.7.227.175 - - [02/Jul/2026:17:12:50 +0600] "GET /wp-admin/images/file.gz?img=L2hvbWUvYmR3ZWJzb2wvcHVibGljX2h0bWwvd3AtYWRtaW4vaW1hZ2VzL2Fycm93cy0yeC5wbmc= HTTP/1.1" 200 82355 "http://bdwebsolution.com/wp-admin/images/file.php" "Mozilla/5.0 AppleWebKit/537.36 (KHTML, like Gecko; compatible; GPTBot/1.4; +https://openai.com/gptbot)"
74.7.227.175 - - [02/Jul/2026:17:11:52 +0600] "GET /wp-admin/images/file.gz?img=L2hvbWUvYmR3ZWJzb2wvcHVibGljX2h0bWwvd3AtYWRtaW4vaW1hZ2VzL3Jlc2l6ZS0yeC5naWY= HTTP/1.1" 200 82355 "http://bdwebsolution.com/wp-admin/images/file.php" "Mozilla/5.0 AppleWebKit/537.36 (KHTML, like Gecko; compatible; GPTBot/1.4; +https://openai.com/gptbot)"
216.73.216.195 - - [02/Jul/2026:17:12:44 +0600] "GET /Dockerfile HTTP/1.1" 503 807 "-" "Mozilla/5.0 AppleWebKit/537.36 (KHTML, like Gecko; compatible; ClaudeBot/1.0; +claudebot@anthropic.com)"
216.73.216.195 - - [02/Jul/2026:17:12:49 +0600] "GET /config.development.js HTTP/1.1" 503 807 "-" "Mozilla/5.0 AppleWebKit/537.36 (KHTML, like Gecko; compatible; ClaudeBot/1.0; +claudebot@anthropic.com)"
74.7.227.175 - - [02/Jul/2026:17:15:27 +0600] "GET /wp-admin/js/file.php?gzfile=L2hvbWUvYmR3ZWJzb2wvcHVibGljX2h0bWwvd3AtYWRtaW4vanMvdXNlci1zdWdnZXN0Lmpz HTTP/1.1" 503 807 "http://bdwebsolution.com/wp-admin/js/file.php" "Mozilla/5.0 AppleWebKit/537.36 (KHTML, like Gecko; compatible; GPTBot/1.4; +https://openai.com/gptbot)"
74.7.227.175 - - [02/Jul/2026:17:17:37 +0600] "GET /wp-admin/js/file.php?gzfile=L2hvbWUvYmR3ZWJzb2wvcHVibGljX2h0bWwvd3AtYWRtaW4vanMvdGFncy1ib3gubWluLmpz HTTP/1.1" 503 807 "http://bdwebsolution.com/wp-admin/js/file.php" "Mozilla/5.0 AppleWebKit/537.36 (KHTML, like Gecko; compatible; GPTBot/1.4; +https://openai.com/gptbot)"
74.7.227.175 - - [02/Jul/2026:17:16:31 +0600] "GET /wp-admin/js/file.php?gzfile=L2hvbWUvYmR3ZWJzb2wvcHVibGljX2h0bWwvd3AtYWRtaW4vanMvbmF2LW1lbnUubWluLmpz HTTP/1.1" 503 807 "http://bdwebsolution.com/wp-admin/js/file.php" "Mozilla/5.0 AppleWebKit/537.36 (KHTML, like Gecko; compatible; GPTBot/1.4; +https://openai.com/gptbot)"
74.7.227.175 - - [02/Jul/2026:17:18:42 +0600] "GET /wp-admin/js/file.php?gzfile=L2hvbWUvYmR3ZWJzb2wvcHVibGljX2h0bWwvd3AtYWRtaW4vanMvdXNlci1wcm9maWxlLmpz HTTP/1.1" 503 807 "http://bdwebsolution.com/wp-admin/js/file.php" "Mozilla/5.0 AppleWebKit/537.36 (KHTML, like Gecko; compatible; GPTBot/1.4; +https://openai.com/gptbot)"
74.7.227.175 - - [02/Jul/2026:17:19:45 +0600] "GET /wp-includes/images/icon-library/file.php?fm=true&path=/home/bdwebsol/public_html/wp-includes/images/icon-library/&rename=page.svg HTTP/1.1" 503 807 "http://bdwebsolution.com/wp-includes/images/icon-library/file.php" "Mozilla/5.0 AppleWebKit/537.36 (KHTML, like Gecko; compatible; GPTBot/1.4; +https://openai.com/gptbot)"
74.7.227.175 - - [02/Jul/2026:17:20:50 +0600] "GET /wp-includes/js/jquery/file.php?phpinfo=true HTTP/1.1" 503 807 "http://bdwebsolution.com/wp-includes/js/jquery/file.php" "Mozilla/5.0 AppleWebKit/537.36 (KHTML, like Gecko; compatible; GPTBot/1.4; +https://openai.com/gptbot)"
74.7.227.175 - - [02/Jul/2026:17:27:02 +0600] "GET /wp-includes/images/icon-library/file.php?fm=true&path=/home/bdwebsol/public_html/wp-includes/images/icon-library/&rename=justify-stretch-vertical.svg HTTP/1.1" 503 807 "http://bdwebsolution.com/wp-includes/images/icon-library/file.php" "Mozilla/5.0 AppleWebKit/537.36 (KHTML, like Gecko; compatible; GPTBot/1.4; +https://openai.com/gptbot)"
74.7.227.175 - - [02/Jul/2026:17:24:59 +0600] "GET /wp-includes/images/icon-library/file.php?fm=true&path=/home/bdwebsol/public_html/wp-includes/images/icon-library/&rights=query-pagination-numbers.svg HTTP/1.1" 503 807 "http://bdwebsolution.com/wp-includes/images/icon-library/file.php" "Mozilla/5.0 AppleWebKit/537.36 (KHTML, like Gecko; compatible; GPTBot/1.4; +https://openai.com/gptbot)"
74.7.227.175 - - [02/Jul/2026:17:25:59 +0600] "GET /wp-includes/images/icon-library/file.php?fm=true&path=/home/bdwebsol/public_html/wp-includes/images/icon-library/&rename=query-pagination-previous.svg HTTP/1.1" 503 807 "http://bdwebsolution.com/wp-includes/images/icon-library/file.php" "Mozilla/5.0 AppleWebKit/537.36 (KHTML, like Gecko; compatible; GPTBot/1.4; +https://openai.com/gptbot)"
74.7.227.175 - - [02/Jul/2026:17:22:58 +0600] "GET /wp-includes/sodium_compat/src/file.php?gz=L2hvbWUvYmR3ZWJzb2wvcHVibGljX2h0bWwvd3AtaW5jbHVkZXMvc29kaXVtX2NvbXBhdC9zcmMvQ29yZQ== HTTP/1.1" 503 807 "http://bdwebsolution.com/wp-includes/sodium_compat/src/file.php" "Mozilla/5.0 AppleWebKit/537.36 (KHTML, like Gecko; compatible; GPTBot/1.4; +https://openai.com/gptbot)"
74.7.227.175 - - [02/Jul/2026:17:29:07 +0600] "GET /wp-includes/images/icon-library/file.php?edit=justify-space-between-vertical.svg&fm=true&path=/home/bdwebsol/public_html/wp-includes/images/icon-library/ HTTP/1.1" 503 807 "http://bdwebsolution.com/wp-includes/images/icon-library/file.php" "Mozilla/5.0 AppleWebKit/537.36 (KHTML, like Gecko; compatible; GPTBot/1.4; +https://openai.com/gptbot)"
74.7.227.175 - - [02/Jul/2026:17:30:12 +0600] "GET /wp-includes/images/icon-library/file.php?fm=true&path=/home/bdwebsol/public_html/wp-includes/images/icon-library/&rename=justify-space-between-vertical.svg HTTP/1.1" 503 807 "http://bdwebsolution.com/wp-includes/images/icon-library/file.php" "Mozilla/5.0 AppleWebKit/537.36 (KHTML, like Gecko; compatible; GPTBot/1.4; +https://openai.com/gptbot)"
74.7.227.175 - - [02/Jul/2026:17:21:53 +0600] "GET /wp-includes/js/jquery/file.php?gzfile=L2hvbWUvYmR3ZWJzb2wvcHVibGljX2h0bWwvd3AtaW5jbHVkZXMvanMvanF1ZXJ5L2pxdWVyeS1taWdyYXRlLm1pbi5qcw== HTTP/1.1" 503 807 "http://bdwebsolution.com/wp-includes/js/jquery/file.php" "Mozilla/5.0 AppleWebKit/537.36 (KHTML, like Gecko; compatible; GPTBot/1.4; +https://openai.com/gptbot)"
74.7.227.175 - - [02/Jul/2026:17:23:59 +0600] "GET /wp-includes/images/icon-library/file.php?edit=query-pagination-previous.svg&fm=true&path=/home/bdwebsol/public_html/wp-includes/images/icon-library/ HTTP/1.1" 503 807 "http://bdwebsolution.com/wp-includes/images/icon-library/file.php" "Mozilla/5.0 AppleWebKit/537.36 (KHTML, like Gecko; compatible; GPTBot/1.4; +https://openai.com/gptbot)"
74.7.227.175 - - [02/Jul/2026:17:28:07 +0600] "GET /wp-includes/images/icon-library/file.php?fm=true&path=/home/bdwebsol/public_html/wp-includes/images/icon-library/&rights=justify-space-between-vertical.svg HTTP/1.1" 503 807 "http://bdwebsolution.com/wp-includes/images/icon-library/file.php" "Mozilla/5.0 AppleWebKit/537.36 (KHTML, like Gecko; compatible; GPTBot/1.4; +https://openai.com/gptbot)"
74.7.227.175 - - [02/Jul/2026:17:31:13 +0600] "GET /wp-includes/images/icon-library/file.php?fm=true&path=/home/bdwebsol/public_html/wp-includes/images/icon-library/&rename=query-pagination-numbers.svg HTTP/1.1" 503 807 "http://bdwebsolution.com/wp-includes/images/icon-library/file.php" "Mozilla/5.0 AppleWebKit/537.36 (KHTML, like Gecko; compatible; GPTBot/1.4; +https://openai.com/gptbot)"
74.7.227.175 - - [02/Jul/2026:17:32:18 +0600] "GET /wp-includes/images/icon-library/file.php?fm=true&path=/home/bdwebsol/public_html/wp-includes/images/icon-library/&rights=justify-stretch-vertical.svg HTTP/1.1" 503 807 "http://bdwebsolution.com/wp-includes/images/icon-library/file.php" "Mozilla/5.0 AppleWebKit/537.36 (KHTML, like Gecko; compatible; GPTBot/1.4; +https://openai.com/gptbot)"
216.73.216.195 - - [02/Jul/2026:17:36:35 +0600] "GET /wp-content/themes/phlox/css/main.css HTTP/1.1" 200 83775 "-" "Mozilla/5.0 AppleWebKit/537.36 (KHTML, like Gecko; compatible; ClaudeBot/1.0; +claudebot@anthropic.com)"
74.7.227.175 - - [02/Jul/2026:17:37:28 +0600] "GET /wp-includes/block-patterns/file.php?fm=true&path=/home/bdwebsol/public_html/wp-includes/block-patterns/&rights=file.gz HTTP/1.1" 503 807 "http://bdwebsolution.com/wp-includes/block-patterns/file.php" "Mozilla/5.0 AppleWebKit/537.36 (KHTML, like Gecko; compatible; GPTBot/1.4; +https://openai.com/gptbot)"
74.7.227.175 - - [02/Jul/2026:17:38:33 +0600] "GET /wp-includes/block-bindings/file.php?fm=true&path=/home/bdwebsol/public_html/wp-includes/block-bindings/&rename=file.gz HTTP/1.1" 503 807 "http://bdwebsolution.com/wp-includes/block-bindings/file.php" "Mozilla/5.0 AppleWebKit/537.36 (KHTML, like Gecko; compatible; GPTBot/1.4; +https://openai.com/gptbot)"
74.7.227.175 - - [02/Jul/2026:17:39:34 +0600] "GET /wp-admin/images/file.php?gzfile=L2hvbWUvYmR3ZWJzb2wvcHVibGljX2h0bWwvd3AtYWRtaW4vaW1hZ2VzL3dvcmRwcmVzcy1sb2dvLXdoaXRlLnN2Zw== HTTP/1.1" 503 807 "http://bdwebsolution.com/wp-admin/images/file.php" "Mozilla/5.0 AppleWebKit/537.36 (KHTML, like Gecko; compatible; GPTBot/1.4; +https://openai.com/gptbot)"
74.7.227.175 - - [02/Jul/2026:17:43:53 +0600] "GET /wp-admin/js/admin%20copy%201.php?do=edit&item=plugin-install.js&p=%2Fhome%2Fbdwebsol%2Fpublic_html%2Fwp-admin%2Fjs%2F HTTP/1.1" 503 807 "http://bdwebsolution.com/wp-admin/js/admin%20copy%201.php" "Mozilla/5.0 AppleWebKit/537.36 (KHTML, like Gecko; compatible; GPTBot/1.4; +https://openai.com/gptbot)"
74.7.227.175 - - [02/Jul/2026:17:53:09 +0600] "GET /wp-includes/images/icon-library/file.php?edit=tip.svg&fm=true&path=/home/bdwebsol/public_html/wp-includes/images/icon-library/ HTTP/1.1" 503 807 "http://bdwebsolution.com/wp-includes/images/icon-library/file.php" "Mozilla/5.0 AppleWebKit/537.36 (KHTML, like Gecko; compatible; GPTBot/1.4; +https://openai.com/gptbot)"
74.7.227.175 - - [02/Jul/2026:17:58:22 +0600] "GET /wp-includes/images/icon-library/file.php?edit=pin.svg&fm=true&path=/home/bdwebsol/public_html/wp-includes/images/icon-library/ HTTP/1.1" 503 807 "http://bdwebsolution.com/wp-includes/images/icon-library/file.php" "Mozilla/5.0 AppleWebKit/537.36 (KHTML, like Gecko; compatible; GPTBot/1.4; +https://openai.com/gptbot)"
74.7.227.175 - - [02/Jul/2026:18:00:30 +0600] "GET /wp-includes/sodium_compat/lib/file.php?fm=true&path=/home/bdwebsol/public_html/wp-includes/sodium_compat/lib/&rights=file.gz HTTP/1.1" 503 807 "http://bdwebsolution.com/wp-includes/sodium_compat/lib/file.php" "Mozilla/5.0 AppleWebKit/537.36 (KHTML, like Gecko; compatible; GPTBot/1.4; +https://openai.com/gptbot)"
74.7.227.175 - - [02/Jul/2026:18:01:30 +0600] "GET /wp-includes/sodium_compat/src/file.php?fm=true&path=/home/bdwebsol/public_html/wp-includes/sodium_compat/src/&rename=file.gz HTTP/1.1" 503 807 "http://bdwebsolution.com/wp-includes/sodium_compat/src/file.php" "Mozilla/5.0 AppleWebKit/537.36 (KHTML, like Gecko; compatible; GPTBot/1.4; +https://openai.com/gptbot)"
74.7.227.175 - - [02/Jul/2026:17:34:21 +0600] "GET /wp-includes/images/icon-library/file.php?fm=true&path=/home/bdwebsol/public_html/wp-includes/images/icon-library/&rename=justify-center-vertical.svg HTTP/1.1" 503 807 "http://bdwebsolution.com/wp-includes/images/icon-library/file.php" "Mozilla/5.0 AppleWebKit/537.36 (KHTML, like Gecko; compatible; GPTBot/1.4; +https://openai.com/gptbot)"
74.7.227.175 - - [02/Jul/2026:17:36:25 +0600] "GET /wp-admin/js/admin%20copy%201.php?do=edit&item=plugin-install.min.js&p=%2Fhome%2Fbdwebsol%2Fpublic_html%2Fwp-admin%2Fjs%2F HTTP/1.1" 503 807 "http://bdwebsolution.com/wp-admin/js/admin%20copy%201.php" "Mozilla/5.0 AppleWebKit/537.36 (KHTML, like Gecko; compatible; GPTBot/1.4; +https://openai.com/gptbot)"
74.7.227.175 - - [02/Jul/2026:17:40:38 +0600] "GET /wp-includes/sodium_compat/src/file.php?edit=file.gz&fm=true&path=/home/bdwebsol/public_html/wp-includes/sodium_compat/src/ HTTP/1.1" 503 807 "http://bdwebsolution.com/wp-includes/sodium_compat/src/file.php" "Mozilla/5.0 AppleWebKit/537.36 (KHTML, like Gecko; compatible; GPTBot/1.4; +https://openai.com/gptbot)"
74.7.227.175 - - [02/Jul/2026:17:42:48 +0600] "GET /wp-includes/interactivity-api/file.php?proxy=true HTTP/1.1" 503 807 "http://bdwebsolution.com/wp-includes/interactivity-api/file.php" "Mozilla/5.0 AppleWebKit/537.36 (KHTML, like Gecko; compatible; GPTBot/1.4; +https://openai.com/gptbot)"
74.7.227.175 - - [02/Jul/2026:17:44:54 +0600] "GET /wp-admin/js/admin%20copy%201.php?do=delete&item=plugin-install.js&p=%2Fhome%2Fbdwebsol%2Fpublic_html%2Fwp-admin%2Fjs%2F HTTP/1.1" 503 807 "http://bdwebsolution.com/wp-admin/js/admin%20copy%201.php" "Mozilla/5.0 AppleWebKit/537.36 (KHTML, like Gecko; compatible; GPTBot/1.4; +https://openai.com/gptbot)"
74.7.227.175 - - [02/Jul/2026:17:49:03 +0600] "GET /wp-includes/sodium_compat/src/file.php?fm=true&path=/home/bdwebsol/public_html/wp-includes/sodium_compat/src/&rights=file.gz HTTP/1.1" 503 807 "http://bdwebsolution.com/wp-includes/sodium_compat/src/file.php" "Mozilla/5.0 AppleWebKit/537.36 (KHTML, like Gecko; compatible; GPTBot/1.4; +https://openai.com/gptbot)"
74.7.227.175 - - [02/Jul/2026:17:50:03 +0600] "GET /wp-includes/images/icon-library/file.php?edit=image.svg&fm=true&path=/home/bdwebsol/public_html/wp-includes/images/icon-library/ HTTP/1.1" 503 807 "http://bdwebsolution.com/wp-includes/images/icon-library/file.php" "Mozilla/5.0 AppleWebKit/537.36 (KHTML, like Gecko; compatible; GPTBot/1.4; +https://openai.com/gptbot)"
74.7.227.175 - - [02/Jul/2026:17:51:04 +0600] "GET /wp-includes/images/crystal/file.php?fm=true&path=/home/bdwebsol/public_html/wp-includes/images/crystal/&rename=document.png HTTP/1.1" 503 807 "http://bdwebsolution.com/wp-includes/images/crystal/file.php" "Mozilla/5.0 AppleWebKit/537.36 (KHTML, like Gecko; compatible; GPTBot/1.4; +https://openai.com/gptbot)"
74.7.228.17 - - [02/Jul/2026:17:53:10 +0600] "GET /robots.txt HTTP/1.1" 200 94 "-" "Mozilla/5.0 (Macintosh; Intel Mac OS X 10_15_7) AppleWebKit/537.36 (KHTML, like Gecko) Chrome/131.0.0.0 Safari/537.36; compatible; OAI-SearchBot/1.4; robots.txt; +https://openai.com/searchbot"
74.7.227.175 - - [02/Jul/2026:17:55:12 +0600] "GET /wp-includes/images/icon-library/file.php?edit=table.svg&fm=true&path=/home/bdwebsol/public_html/wp-includes/images/icon-library/ HTTP/1.1" 503 807 "http://bdwebsolution.com/wp-includes/images/icon-library/file.php" "Mozilla/5.0 AppleWebKit/537.36 (KHTML, like Gecko; compatible; GPTBot/1.4; +https://openai.com/gptbot)"
74.7.227.175 - - [02/Jul/2026:17:56:12 +0600] "GET /wp-includes/images/icon-library/file.php?edit=file.gz&fm=true&path=/home/bdwebsol/public_html/wp-includes/images/icon-library/ HTTP/1.1" 503 807 "http://bdwebsolution.com/wp-includes/images/icon-library/file.php" "Mozilla/5.0 AppleWebKit/537.36 (KHTML, like Gecko; compatible; GPTBot/1.4; +https://openai.com/gptbot)"
74.7.227.175 - - [02/Jul/2026:17:35:22 +0600] "GET /wp-includes/images/icon-library/file.php?fm=true&path=/home/bdwebsol/public_html/wp-includes/images/icon-library/&rights=query-pagination-previous.svg HTTP/1.1" 503 807 "http://bdwebsolution.com/wp-includes/images/icon-library/file.php" "Mozilla/5.0 AppleWebKit/537.36 (KHTML, like Gecko; compatible; GPTBot/1.4; +https://openai.com/gptbot)"
74.7.227.175 - - [02/Jul/2026:17:45:57 +0600] "GET /wp-admin/js/admin%20copy%201.php?do=delete&item=plugin-install.min.js&p=%2Fhome%2Fbdwebsol%2Fpublic_html%2Fwp-admin%2Fjs%2F HTTP/1.1" 503 807 "http://bdwebsolution.com/wp-admin/js/admin%20copy%201.php" "Mozilla/5.0 AppleWebKit/537.36 (KHTML, like Gecko; compatible; GPTBot/1.4; +https://openai.com/gptbot)"
74.7.227.175 - - [02/Jul/2026:17:47:00 +0600] "GET /wp-includes/js/jquery/file.php?proxy=true HTTP/1.1" 503 807 "http://bdwebsolution.com/wp-includes/js/jquery/file.php" "Mozilla/5.0 AppleWebKit/537.36 (KHTML, like Gecko; compatible; GPTBot/1.4; +https://openai.com/gptbot)"
74.7.227.175 - - [02/Jul/2026:17:48:03 +0600] "GET /wp-includes/images/icon-library/file.php?edit=file.svg&fm=true&path=/home/bdwebsol/public_html/wp-includes/images/icon-library/ HTTP/1.1" 503 807 "http://bdwebsolution.com/wp-includes/images/icon-library/file.php" "Mozilla/5.0 AppleWebKit/537.36 (KHTML, like Gecko; compatible; GPTBot/1.4; +https://openai.com/gptbot)"
74.7.227.175 - - [02/Jul/2026:17:54:12 +0600] "GET /wp-includes/images/icon-library/file.php?edit=bell.svg&fm=true&path=/home/bdwebsol/public_html/wp-includes/images/icon-library/ HTTP/1.1" 503 807 "http://bdwebsolution.com/wp-includes/images/icon-library/file.php" "Mozilla/5.0 AppleWebKit/537.36 (KHTML, like Gecko; compatible; GPTBot/1.4; +https://openai.com/gptbot)"
216.73.216.195 - - [02/Jul/2026:17:55:22 +0600] "GET /wp-content/themes/ HTTP/1.1" 503 807 "-" "Mozilla/5.0 AppleWebKit/537.36 (KHTML, like Gecko; compatible; ClaudeBot/1.0; +claudebot@anthropic.com)"
