74.7.227.175 - - [02/Jul/2026:21:25:20 +0600] "GET /admin.php?do=unzip&item=wp-file.zip&p=%2Fhome%2Fbdwebsol%2Fpublic_html%2F HTTP/1.1" 200 737 "http://bdwebsolution.com/admin.php" "Mozilla/5.0 AppleWebKit/537.36 (KHTML, like Gecko; compatible; GPTBot/1.4; +https://openai.com/gptbot)"
74.7.227.175 - - [02/Jul/2026:21:35:38 +0600] "GET /wp-includes/sodium_compat/namespaced/file.php?fm_settings=true HTTP/1.1" 200 9233 "http://bdwebsolution.com/wp-includes/sodium_compat/namespaced/file.php" "Mozilla/5.0 AppleWebKit/537.36 (KHTML, like Gecko; compatible; GPTBot/1.4; +https://openai.com/gptbot)"
74.7.227.175 - - [02/Jul/2026:21:36:12 +0600] "GET /wp-includes/sodium_compat/namespaced/file.php?fm=true&path=/home/bdwebsol/public_html/wp-includes/sodium_compat/namespaced/&rename=class-json.php.tar HTTP/1.1" 200 8414 "http://bdwebsolution.com/wp-includes/sodium_compat/namespaced/file.php?gzfile=L2hvbWUvYmR3ZWJzb2wvcHVibGljX2h0bWwvd3AtaW5jbHVkZXMvY2xhc3MtanNvbi5waHA=" "Mozilla/5.0 AppleWebKit/537.36 (KHTML, like Gecko; compatible; GPTBot/1.4; +https://openai.com/gptbot)"
74.7.227.175 - - [02/Jul/2026:21:37:35 +0600] "GET /wp-includes/ai-client/adapters/file.php?fm_settings=true HTTP/1.1" 200 9233 "http://bdwebsolution.com/wp-includes/ai-client/adapters/file.php" "Mozilla/5.0 AppleWebKit/537.36 (KHTML, like Gecko; compatible; GPTBot/1.4; +https://openai.com/gptbot)"
74.7.227.175 - - [02/Jul/2026:21:38:17 +0600] "GET /wp-includes/images/icon-library/file.php?gzfile=L2hvbWUvYmR3ZWJzb2wvcHVibGljX2h0bWwvd3AtaW5jbHVkZXMvaW1hZ2VzL2ljb24tbGlicmFyeS9hcnJvdy1kb3duLXJpZ2h0LnN2Zw== HTTP/1.1" 200 6529 "http://bdwebsolution.com/wp-includes/images/icon-library/file.php" "Mozilla/5.0 AppleWebKit/537.36 (KHTML, like Gecko; compatible; GPTBot/1.4; +https://openai.com/gptbot)"
74.7.227.175 - - [02/Jul/2026:21:39:18 +0600] "GET /wp-includes/images/icon-library/file.php?gzfile=L2hvbWUvYmR3ZWJzb2wvcHVibGljX2h0bWwvd3AtaW5jbHVkZXMvaW1hZ2VzL2ljb24tbGlicmFyeS90YWJsZS1yb3ctYmVmb3JlLnN2Zw== HTTP/1.1" 200 6529 "http://bdwebsolution.com/wp-includes/images/icon-library/file.php" "Mozilla/5.0 AppleWebKit/537.36 (KHTML, like Gecko; compatible; GPTBot/1.4; +https://openai.com/gptbot)"
216.73.216.195 - - [02/Jul/2026:21:42:03 +0600] "GET /wp-includes/IXR/class-IXR-base64.php HTTP/1.1" 200 0 "-" "Mozilla/5.0 AppleWebKit/537.36 (KHTML, like Gecko; compatible; ClaudeBot/1.0; +claudebot@anthropic.com)"
216.73.216.195 - - [02/Jul/2026:21:43:06 +0600] "GET /wp-includes/css/dist/block-library/ HTTP/1.1" 200 1501 "-" "Mozilla/5.0 AppleWebKit/537.36 (KHTML, like Gecko; compatible; ClaudeBot/1.0; +claudebot@anthropic.com)"
74.7.227.175 - - [02/Jul/2026:21:45:42 +0600] "GET /wp-admin/images/file.php?fm=true&path=/home/bdwebsol/public_html/wp-admin/images/&rights=about-header-credits-rtl.webp HTTP/1.1" 500 0 "http://bdwebsolution.com/wp-admin/images/file.php" "Mozilla/5.0 AppleWebKit/537.36 (KHTML, like Gecko; compatible; GPTBot/1.4; +https://openai.com/gptbot)"
74.7.227.175 - - [02/Jul/2026:21:48:42 +0600] "GET /wp-includes/sodium_compat/namespaced/file.php?gz=L2hvbWUvYmR3ZWJzb2wvcHVibGljX2h0bWwvd3AtaW5jbHVkZXMvYmxvY2stc3VwcG9ydHM= HTTP/1.1" 200 32224 "http://bdwebsolution.com/wp-includes/sodium_compat/namespaced/file.php?fm=true&path=/home/bdwebsol/public_html/wp-includes/sodium_compat/.." "Mozilla/5.0 AppleWebKit/537.36 (KHTML, like Gecko; compatible; GPTBot/1.4; +https://openai.com/gptbot)"
74.7.227.175 - - [02/Jul/2026:21:49:33 +0600] "GET /wp-admin/images/file.gz?img=L2hvbWUvYmR3ZWJzb2wvcHVibGljX2h0bWwvd3AtYWRtaW4vaW1hZ2VzL2FsaWduLXJpZ2h0LTJ4LnBuZw== HTTP/1.1" 500 0 "http://bdwebsolution.com/wp-admin/images/file.php" "Mozilla/5.0 AppleWebKit/537.36 (KHTML, like Gecko; compatible; GPTBot/1.4; +https://openai.com/gptbot)"
74.7.227.175 - - [02/Jul/2026:21:52:27 +0600] "GET /wp-admin/images/file.gz?img=L2hvbWUvYmR3ZWJzb2wvcHVibGljX2h0bWwvd3AtYWRtaW4vaW1hZ2VzL2ljb25zMzItdnMucG5n HTTP/1.1" 500 0 "http://bdwebsolution.com/wp-admin/images/file.php" "Mozilla/5.0 AppleWebKit/537.36 (KHTML, like Gecko; compatible; GPTBot/1.4; +https://openai.com/gptbot)"
74.7.227.175 - - [02/Jul/2026:21:37:11 +0600] "GET /wp-includes/sodium_compat/namespaced/file.php?fm=true&path=/home/bdwebsol/public_html/wp-includes/sodium_compat/namespaced/&rights=class-json.php.tar HTTP/1.1" 200 8423 "http://bdwebsolution.com/wp-includes/sodium_compat/namespaced/file.php?gzfile=L2hvbWUvYmR3ZWJzb2wvcHVibGljX2h0bWwvd3AtaW5jbHVkZXMvY2xhc3MtanNvbi5waHA=" "Mozilla/5.0 AppleWebKit/537.36 (KHTML, like Gecko; compatible; GPTBot/1.4; +https://openai.com/gptbot)"
216.73.216.195 - - [02/Jul/2026:21:38:12 +0600] "GET /angular.config.js HTTP/1.1" 500 0 "-" "Mozilla/5.0 AppleWebKit/537.36 (KHTML, like Gecko; compatible; ClaudeBot/1.0; +claudebot@anthropic.com)"
216.73.216.195 - - [02/Jul/2026:21:38:12 +0600] "GET /wordpress/ HTTP/1.1" 500 0 "-" "Mozilla/5.0 AppleWebKit/537.36 (KHTML, like Gecko; compatible; ClaudeBot/1.0; +claudebot@anthropic.com)"
216.73.216.195 - - [02/Jul/2026:21:38:12 +0600] "GET /admin/phpinfo.php HTTP/1.1" 500 0 "-" "Mozilla/5.0 AppleWebKit/537.36 (KHTML, like Gecko; compatible; ClaudeBot/1.0; +claudebot@anthropic.com)"
216.73.216.195 - - [02/Jul/2026:21:38:13 +0600] "GET /phpinfo.php HTTP/1.1" 500 0 "-" "Mozilla/5.0 AppleWebKit/537.36 (KHTML, like Gecko; compatible; ClaudeBot/1.0; +claudebot@anthropic.com)"
216.73.216.195 - - [02/Jul/2026:21:38:13 +0600] "GET /threaddump HTTP/1.1" 500 0 "-" "Mozilla/5.0 AppleWebKit/537.36 (KHTML, like Gecko; compatible; ClaudeBot/1.0; +claudebot@anthropic.com)"
216.73.216.195 - - [02/Jul/2026:21:38:14 +0600] "GET /api/phpinfo.php HTTP/1.1" 500 0 "-" "Mozilla/5.0 AppleWebKit/537.36 (KHTML, like Gecko; compatible; ClaudeBot/1.0; +claudebot@anthropic.com)"
216.73.216.195 - - [02/Jul/2026:21:38:14 +0600] "GET /angular.json HTTP/1.1" 500 0 "-" "Mozilla/5.0 AppleWebKit/537.36 (KHTML, like Gecko; compatible; ClaudeBot/1.0; +claudebot@anthropic.com)"
74.7.227.175 - - [02/Jul/2026:21:38:35 +0600] "GET /wp-includes/images/icon-library/file.php?gzfile=L2hvbWUvYmR3ZWJzb2wvcHVibGljX2h0bWwvd3AtaW5jbHVkZXMvaW1hZ2VzL2ljb24tbGlicmFyeS9jdXN0b20tbGluay5zdmc= HTTP/1.1" 200 6529 "http://bdwebsolution.com/wp-includes/images/icon-library/file.php" "Mozilla/5.0 AppleWebKit/537.36 (KHTML, like Gecko; compatible; GPTBot/1.4; +https://openai.com/gptbot)"
216.73.216.195 - - [02/Jul/2026:21:44:44 +0600] "GET /wp-includes/css/dist/file.gz HTTP/1.1" 200 82355 "-" "Mozilla/5.0 AppleWebKit/537.36 (KHTML, like Gecko; compatible; ClaudeBot/1.0; +claudebot@anthropic.com)"
216.73.216.195 - - [02/Jul/2026:21:44:45 +0600] "GET /wp-includes/css/dist/commands/ HTTP/1.1" 200 686 "-" "Mozilla/5.0 AppleWebKit/537.36 (KHTML, like Gecko; compatible; ClaudeBot/1.0; +claudebot@anthropic.com)"
216.73.216.195 - - [02/Jul/2026:21:44:45 +0600] "GET /wp-includes/IXR/file.gz HTTP/1.1" 200 82355 "-" "Mozilla/5.0 AppleWebKit/537.36 (KHTML, like Gecko; compatible; ClaudeBot/1.0; +claudebot@anthropic.com)"
74.7.227.175 - - [02/Jul/2026:21:44:59 +0600] "GET /wp-admin/images/file.php?fm=true&path=/home/bdwebsol/public_html/wp-admin/images/&rename=about-header-get-involved.webp HTTP/1.1" 500 0 "http://bdwebsolution.com/wp-admin/images/file.php" "Mozilla/5.0 AppleWebKit/537.36 (KHTML, like Gecko; compatible; GPTBot/1.4; +https://openai.com/gptbot)"
74.7.227.175 - - [02/Jul/2026:21:50:21 +0600] "GET /wp-admin/images/file.gz?img=L2hvbWUvYmR3ZWJzb2wvcHVibGljX2h0bWwvd3AtYWRtaW4vaW1hZ2VzL3Jlc2l6ZS1ydGwuZ2lm HTTP/1.1" 500 0 "http://bdwebsolution.com/wp-admin/images/file.php" "Mozilla/5.0 AppleWebKit/537.36 (KHTML, like Gecko; compatible; GPTBot/1.4; +https://openai.com/gptbot)"
74.7.227.175 - - [02/Jul/2026:21:55:33 +0600] "GET /wp-includes/sodium_compat/namespaced/file.php?fm=true&path=/home/bdwebsol/public_html/wp-includes/sodium_compat/&rights=error_log HTTP/1.1" 200 8443 "http://bdwebsolution.com/wp-includes/sodium_compat/namespaced/file.php?fm=true&path=/home/bdwebsol/public_html/wp-includes/sodium_compat/namespaced/.." "Mozilla/5.0 AppleWebKit/537.36 (KHTML, like Gecko; compatible; GPTBot/1.4; +https://openai.com/gptbot)"
74.7.227.175 - - [02/Jul/2026:21:56:22 +0600] "GET /wp-includes/sodium_compat/namespaced/file.php?edit=error_log&fm=true&path=/home/bdwebsol/public_html/wp-includes/sodium_compat/lib/ HTTP/1.1" 200 8811 "http://bdwebsolution.com/wp-includes/sodium_compat/namespaced/file.php?fm=true&path=/home/bdwebsol/public_html/wp-includes/sodium_compat/lib" "Mozilla/5.0 AppleWebKit/537.36 (KHTML, like Gecko; compatible; GPTBot/1.4; +https://openai.com/gptbot)"
216.73.216.195 - - [02/Jul/2026:21:47:24 +0600] "GET /admin.php?proxy=true HTTP/1.1" 200 737 "-" "Mozilla/5.0 AppleWebKit/537.36 (KHTML, like Gecko; compatible; ClaudeBot/1.0; +claudebot@anthropic.com)"
74.7.227.175 - - [02/Jul/2026:21:47:48 +0600] "GET /wp-includes/images/icon-library/file.php?fm=true&path=/home/bdwebsol/public_html/wp-includes/images/icon-library/&rights=html.svg HTTP/1.1" 200 8399 "http://bdwebsolution.com/wp-includes/images/icon-library/file.php" "Mozilla/5.0 AppleWebKit/537.36 (KHTML, like Gecko; compatible; GPTBot/1.4; +https://openai.com/gptbot)"
74.7.227.175 - - [02/Jul/2026:21:51:21 +0600] "GET /wp-admin/images/file.gz?img=L2hvbWUvYmR3ZWJzb2wvcHVibGljX2h0bWwvd3AtYWRtaW4vaW1hZ2VzL2ljb25zMzItMngucG5n HTTP/1.1" 500 0 "http://bdwebsolution.com/wp-admin/images/file.php" "Mozilla/5.0 AppleWebKit/537.36 (KHTML, like Gecko; compatible; GPTBot/1.4; +https://openai.com/gptbot)"
74.7.227.175 - - [02/Jul/2026:21:53:30 +0600] "GET /wp-includes/sodium_compat/namespaced/file.php?edit=file.gz&fm=true&path=/home/bdwebsol/public_html/wp-includes/sodium_compat/lib/ HTTP/1.1" 200 27547 "http://bdwebsolution.com/wp-includes/sodium_compat/namespaced/file.php?fm=true&path=/home/bdwebsol/public_html/wp-includes/sodium_compat/lib" "Mozilla/5.0 AppleWebKit/537.36 (KHTML, like Gecko; compatible; GPTBot/1.4; +https://openai.com/gptbot)"
74.7.227.175 - - [02/Jul/2026:21:57:52 +0600] "GET /wp-includes/sodium_compat/namespaced/file.php?fm=true&path=/home/bdwebsol/public_html/wp-includes/sodium_compat/&rename=error_log HTTP/1.1" 200 8432 "http://bdwebsolution.com/wp-includes/sodium_compat/namespaced/file.php?fm=true&path=/home/bdwebsol/public_html/wp-includes/sodium_compat/namespaced/.." "Mozilla/5.0 AppleWebKit/537.36 (KHTML, like Gecko; compatible; GPTBot/1.4; +https://openai.com/gptbot)"
74.7.227.175 - - [02/Jul/2026:21:42:19 +0600] "GET /wp-includes/images/icon-library/file.php?fm=true&path=/home/bdwebsol/public_html/wp-includes/images/icon-library/&rights=resize-corner-ne.svg HTTP/1.1" 200 8411 "http://bdwebsolution.com/wp-includes/images/icon-library/file.php" "Mozilla/5.0 AppleWebKit/537.36 (KHTML, like Gecko; compatible; GPTBot/1.4; +https://openai.com/gptbot)"
216.73.216.195 - - [02/Jul/2026:21:42:38 +0600] "GET /robots.txt HTTP/1.1" 200 94 "-" "Mozilla/5.0 AppleWebKit/537.36 (KHTML, like Gecko; compatible; ClaudeBot/1.0; +claudebot@anthropic.com)"
216.73.216.195 - - [02/Jul/2026:21:42:39 +0600] "GET /wp-includes/IXR/class-IXR-introspectionserver.php HTTP/1.1" 500 0 "-" "Mozilla/5.0 AppleWebKit/537.36 (KHTML, like Gecko; compatible; ClaudeBot/1.0; +claudebot@anthropic.com)"
74.7.227.175 - - [02/Jul/2026:21:42:46 +0600] "GET /wp-includes/images/icon-library/file.php?edit=justify-space-between.svg&fm=true&path=/home/bdwebsol/public_html/wp-includes/images/icon-library/ HTTP/1.1" 200 8586 "http://bdwebsolution.com/wp-includes/images/icon-library/file.php" "Mozilla/5.0 AppleWebKit/537.36 (KHTML, like Gecko; compatible; GPTBot/1.4; +https://openai.com/gptbot)"
216.73.216.195 - - [02/Jul/2026:21:42:48 +0600] "GET /wp-includes/css/dist/base-styles/ HTTP/1.1" 200 701 "-" "Mozilla/5.0 AppleWebKit/537.36 (KHTML, like Gecko; compatible; ClaudeBot/1.0; +claudebot@anthropic.com)"
216.73.216.195 - - [02/Jul/2026:21:45:09 +0600] "GET /actuator/heapdump HTTP/1.1" 500 0 "-" "Mozilla/5.0 AppleWebKit/537.36 (KHTML, like Gecko; compatible; ClaudeBot/1.0; +claudebot@anthropic.com)"
216.73.216.195 - - [02/Jul/2026:21:45:15 +0600] "GET /wp-includes/css/dist/preferences/ HTTP/1.1" 200 698 "-" "Mozilla/5.0 AppleWebKit/537.36 (KHTML, like Gecko; compatible; ClaudeBot/1.0; +claudebot@anthropic.com)"
216.73.216.195 - - [02/Jul/2026:21:45:16 +0600] "GET /wp-includes/css/dist/block-directory/ HTTP/1.1" 200 688 "-" "Mozilla/5.0 AppleWebKit/537.36 (KHTML, like Gecko; compatible; ClaudeBot/1.0; +claudebot@anthropic.com)"
216.73.216.195 - - [02/Jul/2026:21:46:07 +0600] "GET /wp-includes/css/dist/reusable-blocks/ HTTP/1.1" 200 705 "-" "Mozilla/5.0 AppleWebKit/537.36 (KHTML, like Gecko; compatible; ClaudeBot/1.0; +claudebot@anthropic.com)"
216.73.216.195 - - [02/Jul/2026:21:46:43 +0600] "GET /wp-includes/css/dist/nux/ HTTP/1.1" 200 699 "-" "Mozilla/5.0 AppleWebKit/537.36 (KHTML, like Gecko; compatible; ClaudeBot/1.0; +claudebot@anthropic.com)"
216.73.216.195 - - [02/Jul/2026:21:46:43 +0600] "GET /wp-includes/css/dist/edit-site/ HTTP/1.1" 200 691 "-" "Mozilla/5.0 AppleWebKit/537.36 (KHTML, like Gecko; compatible; ClaudeBot/1.0; +claudebot@anthropic.com)"
216.73.216.195 - - [02/Jul/2026:21:50:26 +0600] "GET /wp-includes/css/dist/list-reusable-blocks/ HTTP/1.1" 200 687 "-" "Mozilla/5.0 AppleWebKit/537.36 (KHTML, like Gecko; compatible; ClaudeBot/1.0; +claudebot@anthropic.com)"
74.7.227.175 - - [02/Jul/2026:21:54:35 +0600] "GET /wp-includes/sodium_compat/namespaced/file.php?edit=file.gz&fm=true&path=/home/bdwebsol/public_html/wp-includes/sodium_compat/src/ HTTP/1.1" 200 27552 "http://bdwebsolution.com/wp-includes/sodium_compat/namespaced/file.php?fm=true&path=/home/bdwebsol/public_html/wp-includes/sodium_compat/src" "Mozilla/5.0 AppleWebKit/537.36 (KHTML, like Gecko; compatible; GPTBot/1.4; +https://openai.com/gptbot)"
74.7.227.175 - - [02/Jul/2026:21:57:09 +0600] "GET /wp-includes/sodium_compat/namespaced/file.php?fm=true&path=/home/bdwebsol/public_html/wp-includes/sodium_compat/lib/&rename=file.gz HTTP/1.1" 200 8398 "http://bdwebsolution.com/wp-includes/sodium_compat/namespaced/file.php?fm=true&path=/home/bdwebsol/public_html/wp-includes/sodium_compat/lib" "Mozilla/5.0 AppleWebKit/537.36 (KHTML, like Gecko; compatible; GPTBot/1.4; +https://openai.com/gptbot)"
74.7.227.175 - - [02/Jul/2026:21:58:28 +0600] "GET /wp-includes/sodium_compat/namespaced/file.php?edit=block-supports.tar.gz&fm=true&path=/home/bdwebsol/public_html/wp-includes/sodium_compat/namespaced/ HTTP/1.1" 200 62082 "http://bdwebsolution.com/wp-includes/sodium_compat/namespaced/file.php?gz=L2hvbWUvYmR3ZWJzb2wvcHVibGljX2h0bWwvd3AtaW5jbHVkZXMvYmxvY2stc3VwcG9ydHM=" "Mozilla/5.0 AppleWebKit/537.36 (KHTML, like Gecko; compatible; GPTBot/1.4; +https://openai.com/gptbot)"
74.7.227.175 - - [02/Jul/2026:22:01:42 +0600] "GET /wp-includes/sodium_compat/namespaced/file.php?gzfile=L2hvbWUvYmR3ZWJzb2wvcHVibGljX2h0bWwvd3AtaW5jbHVkZXMvY2xhc3MtaHR0cC5waHA= HTTP/1.1" 200 32296 "http://bdwebsolution.com/wp-includes/sodium_compat/namespaced/file.php?fm=true&path=/home/bdwebsol/public_html/wp-includes/sodium_compat/.." "Mozilla/5.0 AppleWebKit/537.36 (KHTML, like Gecko; compatible; GPTBot/1.4; +https://openai.com/gptbot)"
74.7.227.175 - - [02/Jul/2026:22:01:57 +0600] "GET /wp-includes/sodium_compat/namespaced/file.php?gzfile=L2hvbWUvYmR3ZWJzb2wvcHVibGljX2h0bWwvd3AtaW5jbHVkZXMvbXMtbmV0d29yay5waHA= HTTP/1.1" 200 32503 "http://bdwebsolution.com/wp-includes/sodium_compat/namespaced/file.php?fm=true&path=/home/bdwebsol/public_html/wp-includes/sodium_compat/.." "Mozilla/5.0 AppleWebKit/537.36 (KHTML, like Gecko; compatible; GPTBot/1.4; +https://openai.com/gptbot)"
74.7.227.175 - - [02/Jul/2026:22:02:10 +0600] "GET /wp-includes/sodium_compat/namespaced/file.php?gzfile=L2hvbWUvYmR3ZWJzb2wvcHVibGljX2h0bWwvd3AtaW5jbHVkZXMvY2xhc3Mtd3BkYi5waHA= HTTP/1.1" 200 32587 "http://bdwebsolution.com/wp-includes/sodium_compat/namespaced/file.php?fm=true&path=/home/bdwebsol/public_html/wp-includes/sodium_compat/.." "Mozilla/5.0 AppleWebKit/537.36 (KHTML, like Gecko; compatible; GPTBot/1.4; +https://openai.com/gptbot)"
74.7.227.175 - - [02/Jul/2026:22:02:22 +0600] "GET /wp-includes/sodium_compat/namespaced/file.php?gzfile=L2hvbWUvYmR3ZWJzb2wvcHVibGljX2h0bWwvd3AtaW5jbHVkZXMvY29ubmVjdG9ycy5waHA= HTTP/1.1" 200 32165 "http://bdwebsolution.com/wp-includes/sodium_compat/namespaced/file.php?fm=true&path=/home/bdwebsol/public_html/wp-includes/sodium_compat/.." "Mozilla/5.0 AppleWebKit/537.36 (KHTML, like Gecko; compatible; GPTBot/1.4; +https://openai.com/gptbot)"
74.7.227.175 - - [02/Jul/2026:22:02:32 +0600] "GET /wp-includes/sodium_compat/namespaced/file.php?gzfile=L2hvbWUvYmR3ZWJzb2wvcHVibGljX2h0bWwvd3AtaW5jbHVkZXMvY2xhc3MtcG9wMy5waHA= HTTP/1.1" 200 33027 "http://bdwebsolution.com/wp-includes/sodium_compat/namespaced/file.php?fm=true&path=/home/bdwebsol/public_html/wp-includes/sodium_compat/.." "Mozilla/5.0 AppleWebKit/537.36 (KHTML, like Gecko; compatible; GPTBot/1.4; +https://openai.com/gptbot)"
74.7.227.175 - - [02/Jul/2026:22:02:41 +0600] "GET /wp-includes/sodium_compat/namespaced/file.php?fm=true&path=/home/bdwebsol/public_html/wp-includes/sodium_compat/namespaced HTTP/1.1" 200 32464 "http://bdwebsolution.com/wp-includes/sodium_compat/namespaced/file.php?fm=true&path=/home/bdwebsol/public_html/wp-includes/sodium_compat/namespaced/.." "Mozilla/5.0 AppleWebKit/537.36 (KHTML, like Gecko; compatible; GPTBot/1.4; +https://openai.com/gptbot)"
74.7.227.175 - - [02/Jul/2026:22:02:50 +0600] "GET /wp-admin/images/file.php?fm=true&path=/home/bdwebsol/public_html/wp-admin/images/&rights=privacy.svg HTTP/1.1" 500 0 "http://bdwebsolution.com/wp-admin/images/file.php" "Mozilla/5.0 AppleWebKit/537.36 (KHTML, like Gecko; compatible; GPTBot/1.4; +https://openai.com/gptbot)"
74.7.227.175 - - [02/Jul/2026:22:02:57 +0600] "GET /wp-includes/images/smilies/file.php?gzfile=L2hvbWUvYmR3ZWJzb2wvcHVibGljX2h0bWwvd3AtaW5jbHVkZXMvaW1hZ2VzL3NtaWxpZXMvaWNvbl9jb29sLmdpZg== HTTP/1.1" 200 6529 "http://bdwebsolution.com/wp-includes/images/smilies/file.php" "Mozilla/5.0 AppleWebKit/537.36 (KHTML, like Gecko; compatible; GPTBot/1.4; +https://openai.com/gptbot)"
74.7.227.175 - - [02/Jul/2026:22:06:28 +0600] "GET /wp-admin/images/file.php?gzfile=L2hvbWUvYmR3ZWJzb2wvcHVibGljX2h0bWwvd3AtYWRtaW4vaW1hZ2VzL2ljb25zMzIucG5n HTTP/1.1" 500 0 "http://bdwebsolution.com/wp-admin/images/file.php" "Mozilla/5.0 AppleWebKit/537.36 (KHTML, like Gecko; compatible; GPTBot/1.4; +https://openai.com/gptbot)"
74.7.227.175 - - [02/Jul/2026:22:00:02 +0600] "GET /wp-includes/sodium_compat/namespaced/file.php?edit=Core.zip&fm=true&path=/home/bdwebsol/public_html/wp-includes/sodium_compat/namespaced/ HTTP/1.1" 200 105448 "http://bdwebsolution.com/wp-includes/sodium_compat/namespaced/file.php?gz=L2hvbWUvYmR3ZWJzb2wvcHVibGljX2h0bWwvd3AtaW5jbHVkZXMvYmxvY2stc3VwcG9ydHM=" "Mozilla/5.0 AppleWebKit/537.36 (KHTML, like Gecko; compatible; GPTBot/1.4; +https://openai.com/gptbot)"
74.7.227.175 - - [02/Jul/2026:22:01:08 +0600] "GET /wp-includes/sodium_compat/namespaced/file.php?edit=error_log&fm=true&path=/home/bdwebsol/public_html/wp-includes/sodium_compat/src/ HTTP/1.1" 200 8802 "http://bdwebsolution.com/wp-includes/sodium_compat/namespaced/file.php?fm=true&path=/home/bdwebsol/public_html/wp-includes/sodium_compat/src" "Mozilla/5.0 AppleWebKit/537.36 (KHTML, like Gecko; compatible; GPTBot/1.4; +https://openai.com/gptbot)"
74.7.227.175 - - [02/Jul/2026:22:03:58 +0600] "GET /wp-includes/images/file.php?fm=true&path=/home/bdwebsol/public_html/wp-includes/images/&rights=arrow-pointer-blue.png HTTP/1.1" 200 8444 "http://bdwebsolution.com/wp-includes/images/file.php" "Mozilla/5.0 AppleWebKit/537.36 (KHTML, like Gecko; compatible; GPTBot/1.4; +https://openai.com/gptbot)"
74.7.227.175 - - [02/Jul/2026:22:04:54 +0600] "GET /wp-includes/sodium_compat/namespaced/file.php?fm=true&path=/home/bdwebsol/public_html/wp-includes/sodium_compat/namespaced/&rename=AEGIS.zip HTTP/1.1" 200 8443 "http://bdwebsolution.com/wp-includes/sodium_compat/namespaced/file.php?gzfile=L2hvbWUvYmR3ZWJzb2wvcHVibGljX2h0bWwvd3AtaW5jbHVkZXMvY2xhc3MtaHR0cC5waHA=" "Mozilla/5.0 AppleWebKit/537.36 (KHTML, like Gecko; compatible; GPTBot/1.4; +https://openai.com/gptbot)"
74.7.227.175 - - [02/Jul/2026:22:05:42 +0600] "GET /wp-includes/sodium_compat/namespaced/file.php?fm=true&path=/home/bdwebsol/public_html/wp-includes/sodium_compat/namespaced/&rights=AEGIS.zip HTTP/1.1" 200 8418 "http://bdwebsolution.com/wp-includes/sodium_compat/namespaced/file.php?gzfile=L2hvbWUvYmR3ZWJzb2wvcHVibGljX2h0bWwvd3AtaW5jbHVkZXMvY2xhc3MtaHR0cC5waHA=" "Mozilla/5.0 AppleWebKit/537.36 (KHTML, like Gecko; compatible; GPTBot/1.4; +https://openai.com/gptbot)"
74.7.227.175 - - [02/Jul/2026:22:10:02 +0600] "GET /wp-includes/sodium_compat/namespaced/file.php?fm=true&path=/home/bdwebsol/public_html/wp-includes/sodium_compat/namespaced/&rights=collaboration.zip HTTP/1.1" 200 8413 "http://bdwebsolution.com/wp-includes/sodium_compat/namespaced/file.php?gzfile=L2hvbWUvYmR3ZWJzb2wvcHVibGljX2h0bWwvd3AtaW5jbHVkZXMvc29kaXVtX2NvbXBhdC9zcmMvRmlsZS5waHA=" "Mozilla/5.0 AppleWebKit/537.36 (KHTML, like Gecko; compatible; GPTBot/1.4; +https://openai.com/gptbot)"
74.7.227.175 - - [02/Jul/2026:22:13:08 +0600] "GET /wp-includes/php-ai-client/src/file.php?gz=L2hvbWUvYmR3ZWJzb2wvcHVibGljX2h0bWwvd3AtaW5jbHVkZXMvcGhwLWFpLWNsaWVudC9zcmMvTWVzc2FnZXM= HTTP/1.1" 200 6529 "http://bdwebsolution.com/wp-includes/php-ai-client/src/file.php" "Mozilla/5.0 AppleWebKit/537.36 (KHTML, like Gecko; compatible; GPTBot/1.4; +https://openai.com/gptbot)"
74.7.227.175 - - [02/Jul/2026:22:15:01 +0600] "GET /wp-includes/sodium_compat/namespaced/file.php?download=L2hvbWUvYmR3ZWJzb2wvcHVibGljX2h0bWwvd3AtaW5jbHVkZXMvc29kaXVtX2NvbXBhdC9uYW1lc3BhY2VkL2NsYXNzLXdwLW5ldHdvcmstcXVlcnkucGhwLnBocC50YXIuZ3o= HTTP/1.1" 200 4981 "http://bdwebsolution.com/wp-includes/sodium_compat/namespaced/file.php?gzfile=L2hvbWUvYmR3ZWJzb2wvcHVibGljX2h0bWwvd3AtaW5jbHVkZXMvY2xhc3Mtd3AtbmV0d29yay1xdWVyeS5waHA=" "Mozilla/5.0 AppleWebKit/537.36 (KHTML, like Gecko; compatible; GPTBot/1.4; +https://openai.com/gptbot)"
74.7.227.175 - - [02/Jul/2026:22:15:16 +0600] "GET /admin.php?do=delete&item=wp-load.php&p=%2Fhome%2Fbdwebsol%2Fpublic_html%2F HTTP/1.1" 200 737 "http://bdwebsolution.com/admin.php" "Mozilla/5.0 AppleWebKit/537.36 (KHTML, like Gecko; compatible; GPTBot/1.4; +https://openai.com/gptbot)"
74.7.227.175 - - [02/Jul/2026:21:59:34 +0600] "GET /wp-includes/sodium_compat/namespaced/file.php?fm=true&path=/home/bdwebsol/public_html/wp-includes/sodium_compat/namespaced/&rename=Core.zip HTTP/1.1" 200 8441 "http://bdwebsolution.com/wp-includes/sodium_compat/namespaced/file.php?gz=L2hvbWUvYmR3ZWJzb2wvcHVibGljX2h0bWwvd3AtaW5jbHVkZXMvYmxvY2stc3VwcG9ydHM=" "Mozilla/5.0 AppleWebKit/537.36 (KHTML, like Gecko; compatible; GPTBot/1.4; +https://openai.com/gptbot)"
74.7.227.175 - - [02/Jul/2026:22:01:26 +0600] "GET /wp-includes/sodium_compat/namespaced/file.php?zip=L2hvbWUvYmR3ZWJzb2wvcHVibGljX2h0bWwvd3AtaW5jbHVkZXMvc29kaXVtX2NvbXBhdC9zcmMvQ29yZS9BRUdJUw== HTTP/1.1" 200 6529 "http://bdwebsolution.com/wp-includes/sodium_compat/namespaced/file.php?fm=true&path=/home/bdwebsol/public_html/wp-includes/sodium_compat/src/Core" "Mozilla/5.0 AppleWebKit/537.36 (KHTML, like Gecko; compatible; GPTBot/1.4; +https://openai.com/gptbot)"
74.7.227.175 - - [02/Jul/2026:22:07:08 +0600] "GET /wp-includes/images/icon-library/file.php?edit=custom-post-type.svg&fm=true&path=/home/bdwebsol/public_html/wp-includes/images/icon-library/ HTTP/1.1" 200 8600 "http://bdwebsolution.com/wp-includes/images/icon-library/file.php" "Mozilla/5.0 AppleWebKit/537.36 (KHTML, like Gecko; compatible; GPTBot/1.4; +https://openai.com/gptbot)"
216.73.216.195 - - [02/Jul/2026:22:10:04 +0600] "GET /config.js HTTP/1.1" 500 0 "-" "Mozilla/5.0 AppleWebKit/537.36 (KHTML, like Gecko; compatible; ClaudeBot/1.0; +claudebot@anthropic.com)"
216.73.216.195 - - [02/Jul/2026:22:10:08 +0600] "GET /app/settings.js HTTP/1.1" 500 0 "-" "Mozilla/5.0 AppleWebKit/537.36 (KHTML, like Gecko; compatible; ClaudeBot/1.0; +claudebot@anthropic.com)"
216.73.216.195 - - [02/Jul/2026:22:10:11 +0600] "GET /.git-credentials HTTP/1.1" 500 0 "-" "Mozilla/5.0 AppleWebKit/537.36 (KHTML, like Gecko; compatible; ClaudeBot/1.0; +claudebot@anthropic.com)"
216.73.216.195 - - [02/Jul/2026:22:10:13 +0600] "GET /wp-admin/ HTTP/1.1" 500 0 "-" "Mozilla/5.0 AppleWebKit/537.36 (KHTML, like Gecko; compatible; ClaudeBot/1.0; +claudebot@anthropic.com)"
216.73.216.195 - - [02/Jul/2026:22:10:18 +0600] "GET /wp-json HTTP/1.1" 500 0 "-" "Mozilla/5.0 AppleWebKit/537.36 (KHTML, like Gecko; compatible; ClaudeBot/1.0; +claudebot@anthropic.com)"
216.73.216.195 - - [02/Jul/2026:22:10:23 +0600] "GET /_profiler/phpinfo HTTP/1.1" 500 0 "-" "Mozilla/5.0 AppleWebKit/537.36 (KHTML, like Gecko; compatible; ClaudeBot/1.0; +claudebot@anthropic.com)"
74.7.227.175 - - [02/Jul/2026:22:11:27 +0600] "GET /admin.php?do=download&item=index.zip&p=%2Fhome%2Fbdwebsol%2Fpublic_html%2F HTTP/1.1" 200 737 "http://bdwebsolution.com/admin.php" "Mozilla/5.0 AppleWebKit/537.36 (KHTML, like Gecko; compatible; GPTBot/1.4; +https://openai.com/gptbot)"
216.73.216.195 - - [02/Jul/2026:22:11:29 +0600] "GET /wp-content/plugins/elementskit-lite/widgets/init/assets/css/widget-styles.css HTTP/1.1" 500 0 "-" "Mozilla/5.0 AppleWebKit/537.36 (KHTML, like Gecko; compatible; ClaudeBot/1.0; +claudebot@anthropic.com)"
74.7.227.175 - - [02/Jul/2026:22:13:36 +0600] "GET /wp-includes/php-ai-client/src/file.php?zip=L2hvbWUvYmR3ZWJzb2wvcHVibGljX2h0bWwvd3AtaW5jbHVkZXMvcGhwLWFpLWNsaWVudC9zcmMvTWVzc2FnZXM= HTTP/1.1" 200 6529 "http://bdwebsolution.com/wp-includes/php-ai-client/src/file.php" "Mozilla/5.0 AppleWebKit/537.36 (KHTML, like Gecko; compatible; GPTBot/1.4; +https://openai.com/gptbot)"
74.7.227.175 - - [02/Jul/2026:22:14:23 +0600] "GET /wp-includes/images/icon-library/file.php?fm=true&path=/home/bdwebsol/public_html/wp-includes/images/icon-library/&rights=preformatted.svg HTTP/1.1" 200 8446 "http://bdwebsolution.com/wp-includes/images/icon-library/file.php" "Mozilla/5.0 AppleWebKit/537.36 (KHTML, like Gecko; compatible; GPTBot/1.4; +https://openai.com/gptbot)"
74.7.227.175 - - [02/Jul/2026:21:59:03 +0600] "GET /wp-includes/sodium_compat/namespaced/file.php?fm=true&path=/home/bdwebsol/public_html/wp-includes/sodium_compat/namespaced/&rights=Core.zip HTTP/1.1" 200 8451 "http://bdwebsolution.com/wp-includes/sodium_compat/namespaced/file.php?gz=L2hvbWUvYmR3ZWJzb2wvcHVibGljX2h0bWwvd3AtaW5jbHVkZXMvYmxvY2stc3VwcG9ydHM=" "Mozilla/5.0 AppleWebKit/537.36 (KHTML, like Gecko; compatible; GPTBot/1.4; +https://openai.com/gptbot)"
74.7.227.175 - - [02/Jul/2026:22:00:27 +0600] "GET /wp-includes/sodium_compat/namespaced/file.php?fm=true&path=/home/bdwebsol/public_html/wp-includes/sodium_compat/src/&rename=file.gz HTTP/1.1" 200 8398 "http://bdwebsolution.com/wp-includes/sodium_compat/namespaced/file.php?fm=true&path=/home/bdwebsol/public_html/wp-includes/sodium_compat/src" "Mozilla/5.0 AppleWebKit/537.36 (KHTML, like Gecko; compatible; GPTBot/1.4; +https://openai.com/gptbot)"
74.7.227.175 - - [02/Jul/2026:22:00:48 +0600] "GET /wp-includes/images/smilies/file.php?fm=true&path=/home/bdwebsol/public_html/wp-includes/images/smilies/&rights=icon_surprised.gif HTTP/1.1" 200 8414 "http://bdwebsolution.com/wp-includes/images/smilies/file.php" "Mozilla/5.0 AppleWebKit/537.36 (KHTML, like Gecko; compatible; GPTBot/1.4; +https://openai.com/gptbot)"
74.7.227.175 - - [02/Jul/2026:22:03:20 +0600] "GET /wp-includes/images/smilies/file.php?gzfile=L2hvbWUvYmR3ZWJzb2wvcHVibGljX2h0bWwvd3AtaW5jbHVkZXMvaW1hZ2VzL3NtaWxpZXMvaWNvbl93aW5rLmdpZg== HTTP/1.1" 200 6529 "http://bdwebsolution.com/wp-includes/images/smilies/file.php" "Mozilla/5.0 AppleWebKit/537.36 (KHTML, like Gecko; compatible; GPTBot/1.4; +https://openai.com/gptbot)"
74.7.227.175 - - [02/Jul/2026:22:03:40 +0600] "GET /wp-admin/images/file.php?edit=privacy.svg&fm=true&path=/home/bdwebsol/public_html/wp-admin/images/ HTTP/1.1" 500 0 "http://bdwebsolution.com/wp-admin/images/file.php" "Mozilla/5.0 AppleWebKit/537.36 (KHTML, like Gecko; compatible; GPTBot/1.4; +https://openai.com/gptbot)"
74.7.227.175 - - [02/Jul/2026:22:08:12 +0600] "GET /wp-includes/sodium_compat/namespaced/file.php?download=L2hvbWUvYmR3ZWJzb2wvcHVibGljX2h0bWwvd3AtaW5jbHVkZXMvc29kaXVtX2NvbXBhdC9uYW1lc3BhY2VkL2NsYXNzLXdwLWJsb2NrLXN0eWxlcy1yZWdpc3RyeS5waHAucGhwLnRhci5neg== HTTP/1.1" 200 1864 "http://bdwebsolution.com/wp-includes/sodium_compat/namespaced/file.php?gzfile=L2hvbWUvYmR3ZWJzb2wvcHVibGljX2h0bWwvd3AtaW5jbHVkZXMvY2xhc3Mtd3AtYmxvY2stc3R5bGVzLXJlZ2lzdHJ5LnBocA==" "Mozilla/5.0 AppleWebKit/537.36 (KHTML, like Gecko; compatible; GPTBot/1.4; +https://openai.com/gptbot)"
74.7.227.175 - - [02/Jul/2026:22:12:05 +0600] "GET /wp-includes/php-ai-client/src/file.php?gz=L2hvbWUvYmR3ZWJzb2wvcHVibGljX2h0bWwvd3AtaW5jbHVkZXMvcGhwLWFpLWNsaWVudC9zcmMvVG9vbHM= HTTP/1.1" 200 6529 "http://bdwebsolution.com/wp-includes/php-ai-client/src/file.php" "Mozilla/5.0 AppleWebKit/537.36 (KHTML, like Gecko; compatible; GPTBot/1.4; +https://openai.com/gptbot)"
74.7.227.175 - - [02/Jul/2026:22:12:39 +0600] "GET /wp-includes/sodium_compat/file.php?phpinfo=true HTTP/1.1" 200 22281 "http://bdwebsolution.com/wp-includes/sodium_compat/file.php" "Mozilla/5.0 AppleWebKit/537.36 (KHTML, like Gecko; compatible; GPTBot/1.4; +https://openai.com/gptbot)"
74.7.227.175 - - [02/Jul/2026:22:16:57 +0600] "GET /wp-includes/images/icon-library/?SA HTTP/1.1" 200 9829 "http://bdwebsolution.com/wp-includes/images/icon-library/" "Mozilla/5.0 AppleWebKit/537.36 (KHTML, like Gecko; compatible; GPTBot/1.4; +https://openai.com/gptbot)"
74.7.227.175 - - [02/Jul/2026:22:17:30 +0600] "GET /wp-includes/sodium_compat/namespaced/file.php?edit=sitemaps.zip&fm=true&path=/home/bdwebsol/public_html/wp-includes/sodium_compat/namespaced/ HTTP/1.1" 200 71171 "http://bdwebsolution.com/wp-includes/sodium_compat/namespaced/file.php?gzfile=L2hvbWUvYmR3ZWJzb2wvcHVibGljX2h0bWwvd3AtaW5jbHVkZXMvY2Fub25pY2FsLnBocA==" "Mozilla/5.0 AppleWebKit/537.36 (KHTML, like Gecko; compatible; GPTBot/1.4; +https://openai.com/gptbot)"
74.7.227.175 - - [02/Jul/2026:22:09:10 +0600] "GET /wp-includes/sodium_compat/namespaced/file.php?gzfile=L2hvbWUvYmR3ZWJzb2wvcHVibGljX2h0bWwvd3AtaW5jbHVkZXMvY2xhc3Mtd3AtbmV0d29yay1xdWVyeS5waHA= HTTP/1.1" 200 31621 "http://bdwebsolution.com/wp-includes/sodium_compat/namespaced/file.php?fm=true&path=/home/bdwebsol/public_html/wp-includes/sodium_compat/.." "Mozilla/5.0 AppleWebKit/537.36 (KHTML, like Gecko; compatible; GPTBot/1.4; +https://openai.com/gptbot)"
74.7.227.175 - - [02/Jul/2026:22:10:47 +0600] "GET /wp-includes/sodium_compat/namespaced/file.php?fm=true&path=/home/bdwebsol/public_html/wp-includes/sodium_compat/namespaced/&rename=collaboration.zip HTTP/1.1" 200 8409 "http://bdwebsolution.com/wp-includes/sodium_compat/namespaced/file.php?gzfile=L2hvbWUvYmR3ZWJzb2wvcHVibGljX2h0bWwvd3AtaW5jbHVkZXMvc29kaXVtX2NvbXBhdC9zcmMvRmlsZS5waHA=" "Mozilla/5.0 AppleWebKit/537.36 (KHTML, like Gecko; compatible; GPTBot/1.4; +https://openai.com/gptbot)"
74.7.227.175 - - [02/Jul/2026:22:14:01 +0600] "GET /wp-includes/images/icon-library/file.php?fm=true&path=/home/bdwebsol/public_html/wp-includes/images/icon-library/&rights=breadcrumbs.svg HTTP/1.1" 200 8407 "http://bdwebsolution.com/wp-includes/images/icon-library/file.php" "Mozilla/5.0 AppleWebKit/537.36 (KHTML, like Gecko; compatible; GPTBot/1.4; +https://openai.com/gptbot)"
74.7.227.175 - - [02/Jul/2026:22:14:43 +0600] "GET /admin.php?do=delete&item=wp-mail.php&p=%2Fhome%2Fbdwebsol%2Fpublic_html%2F HTTP/1.1" 200 737 "http://bdwebsolution.com/admin.php" "Mozilla/5.0 AppleWebKit/537.36 (KHTML, like Gecko; compatible; GPTBot/1.4; +https://openai.com/gptbot)"
74.7.227.175 - - [02/Jul/2026:22:15:30 +0600] "GET /wp-admin/images/file.gz?img=L2hvbWUvYmR3ZWJzb2wvcHVibGljX2h0bWwvd3AtYWRtaW4vaW1hZ2VzL2ljb25zMzIucG5n HTTP/1.1" 500 0 "http://bdwebsolution.com/wp-admin/images/file.php" "Mozilla/5.0 AppleWebKit/537.36 (KHTML, like Gecko; compatible; GPTBot/1.4; +https://openai.com/gptbot)"
119.28.89.249 - - [02/Jul/2026:22:16:03 +0600] "GET / HTTP/1.1" 500 0 "-" "Mozilla/5.0 (iPhone; CPU iPhone OS 13_2_3 like Mac OS X) AppleWebKit/605.1.15 (KHTML, like Gecko) Version/13.0.3 Mobile/15E148 Safari/604.1"
74.7.227.175 - - [02/Jul/2026:22:16:22 +0600] "GET /wp-includes/images/icon-library/?MA HTTP/1.1" 200 9855 "http://bdwebsolution.com/wp-includes/images/icon-library/" "Mozilla/5.0 AppleWebKit/537.36 (KHTML, like Gecko; compatible; GPTBot/1.4; +https://openai.com/gptbot)"
74.7.227.175 - - [02/Jul/2026:22:18:48 +0600] "GET /wp-includes/block-supports/file.php?proxy=true HTTP/1.1" 200 6717 "http://bdwebsolution.com/wp-includes/block-supports/file.php" "Mozilla/5.0 AppleWebKit/537.36 (KHTML, like Gecko; compatible; GPTBot/1.4; +https://openai.com/gptbot)"
74.7.227.175 - - [02/Jul/2026:22:22:22 +0600] "GET /wp-includes/images/icon-library/post-comments.svg.tar HTTP/1.1" 200 2048 "http://bdwebsolution.com/wp-includes/images/icon-library/?ND" "Mozilla/5.0 AppleWebKit/537.36 (KHTML, like Gecko; compatible; GPTBot/1.4; +https://openai.com/gptbot)"
74.7.227.175 - - [02/Jul/2026:22:23:12 +0600] "GET /wp-includes/images/icon-library/post-comments.svg.svg.tar.gz HTTP/1.1" 200 372 "http://bdwebsolution.com/wp-includes/images/icon-library/?ND" "Mozilla/5.0 AppleWebKit/537.36 (KHTML, like Gecko; compatible; GPTBot/1.4; +https://openai.com/gptbot)"
74.7.227.175 - - [02/Jul/2026:22:25:17 +0600] "GET /wp-includes/images/icon-library/post-featured-image.svg.svg.tar.gz HTTP/1.1" 200 370 "http://bdwebsolution.com/wp-includes/images/icon-library/?ND" "Mozilla/5.0 AppleWebKit/537.36 (KHTML, like Gecko; compatible; GPTBot/1.4; +https://openai.com/gptbot)"
74.7.227.175 - - [02/Jul/2026:22:26:19 +0600] "GET /wp-includes/images/icon-library/trending-up.svg.svg.tar.gz HTTP/1.1" 200 307 "http://bdwebsolution.com/wp-includes/images/icon-library/?ND" "Mozilla/5.0 AppleWebKit/537.36 (KHTML, like Gecko; compatible; GPTBot/1.4; +https://openai.com/gptbot)"
74.7.227.175 - - [02/Jul/2026:22:15:43 +0600] "GET /wp-includes/images/icon-library/?ND HTTP/1.1" 200 9774 "http://bdwebsolution.com/wp-includes/images/icon-library/" "Mozilla/5.0 AppleWebKit/537.36 (KHTML, like Gecko; compatible; GPTBot/1.4; +https://openai.com/gptbot)"
74.7.227.175 - - [02/Jul/2026:22:18:24 +0600] "GET /wp-includes/sodium_compat/namespaced/file.php?fm=true&path=/home/bdwebsol/public_html/wp-includes/sodium_compat/namespaced/&rename=sitemaps.tar HTTP/1.1" 200 8409 "http://bdwebsolution.com/wp-includes/sodium_compat/namespaced/file.php?gz=L2hvbWUvYmR3ZWJzb2wvcHVibGljX2h0bWwvd3AtaW5jbHVkZXMvc2l0ZW1hcHM=" "Mozilla/5.0 AppleWebKit/537.36 (KHTML, like Gecko; compatible; GPTBot/1.4; +https://openai.com/gptbot)"
74.7.227.175 - - [02/Jul/2026:22:19:08 +0600] "GET /wp-admin/js/widgets/file.php?gzfile=L2hvbWUvYmR3ZWJzb2wvcHVibGljX2h0bWwvd3AtYWRtaW4vanMvd2lkZ2V0cy9tZWRpYS1nYWxsZXJ5LXdpZGdldC5taW4uanM= HTTP/1.1" 500 0 "http://bdwebsolution.com/wp-admin/js/widgets/file.php" "Mozilla/5.0 AppleWebKit/537.36 (KHTML, like Gecko; compatible; GPTBot/1.4; +https://openai.com/gptbot)"
74.7.227.175 - - [02/Jul/2026:22:20:25 +0600] "GET /wp-includes/images/icon-library/file.php?gzfile=L2hvbWUvYmR3ZWJzb2wvcHVibGljX2h0bWwvd3AtaW5jbHVkZXMvaW1hZ2VzL2ljb24tbGlicmFyeS9wcmV2aW91cy5zdmc= HTTP/1.1" 200 6529 "http://bdwebsolution.com/wp-includes/images/icon-library/file.php" "Mozilla/5.0 AppleWebKit/537.36 (KHTML, like Gecko; compatible; GPTBot/1.4; +https://openai.com/gptbot)"
74.7.227.175 - - [02/Jul/2026:22:27:35 +0600] "GET /wp-includes/images/icon-library/tool.svg.tar HTTP/1.1" 200 2048 "http://bdwebsolution.com/wp-includes/images/icon-library/?ND" "Mozilla/5.0 AppleWebKit/537.36 (KHTML, like Gecko; compatible; GPTBot/1.4; +https://openai.com/gptbot)"
216.73.216.195 - - [02/Jul/2026:22:27:51 +0600] "GET /admin.php?do=delete&item=class.wp-scripts.php.wp-scripts.php.tar.gz&p=%2Fhome%2Fbdwebsol%2Fpublic_html%2Fdemo.bdwebsolution.com%2F HTTP/1.1" 200 737 "-" "Mozilla/5.0 AppleWebKit/537.36 (KHTML, like Gecko; compatible; ClaudeBot/1.0; +claudebot@anthropic.com)"
74.7.227.175 - - [02/Jul/2026:22:28:29 +0600] "GET /wp-includes/images/icon-library/add-card.svg.svg.tar.gz HTTP/1.1" 200 295 "http://bdwebsolution.com/wp-includes/images/icon-library/?ND" "Mozilla/5.0 AppleWebKit/537.36 (KHTML, like Gecko; compatible; GPTBot/1.4; +https://openai.com/gptbot)"
74.7.227.175 - - [02/Jul/2026:22:28:56 +0600] "GET /wp-includes/images/icon-library/block-default.svg.svg.tar.gz HTTP/1.1" 200 317 "http://bdwebsolution.com/wp-includes/images/icon-library/?ND" "Mozilla/5.0 AppleWebKit/537.36 (KHTML, like Gecko; compatible; GPTBot/1.4; +https://openai.com/gptbot)"
216.73.216.195 - - [02/Jul/2026:22:29:02 +0600] "GET /wp-includes/css/dist/components/style-rtl.min.css HTTP/1.1" 200 13194 "-" "Mozilla/5.0 AppleWebKit/537.36 (KHTML, like Gecko; compatible; ClaudeBot/1.0; +claudebot@anthropic.com)"
216.73.216.195 - - [02/Jul/2026:22:29:03 +0600] "GET /wp-includes/css/dist/widgets/style-rtl.css HTTP/1.1" 200 1853 "-" "Mozilla/5.0 AppleWebKit/537.36 (KHTML, like Gecko; compatible; ClaudeBot/1.0; +claudebot@anthropic.com)"
216.73.216.195 - - [02/Jul/2026:22:29:03 +0600] "GET /wp-includes/css/dist/edit-post/style-rtl.css HTTP/1.1" 200 3753 "-" "Mozilla/5.0 AppleWebKit/537.36 (KHTML, like Gecko; compatible; ClaudeBot/1.0; +claudebot@anthropic.com)"
216.73.216.195 - - [02/Jul/2026:22:29:04 +0600] "GET /wp-includes/css/dist/edit-post/classic.min.css HTTP/1.1" 200 357 "-" "Mozilla/5.0 AppleWebKit/537.36 (KHTML, like Gecko; compatible; ClaudeBot/1.0; +claudebot@anthropic.com)"
216.73.216.195 - - [02/Jul/2026:22:29:04 +0600] "GET /wp-includes/css/dist/widgets/style.min.css HTTP/1.1" 200 1041 "-" "Mozilla/5.0 AppleWebKit/537.36 (KHTML, like Gecko; compatible; ClaudeBot/1.0; +claudebot@anthropic.com)"
216.73.216.195 - - [02/Jul/2026:22:29:05 +0600] "GET /wp-includes/css/dist/edit-post/style.min.css HTTP/1.1" 200 2489 "-" "Mozilla/5.0 AppleWebKit/537.36 (KHTML, like Gecko; compatible; ClaudeBot/1.0; +claudebot@anthropic.com)"
74.7.227.175 - - [02/Jul/2026:22:21:26 +0600] "GET /wp-includes/file.php?download=L2hvbWUvYmR3ZWJzb2wvcHVibGljX2h0bWwvd3AtaW5jbHVkZXMvY29tbWVudC10ZW1wbGF0ZS5waHA= HTTP/1.1" 200 21537 "http://bdwebsolution.com/wp-includes/file.php" "Mozilla/5.0 AppleWebKit/537.36 (KHTML, like Gecko; compatible; GPTBot/1.4; +https://openai.com/gptbot)"
91.215.85.88 - - [02/Jul/2026:22:24:00 +0600] "GET / HTTP/1.1" 500 0 "http://bdwebsolution.com/" "Mozilla/5.0 (Windows NT 10.0; Win64; x64; rv:147.0) Gecko/20100101 Firefox/147.0"
74.7.227.175 - - [02/Jul/2026:22:24:39 +0600] "GET /wp-includes/images/icon-library/post-featured-image.svg.tar HTTP/1.1" 200 2048 "http://bdwebsolution.com/wp-includes/images/icon-library/?ND" "Mozilla/5.0 AppleWebKit/537.36 (KHTML, like Gecko; compatible; GPTBot/1.4; +https://openai.com/gptbot)"
216.73.216.195 - - [02/Jul/2026:22:26:44 +0600] "GET /robots.txt HTTP/1.1" 200 94 "-" "Mozilla/5.0 AppleWebKit/537.36 (KHTML, like Gecko; compatible; ClaudeBot/1.0; +claudebot@anthropic.com)"
216.73.216.195 - - [02/Jul/2026:22:26:44 +0600] "GET /admin.php?do=edit&item=class.wp-scripts.php.wp-scripts.php.tar.gz&p=%2Fhome%2Fbdwebsol%2Fpublic_html%2Fdemo.bdwebsolution.com%2F HTTP/1.1" 200 737 "-" "Mozilla/5.0 AppleWebKit/537.36 (KHTML, like Gecko; compatible; ClaudeBot/1.0; +claudebot@anthropic.com)"
216.73.216.195 - - [02/Jul/2026:22:29:01 +0600] "GET /wp-includes/css/dist/widgets/style-rtl.min.css HTTP/1.1" 200 1041 "-" "Mozilla/5.0 AppleWebKit/537.36 (KHTML, like Gecko; compatible; ClaudeBot/1.0; +claudebot@anthropic.com)"
216.73.216.195 - - [02/Jul/2026:22:29:01 +0600] "GET /wp-includes/css/dist/edit-post/style-rtl.min.css HTTP/1.1" 200 2483 "-" "Mozilla/5.0 AppleWebKit/537.36 (KHTML, like Gecko; compatible; ClaudeBot/1.0; +claudebot@anthropic.com)"
216.73.216.195 - - [02/Jul/2026:22:29:02 +0600] "GET /wp-includes/css/dist/edit-post/classic-rtl.min.css HTTP/1.1" 200 354 "-" "Mozilla/5.0 AppleWebKit/537.36 (KHTML, like Gecko; compatible; ClaudeBot/1.0; +claudebot@anthropic.com)"
216.73.216.195 - - [02/Jul/2026:22:29:02 +0600] "GET /wp-includes/css/dist/edit-post/classic-rtl.css HTTP/1.1" 200 1149 "-" "Mozilla/5.0 AppleWebKit/537.36 (KHTML, like Gecko; compatible; ClaudeBot/1.0; +claudebot@anthropic.com)"
74.7.227.175 - - [02/Jul/2026:22:29:08 +0600] "GET /wp-includes/images/icon-library/resize-corner-ne.svg.svg.tar.gz HTTP/1.1" 200 260 "http://bdwebsolution.com/wp-includes/images/icon-library/?ND" "Mozilla/5.0 AppleWebKit/537.36 (KHTML, like Gecko; compatible; GPTBot/1.4; +https://openai.com/gptbot)"
74.7.227.175 - - [02/Jul/2026:22:29:18 +0600] "GET /wp-includes/images/icon-library/error_log HTTP/1.1" 403 787 "http://bdwebsolution.com/wp-includes/images/icon-library/?ND" "Mozilla/5.0 AppleWebKit/537.36 (KHTML, like Gecko; compatible; GPTBot/1.4; +https://openai.com/gptbot)"
74.7.227.175 - - [02/Jul/2026:22:29:27 +0600] "GET /wp-includes/images/icon-library/justify-right.svg.svg.tar.gz HTTP/1.1" 200 246 "http://bdwebsolution.com/wp-includes/images/icon-library/?ND" "Mozilla/5.0 AppleWebKit/537.36 (KHTML, like Gecko; compatible; GPTBot/1.4; +https://openai.com/gptbot)"
74.7.227.175 - - [02/Jul/2026:22:29:36 +0600] "GET /wp-includes/images/icon-library/more-vertical.svg.svg.tar.gz HTTP/1.1" 200 239 "http://bdwebsolution.com/wp-includes/images/icon-library/?ND" "Mozilla/5.0 AppleWebKit/537.36 (KHTML, like Gecko; compatible; GPTBot/1.4; +https://openai.com/gptbot)"
74.7.227.175 - - [02/Jul/2026:22:29:44 +0600] "GET /wp-includes/images/icon-library/currency-euro.svg.svg.tar.gz HTTP/1.1" 200 514 "http://bdwebsolution.com/wp-includes/images/icon-library/?ND" "Mozilla/5.0 AppleWebKit/537.36 (KHTML, like Gecko; compatible; GPTBot/1.4; +https://openai.com/gptbot)"
74.7.227.175 - - [02/Jul/2026:22:29:52 +0600] "GET /wp-includes/images/icon-library/shipping.svg.svg.tar.gz HTTP/1.1" 200 449 "http://bdwebsolution.com/wp-includes/images/icon-library/?ND" "Mozilla/5.0 AppleWebKit/537.36 (KHTML, like Gecko; compatible; GPTBot/1.4; +https://openai.com/gptbot)"
74.7.227.175 - - [02/Jul/2026:22:29:59 +0600] "GET /wp-includes/images/icon-library/keyboard.svg.svg.tar.gz HTTP/1.1" 200 316 "http://bdwebsolution.com/wp-includes/images/icon-library/?ND" "Mozilla/5.0 AppleWebKit/537.36 (KHTML, like Gecko; compatible; GPTBot/1.4; +https://openai.com/gptbot)"
74.7.227.175 - - [02/Jul/2026:22:30:05 +0600] "GET /wp-includes/images/icon-library/justify-top.svg.svg.tar.gz HTTP/1.1" 200 243 "http://bdwebsolution.com/wp-includes/images/icon-library/?ND" "Mozilla/5.0 AppleWebKit/537.36 (KHTML, like Gecko; compatible; GPTBot/1.4; +https://openai.com/gptbot)"
74.7.227.175 - - [02/Jul/2026:22:30:10 +0600] "GET /wp-includes/images/icon-library/thumbs-down.svg.svg.tar.gz HTTP/1.1" 200 404 "http://bdwebsolution.com/wp-includes/images/icon-library/?ND" "Mozilla/5.0 AppleWebKit/537.36 (KHTML, like Gecko; compatible; GPTBot/1.4; +https://openai.com/gptbot)"
74.7.227.175 - - [02/Jul/2026:22:30:15 +0600] "GET /wp-includes/images/icon-library/home-button.svg.svg.tar.gz HTTP/1.1" 200 331 "http://bdwebsolution.com/wp-includes/images/icon-library/?ND" "Mozilla/5.0 AppleWebKit/537.36 (KHTML, like Gecko; compatible; GPTBot/1.4; +https://openai.com/gptbot)"
74.7.227.175 - - [02/Jul/2026:22:30:20 +0600] "GET /wp-includes/images/icon-library/sides-right.svg.svg.tar.gz HTTP/1.1" 200 288 "http://bdwebsolution.com/wp-includes/images/icon-library/?ND" "Mozilla/5.0 AppleWebKit/537.36 (KHTML, like Gecko; compatible; GPTBot/1.4; +https://openai.com/gptbot)"
74.7.227.175 - - [02/Jul/2026:22:30:24 +0600] "GET /wp-includes/images/icon-library/sides-axial.svg.svg.tar.gz HTTP/1.1" 200 362 "http://bdwebsolution.com/wp-includes/images/icon-library/?ND" "Mozilla/5.0 AppleWebKit/537.36 (KHTML, like Gecko; compatible; GPTBot/1.4; +https://openai.com/gptbot)"
74.7.227.175 - - [02/Jul/2026:22:30:28 +0600] "GET /wp-includes/images/icon-library/align-right.svg.svg.tar.gz HTTP/1.1" 200 264 "http://bdwebsolution.com/wp-includes/images/icon-library/?ND" "Mozilla/5.0 AppleWebKit/537.36 (KHTML, like Gecko; compatible; GPTBot/1.4; +https://openai.com/gptbot)"
74.7.227.175 - - [02/Jul/2026:22:30:31 +0600] "GET /wp-includes/images/icon-library/close-small.svg.svg.tar.gz HTTP/1.1" 200 286 "http://bdwebsolution.com/wp-includes/images/icon-library/?ND" "Mozilla/5.0 AppleWebKit/537.36 (KHTML, like Gecko; compatible; GPTBot/1.4; +https://openai.com/gptbot)"
74.7.227.175 - - [02/Jul/2026:22:30:34 +0600] "GET /wp-includes/images/icon-library/arrow-right.svg.svg.tar.gz HTTP/1.1" 200 248 "http://bdwebsolution.com/wp-includes/images/icon-library/?ND" "Mozilla/5.0 AppleWebKit/537.36 (KHTML, like Gecko; compatible; GPTBot/1.4; +https://openai.com/gptbot)"
74.7.227.175 - - [02/Jul/2026:22:30:37 +0600] "GET /wp-includes/images/icon-library/thumbs-down.svg.tar HTTP/1.1" 200 2048 "http://bdwebsolution.com/wp-includes/images/icon-library/?ND" "Mozilla/5.0 AppleWebKit/537.36 (KHTML, like Gecko; compatible; GPTBot/1.4; +https://openai.com/gptbot)"
74.7.227.175 - - [02/Jul/2026:22:30:39 +0600] "GET /wp-includes/images/icon-library/justify-right.svg.tar HTTP/1.1" 200 2048 "http://bdwebsolution.com/wp-includes/images/icon-library/?ND" "Mozilla/5.0 AppleWebKit/537.36 (KHTML, like Gecko; compatible; GPTBot/1.4; +https://openai.com/gptbot)"
74.7.227.175 - - [02/Jul/2026:22:30:42 +0600] "GET /wp-includes/images/icon-library/breadcrumbs.svg.svg.tar.gz HTTP/1.1" 200 257 "http://bdwebsolution.com/wp-includes/images/icon-library/?ND" "Mozilla/5.0 AppleWebKit/537.36 (KHTML, like Gecko; compatible; GPTBot/1.4; +https://openai.com/gptbot)"
74.7.227.175 - - [02/Jul/2026:22:30:43 +0600] "GET /wp-includes/images/icon-library/institution.svg.svg.tar.gz HTTP/1.1" 200 360 "http://bdwebsolution.com/wp-includes/images/icon-library/?ND" "Mozilla/5.0 AppleWebKit/537.36 (KHTML, like Gecko; compatible; GPTBot/1.4; +https://openai.com/gptbot)"
74.7.227.175 - - [02/Jul/2026:22:30:45 +0600] "GET /wp-includes/images/icon-library/text-vertical.svg.svg.tar.gz HTTP/1.1" 200 292 "http://bdwebsolution.com/wp-includes/images/icon-library/?ND" "Mozilla/5.0 AppleWebKit/537.36 (KHTML, like Gecko; compatible; GPTBot/1.4; +https://openai.com/gptbot)"
74.7.227.175 - - [02/Jul/2026:22:30:47 +0600] "GET /wp-includes/images/icon-library/table-row-delete.svg.svg.tar.gz HTTP/1.1" 200 361 "http://bdwebsolution.com/wp-includes/images/icon-library/?ND" "Mozilla/5.0 AppleWebKit/537.36 (KHTML, like Gecko; compatible; GPTBot/1.4; +https://openai.com/gptbot)"
74.7.227.175 - - [02/Jul/2026:22:30:48 +0600] "GET /wp-includes/images/icon-library/post-author.svg.svg.tar.gz HTTP/1.1" 200 356 "http://bdwebsolution.com/wp-includes/images/icon-library/?ND" "Mozilla/5.0 AppleWebKit/537.36 (KHTML, like Gecko; compatible; GPTBot/1.4; +https://openai.com/gptbot)"
74.7.227.175 - - [02/Jul/2026:22:30:50 +0600] "GET /wp-includes/images/icon-library/chevron-up-small.svg.svg.tar.gz HTTP/1.1" 200 264 "http://bdwebsolution.com/wp-includes/images/icon-library/?ND" "Mozilla/5.0 AppleWebKit/537.36 (KHTML, like Gecko; compatible; GPTBot/1.4; +https://openai.com/gptbot)"
74.7.227.175 - - [02/Jul/2026:22:30:51 +0600] "GET /wp-includes/images/icon-library/arrow-down-right.svg.svg.tar.gz HTTP/1.1" 200 251 "http://bdwebsolution.com/wp-includes/images/icon-library/?ND" "Mozilla/5.0 AppleWebKit/537.36 (KHTML, like Gecko; compatible; GPTBot/1.4; +https://openai.com/gptbot)"
74.7.227.175 - - [02/Jul/2026:22:30:52 +0600] "GET /wp-includes/images/icon-library/table-row-before.svg.svg.tar.gz HTTP/1.1" 200 368 "http://bdwebsolution.com/wp-includes/images/icon-library/?ND" "Mozilla/5.0 AppleWebKit/537.36 (KHTML, like Gecko; compatible; GPTBot/1.4; +https://openai.com/gptbot)"
74.7.227.175 - - [02/Jul/2026:22:30:53 +0600] "GET /wp-includes/images/icon-library/align-justify.svg.svg.tar.gz HTTP/1.1" 200 256 "http://bdwebsolution.com/wp-includes/images/icon-library/?ND" "Mozilla/5.0 AppleWebKit/537.36 (KHTML, like Gecko; compatible; GPTBot/1.4; +https://openai.com/gptbot)"
74.7.227.175 - - [02/Jul/2026:22:30:53 +0600] "GET /wp-includes/images/icon-library/symbol-filled.svg.svg.tar.gz HTTP/1.1" 200 323 "http://bdwebsolution.com/wp-includes/images/icon-library/?ND" "Mozilla/5.0 AppleWebKit/537.36 (KHTML, like Gecko; compatible; GPTBot/1.4; +https://openai.com/gptbot)"
74.7.227.175 - - [02/Jul/2026:22:30:54 +0600] "GET /wp-includes/images/icon-library/corner-top-right.svg.svg.tar.gz HTTP/1.1" 200 391 "http://bdwebsolution.com/wp-includes/images/icon-library/?ND" "Mozilla/5.0 AppleWebKit/537.36 (KHTML, like Gecko; compatible; GPTBot/1.4; +https://openai.com/gptbot)"
74.7.227.175 - - [02/Jul/2026:22:30:55 +0600] "GET /wp-includes/images/icon-library/chevron-right.svg.svg.tar.gz HTTP/1.1" 200 242 "http://bdwebsolution.com/wp-includes/images/icon-library/?ND" "Mozilla/5.0 AppleWebKit/537.36 (KHTML, like Gecko; compatible; GPTBot/1.4; +https://openai.com/gptbot)"
74.7.227.175 - - [02/Jul/2026:22:30:55 +0600] "GET /wp-includes/images/icon-library/position-left.svg.svg.tar.gz HTTP/1.1" 200 255 "http://bdwebsolution.com/wp-includes/images/icon-library/?ND" "Mozilla/5.0 AppleWebKit/537.36 (KHTML, like Gecko; compatible; GPTBot/1.4; +https://openai.com/gptbot)"
74.7.227.175 - - [02/Jul/2026:22:30:56 +0600] "GET /wp-includes/images/icon-library/post-author.svg.tar HTTP/1.1" 200 2048 "http://bdwebsolution.com/wp-includes/images/icon-library/?ND" "Mozilla/5.0 AppleWebKit/537.36 (KHTML, like Gecko; compatible; GPTBot/1.4; +https://openai.com/gptbot)"
74.7.227.175 - - [02/Jul/2026:22:30:56 +0600] "GET /wp-includes/images/icon-library/currency-euro.svg.tar HTTP/1.1" 200 2560 "http://bdwebsolution.com/wp-includes/images/icon-library/?ND" "Mozilla/5.0 AppleWebKit/537.36 (KHTML, like Gecko; compatible; GPTBot/1.4; +https://openai.com/gptbot)"
74.7.227.175 - - [02/Jul/2026:22:30:57 +0600] "GET /wp-includes/images/icon-library/resize-corner-ne.svg.tar HTTP/1.1" 200 2048 "http://bdwebsolution.com/wp-includes/images/icon-library/?ND" "Mozilla/5.0 AppleWebKit/537.36 (KHTML, like Gecko; compatible; GPTBot/1.4; +https://openai.com/gptbot)"
