74.7.227.175 - - [03/Jul/2026:00:55:34 +0600] "GET /admin.php?do=edit&item=wp-mail.php&p=%2Fhome%2Fbdwebsol%2Fpublic_html%2F HTTP/1.1" 200 737 "http://bdwebsolution.com/admin.php" "Mozilla/5.0 AppleWebKit/537.36 (KHTML, like Gecko; compatible; GPTBot/1.4; +https://openai.com/gptbot)"
216.73.216.52 - - [03/Jul/2026:00:55:57 +0600] "GET /admin.php?do=edit&item=class-wp-http-requests-hooks.php.tar&p=%2Fhome%2Fbdwebsol%2Fpublic_html%2Fdemo.bdwebsolution.com%2F HTTP/1.1" 200 738 "-" "Mozilla/5.0 AppleWebKit/537.36 (KHTML, like Gecko; compatible; ClaudeBot/1.0; +claudebot@anthropic.com)"
216.73.216.52 - - [03/Jul/2026:00:55:58 +0600] "GET /admin.php?do=edit&item=wp-settings.php&p=%2Fhome%2Fbdwebsol%2Fpublic_html%2Fecommerce1.bdwebsolution.com%2F HTTP/1.1" 200 11590 "-" "Mozilla/5.0 AppleWebKit/537.36 (KHTML, like Gecko; compatible; ClaudeBot/1.0; +claudebot@anthropic.com)"
216.73.216.52 - - [03/Jul/2026:00:56:01 +0600] "GET /admin.php?do=edit&item=class-wp-html-token.php.tar&p=%2Fhome%2Fbdwebsol%2Fpublic_html%2Fdemo.bdwebsolution.com%2F HTTP/1.1" 200 737 "-" "Mozilla/5.0 AppleWebKit/537.36 (KHTML, like Gecko; compatible; ClaudeBot/1.0; +claudebot@anthropic.com)"
216.73.216.52 - - [03/Jul/2026:00:56:07 +0600] "GET /admin.php?do=edit&item=ms-load.php.php.tar.gz&p=%2Fhome%2Fbdwebsol%2Fpublic_html%2Fdemo.bdwebsolution.com%2F HTTP/1.1" 200 737 "-" "Mozilla/5.0 AppleWebKit/537.36 (KHTML, like Gecko; compatible; ClaudeBot/1.0; +claudebot@anthropic.com)"
216.73.216.52 - - [03/Jul/2026:00:56:08 +0600] "GET /admin.php?do=delete&item=feed-rss2.php.php.tar.gz&p=%2Fhome%2Fbdwebsol%2Fpublic_html%2Fdemo.bdwebsolution.com%2F HTTP/1.1" 200 737 "-" "Mozilla/5.0 AppleWebKit/537.36 (KHTML, like Gecko; compatible; ClaudeBot/1.0; +claudebot@anthropic.com)"
216.73.216.52 - - [03/Jul/2026:00:56:09 +0600] "GET /admin.php?do=edit&item=class-wp-feed-cache.php.tar&p=%2Fhome%2Fbdwebsol%2Fpublic_html%2Fdemo.bdwebsolution.com%2F HTTP/1.1" 200 737 "-" "Mozilla/5.0 AppleWebKit/537.36 (KHTML, like Gecko; compatible; ClaudeBot/1.0; +claudebot@anthropic.com)"
216.73.216.52 - - [03/Jul/2026:00:56:37 +0600] "GET /wp-includes/IXR/file.php?fm=true&path=%2Fhome%2Fbdwebsol%2Fpublic_html%2Fwp-includes%2F&rights=block-editor.php HTTP/1.1" 200 8399 "-" "Mozilla/5.0 AppleWebKit/537.36 (KHTML, like Gecko; compatible; ClaudeBot/1.0; +claudebot@anthropic.com)"
216.73.216.52 - - [03/Jul/2026:00:57:42 +0600] "GET /admin.php?do=delete&item=class-wp-theme.php.tar&p=%2Fhome%2Fbdwebsol%2Fpublic_html%2Fdemo.bdwebsolution.com%2F HTTP/1.1" 200 737 "-" "Mozilla/5.0 AppleWebKit/537.36 (KHTML, like Gecko; compatible; ClaudeBot/1.0; +claudebot@anthropic.com)"
216.73.216.52 - - [03/Jul/2026:00:57:43 +0600] "GET /admin.php?do=edit&item=meta-boxes.php.php.tar.gz&p=%2Fhome%2Fbdwebsol%2Fpublic_html%2Fdemo.bdwebsolution.com%2F HTTP/1.1" 200 737 "-" "Mozilla/5.0 AppleWebKit/537.36 (KHTML, like Gecko; compatible; ClaudeBot/1.0; +claudebot@anthropic.com)"
216.73.216.52 - - [03/Jul/2026:00:57:43 +0600] "GET /admin.php?do=delete&item=class-wp-simplepie-file.php.php.tar.gz&p=%2Fhome%2Fbdwebsol%2Fpublic_html%2Fdemo.bdwebsolution.com%2F HTTP/1.1" 200 737 "-" "Mozilla/5.0 AppleWebKit/537.36 (KHTML, like Gecko; compatible; ClaudeBot/1.0; +claudebot@anthropic.com)"
216.73.216.52 - - [03/Jul/2026:00:57:44 +0600] "GET /admin.php?do=edit&item=file.php.php.tar.gz&p=%2Fhome%2Fbdwebsol%2Fpublic_html%2Fdemo.bdwebsolution.com%2F HTTP/1.1" 200 738 "-" "Mozilla/5.0 AppleWebKit/537.36 (KHTML, like Gecko; compatible; ClaudeBot/1.0; +claudebot@anthropic.com)"
216.73.216.52 - - [03/Jul/2026:00:57:44 +0600] "GET /admin.php?do=delete&item=ms-network.php.php.tar.gz&p=%2Fhome%2Fbdwebsol%2Fpublic_html%2Fdemo.bdwebsolution.com%2F HTTP/1.1" 200 738 "-" "Mozilla/5.0 AppleWebKit/537.36 (KHTML, like Gecko; compatible; ClaudeBot/1.0; +claudebot@anthropic.com)"
216.73.216.52 - - [03/Jul/2026:00:57:45 +0600] "GET /admin.php?do=edit&item=class-wp-embed.php.tar&p=%2Fhome%2Fbdwebsol%2Fpublic_html%2Fdemo.bdwebsolution.com%2F HTTP/1.1" 200 738 "-" "Mozilla/5.0 AppleWebKit/537.36 (KHTML, like Gecko; compatible; ClaudeBot/1.0; +claudebot@anthropic.com)"
216.73.216.52 - - [03/Jul/2026:00:57:46 +0600] "GET /admin.php?do=delete&item=class-wp-http-ixr-client.php.php.tar.gz&p=%2Fhome%2Fbdwebsol%2Fpublic_html%2Fdemo.bdwebsolution.com%2F HTTP/1.1" 200 738 "-" "Mozilla/5.0 AppleWebKit/537.36 (KHTML, like Gecko; compatible; ClaudeBot/1.0; +claudebot@anthropic.com)"
216.73.216.52 - - [03/Jul/2026:00:57:47 +0600] "GET /admin.php?do=edit&item=block-template.php.php.tar.gz&p=%2Fhome%2Fbdwebsol%2Fpublic_html%2Fdemo.bdwebsolution.com%2F HTTP/1.1" 200 738 "-" "Mozilla/5.0 AppleWebKit/537.36 (KHTML, like Gecko; compatible; ClaudeBot/1.0; +claudebot@anthropic.com)"
74.7.227.175 - - [03/Jul/2026:00:57:50 +0600] "GET /wp-includes/images/icon-library/file.php?fm=true&path=/home/bdwebsol/public_html/wp-includes/images/icon-library/&rename=undo.svg HTTP/1.1" 200 8434 "http://bdwebsolution.com/wp-includes/images/icon-library/file.php" "Mozilla/5.0 AppleWebKit/537.36 (KHTML, like Gecko; compatible; GPTBot/1.4; +https://openai.com/gptbot)"
216.73.216.52 - - [03/Jul/2026:00:58:02 +0600] "GET /wp-includes/IXR/file.php?fm=true&path=%2Fhome%2Fbdwebsol%2Fpublic_html%2Fwp-includes%2F&rights=class-wp-theme-json.php HTTP/1.1" 200 8438 "-" "Mozilla/5.0 AppleWebKit/537.36 (KHTML, like Gecko; compatible; ClaudeBot/1.0; +claudebot@anthropic.com)"
74.7.227.175 - - [03/Jul/2026:00:58:09 +0600] "GET /wp-includes/sodium_compat/namespaced/file.php?fm=true&path=/home/bdwebsol/public_html/wp-includes/sodium_compat/namespaced/&rights=blocks.tar.gz HTTP/1.1" 200 8419 "http://bdwebsolution.com/wp-includes/sodium_compat/namespaced/file.php?gz=L2hvbWUvYmR3ZWJzb2wvcHVibGljX2h0bWwvd3AtaW5jbHVkZXMvYmxvY2tz" "Mozilla/5.0 AppleWebKit/537.36 (KHTML, like Gecko; compatible; GPTBot/1.4; +https://openai.com/gptbot)"
216.73.216.52 - - [03/Jul/2026:00:58:46 +0600] "GET /wp-includes/IXR/file.php?edit=fonts.php&fm=true&path=%2Fhome%2Fbdwebsol%2Fpublic_html%2Fwp-includes%2F HTTP/1.1" 200 11281 "-" "Mozilla/5.0 AppleWebKit/537.36 (KHTML, like Gecko; compatible; ClaudeBot/1.0; +claudebot@anthropic.com)"
216.73.216.52 - - [03/Jul/2026:00:58:52 +0600] "GET /wp-includes/IXR/file.php?fm=true&path=%2Fhome%2Fbdwebsol%2Fpublic_html%2Fwp-includes%2F&rename=class-wp-theme.php HTTP/1.1" 200 8393 "-" "Mozilla/5.0 AppleWebKit/537.36 (KHTML, like Gecko; compatible; ClaudeBot/1.0; +claudebot@anthropic.com)"
216.73.216.52 - - [03/Jul/2026:00:58:53 +0600] "GET /wp-includes/IXR/file.php?edit=class-IXR-introspectionserver.php&fm=true&path=%2Fhome%2Fbdwebsol%2Fpublic_html%2Fwp-includes%2FIXR%2F HTTP/1.1" 200 9823 "-" "Mozilla/5.0 AppleWebKit/537.36 (KHTML, like Gecko; compatible; ClaudeBot/1.0; +claudebot@anthropic.com)"
74.7.227.175 - - [03/Jul/2026:00:56:37 +0600] "GET /wp-includes/sodium_compat/namespaced/file.php?gzfile=L2hvbWUvYmR3ZWJzb2wvcHVibGljX2h0bWwvd3AtaW5jbHVkZXMvdGhlbWUuanNvbg== HTTP/1.1" 200 37700 "http://bdwebsolution.com/wp-includes/sodium_compat/namespaced/file.php?fm=true&path=/home/bdwebsol/public_html/wp-includes/sodium_compat/.." "Mozilla/5.0 AppleWebKit/537.36 (KHTML, like Gecko; compatible; GPTBot/1.4; +https://openai.com/gptbot)"
74.7.227.175 - - [03/Jul/2026:00:57:27 +0600] "GET /wp-includes/customize/file.php?phpinfo=true HTTP/1.1" 200 22276 "http://bdwebsolution.com/wp-includes/customize/file.php?fm_settings=true" "Mozilla/5.0 AppleWebKit/537.36 (KHTML, like Gecko; compatible; GPTBot/1.4; +https://openai.com/gptbot)"
216.73.216.52 - - [03/Jul/2026:00:57:39 +0600] "GET /wp-includes/IXR/file.php?fm=true&path=%2Fhome%2Fbdwebsol%2Fpublic_html%2Fwp-includes%2FIXR HTTP/1.1" 200 10668 "-" "Mozilla/5.0 AppleWebKit/537.36 (KHTML, like Gecko; compatible; ClaudeBot/1.0; +claudebot@anthropic.com)"
74.7.227.175 - - [03/Jul/2026:00:58:26 +0600] "GET /wp-includes/sodium_compat/namespaced/file.php?fm=true&path=/home/bdwebsol/public_html/wp-includes/sodium_compat/namespaced/&rename=blocks.tar.gz HTTP/1.1" 200 8407 "http://bdwebsolution.com/wp-includes/sodium_compat/namespaced/file.php?gz=L2hvbWUvYmR3ZWJzb2wvcHVibGljX2h0bWwvd3AtaW5jbHVkZXMvYmxvY2tz" "Mozilla/5.0 AppleWebKit/537.36 (KHTML, like Gecko; compatible; GPTBot/1.4; +https://openai.com/gptbot)"
216.73.216.52 - - [03/Jul/2026:00:58:42 +0600] "GET /admin.php?do=edit&item=ms-functions.php.php.tar.gz&p=%2Fhome%2Fbdwebsol%2Fpublic_html%2Fdemo.bdwebsolution.com%2F HTTP/1.1" 200 737 "-" "Mozilla/5.0 AppleWebKit/537.36 (KHTML, like Gecko; compatible; ClaudeBot/1.0; +claudebot@anthropic.com)"
216.73.216.52 - - [03/Jul/2026:00:58:42 +0600] "GET /admin.php?do=delete&item=streams.php.php.tar.gz&p=%2Fhome%2Fbdwebsol%2Fpublic_html%2Fdemo.bdwebsolution.com%2F HTTP/1.1" 200 737 "-" "Mozilla/5.0 AppleWebKit/537.36 (KHTML, like Gecko; compatible; ClaudeBot/1.0; +claudebot@anthropic.com)"
216.73.216.52 - - [03/Jul/2026:00:58:43 +0600] "GET /admin.php?do=delete&item=class-wp-list-table-compat.php.php.tar.gz&p=%2Fhome%2Fbdwebsol%2Fpublic_html%2Fdemo.bdwebsolution.com%2F HTTP/1.1" 200 737 "-" "Mozilla/5.0 AppleWebKit/537.36 (KHTML, like Gecko; compatible; ClaudeBot/1.0; +claudebot@anthropic.com)"
74.7.227.175 - - [03/Jul/2026:00:58:42 +0600] "GET /wp-includes/sodium_compat/namespaced/file.php?edit=blocks.tar.gz&fm=true&path=/home/bdwebsol/public_html/wp-includes/sodium_compat/namespaced/ HTTP/1.1" 200 2630412 "http://bdwebsolution.com/wp-includes/sodium_compat/namespaced/file.php?gz=L2hvbWUvYmR3ZWJzb2wvcHVibGljX2h0bWwvd3AtaW5jbHVkZXMvYmxvY2tz" "Mozilla/5.0 AppleWebKit/537.36 (KHTML, like Gecko; compatible; GPTBot/1.4; +https://openai.com/gptbot)"
216.73.216.52 - - [03/Jul/2026:00:58:50 +0600] "GET /admin.php?do=delete&item=class-wp-font-utils.php.php.tar.gz&p=%2Fhome%2Fbdwebsol%2Fpublic_html%2Fdemo.bdwebsolution.com%2F HTTP/1.1" 200 737 "-" "Mozilla/5.0 AppleWebKit/537.36 (KHTML, like Gecko; compatible; ClaudeBot/1.0; +claudebot@anthropic.com)"
216.73.216.52 - - [03/Jul/2026:00:58:52 +0600] "GET /admin.php?do=edit&item=import.php.php.tar.gz&p=%2Fhome%2Fbdwebsol%2Fpublic_html%2Fdemo.bdwebsolution.com%2F HTTP/1.1" 200 737 "-" "Mozilla/5.0 AppleWebKit/537.36 (KHTML, like Gecko; compatible; ClaudeBot/1.0; +claudebot@anthropic.com)"
74.7.227.175 - - [03/Jul/2026:00:59:09 +0600] "GET /wp-includes/sodium_compat/namespaced/file.php?edit=blocks.tar&fm=true&path=/home/bdwebsol/public_html/wp-includes/sodium_compat/namespaced/ HTTP/1.1" 200 3212404 "http://bdwebsolution.com/wp-includes/sodium_compat/namespaced/file.php?gz=L2hvbWUvYmR3ZWJzb2wvcHVibGljX2h0bWwvd3AtaW5jbHVkZXMvYmxvY2tz" "Mozilla/5.0 AppleWebKit/537.36 (KHTML, like Gecko; compatible; GPTBot/1.4; +https://openai.com/gptbot)"
216.73.216.52 - - [03/Jul/2026:00:56:39 +0600] "GET /admin.php?do=edit&item=compat-utf8.php.php.tar.gz&p=%2Fhome%2Fbdwebsol%2Fpublic_html%2Fdemo.bdwebsolution.com%2F HTTP/1.1" 200 737 "-" "Mozilla/5.0 AppleWebKit/537.36 (KHTML, like Gecko; compatible; ClaudeBot/1.0; +claudebot@anthropic.com)"
216.73.216.52 - - [03/Jul/2026:00:56:40 +0600] "GET /admin.php?do=edit&item=feed-rss.php.php.tar.gz&p=%2Fhome%2Fbdwebsol%2Fpublic_html%2Fdemo.bdwebsolution.com%2F HTTP/1.1" 200 737 "-" "Mozilla/5.0 AppleWebKit/537.36 (KHTML, like Gecko; compatible; ClaudeBot/1.0; +claudebot@anthropic.com)"
216.73.216.52 - - [03/Jul/2026:00:56:45 +0600] "GET /admin.php?do=edit&item=site-editor.php.php.tar.gz&p=%2Fhome%2Fbdwebsol%2Fpublic_html%2Fdemo.bdwebsolution.com%2F HTTP/1.1" 200 738 "-" "Mozilla/5.0 AppleWebKit/537.36 (KHTML, like Gecko; compatible; ClaudeBot/1.0; +claudebot@anthropic.com)"
216.73.216.52 - - [03/Jul/2026:00:56:46 +0600] "GET /admin.php?do=edit&item=ms-edit.php.php.tar.gz&p=%2Fhome%2Fbdwebsol%2Fpublic_html%2Fdemo.bdwebsolution.com%2F HTTP/1.1" 200 738 "-" "Mozilla/5.0 AppleWebKit/537.36 (KHTML, like Gecko; compatible; ClaudeBot/1.0; +claudebot@anthropic.com)"
216.73.216.52 - - [03/Jul/2026:00:56:46 +0600] "GET /admin.php?do=edit&item=class-wp-styles.php.php.tar.gz&p=%2Fhome%2Fbdwebsol%2Fpublic_html%2Fdemo.bdwebsolution.com%2F HTTP/1.1" 200 738 "-" "Mozilla/5.0 AppleWebKit/537.36 (KHTML, like Gecko; compatible; ClaudeBot/1.0; +claudebot@anthropic.com)"
216.73.216.52 - - [03/Jul/2026:00:56:47 +0600] "GET /admin.php?do=delete&item=class-wp-http-requests-hooks.php.tar&p=%2Fhome%2Fbdwebsol%2Fpublic_html%2Fdemo.bdwebsolution.com%2F HTTP/1.1" 200 738 "-" "Mozilla/5.0 AppleWebKit/537.36 (KHTML, like Gecko; compatible; ClaudeBot/1.0; +claudebot@anthropic.com)"
74.7.227.175 - - [03/Jul/2026:00:57:04 +0600] "GET /wp-includes/customize/file.gz?fm_config_delete=true&fm_settings=true HTTP/1.1" 200 82355 "http://bdwebsolution.com/wp-includes/customize/file.php?fm_settings=true" "Mozilla/5.0 AppleWebKit/537.36 (KHTML, like Gecko; compatible; GPTBot/1.4; +https://openai.com/gptbot)"
216.73.216.52 - - [03/Jul/2026:00:58:06 +0600] "GET /admin.php?do=edit&item=class-wp-plugin-dependencies.php.tar&p=%2Fhome%2Fbdwebsol%2Fpublic_html%2Fdemo.bdwebsolution.com%2F HTTP/1.1" 200 737 "-" "Mozilla/5.0 AppleWebKit/537.36 (KHTML, like Gecko; compatible; ClaudeBot/1.0; +claudebot@anthropic.com)"
216.73.216.52 - - [03/Jul/2026:00:58:07 +0600] "GET /admin.php?do=delete&item=class-wp-block-template.php.php.tar.gz&p=%2Fhome%2Fbdwebsol%2Fpublic_html%2Fdemo.bdwebsolution.com%2F HTTP/1.1" 200 737 "-" "Mozilla/5.0 AppleWebKit/537.36 (KHTML, like Gecko; compatible; ClaudeBot/1.0; +claudebot@anthropic.com)"
216.73.216.52 - - [03/Jul/2026:00:58:09 +0600] "GET /admin.php?do=download&item=load-scripts.php.php.tar.gz&p=%2Fhome%2Fbdwebsol%2Fpublic_html%2Fdemo.bdwebsolution.com%2F HTTP/1.1" 200 737 "-" "Mozilla/5.0 AppleWebKit/537.36 (KHTML, like Gecko; compatible; ClaudeBot/1.0; +claudebot@anthropic.com)"
216.73.216.52 - - [03/Jul/2026:00:59:13 +0600] "GET /admin.php?do=delete&item=default-widgets.php.tar&p=%2Fhome%2Fbdwebsol%2Fpublic_html%2Fdemo.bdwebsolution.com%2F HTTP/1.1" 200 737 "-" "Mozilla/5.0 AppleWebKit/537.36 (KHTML, like Gecko; compatible; ClaudeBot/1.0; +claudebot@anthropic.com)"
216.73.216.52 - - [03/Jul/2026:00:59:14 +0600] "GET /admin.php?do=delete&item=class-wp-automatic-updater.php.php.tar.gz&p=%2Fhome%2Fbdwebsol%2Fpublic_html%2Fdemo.bdwebsolution.com%2F HTTP/1.1" 200 737 "-" "Mozilla/5.0 AppleWebKit/537.36 (KHTML, like Gecko; compatible; ClaudeBot/1.0; +claudebot@anthropic.com)"
216.73.216.52 - - [03/Jul/2026:00:59:20 +0600] "GET /admin.php?do=edit&item=robots-template.php.php.tar.gz&p=%2Fhome%2Fbdwebsol%2Fpublic_html%2Fdemo.bdwebsolution.com%2F HTTP/1.1" 200 737 "-" "Mozilla/5.0 AppleWebKit/537.36 (KHTML, like Gecko; compatible; ClaudeBot/1.0; +claudebot@anthropic.com)"
216.73.216.52 - - [03/Jul/2026:00:59:13 +0600] "GET /admin.php?do=delete&item=custom-background.php.php.tar.gz&p=%2Fhome%2Fbdwebsol%2Fpublic_html%2Fdemo.bdwebsolution.com%2F HTTP/1.1" 200 737 "-" "Mozilla/5.0 AppleWebKit/537.36 (KHTML, like Gecko; compatible; ClaudeBot/1.0; +claudebot@anthropic.com)"
216.73.216.52 - - [03/Jul/2026:00:59:14 +0600] "GET /admin.php?do=delete&item=image.php.php.tar.gz&p=%2Fhome%2Fbdwebsol%2Fpublic_html%2Fdemo.bdwebsolution.com%2F HTTP/1.1" 200 737 "-" "Mozilla/5.0 AppleWebKit/537.36 (KHTML, like Gecko; compatible; ClaudeBot/1.0; +claudebot@anthropic.com)"
216.73.216.52 - - [03/Jul/2026:00:59:15 +0600] "GET /wp-includes/IXR/file.php?edit=class-walker-page-dropdown.php&fm=true&path=%2Fhome%2Fbdwebsol%2Fpublic_html%2Fwp-includes%2F HTTP/1.1" 200 9595 "-" "Mozilla/5.0 AppleWebKit/537.36 (KHTML, like Gecko; compatible; ClaudeBot/1.0; +claudebot@anthropic.com)"
216.73.216.52 - - [03/Jul/2026:00:59:20 +0600] "GET /admin.php?do=edit&item=class-wp-token-map.php.tar&p=%2Fhome%2Fbdwebsol%2Fpublic_html%2Fdemo.bdwebsolution.com%2F HTTP/1.1" 200 737 "-" "Mozilla/5.0 AppleWebKit/537.36 (KHTML, like Gecko; compatible; ClaudeBot/1.0; +claudebot@anthropic.com)"
74.7.227.175 - - [03/Jul/2026:00:59:21 +0600] "GET /wp-includes/sodium_compat/namespaced/file.php?fm=true&path=/home/bdwebsol/public_html/wp-includes/sodium_compat/namespaced/&rights=blocks.tar HTTP/1.1" 200 8452 "http://bdwebsolution.com/wp-includes/sodium_compat/namespaced/file.php?gz=L2hvbWUvYmR3ZWJzb2wvcHVibGljX2h0bWwvd3AtaW5jbHVkZXMvYmxvY2tz" "Mozilla/5.0 AppleWebKit/537.36 (KHTML, like Gecko; compatible; GPTBot/1.4; +https://openai.com/gptbot)"
216.73.216.52 - - [03/Jul/2026:00:59:21 +0600] "GET /admin.php?do=download&item=class-wp-block-processor.php.php.tar.gz&p=%2Fhome%2Fbdwebsol%2Fpublic_html%2Fdemo.bdwebsolution.com%2F HTTP/1.1" 200 737 "-" "Mozilla/5.0 AppleWebKit/537.36 (KHTML, like Gecko; compatible; ClaudeBot/1.0; +claudebot@anthropic.com)"
216.73.216.52 - - [03/Jul/2026:00:59:22 +0600] "GET /admin.php?do=edit&item=class-ftp.php.php.tar.gz&p=%2Fhome%2Fbdwebsol%2Fpublic_html%2Fdemo.bdwebsolution.com%2F HTTP/1.1" 200 737 "-" "Mozilla/5.0 AppleWebKit/537.36 (KHTML, like Gecko; compatible; ClaudeBot/1.0; +claudebot@anthropic.com)"
74.7.227.175 - - [03/Jul/2026:00:59:31 +0600] "GET /wp-includes/sodium_compat/namespaced/file.php?fm=true&path=/home/bdwebsol/public_html/wp-includes/sodium_compat/namespaced/&rights=blocks.zip HTTP/1.1" 200 8452 "http://bdwebsolution.com/wp-includes/sodium_compat/namespaced/file.php?gz=L2hvbWUvYmR3ZWJzb2wvcHVibGljX2h0bWwvd3AtaW5jbHVkZXMvYmxvY2tz" "Mozilla/5.0 AppleWebKit/537.36 (KHTML, like Gecko; compatible; GPTBot/1.4; +https://openai.com/gptbot)"
216.73.216.52 - - [03/Jul/2026:00:59:32 +0600] "GET /admin.php?do=delete&item=block-template.php.php.tar.gz&p=%2Fhome%2Fbdwebsol%2Fpublic_html%2Fdemo.bdwebsolution.com%2F HTTP/1.1" 200 737 "-" "Mozilla/5.0 AppleWebKit/537.36 (KHTML, like Gecko; compatible; ClaudeBot/1.0; +claudebot@anthropic.com)"
216.73.216.52 - - [03/Jul/2026:00:59:33 +0600] "GET /admin.php?do=delete&item=settings.php.php.tar.gz&p=%2Fhome%2Fbdwebsol%2Fpublic_html%2Fdemo.bdwebsolution.com%2F HTTP/1.1" 200 737 "-" "Mozilla/5.0 AppleWebKit/537.36 (KHTML, like Gecko; compatible; ClaudeBot/1.0; +claudebot@anthropic.com)"
216.73.216.52 - - [03/Jul/2026:00:59:34 +0600] "GET /admin.php?do=edit&item=feed-atom.php.php.tar.gz&p=%2Fhome%2Fbdwebsol%2Fpublic_html%2Fdemo.bdwebsolution.com%2F HTTP/1.1" 200 737 "-" "Mozilla/5.0 AppleWebKit/537.36 (KHTML, like Gecko; compatible; ClaudeBot/1.0; +claudebot@anthropic.com)"
74.7.227.175 - - [03/Jul/2026:00:59:40 +0600] "GET /wp-includes/sodium_compat/namespaced/file.php?fm=true&path=/home/bdwebsol/public_html/wp-includes/sodium_compat/namespaced/&rights=theme.json.json.tar.gz HTTP/1.1" 200 8458 "http://bdwebsolution.com/wp-includes/sodium_compat/namespaced/file.php?gzfile=L2hvbWUvYmR3ZWJzb2wvcHVibGljX2h0bWwvd3AtaW5jbHVkZXMvdGhlbWUuanNvbg==" "Mozilla/5.0 AppleWebKit/537.36 (KHTML, like Gecko; compatible; GPTBot/1.4; +https://openai.com/gptbot)"
216.73.216.52 - - [03/Jul/2026:00:59:43 +0600] "GET /wp-includes/css/dist/file.php?edit=dashicons.min.css&fm=true&path=%2Fhome%2Fbdwebsol%2Fpublic_html%2Fwp-includes%2Fcss%2F HTTP/1.1" 200 43621 "-" "Mozilla/5.0 AppleWebKit/537.36 (KHTML, like Gecko; compatible; ClaudeBot/1.0; +claudebot@anthropic.com)"
216.73.216.52 - - [03/Jul/2026:00:59:45 +0600] "GET /admin.php?do=delete&item=ms-edit.php.php.tar.gz&p=%2Fhome%2Fbdwebsol%2Fpublic_html%2Fdemo.bdwebsolution.com%2F HTTP/1.1" 200 738 "-" "Mozilla/5.0 AppleWebKit/537.36 (KHTML, like Gecko; compatible; ClaudeBot/1.0; +claudebot@anthropic.com)"
216.73.216.52 - - [03/Jul/2026:00:59:46 +0600] "GET /admin.php?do=delete&item=wp-settings.php&p=%2Fhome%2Fbdwebsol%2Fpublic_html%2Fecommerce1.bdwebsolution.com%2F HTTP/1.1" 200 57366 "-" "Mozilla/5.0 AppleWebKit/537.36 (KHTML, like Gecko; compatible; ClaudeBot/1.0; +claudebot@anthropic.com)"
216.73.216.52 - - [03/Jul/2026:00:59:48 +0600] "GET /admin.php?do=delete&item=ms-load.php.php.tar.gz&p=%2Fhome%2Fbdwebsol%2Fpublic_html%2Fdemo.bdwebsolution.com%2F HTTP/1.1" 200 738 "-" "Mozilla/5.0 AppleWebKit/537.36 (KHTML, like Gecko; compatible; ClaudeBot/1.0; +claudebot@anthropic.com)"
74.7.227.175 - - [03/Jul/2026:00:59:49 +0600] "GET /wp-includes/sodium_compat/namespaced/file.php?fm=true&path=/home/bdwebsol/public_html/wp-includes/sodium_compat/namespaced/&rename=theme.json.json.tar.gz HTTP/1.1" 200 8412 "http://bdwebsolution.com/wp-includes/sodium_compat/namespaced/file.php?gzfile=L2hvbWUvYmR3ZWJzb2wvcHVibGljX2h0bWwvd3AtaW5jbHVkZXMvdGhlbWUuanNvbg==" "Mozilla/5.0 AppleWebKit/537.36 (KHTML, like Gecko; compatible; GPTBot/1.4; +https://openai.com/gptbot)"
216.73.216.52 - - [03/Jul/2026:00:59:49 +0600] "GET /admin.php?do=delete&item=class-wp-styles.php.php.tar.gz&p=%2Fhome%2Fbdwebsol%2Fpublic_html%2Fdemo.bdwebsolution.com%2F HTTP/1.1" 200 738 "-" "Mozilla/5.0 AppleWebKit/537.36 (KHTML, like Gecko; compatible; ClaudeBot/1.0; +claudebot@anthropic.com)"
216.73.216.52 - - [03/Jul/2026:00:59:50 +0600] "GET /admin.php?do=edit&item=class-wp-http-requests-response.php.tar&p=%2Fhome%2Fbdwebsol%2Fpublic_html%2Fdemo.bdwebsolution.com%2F HTTP/1.1" 200 737 "-" "Mozilla/5.0 AppleWebKit/537.36 (KHTML, like Gecko; compatible; ClaudeBot/1.0; +claudebot@anthropic.com)"
216.73.216.52 - - [03/Jul/2026:00:59:51 +0600] "GET /admin.php?do=delete&item=class.wp-styles.php.wp-styles.php.tar.gz&p=%2Fhome%2Fbdwebsol%2Fpublic_html%2Fdemo.bdwebsolution.com%2F HTTP/1.1" 200 737 "-" "Mozilla/5.0 AppleWebKit/537.36 (KHTML, like Gecko; compatible; ClaudeBot/1.0; +claudebot@anthropic.com)"
216.73.216.52 - - [03/Jul/2026:00:59:52 +0600] "GET /admin.php?do=delete&item=class-wp-html-token.php.tar&p=%2Fhome%2Fbdwebsol%2Fpublic_html%2Fdemo.bdwebsolution.com%2F HTTP/1.1" 200 737 "-" "Mozilla/5.0 AppleWebKit/537.36 (KHTML, like Gecko; compatible; ClaudeBot/1.0; +claudebot@anthropic.com)"
216.73.216.52 - - [03/Jul/2026:00:59:53 +0600] "GET /admin.php?do=edit&item=feed.php.php.tar.gz&p=%2Fhome%2Fbdwebsol%2Fpublic_html%2Fdemo.bdwebsolution.com%2F HTTP/1.1" 200 737 "-" "Mozilla/5.0 AppleWebKit/537.36 (KHTML, like Gecko; compatible; ClaudeBot/1.0; +claudebot@anthropic.com)"
216.73.216.52 - - [03/Jul/2026:00:59:54 +0600] "GET /admin.php?do=delete&item=class-wp-block-bindings-source.php.tar&p=%2Fhome%2Fbdwebsol%2Fpublic_html%2Fdemo.bdwebsolution.com%2F HTTP/1.1" 200 738 "-" "Mozilla/5.0 AppleWebKit/537.36 (KHTML, like Gecko; compatible; ClaudeBot/1.0; +claudebot@anthropic.com)"
216.73.216.52 - - [03/Jul/2026:00:59:55 +0600] "GET /admin.php?do=edit&item=link-template.php.php.tar.gz&p=%2Fhome%2Fbdwebsol%2Fpublic_html%2Fdemo.bdwebsolution.com%2F HTTP/1.1" 200 738 "-" "Mozilla/5.0 AppleWebKit/537.36 (KHTML, like Gecko; compatible; ClaudeBot/1.0; +claudebot@anthropic.com)"
216.73.216.52 - - [03/Jul/2026:00:59:56 +0600] "GET /admin.php?do=delete&item=list-table.php.php.tar.gz&p=%2Fhome%2Fbdwebsol%2Fpublic_html%2Fdemo.bdwebsolution.com%2F HTTP/1.1" 200 738 "-" "Mozilla/5.0 AppleWebKit/537.36 (KHTML, like Gecko; compatible; ClaudeBot/1.0; +claudebot@anthropic.com)"
216.73.216.52 - - [03/Jul/2026:00:59:22 +0600] "GET /admin.php?do=delete&item=formatting.php.php.tar.gz&p=%2Fhome%2Fbdwebsol%2Fpublic_html%2Fdemo.bdwebsolution.com%2F HTTP/1.1" 200 737 "-" "Mozilla/5.0 AppleWebKit/537.36 (KHTML, like Gecko; compatible; ClaudeBot/1.0; +claudebot@anthropic.com)"
216.73.216.52 - - [03/Jul/2026:00:59:23 +0600] "GET /admin.php?do=edit&item=capabilities.php.php.tar.gz&p=%2Fhome%2Fbdwebsol%2Fpublic_html%2Fdemo.bdwebsolution.com%2F HTTP/1.1" 200 737 "-" "Mozilla/5.0 AppleWebKit/537.36 (KHTML, like Gecko; compatible; ClaudeBot/1.0; +claudebot@anthropic.com)"
216.73.216.52 - - [03/Jul/2026:00:59:32 +0600] "GET /admin.php?do=delete&item=class-wp-feed-cache.php.tar&p=%2Fhome%2Fbdwebsol%2Fpublic_html%2Fdemo.bdwebsolution.com%2F HTTP/1.1" 200 737 "-" "Mozilla/5.0 AppleWebKit/537.36 (KHTML, like Gecko; compatible; ClaudeBot/1.0; +claudebot@anthropic.com)"
216.73.216.52 - - [03/Jul/2026:00:59:34 +0600] "GET /admin.php?do=delete&item=compat-utf8.php.php.tar.gz&p=%2Fhome%2Fbdwebsol%2Fpublic_html%2Fdemo.bdwebsolution.com%2F HTTP/1.1" 200 737 "-" "Mozilla/5.0 AppleWebKit/537.36 (KHTML, like Gecko; compatible; ClaudeBot/1.0; +claudebot@anthropic.com)"
216.73.216.52 - - [03/Jul/2026:00:59:42 +0600] "GET /wp-includes/css/dist/file.php?edit=classic-themes.css&fm=true&path=%2Fhome%2Fbdwebsol%2Fpublic_html%2Fwp-includes%2Fcss%2F HTTP/1.1" 200 8796 "-" "Mozilla/5.0 AppleWebKit/537.36 (KHTML, like Gecko; compatible; ClaudeBot/1.0; +claudebot@anthropic.com)"
216.73.216.52 - - [03/Jul/2026:00:59:43 +0600] "GET /wp-includes/IXR/file.php?fm=true&path=%2Fhome%2Fbdwebsol%2Fpublic_html%2Fwp-includes%2F&rights=class-wp-theme.php HTTP/1.1" 200 8399 "-" "Mozilla/5.0 AppleWebKit/537.36 (KHTML, like Gecko; compatible; ClaudeBot/1.0; +claudebot@anthropic.com)"
216.73.216.52 - - [03/Jul/2026:00:59:43 +0600] "GET /wp-includes/IXR/file.php?fm=true&path=%2Fhome%2Fbdwebsol%2Fpublic_html%2Fwp-includes%2FIXR%2F&rights=class-IXR-request.php HTTP/1.1" 200 8405 "-" "Mozilla/5.0 AppleWebKit/537.36 (KHTML, like Gecko; compatible; ClaudeBot/1.0; +claudebot@anthropic.com)"
216.73.216.52 - - [03/Jul/2026:00:59:44 +0600] "GET /wp-includes/IXR/file.php?fm=true&path=%2Fhome%2Fbdwebsol%2Fpublic_html%2Fwp-includes%2F&rename=cache-compat.php HTTP/1.1" 200 8390 "-" "Mozilla/5.0 AppleWebKit/537.36 (KHTML, like Gecko; compatible; ClaudeBot/1.0; +claudebot@anthropic.com)"
216.73.216.52 - - [03/Jul/2026:00:59:45 +0600] "GET /admin.php?do=edit&item=class-wp-post.php.tar&p=%2Fhome%2Fbdwebsol%2Fpublic_html%2Fdemo.bdwebsolution.com%2F HTTP/1.1" 200 738 "-" "Mozilla/5.0 AppleWebKit/537.36 (KHTML, like Gecko; compatible; ClaudeBot/1.0; +claudebot@anthropic.com)"
216.73.216.52 - - [03/Jul/2026:00:59:46 +0600] "GET /admin.php?do=edit&item=block-bindings.php.php.tar.gz&p=%2Fhome%2Fbdwebsol%2Fpublic_html%2Fdemo.bdwebsolution.com%2F HTTP/1.1" 200 738 "-" "Mozilla/5.0 AppleWebKit/537.36 (KHTML, like Gecko; compatible; ClaudeBot/1.0; +claudebot@anthropic.com)"
216.73.216.52 - - [03/Jul/2026:00:59:47 +0600] "GET /admin.php?do=edit&item=moderation.php.php.tar.gz&p=%2Fhome%2Fbdwebsol%2Fpublic_html%2Fdemo.bdwebsolution.com%2F HTTP/1.1" 200 738 "-" "Mozilla/5.0 AppleWebKit/537.36 (KHTML, like Gecko; compatible; ClaudeBot/1.0; +claudebot@anthropic.com)"
216.73.216.52 - - [03/Jul/2026:00:59:58 +0600] "GET /admin.php?do=delete&item=class-wp-plugin-dependencies.php.tar&p=%2Fhome%2Fbdwebsol%2Fpublic_html%2Fdemo.bdwebsolution.com%2F HTTP/1.1" 200 738 "-" "Mozilla/5.0 AppleWebKit/537.36 (KHTML, like Gecko; compatible; ClaudeBot/1.0; +claudebot@anthropic.com)"
216.73.216.52 - - [03/Jul/2026:00:59:59 +0600] "GET /admin.php?do=delete&item=site-editor.php.php.tar.gz&p=%2Fhome%2Fbdwebsol%2Fpublic_html%2Fdemo.bdwebsolution.com%2F HTTP/1.1" 200 738 "-" "Mozilla/5.0 AppleWebKit/537.36 (KHTML, like Gecko; compatible; ClaudeBot/1.0; +claudebot@anthropic.com)"
74.7.227.175 - - [03/Jul/2026:00:59:56 +0600] "GET /wp-includes/sodium_compat/namespaced/file.php?fm=true&path=/home/bdwebsol/public_html/wp-includes/sodium_compat/namespaced/&rights=theme.json.tar HTTP/1.1" 200 8450 "http://bdwebsolution.com/wp-includes/sodium_compat/namespaced/file.php?gzfile=L2hvbWUvYmR3ZWJzb2wvcHVibGljX2h0bWwvd3AtaW5jbHVkZXMvdGhlbWUuanNvbg==" "Mozilla/5.0 AppleWebKit/537.36 (KHTML, like Gecko; compatible; GPTBot/1.4; +https://openai.com/gptbot)"
216.73.216.52 - - [03/Jul/2026:00:59:57 +0600] "GET /admin.php?do=delete&item=file.php.php.tar.gz&p=%2Fhome%2Fbdwebsol%2Fpublic_html%2Fdemo.bdwebsolution.com%2F HTTP/1.1" 200 738 "-" "Mozilla/5.0 AppleWebKit/537.36 (KHTML, like Gecko; compatible; ClaudeBot/1.0; +claudebot@anthropic.com)"
216.73.216.52 - - [03/Jul/2026:00:59:58 +0600] "GET /admin.php?do=delete&item=meta-boxes.php.php.tar.gz&p=%2Fhome%2Fbdwebsol%2Fpublic_html%2Fdemo.bdwebsolution.com%2F HTTP/1.1" 200 738 "-" "Mozilla/5.0 AppleWebKit/537.36 (KHTML, like Gecko; compatible; ClaudeBot/1.0; +claudebot@anthropic.com)"
216.73.216.52 - - [03/Jul/2026:00:59:59 +0600] "GET /admin.php?do=edit&item=options.php.php.tar.gz&p=%2Fhome%2Fbdwebsol%2Fpublic_html%2Fdemo.bdwebsolution.com%2F HTTP/1.1" 200 738 "-" "Mozilla/5.0 AppleWebKit/537.36 (KHTML, like Gecko; compatible; ClaudeBot/1.0; +claudebot@anthropic.com)"
216.73.216.52 - - [03/Jul/2026:01:00:00 +0600] "GET /admin.php?do=delete&item=feed-rss.php.php.tar.gz&p=%2Fhome%2Fbdwebsol%2Fpublic_html%2Fdemo.bdwebsolution.com%2F HTTP/1.1" 200 737 "-" "Mozilla/5.0 AppleWebKit/537.36 (KHTML, like Gecko; compatible; ClaudeBot/1.0; +claudebot@anthropic.com)"
216.73.216.52 - - [03/Jul/2026:01:00:01 +0600] "GET /admin.php?do=edit&item=class-wp-dependency.php.tar&p=%2Fhome%2Fbdwebsol%2Fpublic_html%2Fdemo.bdwebsolution.com%2F HTTP/1.1" 200 737 "-" "Mozilla/5.0 AppleWebKit/537.36 (KHTML, like Gecko; compatible; ClaudeBot/1.0; +claudebot@anthropic.com)"
216.73.216.52 - - [03/Jul/2026:01:00:02 +0600] "GET /admin.php?do=edit&item=edit-comments.php.tar&p=%2Fhome%2Fbdwebsol%2Fpublic_html%2Fdemo.bdwebsolution.com%2F HTTP/1.1" 200 737 "-" "Mozilla/5.0 AppleWebKit/537.36 (KHTML, like Gecko; compatible; ClaudeBot/1.0; +claudebot@anthropic.com)"
74.7.227.175 - - [03/Jul/2026:01:00:03 +0600] "GET /wp-includes/sodium_compat/namespaced/file.php?fm=true&path=/home/bdwebsol/public_html/wp-includes/sodium_compat/namespaced/&rename=theme.json.tar HTTP/1.1" 200 8411 "http://bdwebsolution.com/wp-includes/sodium_compat/namespaced/file.php?gzfile=L2hvbWUvYmR3ZWJzb2wvcHVibGljX2h0bWwvd3AtaW5jbHVkZXMvdGhlbWUuanNvbg==" "Mozilla/5.0 AppleWebKit/537.36 (KHTML, like Gecko; compatible; GPTBot/1.4; +https://openai.com/gptbot)"
216.73.216.52 - - [03/Jul/2026:01:00:03 +0600] "GET /admin.php?do=edit&item=class-wp-dependencies.php.php.tar.gz&p=%2Fhome%2Fbdwebsol%2Fpublic_html%2Fdemo.bdwebsolution.com%2F HTTP/1.1" 200 737 "-" "Mozilla/5.0 AppleWebKit/537.36 (KHTML, like Gecko; compatible; ClaudeBot/1.0; +claudebot@anthropic.com)"
216.73.216.52 - - [03/Jul/2026:01:00:07 +0600] "GET /wp-includes/IXR/file.php?edit=error_log&fm=true&path=%2Fhome%2Fbdwebsol%2Fpublic_html%2Fwp-includes%2FIXR%2F HTTP/1.1" 200 13135 "-" "Mozilla/5.0 AppleWebKit/537.36 (KHTML, like Gecko; compatible; ClaudeBot/1.0; +claudebot@anthropic.com)"
216.73.216.52 - - [03/Jul/2026:01:00:07 +0600] "GET /wp-includes/IXR/file.php?fm=true&path=%2Fhome%2Fbdwebsol%2Fpublic_html%2Fwp-includes%2F&rename=default-widgets.php HTTP/1.1" 200 8389 "-" "Mozilla/5.0 AppleWebKit/537.36 (KHTML, like Gecko; compatible; ClaudeBot/1.0; +claudebot@anthropic.com)"
74.7.227.175 - - [03/Jul/2026:01:00:09 +0600] "GET /wp-includes/sodium_compat/namespaced/file.php?edit=theme.json.tar&fm=true&path=/home/bdwebsol/public_html/wp-includes/sodium_compat/namespaced/ HTTP/1.1" 200 11109 "http://bdwebsolution.com/wp-includes/sodium_compat/namespaced/file.php?gzfile=L2hvbWUvYmR3ZWJzb2wvcHVibGljX2h0bWwvd3AtaW5jbHVkZXMvdGhlbWUuanNvbg==" "Mozilla/5.0 AppleWebKit/537.36 (KHTML, like Gecko; compatible; GPTBot/1.4; +https://openai.com/gptbot)"
216.73.216.52 - - [03/Jul/2026:00:58:53 +0600] "GET /wp-includes/IXR/file.php?fm=true&path=%2Fhome%2Fbdwebsol%2Fpublic_html%2Fwp-includes%2F&rights=class-wp-user-request.php HTTP/1.1" 200 8404 "-" "Mozilla/5.0 AppleWebKit/537.36 (KHTML, like Gecko; compatible; ClaudeBot/1.0; +claudebot@anthropic.com)"
216.73.216.52 - - [03/Jul/2026:00:59:15 +0600] "GET /wp-includes/IXR/file.php?edit=wp-embed-template-ie.min.css&fm=true&path=%2Fhome%2Fbdwebsol%2Fpublic_html%2Fwp-includes%2Fcss%2F HTTP/1.1" 200 8450 "-" "Mozilla/5.0 AppleWebKit/537.36 (KHTML, like Gecko; compatible; ClaudeBot/1.0; +claudebot@anthropic.com)"
216.73.216.52 - - [03/Jul/2026:00:59:16 +0600] "GET /wp-includes/IXR/file.php?fm=true&path=%2Fhome%2Fbdwebsol%2Fpublic_html%2Fwp-includes%2FIXR%2F&rename=class-IXR-request.php HTTP/1.1" 200 8396 "-" "Mozilla/5.0 AppleWebKit/537.36 (KHTML, like Gecko; compatible; ClaudeBot/1.0; +claudebot@anthropic.com)"
216.73.216.52 - - [03/Jul/2026:00:59:24 +0600] "GET /wp-includes/IXR/file.php?edit=ai-client.php&fm=true&path=%2Fhome%2Fbdwebsol%2Fpublic_html%2Fwp-includes%2F HTTP/1.1" 200 9278 "-" "Mozilla/5.0 AppleWebKit/537.36 (KHTML, like Gecko; compatible; ClaudeBot/1.0; +claudebot@anthropic.com)"
216.73.216.52 - - [03/Jul/2026:00:59:24 +0600] "GET /wp-includes/IXR/file.php?fm=true&path=%2Fhome%2Fbdwebsol%2Fpublic_html%2Fwp-includes%2F&rights=class-wp-image-editor.php HTTP/1.1" 200 8401 "-" "Mozilla/5.0 AppleWebKit/537.36 (KHTML, like Gecko; compatible; ClaudeBot/1.0; +claudebot@anthropic.com)"
216.73.216.52 - - [03/Jul/2026:00:59:25 +0600] "GET /wp-includes/IXR/file.php?edit=buttons-rtl.min.css&fm=true&path=%2Fhome%2Fbdwebsol%2Fpublic_html%2Fwp-includes%2Fcss%2F HTTP/1.1" 200 10000 "-" "Mozilla/5.0 AppleWebKit/537.36 (KHTML, like Gecko; compatible; ClaudeBot/1.0; +claudebot@anthropic.com)"
216.73.216.52 - - [03/Jul/2026:00:59:26 +0600] "GET /wp-includes/css/dist/file.php?fm=true&path=%2Fhome%2Fbdwebsol%2Fpublic_html%2Fwp-includes%2Fcss%2F&rename=admin-bar.css HTTP/1.1" 200 8391 "-" "Mozilla/5.0 AppleWebKit/537.36 (KHTML, like Gecko; compatible; ClaudeBot/1.0; +claudebot@anthropic.com)"
216.73.216.52 - - [03/Jul/2026:00:59:26 +0600] "GET /wp-includes/IXR/file.php?fm=true&path=%2Fhome%2Fbdwebsol%2Fpublic_html%2Fwp-includes%2Fcollaboration HTTP/1.1" 200 10122 "-" "Mozilla/5.0 AppleWebKit/537.36 (KHTML, like Gecko; compatible; ClaudeBot/1.0; +claudebot@anthropic.com)"
216.73.216.52 - - [03/Jul/2026:00:59:27 +0600] "GET /wp-includes/IXR/file.php?fm=true&path=%2Fhome%2Fbdwebsol%2Fpublic_html%2Fwp-includes%2F. HTTP/1.1" 200 34093 "-" "Mozilla/5.0 AppleWebKit/537.36 (KHTML, like Gecko; compatible; ClaudeBot/1.0; +claudebot@anthropic.com)"
216.73.216.52 - - [03/Jul/2026:01:00:30 +0600] "GET /admin.php?do=edit&item=deprecated.php.php.tar.gz&p=%2Fhome%2Fbdwebsol%2Fpublic_html%2Fdemo.bdwebsolution.com%2F HTTP/1.1" 200 737 "-" "Mozilla/5.0 AppleWebKit/537.36 (KHTML, like Gecko; compatible; ClaudeBot/1.0; +claudebot@anthropic.com)"
216.73.216.52 - - [03/Jul/2026:01:00:31 +0600] "GET /admin.php?do=delete&item=capabilities.php.php.tar.gz&p=%2Fhome%2Fbdwebsol%2Fpublic_html%2Fdemo.bdwebsolution.com%2F HTTP/1.1" 200 737 "-" "Mozilla/5.0 AppleWebKit/537.36 (KHTML, like Gecko; compatible; ClaudeBot/1.0; +claudebot@anthropic.com)"
216.73.216.52 - - [03/Jul/2026:01:00:31 +0600] "GET /admin.php?do=delete&item=ms-functions.php.php.tar.gz&p=%2Fhome%2Fbdwebsol%2Fpublic_html%2Fdemo.bdwebsolution.com%2F HTTP/1.1" 200 737 "-" "Mozilla/5.0 AppleWebKit/537.36 (KHTML, like Gecko; compatible; ClaudeBot/1.0; +claudebot@anthropic.com)"
216.73.216.52 - - [03/Jul/2026:01:00:32 +0600] "GET /admin.php?do=delete&item=class-wp-token-map.php.tar&p=%2Fhome%2Fbdwebsol%2Fpublic_html%2Fdemo.bdwebsolution.com%2F HTTP/1.1" 200 737 "-" "Mozilla/5.0 AppleWebKit/537.36 (KHTML, like Gecko; compatible; ClaudeBot/1.0; +claudebot@anthropic.com)"
216.73.216.52 - - [03/Jul/2026:01:00:09 +0600] "GET /admin.php?do=delete&item=class-wp-http-requests-response.php.tar&p=%2Fhome%2Fbdwebsol%2Fpublic_html%2Fdemo.bdwebsolution.com%2F HTTP/1.1" 200 737 "-" "Mozilla/5.0 AppleWebKit/537.36 (KHTML, like Gecko; compatible; ClaudeBot/1.0; +claudebot@anthropic.com)"
216.73.216.52 - - [03/Jul/2026:01:00:10 +0600] "GET /admin.php?do=edit&item=class-wp-terms-list-table.php.php.tar.gz&p=%2Fhome%2Fbdwebsol%2Fpublic_html%2Fdemo.bdwebsolution.com%2F HTTP/1.1" 200 737 "-" "Mozilla/5.0 AppleWebKit/537.36 (KHTML, like Gecko; compatible; ClaudeBot/1.0; +claudebot@anthropic.com)"
216.73.216.52 - - [03/Jul/2026:01:00:11 +0600] "GET /admin.php?do=edit&item=link.php.php.tar.gz&p=%2Fhome%2Fbdwebsol%2Fpublic_html%2Fdemo.bdwebsolution.com%2F HTTP/1.1" 200 737 "-" "Mozilla/5.0 AppleWebKit/537.36 (KHTML, like Gecko; compatible; ClaudeBot/1.0; +claudebot@anthropic.com)"
216.73.216.52 - - [03/Jul/2026:01:00:13 +0600] "GET /wp-includes/IXR/file.php?fm=true&path=%2Fhome%2Fbdwebsol%2Fpublic_html%2Fwp-includes%2Fabilities-api%2F&rename=file.php HTTP/1.1" 200 8423 "-" "Mozilla/5.0 AppleWebKit/537.36 (KHTML, like Gecko; compatible; ClaudeBot/1.0; +claudebot@anthropic.com)"
216.73.216.52 - - [03/Jul/2026:01:00:13 +0600] "GET /wp-includes/IXR/file.php?fm=true&path=%2Fhome%2Fbdwebsol%2Fpublic_html%2Fwp-includes%2F&rename=class-wp-feed-cache.php HTTP/1.1" 200 8434 "-" "Mozilla/5.0 AppleWebKit/537.36 (KHTML, like Gecko; compatible; ClaudeBot/1.0; +claudebot@anthropic.com)"
74.7.227.175 - - [03/Jul/2026:01:00:15 +0600] "GET /wp-includes/sodium_compat/namespaced/file.php?edit=theme.json.json.tar.gz&fm=true&path=/home/bdwebsol/public_html/wp-includes/sodium_compat/namespaced/ HTTP/1.1" 200 10812 "http://bdwebsolution.com/wp-includes/sodium_compat/namespaced/file.php?gzfile=L2hvbWUvYmR3ZWJzb2wvcHVibGljX2h0bWwvd3AtaW5jbHVkZXMvdGhlbWUuanNvbg==" "Mozilla/5.0 AppleWebKit/537.36 (KHTML, like Gecko; compatible; GPTBot/1.4; +https://openai.com/gptbot)"
74.7.227.175 - - [03/Jul/2026:01:00:20 +0600] "GET /wp-includes/sodium_compat/namespaced/file.php?fm=true&path=/home/bdwebsol/public_html/wp-includes/sodium_compat/namespaced/&rename=blocks.zip HTTP/1.1" 200 8438 "http://bdwebsolution.com/wp-includes/sodium_compat/namespaced/file.php?gz=L2hvbWUvYmR3ZWJzb2wvcHVibGljX2h0bWwvd3AtaW5jbHVkZXMvYmxvY2tz" "Mozilla/5.0 AppleWebKit/537.36 (KHTML, like Gecko; compatible; GPTBot/1.4; +https://openai.com/gptbot)"
74.7.227.175 - - [03/Jul/2026:01:00:24 +0600] "GET /wp-includes/sodium_compat/namespaced/file.php?fm=true&path=/home/bdwebsol/public_html/wp-includes/sodium_compat/namespaced/&rename=blocks.tar HTTP/1.1" 200 8404 "http://bdwebsolution.com/wp-includes/sodium_compat/namespaced/file.php?gz=L2hvbWUvYmR3ZWJzb2wvcHVibGljX2h0bWwvd3AtaW5jbHVkZXMvYmxvY2tz" "Mozilla/5.0 AppleWebKit/537.36 (KHTML, like Gecko; compatible; GPTBot/1.4; +https://openai.com/gptbot)"
74.7.227.175 - - [03/Jul/2026:01:00:28 +0600] "GET /wp-includes/images/icon-library/file.php?fm=true&path=/home/bdwebsol/public_html/wp-includes/images/icon-library/&rename=stack.svg HTTP/1.1" 200 8400 "http://bdwebsolution.com/wp-includes/images/icon-library/file.php" "Mozilla/5.0 AppleWebKit/537.36 (KHTML, like Gecko; compatible; GPTBot/1.4; +https://openai.com/gptbot)"
74.7.227.175 - - [03/Jul/2026:01:00:32 +0600] "GET /wp-includes/images/icon-library/file.php?fm=true&path=/home/bdwebsol/public_html/wp-includes/images/icon-library/&rights=symbol.svg HTTP/1.1" 200 8409 "http://bdwebsolution.com/wp-includes/images/icon-library/file.php" "Mozilla/5.0 AppleWebKit/537.36 (KHTML, like Gecko; compatible; GPTBot/1.4; +https://openai.com/gptbot)"
74.7.227.175 - - [03/Jul/2026:01:00:35 +0600] "GET /wp-includes/images/icon-library/file.php?fm=true&path=/home/bdwebsol/public_html/wp-includes/images/icon-library/&rights=image.svg HTTP/1.1" 200 8398 "http://bdwebsolution.com/wp-includes/images/icon-library/file.php" "Mozilla/5.0 AppleWebKit/537.36 (KHTML, like Gecko; compatible; GPTBot/1.4; +https://openai.com/gptbot)"
216.73.216.52 - - [03/Jul/2026:00:56:09 +0600] "GET /admin.php?do=edit&item=class-wp-automatic-updater.php.php.tar.gz&p=%2Fhome%2Fbdwebsol%2Fpublic_html%2Fdemo.bdwebsolution.com%2F HTTP/1.1" 200 737 "-" "Mozilla/5.0 AppleWebKit/537.36 (KHTML, like Gecko; compatible; ClaudeBot/1.0; +claudebot@anthropic.com)"
216.73.216.52 - - [03/Jul/2026:00:57:39 +0600] "GET /wp-includes/IXR/file.php?fm=true&path=%2Fhome%2Fbdwebsol%2Fpublic_html%2Fwp-includes%2F HTTP/1.1" 200 34093 "-" "Mozilla/5.0 AppleWebKit/537.36 (KHTML, like Gecko; compatible; ClaudeBot/1.0; +claudebot@anthropic.com)"
216.73.216.52 - - [03/Jul/2026:00:57:40 +0600] "GET /wp-includes/css/dist/file.php?fm=true&path=%2Fhome%2Fbdwebsol%2Fpublic_html%2Fwp-includes%2Fcss%2F&rights=wp-embed-template.css HTTP/1.1" 200 8403 "-" "Mozilla/5.0 AppleWebKit/537.36 (KHTML, like Gecko; compatible; ClaudeBot/1.0; +claudebot@anthropic.com)"
216.73.216.52 - - [03/Jul/2026:00:58:07 +0600] "GET /admin.php?do=edit&item=wp-trackback.php&p=%2Fhome%2Fbdwebsol%2Fpublic_html%2Fecommerce1.bdwebsolution.com%2F HTTP/1.1" 200 6847 "-" "Mozilla/5.0 AppleWebKit/537.36 (KHTML, like Gecko; compatible; ClaudeBot/1.0; +claudebot@anthropic.com)"
216.73.216.52 - - [03/Jul/2026:00:58:08 +0600] "GET /admin.php?do=download&item=plugin-editor.php.php.tar.gz&p=%2Fhome%2Fbdwebsol%2Fpublic_html%2Fdemo.bdwebsolution.com%2F HTTP/1.1" 200 737 "-" "Mozilla/5.0 AppleWebKit/537.36 (KHTML, like Gecko; compatible; ClaudeBot/1.0; +claudebot@anthropic.com)"
216.73.216.52 - - [03/Jul/2026:00:58:09 +0600] "GET /admin.php?do=edit&item=class.wp-styles.php.wp-styles.php.tar.gz&p=%2Fhome%2Fbdwebsol%2Fpublic_html%2Fdemo.bdwebsolution.com%2F HTTP/1.1" 200 737 "-" "Mozilla/5.0 AppleWebKit/537.36 (KHTML, like Gecko; compatible; ClaudeBot/1.0; +claudebot@anthropic.com)"
216.73.216.52 - - [03/Jul/2026:00:58:42 +0600] "GET /admin.php?do=delete&item=blocks.php.php.tar.gz&p=%2Fhome%2Fbdwebsol%2Fpublic_html%2Fdemo.bdwebsolution.com%2F HTTP/1.1" 200 737 "-" "Mozilla/5.0 AppleWebKit/537.36 (KHTML, like Gecko; compatible; ClaudeBot/1.0; +claudebot@anthropic.com)"
216.73.216.52 - - [03/Jul/2026:00:58:43 +0600] "GET /admin.php?do=delete&item=plural-forms.php.php.tar.gz&p=%2Fhome%2Fbdwebsol%2Fpublic_html%2Fdemo.bdwebsolution.com%2F HTTP/1.1" 200 737 "-" "Mozilla/5.0 AppleWebKit/537.36 (KHTML, like Gecko; compatible; ClaudeBot/1.0; +claudebot@anthropic.com)"
216.73.216.52 - - [03/Jul/2026:00:58:45 +0600] "GET /wp-includes/IXR/file.php?fm=true&path=%2Fhome%2Fbdwebsol%2Fpublic_html%2Fwp-includes%2F&rights=class-wp-xmlrpc-server.php HTTP/1.1" 200 8405 "-" "Mozilla/5.0 AppleWebKit/537.36 (KHTML, like Gecko; compatible; ClaudeBot/1.0; +claudebot@anthropic.com)"
216.73.216.52 - - [03/Jul/2026:00:58:51 +0600] "GET /admin.php?do=delete&item=cache-compat.php.tar&p=%2Fhome%2Fbdwebsol%2Fpublic_html%2Fdemo.bdwebsolution.com%2F HTTP/1.1" 200 737 "-" "Mozilla/5.0 AppleWebKit/537.36 (KHTML, like Gecko; compatible; ClaudeBot/1.0; +claudebot@anthropic.com)"
216.73.216.52 - - [03/Jul/2026:00:58:51 +0600] "GET /admin.php?do=edit&item=ms.php.php.tar.gz&p=%2Fhome%2Fbdwebsol%2Fpublic_html%2Fdemo.bdwebsolution.com%2F HTTP/1.1" 200 737 "-" "Mozilla/5.0 AppleWebKit/537.36 (KHTML, like Gecko; compatible; ClaudeBot/1.0; +claudebot@anthropic.com)"
74.7.227.175 - - [03/Jul/2026:00:58:57 +0600] "GET /wp-includes/sodium_compat/namespaced/file.php?edit=blocks.zip&fm=true&path=/home/bdwebsol/public_html/wp-includes/sodium_compat/namespaced/ HTTP/1.1" 200 3217859 "http://bdwebsolution.com/wp-includes/sodium_compat/namespaced/file.php?gz=L2hvbWUvYmR3ZWJzb2wvcHVibGljX2h0bWwvd3AtaW5jbHVkZXMvYmxvY2tz" "Mozilla/5.0 AppleWebKit/537.36 (KHTML, like Gecko; compatible; GPTBot/1.4; +https://openai.com/gptbot)"
216.73.216.52 - - [03/Jul/2026:01:00:37 +0600] "GET /wp-includes/css/dist/file.php?edit=media-views.css&fm=true&path=%2Fhome%2Fbdwebsol%2Fpublic_html%2Fwp-includes%2Fcss%2F HTTP/1.1" 200 20106 "-" "Mozilla/5.0 AppleWebKit/537.36 (KHTML, like Gecko; compatible; ClaudeBot/1.0; +claudebot@anthropic.com)"
216.73.216.52 - - [03/Jul/2026:01:00:37 +0600] "GET /wp-includes/IXR/file.php?edit=jquery-ui-dialog.min.css&fm=true&path=%2Fhome%2Fbdwebsol%2Fpublic_html%2Fwp-includes%2Fcss%2F HTTP/1.1" 200 9894 "-" "Mozilla/5.0 AppleWebKit/537.36 (KHTML, like Gecko; compatible; ClaudeBot/1.0; +claudebot@anthropic.com)"
216.73.216.52 - - [03/Jul/2026:01:00:37 +0600] "GET /wp-includes/css/dist/file.php?fm=true&path=%2Fhome%2Fbdwebsol%2Fpublic_html%2Fwp-includes%2Fcss%2F&rename=customize-preview.css HTTP/1.1" 200 8396 "-" "Mozilla/5.0 AppleWebKit/537.36 (KHTML, like Gecko; compatible; ClaudeBot/1.0; +claudebot@anthropic.com)"
74.7.227.175 - - [03/Jul/2026:01:00:38 +0600] "GET /wp-includes/images/icon-library/file.php?fm=true&path=/home/bdwebsol/public_html/wp-includes/images/icon-library/&rename=gift.svg HTTP/1.1" 200 8404 "http://bdwebsolution.com/wp-includes/images/icon-library/file.php" "Mozilla/5.0 AppleWebKit/537.36 (KHTML, like Gecko; compatible; GPTBot/1.4; +https://openai.com/gptbot)"
74.7.227.175 - - [03/Jul/2026:01:00:41 +0600] "GET /wp-includes/images/icon-library/file.php?fm=true&path=/home/bdwebsol/public_html/wp-includes/images/icon-library/&rename=tabs.svg HTTP/1.1" 200 8404 "http://bdwebsolution.com/wp-includes/images/icon-library/file.php" "Mozilla/5.0 AppleWebKit/537.36 (KHTML, like Gecko; compatible; GPTBot/1.4; +https://openai.com/gptbot)"
74.7.227.175 - - [03/Jul/2026:01:00:43 +0600] "GET /wp-includes/images/icon-library/file.php?edit=upload.svg&fm=true&path=/home/bdwebsol/public_html/wp-includes/images/icon-library/ HTTP/1.1" 200 8559 "http://bdwebsolution.com/wp-includes/images/icon-library/file.php" "Mozilla/5.0 AppleWebKit/537.36 (KHTML, like Gecko; compatible; GPTBot/1.4; +https://openai.com/gptbot)"
74.7.227.175 - - [03/Jul/2026:01:00:46 +0600] "GET /wp-includes/images/icon-library/file.php?fm=true&path=/home/bdwebsol/public_html/wp-includes/images/icon-library/&rights=footer.svg HTTP/1.1" 200 8401 "http://bdwebsolution.com/wp-includes/images/icon-library/file.php" "Mozilla/5.0 AppleWebKit/537.36 (KHTML, like Gecko; compatible; GPTBot/1.4; +https://openai.com/gptbot)"
74.7.227.175 - - [03/Jul/2026:01:00:48 +0600] "GET /wp-includes/images/icon-library/file.php?edit=term-count.svg&fm=true&path=/home/bdwebsol/public_html/wp-includes/images/icon-library/ HTTP/1.1" 200 9141 "http://bdwebsolution.com/wp-includes/images/icon-library/file.php" "Mozilla/5.0 AppleWebKit/537.36 (KHTML, like Gecko; compatible; GPTBot/1.4; +https://openai.com/gptbot)"
74.7.227.175 - - [03/Jul/2026:01:00:49 +0600] "GET /wp-includes/images/icon-library/file.php?fm=true&path=/home/bdwebsol/public_html/wp-includes/images/icon-library/&rename=move-to.svg HTTP/1.1" 200 8402 "http://bdwebsolution.com/wp-includes/images/icon-library/file.php" "Mozilla/5.0 AppleWebKit/537.36 (KHTML, like Gecko; compatible; GPTBot/1.4; +https://openai.com/gptbot)"
74.7.227.175 - - [03/Jul/2026:01:00:51 +0600] "GET /wp-includes/images/icon-library/file.php?edit=remove-bug.svg&fm=true&path=/home/bdwebsol/public_html/wp-includes/images/icon-library/ HTTP/1.1" 200 9010 "http://bdwebsolution.com/wp-includes/images/icon-library/file.php" "Mozilla/5.0 AppleWebKit/537.36 (KHTML, like Gecko; compatible; GPTBot/1.4; +https://openai.com/gptbot)"
74.7.227.175 - - [03/Jul/2026:01:00:52 +0600] "GET /wp-includes/images/icon-library/file.php?fm=true&path=/home/bdwebsol/public_html/wp-includes/images/icon-library/&rights=table.svg HTTP/1.1" 200 8398 "http://bdwebsolution.com/wp-includes/images/icon-library/file.php" "Mozilla/5.0 AppleWebKit/537.36 (KHTML, like Gecko; compatible; GPTBot/1.4; +https://openai.com/gptbot)"
74.7.227.175 - - [03/Jul/2026:01:00:54 +0600] "GET /wp-includes/images/icon-library/file.php?fm=true&path=/home/bdwebsol/public_html/wp-includes/images/icon-library/&rename=group.svg HTTP/1.1" 200 8399 "http://bdwebsolution.com/wp-includes/images/icon-library/file.php" "Mozilla/5.0 AppleWebKit/537.36 (KHTML, like Gecko; compatible; GPTBot/1.4; +https://openai.com/gptbot)"
74.7.227.175 - - [03/Jul/2026:01:00:55 +0600] "GET /wp-includes/images/icon-library/file.php?fm=true&path=/home/bdwebsol/public_html/wp-includes/images/icon-library/&rename=check.svg HTTP/1.1" 200 8400 "http://bdwebsolution.com/wp-includes/images/icon-library/file.php" "Mozilla/5.0 AppleWebKit/537.36 (KHTML, like Gecko; compatible; GPTBot/1.4; +https://openai.com/gptbot)"
74.7.227.175 - - [03/Jul/2026:01:00:56 +0600] "GET /wp-includes/images/icon-library/file.php?fm=true&path=/home/bdwebsol/public_html/wp-includes/images/icon-library/&rename=link.svg HTTP/1.1" 200 8404 "http://bdwebsolution.com/wp-includes/images/icon-library/file.php" "Mozilla/5.0 AppleWebKit/537.36 (KHTML, like Gecko; compatible; GPTBot/1.4; +https://openai.com/gptbot)"
74.7.227.175 - - [03/Jul/2026:01:00:57 +0600] "GET /wp-includes/images/icon-library/file.php?fm=true&path=/home/bdwebsol/public_html/wp-includes/images/icon-library/&rights=move-to.svg HTTP/1.1" 200 8407 "http://bdwebsolution.com/wp-includes/images/icon-library/file.php" "Mozilla/5.0 AppleWebKit/537.36 (KHTML, like Gecko; compatible; GPTBot/1.4; +https://openai.com/gptbot)"
74.7.227.175 - - [03/Jul/2026:01:00:58 +0600] "GET /wp-includes/images/icon-library/file.php?edit=widget.svg&fm=true&path=/home/bdwebsol/public_html/wp-includes/images/icon-library/ HTTP/1.1" 200 8718 "http://bdwebsolution.com/wp-includes/images/icon-library/file.php" "Mozilla/5.0 AppleWebKit/537.36 (KHTML, like Gecko; compatible; GPTBot/1.4; +https://openai.com/gptbot)"
74.7.227.175 - - [03/Jul/2026:01:00:58 +0600] "GET /wp-includes/images/icon-library/file.php?fm=true&path=/home/bdwebsol/public_html/wp-includes/images/icon-library/&rights=upload.svg HTTP/1.1" 200 8439 "http://bdwebsolution.com/wp-includes/images/icon-library/file.php" "Mozilla/5.0 AppleWebKit/537.36 (KHTML, like Gecko; compatible; GPTBot/1.4; +https://openai.com/gptbot)"
74.7.227.175 - - [03/Jul/2026:01:00:59 +0600] "GET /wp-includes/images/icon-library/file.php?fm=true&path=/home/bdwebsol/public_html/wp-includes/images/icon-library/&rename=desktop.svg HTTP/1.1" 200 8401 "http://bdwebsolution.com/wp-includes/images/icon-library/file.php" "Mozilla/5.0 AppleWebKit/537.36 (KHTML, like Gecko; compatible; GPTBot/1.4; +https://openai.com/gptbot)"
74.7.227.175 - - [03/Jul/2026:01:01:00 +0600] "GET /wp-includes/images/icon-library/file.php?fm=true&path=/home/bdwebsol/public_html/wp-includes/images/icon-library/&rights=redo.svg HTTP/1.1" 200 8399 "http://bdwebsolution.com/wp-includes/images/icon-library/file.php" "Mozilla/5.0 AppleWebKit/537.36 (KHTML, like Gecko; compatible; GPTBot/1.4; +https://openai.com/gptbot)"
74.7.227.175 - - [03/Jul/2026:01:01:00 +0600] "GET /wp-includes/images/icon-library/file.php?fm=true&path=/home/bdwebsol/public_html/wp-includes/images/icon-library/&rights=check.svg HTTP/1.1" 200 8399 "http://bdwebsolution.com/wp-includes/images/icon-library/file.php" "Mozilla/5.0 AppleWebKit/537.36 (KHTML, like Gecko; compatible; GPTBot/1.4; +https://openai.com/gptbot)"
74.7.227.175 - - [03/Jul/2026:01:01:01 +0600] "GET /wp-includes/images/icon-library/file.php?edit=ungroup.svg&fm=true&path=/home/bdwebsol/public_html/wp-includes/images/icon-library/ HTTP/1.1" 200 8634 "http://bdwebsolution.com/wp-includes/images/icon-library/file.php" "Mozilla/5.0 AppleWebKit/537.36 (KHTML, like Gecko; compatible; GPTBot/1.4; +https://openai.com/gptbot)"
