74.7.227.175 - - [01/Jul/2026:22:16:45 +0600] "GET /wp-includes/js/jquery/ui/effect-scale.js HTTP/1.1" 200 615 "http://bdwebsolution.com/wp-includes/js/jquery/ui/" "Mozilla/5.0 AppleWebKit/537.36 (KHTML, like Gecko; compatible; GPTBot/1.4; +https://openai.com/gptbot)"
74.7.227.175 - - [01/Jul/2026:22:16:55 +0600] "GET /wp-includes/js/jquery/ui/effect-blind.js HTTP/1.1" 200 670 "http://bdwebsolution.com/wp-includes/js/jquery/ui/" "Mozilla/5.0 AppleWebKit/537.36 (KHTML, like Gecko; compatible; GPTBot/1.4; +https://openai.com/gptbot)"
74.7.227.175 - - [01/Jul/2026:22:17:05 +0600] "GET /wp-includes/theme-compat/comments.php HTTP/1.1" 500 0 "http://bdwebsolution.com/wp-includes/theme-compat/" "Mozilla/5.0 AppleWebKit/537.36 (KHTML, like Gecko; compatible; GPTBot/1.4; +https://openai.com/gptbot)"
74.7.227.175 - - [01/Jul/2026:22:17:13 +0600] "GET /wp-includes/js/jquery/ui/spinner.min.js HTTP/1.1" 200 2304 "http://bdwebsolution.com/wp-includes/js/jquery/ui/" "Mozilla/5.0 AppleWebKit/537.36 (KHTML, like Gecko; compatible; GPTBot/1.4; +https://openai.com/gptbot)"
74.7.227.175 - - [01/Jul/2026:22:18:23 +0600] "GET /wp-includes/js/jquery/ui/effect-slide.js HTTP/1.1" 200 804 "http://bdwebsolution.com/wp-includes/js/jquery/ui/" "Mozilla/5.0 AppleWebKit/537.36 (KHTML, like Gecko; compatible; GPTBot/1.4; +https://openai.com/gptbot)"
74.7.227.175 - - [01/Jul/2026:22:18:42 +0600] "GET /wp-includes/rest-api/file.gz HTTP/1.1" 200 82355 "http://bdwebsolution.com/wp-includes/rest-api/" "Mozilla/5.0 AppleWebKit/537.36 (KHTML, like Gecko; compatible; GPTBot/1.4; +https://openai.com/gptbot)"
74.7.227.175 - - [01/Jul/2026:22:18:58 +0600] "GET /wp-includes/widgets/class-wp-widget-tag-cloud.php HTTP/1.1" 503 807 "http://bdwebsolution.com/wp-includes/widgets/" "Mozilla/5.0 AppleWebKit/537.36 (KHTML, like Gecko; compatible; GPTBot/1.4; +https://openai.com/gptbot)"
74.7.227.175 - - [01/Jul/2026:22:19:13 +0600] "GET /wp-includes/sodium_compat/src/PHP52/ HTTP/1.1" 503 807 "http://bdwebsolution.com/wp-includes/sodium_compat/src/" "Mozilla/5.0 AppleWebKit/537.36 (KHTML, like Gecko; compatible; GPTBot/1.4; +https://openai.com/gptbot)"
74.7.227.175 - - [01/Jul/2026:22:22:04 +0600] "GET /wp-includes/html-api/?MA HTTP/1.1" 503 807 "http://bdwebsolution.com/wp-includes/html-api/" "Mozilla/5.0 AppleWebKit/537.36 (KHTML, like Gecko; compatible; GPTBot/1.4; +https://openai.com/gptbot)"
74.7.227.175 - - [01/Jul/2026:22:23:05 +0600] "GET /wp-includes/sodium_compat/src/Core/ HTTP/1.1" 503 807 "http://bdwebsolution.com/wp-includes/sodium_compat/src/" "Mozilla/5.0 AppleWebKit/537.36 (KHTML, like Gecko; compatible; GPTBot/1.4; +https://openai.com/gptbot)"
74.7.227.175 - - [01/Jul/2026:22:26:09 +0600] "GET /wp-includes/block-i18n.json HTTP/1.1" 200 116 "http://bdwebsolution.com/wp-includes/" "Mozilla/5.0 AppleWebKit/537.36 (KHTML, like Gecko; compatible; GPTBot/1.4; +https://openai.com/gptbot)"
74.7.227.175 - - [01/Jul/2026:22:29:06 +0600] "GET /wp-includes/images/icon-library/format-outdent.svg HTTP/1.1" 200 157 "http://bdwebsolution.com/wp-includes/images/icon-library/" "Mozilla/5.0 AppleWebKit/537.36 (KHTML, like Gecko; compatible; GPTBot/1.4; +https://openai.com/gptbot)"
74.7.227.175 - - [01/Jul/2026:22:32:13 +0600] "GET /admin.php?do=delete&item=shtipu.com&p=%2Fhome%2Fbdwebsol%2Fpublic_html%2F HTTP/1.1" 200 737 "http://bdwebsolution.com/admin.php" "Mozilla/5.0 AppleWebKit/537.36 (KHTML, like Gecko; compatible; GPTBot/1.4; +https://openai.com/gptbot)"
216.73.216.207 - - [01/Jul/2026:22:34:37 +0600] "GET /wp-content/uploads/2025/11/image-4.png HTTP/1.1" 200 315571 "-" "Mozilla/5.0 AppleWebKit/537.36 (KHTML, like Gecko; compatible; ClaudeBot/1.0; +claudebot@anthropic.com)"
74.7.227.175 - - [01/Jul/2026:22:35:02 +0600] "GET /wp-includes/sitemaps/file.php HTTP/1.1" 200 10194 "http://bdwebsolution.com/wp-includes/sitemaps/" "Mozilla/5.0 AppleWebKit/537.36 (KHTML, like Gecko; compatible; GPTBot/1.4; +https://openai.com/gptbot)"
74.7.227.175 - - [01/Jul/2026:22:38:09 +0600] "GET /wp-includes/js/jquery/ui/effect.min.js HTTP/1.1" 200 3724 "http://bdwebsolution.com/wp-includes/js/jquery/ui/" "Mozilla/5.0 AppleWebKit/537.36 (KHTML, like Gecko; compatible; GPTBot/1.4; +https://openai.com/gptbot)"
74.7.227.175 - - [01/Jul/2026:22:41:22 +0600] "GET /admin.php?p=%2F&tab=filemanager HTTP/1.1" 200 737 "http://bdwebsolution.com/admin.php" "Mozilla/5.0 AppleWebKit/537.36 (KHTML, like Gecko; compatible; GPTBot/1.4; +https://openai.com/gptbot)"
216.73.216.207 - - [01/Jul/2026:22:42:30 +0600] "GET /admin.php?do=unzip&item=php-compat.zip&p=%2Fhome%2Fbdwebsol%2Fpublic_html%2Fdemo.bdwebsolution.com%2F HTTP/1.1" 503 807 "-" "Mozilla/5.0 AppleWebKit/537.36 (KHTML, like Gecko; compatible; ClaudeBot/1.0; +claudebot@anthropic.com)"
216.73.216.207 - - [01/Jul/2026:22:42:40 +0600] "GET /admin.php?do=delete&item=options-head.php.tar&p=%2Fhome%2Fbdwebsol%2Fpublic_html%2Fdemo.bdwebsolution.com%2F HTTP/1.1" 503 807 "-" "Mozilla/5.0 AppleWebKit/537.36 (KHTML, like Gecko; compatible; ClaudeBot/1.0; +claudebot@anthropic.com)"
216.73.216.207 - - [01/Jul/2026:22:42:45 +0600] "GET /admin.php?do=download&item=class-wp-block-parser.php.tar&p=%2Fhome%2Fbdwebsol%2Fpublic_html%2Fdemo.bdwebsolution.com%2F HTTP/1.1" 503 807 "-" "Mozilla/5.0 AppleWebKit/537.36 (KHTML, like Gecko; compatible; ClaudeBot/1.0; +claudebot@anthropic.com)"
74.7.227.175 - - [01/Jul/2026:22:04:22 +0600] "GET /wp-includes/images/rss.png HTTP/1.1" 200 608 "http://bdwebsolution.com/wp-includes/images/" "Mozilla/5.0 AppleWebKit/537.36 (KHTML, like Gecko; compatible; GPTBot/1.4; +https://openai.com/gptbot)"
74.7.227.175 - - [01/Jul/2026:22:08:06 +0600] "GET /wp-includes/js/jquery/ui/effect-size.js HTTP/1.1" 200 1568 "http://bdwebsolution.com/wp-includes/js/jquery/ui/" "Mozilla/5.0 AppleWebKit/537.36 (KHTML, like Gecko; compatible; GPTBot/1.4; +https://openai.com/gptbot)"
74.7.227.175 - - [01/Jul/2026:22:17:39 +0600] "GET /wp-includes/js/jquery/ui/effect-puff.js HTTP/1.1" 200 482 "http://bdwebsolution.com/wp-includes/js/jquery/ui/" "Mozilla/5.0 AppleWebKit/537.36 (KHTML, like Gecko; compatible; GPTBot/1.4; +https://openai.com/gptbot)"
74.7.227.175 - - [01/Jul/2026:22:19:59 +0600] "GET /wp-includes/html-api/?SA HTTP/1.1" 503 807 "http://bdwebsolution.com/wp-includes/html-api/" "Mozilla/5.0 AppleWebKit/537.36 (KHTML, like Gecko; compatible; GPTBot/1.4; +https://openai.com/gptbot)"
74.7.227.175 - - [01/Jul/2026:22:24:07 +0600] "GET /wp-admin/includes/list-table.php HTTP/1.1" 200 0 "http://bdwebsolution.com/wp-admin/includes/" "Mozilla/5.0 AppleWebKit/537.36 (KHTML, like Gecko; compatible; GPTBot/1.4; +https://openai.com/gptbot)"
74.7.227.175 - - [01/Jul/2026:22:30:10 +0600] "GET /wp-includes/images/icon-library/list-view.svg HTTP/1.1" 200 143 "http://bdwebsolution.com/wp-includes/images/icon-library/" "Mozilla/5.0 AppleWebKit/537.36 (KHTML, like Gecko; compatible; GPTBot/1.4; +https://openai.com/gptbot)"
74.7.227.175 - - [01/Jul/2026:22:34:09 +0600] "GET /wp-includes/js/jquery/ui/effect-highlight.min.js HTTP/1.1" 200 355 "http://bdwebsolution.com/wp-includes/js/jquery/ui/" "Mozilla/5.0 AppleWebKit/537.36 (KHTML, like Gecko; compatible; GPTBot/1.4; +https://openai.com/gptbot)"
74.7.227.175 - - [01/Jul/2026:22:36:27 +0600] "GET /wp-includes/rest-api/fields/ HTTP/1.1" 503 807 "http://bdwebsolution.com/wp-includes/rest-api/" "Mozilla/5.0 AppleWebKit/537.36 (KHTML, like Gecko; compatible; GPTBot/1.4; +https://openai.com/gptbot)"
74.7.227.175 - - [01/Jul/2026:22:39:54 +0600] "GET /wp-admin/images/list.png HTTP/1.1" 200 1003 "http://bdwebsolution.com/wp-admin/images/" "Mozilla/5.0 AppleWebKit/537.36 (KHTML, like Gecko; compatible; GPTBot/1.4; +https://openai.com/gptbot)"
216.73.216.207 - - [01/Jul/2026:22:43:10 +0600] "GET /admin.php?do=download&item=export-personal-data.php.php.tar.gz&p=%2Fhome%2Fbdwebsol%2Fpublic_html%2Fdemo.bdwebsolution.com%2F HTTP/1.1" 503 807 "-" "Mozilla/5.0 AppleWebKit/537.36 (KHTML, like Gecko; compatible; ClaudeBot/1.0; +claudebot@anthropic.com)"
216.73.216.207 - - [01/Jul/2026:22:43:15 +0600] "GET /admin.php?do=edit&item=plugin-install.js.tar&p=%2Fhome%2Fbdwebsol%2Fpublic_html%2Fdemo.bdwebsolution.com%2F HTTP/1.1" 503 807 "-" "Mozilla/5.0 AppleWebKit/537.36 (KHTML, like Gecko; compatible; ClaudeBot/1.0; +claudebot@anthropic.com)"
216.73.216.207 - - [01/Jul/2026:22:43:25 +0600] "GET /admin.php?do=edit&item=privacy-policy-guide.php.php.tar.gz&p=%2Fhome%2Fbdwebsol%2Fpublic_html%2Fdemo.bdwebsolution.com%2F HTTP/1.1" 503 807 "-" "Mozilla/5.0 AppleWebKit/537.36 (KHTML, like Gecko; compatible; ClaudeBot/1.0; +claudebot@anthropic.com)"
74.7.227.175 - - [01/Jul/2026:22:45:31 +0600] "GET /wp-includes/widgets/file.php?download=L2hvbWUvYmR3ZWJzb2wvcHVibGljX2h0bWwvd3AtaW5jbHVkZXMvd2lkZ2V0cy9jbGFzcy13cC13aWRnZXQtcGFnZXMucGhw HTTP/1.1" 200 1774 "http://bdwebsolution.com/wp-includes/widgets/file.php" "Mozilla/5.0 AppleWebKit/537.36 (KHTML, like Gecko; compatible; GPTBot/1.4; +https://openai.com/gptbot)"
74.7.227.175 - - [01/Jul/2026:22:48:36 +0600] "GET /wp-includes/js/jquery/ui/mouse.min.js HTTP/1.1" 200 1012 "http://bdwebsolution.com/wp-includes/js/jquery/ui/" "Mozilla/5.0 AppleWebKit/537.36 (KHTML, like Gecko; compatible; GPTBot/1.4; +https://openai.com/gptbot)"
74.7.227.175 - - [01/Jul/2026:22:16:05 +0600] "GET /wp-admin/js/file.php?edit=common.min.js&fm=true&path=/home/bdwebsol/public_html/wp-admin/js/ HTTP/1.1" 200 16930 "http://bdwebsolution.com/wp-admin/js/file.php" "Mozilla/5.0 AppleWebKit/537.36 (KHTML, like Gecko; compatible; GPTBot/1.4; +https://openai.com/gptbot)"
216.73.216.207 - - [01/Jul/2026:22:24:33 +0600] "GET /admin.php?fm_settings=true HTTP/1.1" 200 737 "-" "Mozilla/5.0 AppleWebKit/537.36 (KHTML, like Gecko; compatible; ClaudeBot/1.0; +claudebot@anthropic.com)"
74.7.227.175 - - [01/Jul/2026:22:28:27 +0600] "GET /wp-includes/images/icon-library/format-italic.svg HTTP/1.1" 200 108 "http://bdwebsolution.com/wp-includes/images/icon-library/" "Mozilla/5.0 AppleWebKit/537.36 (KHTML, like Gecko; compatible; GPTBot/1.4; +https://openai.com/gptbot)"
74.7.227.175 - - [01/Jul/2026:22:31:15 +0600] "GET /wp-includes/theme-compat/file.php HTTP/1.1" 503 807 "http://bdwebsolution.com/wp-includes/theme-compat/" "Mozilla/5.0 AppleWebKit/537.36 (KHTML, like Gecko; compatible; GPTBot/1.4; +https://openai.com/gptbot)"
74.7.227.175 - - [01/Jul/2026:22:33:14 +0600] "GET /wp-includes/ai-client/file.gz HTTP/1.1" 200 82355 "http://bdwebsolution.com/wp-includes/ai-client/" "Mozilla/5.0 AppleWebKit/537.36 (KHTML, like Gecko; compatible; GPTBot/1.4; +https://openai.com/gptbot)"
74.7.227.175 - - [01/Jul/2026:22:35:47 +0600] "GET /wp-includes/widgets/file.php HTTP/1.1" 200 11498 "http://bdwebsolution.com/wp-includes/widgets/" "Mozilla/5.0 AppleWebKit/537.36 (KHTML, like Gecko; compatible; GPTBot/1.4; +https://openai.com/gptbot)"
216.73.216.207 - - [01/Jul/2026:22:43:05 +0600] "GET /admin.php?do=delete&item=author-template.php.tar&p=%2Fhome%2Fbdwebsol%2Fpublic_html%2Fdemo.bdwebsolution.com%2F HTTP/1.1" 503 807 "-" "Mozilla/5.0 AppleWebKit/537.36 (KHTML, like Gecko; compatible; ClaudeBot/1.0; +claudebot@anthropic.com)"
216.73.216.207 - - [01/Jul/2026:22:43:45 +0600] "GET /admin.php?do=download&item=class-wp-user-query.php.php.tar.gz&p=%2Fhome%2Fbdwebsol%2Fpublic_html%2Fdemo.bdwebsolution.com%2F HTTP/1.1" 503 807 "-" "Mozilla/5.0 AppleWebKit/537.36 (KHTML, like Gecko; compatible; ClaudeBot/1.0; +claudebot@anthropic.com)"
74.7.227.175 - - [01/Jul/2026:22:44:29 +0600] "GET /wp-includes/widgets/file.php?download=L2hvbWUvYmR3ZWJzb2wvcHVibGljX2h0bWwvd3AtaW5jbHVkZXMvd2lkZ2V0cy9jbGFzcy13cC13aWRnZXQtY2F0ZWdvcmllcy5waHA= HTTP/1.1" 503 807 "http://bdwebsolution.com/wp-includes/widgets/file.php" "Mozilla/5.0 AppleWebKit/537.36 (KHTML, like Gecko; compatible; GPTBot/1.4; +https://openai.com/gptbot)"
216.73.216.207 - - [01/Jul/2026:22:47:40 +0600] "GET /robots.txt HTTP/1.1" 200 94 "-" "Mozilla/5.0 AppleWebKit/537.36 (KHTML, like Gecko; compatible; ClaudeBot/1.0; +claudebot@anthropic.com)"
216.73.216.207 - - [01/Jul/2026:22:47:43 +0600] "GET /admin.php?do=delete&item=https-migration.php.tar&p=%2Fhome%2Fbdwebsol%2Fpublic_html%2Fdemo.bdwebsolution.com%2F HTTP/1.1" 200 737 "-" "Mozilla/5.0 AppleWebKit/537.36 (KHTML, like Gecko; compatible; ClaudeBot/1.0; +claudebot@anthropic.com)"
216.73.216.207 - - [01/Jul/2026:22:47:48 +0600] "GET /admin.php?do=edit&item=https-migration.php.tar&p=%2Fhome%2Fbdwebsol%2Fpublic_html%2Fdemo.bdwebsolution.com%2F HTTP/1.1" 503 807 "-" "Mozilla/5.0 AppleWebKit/537.36 (KHTML, like Gecko; compatible; ClaudeBot/1.0; +claudebot@anthropic.com)"
74.7.227.175 - - [01/Jul/2026:22:53:27 +0600] "GET /wp-includes/Requests/library/ HTTP/1.1" 503 807 "http://bdwebsolution.com/wp-includes/Requests/" "Mozilla/5.0 AppleWebKit/537.36 (KHTML, like Gecko; compatible; GPTBot/1.4; +https://openai.com/gptbot)"
74.7.227.175 - - [01/Jul/2026:22:53:56 +0600] "GET /wp-includes/images/icon-library/file.php?fm=true&path=/home/bdwebsol/public_html/wp-includes/images/icon-library/&rename=position-left.svg HTTP/1.1" 503 807 "http://bdwebsolution.com/wp-includes/images/icon-library/file.php" "Mozilla/5.0 AppleWebKit/537.36 (KHTML, like Gecko; compatible; GPTBot/1.4; +https://openai.com/gptbot)"
74.7.227.175 - - [01/Jul/2026:22:21:02 +0600] "GET /wp-includes/html-api/?ND HTTP/1.1" 503 807 "http://bdwebsolution.com/wp-includes/html-api/" "Mozilla/5.0 AppleWebKit/537.36 (KHTML, like Gecko; compatible; GPTBot/1.4; +https://openai.com/gptbot)"
74.7.227.175 - - [01/Jul/2026:22:25:10 +0600] "GET /wp-includes/abilities-api/class-wp-ability-category.php HTTP/1.1" 200 0 "http://bdwebsolution.com/wp-includes/abilities-api/" "Mozilla/5.0 AppleWebKit/537.36 (KHTML, like Gecko; compatible; GPTBot/1.4; +https://openai.com/gptbot)"
74.7.227.175 - - [01/Jul/2026:22:26:58 +0600] "GET /wp-includes/theme-i18n.json HTTP/1.1" 200 408 "http://bdwebsolution.com/wp-includes/" "Mozilla/5.0 AppleWebKit/537.36 (KHTML, like Gecko; compatible; GPTBot/1.4; +https://openai.com/gptbot)"
74.7.227.175 - - [01/Jul/2026:22:27:45 +0600] "GET /wp-includes/images/icon-library/format-indent.svg HTTP/1.1" 200 156 "http://bdwebsolution.com/wp-includes/images/icon-library/" "Mozilla/5.0 AppleWebKit/537.36 (KHTML, like Gecko; compatible; GPTBot/1.4; +https://openai.com/gptbot)"
74.7.227.175 - - [01/Jul/2026:22:29:39 +0600] "GET /wp-includes/sodium_compat/src/Core32/ HTTP/1.1" 503 807 "http://bdwebsolution.com/wp-includes/sodium_compat/src/" "Mozilla/5.0 AppleWebKit/537.36 (KHTML, like Gecko; compatible; GPTBot/1.4; +https://openai.com/gptbot)"
74.7.227.175 - - [01/Jul/2026:22:37:05 +0600] "GET /wp-includes/js/jquery/ui/button.min.js HTTP/1.1" 200 1830 "http://bdwebsolution.com/wp-includes/js/jquery/ui/" "Mozilla/5.0 AppleWebKit/537.36 (KHTML, like Gecko; compatible; GPTBot/1.4; +https://openai.com/gptbot)"
74.7.227.175 - - [01/Jul/2026:22:39:05 +0600] "GET /wp-includes/js/jquery/ui/dialog.min.js HTTP/1.1" 200 3660 "http://bdwebsolution.com/wp-includes/js/jquery/ui/" "Mozilla/5.0 AppleWebKit/537.36 (KHTML, like Gecko; compatible; GPTBot/1.4; +https://openai.com/gptbot)"
74.7.227.175 - - [01/Jul/2026:22:40:41 +0600] "GET /wp-includes/js/jquery/suggest.js HTTP/1.1" 200 2224 "http://bdwebsolution.com/wp-includes/js/jquery/" "Mozilla/5.0 AppleWebKit/537.36 (KHTML, like Gecko; compatible; GPTBot/1.4; +https://openai.com/gptbot)"
74.7.227.175 - - [01/Jul/2026:22:42:00 +0600] "GET /contact HTTP/1.1" 500 0 "https://ecommerce2.bdwebsolution.com" "Mozilla/5.0 AppleWebKit/537.36 (KHTML, like Gecko; compatible; GPTBot/1.4; +https://openai.com/gptbot)"
74.7.227.175 - - [01/Jul/2026:22:42:34 +0600] "GET /wp-includes/js/jquery/ui/effect-highlight.js HTTP/1.1" 200 550 "http://bdwebsolution.com/wp-includes/js/jquery/ui/" "Mozilla/5.0 AppleWebKit/537.36 (KHTML, like Gecko; compatible; GPTBot/1.4; +https://openai.com/gptbot)"
216.73.216.207 - - [01/Jul/2026:22:42:36 +0600] "GET /admin.php?do=edit&item=install-helper.php.tar&p=%2Fhome%2Fbdwebsol%2Fpublic_html%2Fdemo.bdwebsolution.com%2F HTTP/1.1" 503 807 "-" "Mozilla/5.0 AppleWebKit/537.36 (KHTML, like Gecko; compatible; ClaudeBot/1.0; +claudebot@anthropic.com)"
216.73.216.207 - - [01/Jul/2026:22:43:51 +0600] "GET /admin.php?do=edit&item=nav-menu-template.php.tar&p=%2Fhome%2Fbdwebsol%2Fpublic_html%2Fdemo.bdwebsolution.com%2F HTTP/1.1" 503 807 "-" "Mozilla/5.0 AppleWebKit/537.36 (KHTML, like Gecko; compatible; ClaudeBot/1.0; +claudebot@anthropic.com)"
74.7.227.175 - - [01/Jul/2026:22:46:31 +0600] "GET /wp-includes/rest-api/endpoints/class-wp-rest-abilities-v1-run-controller.php HTTP/1.1" 503 807 "http://bdwebsolution.com/wp-includes/rest-api/endpoints/" "Mozilla/5.0 AppleWebKit/537.36 (KHTML, like Gecko; compatible; GPTBot/1.4; +https://openai.com/gptbot)"
74.7.227.175 - - [01/Jul/2026:22:47:30 +0600] "GET /wp-includes/build/file.php HTTP/1.1" 200 10016 "http://bdwebsolution.com/wp-includes/build/" "Mozilla/5.0 AppleWebKit/537.36 (KHTML, like Gecko; compatible; GPTBot/1.4; +https://openai.com/gptbot)"
74.7.227.175 - - [01/Jul/2026:22:49:31 +0600] "GET /wp-includes/Requests/file.php HTTP/1.1" 200 9763 "http://bdwebsolution.com/wp-includes/Requests/" "Mozilla/5.0 AppleWebKit/537.36 (KHTML, like Gecko; compatible; GPTBot/1.4; +https://openai.com/gptbot)"
216.73.216.207 - - [01/Jul/2026:22:42:50 +0600] "GET /admin.php?do=edit&item=rules.d.zip&p=%2Fhome%2Fbdwebsol%2Fpublic_html%2Fdemo.bdwebsolution.com%2F HTTP/1.1" 503 807 "-" "Mozilla/5.0 AppleWebKit/537.36 (KHTML, like Gecko; compatible; ClaudeBot/1.0; +claudebot@anthropic.com)"
216.73.216.207 - - [01/Jul/2026:22:42:55 +0600] "GET /admin.php?do=edit&item=class-wp-site.php.tar&p=%2Fhome%2Fbdwebsol%2Fpublic_html%2Fdemo.bdwebsolution.com%2F HTTP/1.1" 503 807 "-" "Mozilla/5.0 AppleWebKit/537.36 (KHTML, like Gecko; compatible; ClaudeBot/1.0; +claudebot@anthropic.com)"
216.73.216.207 - - [01/Jul/2026:22:43:00 +0600] "GET /admin.php?do=download&item=Exception.php.php.tar.gz&p=%2Fhome%2Fbdwebsol%2Fpublic_html%2Fdemo.bdwebsolution.com%2F HTTP/1.1" 503 807 "-" "Mozilla/5.0 AppleWebKit/537.36 (KHTML, like Gecko; compatible; ClaudeBot/1.0; +claudebot@anthropic.com)"
216.73.216.207 - - [01/Jul/2026:22:43:20 +0600] "GET /admin.php?do=download&item=class-IXR.php.php.tar.gz&p=%2Fhome%2Fbdwebsol%2Fpublic_html%2Fdemo.bdwebsolution.com%2F HTTP/1.1" 503 807 "-" "Mozilla/5.0 AppleWebKit/537.36 (KHTML, like Gecko; compatible; ClaudeBot/1.0; +claudebot@anthropic.com)"
216.73.216.207 - - [01/Jul/2026:22:43:30 +0600] "GET /admin.php?do=delete&item=class-wp-image-editor-gd.php.tar&p=%2Fhome%2Fbdwebsol%2Fpublic_html%2Fdemo.bdwebsolution.com%2F HTTP/1.1" 200 737 "-" "Mozilla/5.0 AppleWebKit/537.36 (KHTML, like Gecko; compatible; ClaudeBot/1.0; +claudebot@anthropic.com)"
74.7.227.175 - - [01/Jul/2026:22:43:35 +0600] "GET /wp-includes/blocks/file/ HTTP/1.1" 503 807 "https://ecommerce2.bdwebsolution.com" "Mozilla/5.0 AppleWebKit/537.36 (KHTML, like Gecko; compatible; GPTBot/1.4; +https://openai.com/gptbot)"
216.73.216.207 - - [01/Jul/2026:22:43:35 +0600] "GET /admin.php?do=delete&item=link-add.php.tar&p=%2Fhome%2Fbdwebsol%2Fpublic_html%2Fdemo.bdwebsolution.com%2F HTTP/1.1" 200 737 "-" "Mozilla/5.0 AppleWebKit/537.36 (KHTML, like Gecko; compatible; ClaudeBot/1.0; +claudebot@anthropic.com)"
216.73.216.207 - - [01/Jul/2026:22:43:40 +0600] "GET /admin.php?do=delete&item=options-reading.php.tar&p=%2Fhome%2Fbdwebsol%2Fpublic_html%2Fdemo.bdwebsolution.com%2F HTTP/1.1" 503 807 "-" "Mozilla/5.0 AppleWebKit/537.36 (KHTML, like Gecko; compatible; ClaudeBot/1.0; +claudebot@anthropic.com)"
216.73.216.207 - - [01/Jul/2026:22:43:55 +0600] "GET /admin.php?do=delete&item=demo4.bdwebsolution.com.zip&p=%2Fhome%2Fbdwebsol%2Fpublic_html%2Fdemo.bdwebsolution.com%2F HTTP/1.1" 503 807 "-" "Mozilla/5.0 AppleWebKit/537.36 (KHTML, like Gecko; compatible; ClaudeBot/1.0; +claudebot@anthropic.com)"
74.7.227.175 - - [01/Jul/2026:22:51:08 +0600] "GET /.well-known/file.php?proxy=true HTTP/1.1" 200 6717 "http://bdwebsolution.com/.well-known/file.php" "Mozilla/5.0 AppleWebKit/537.36 (KHTML, like Gecko; compatible; GPTBot/1.4; +https://openai.com/gptbot)"
74.7.227.175 - - [01/Jul/2026:22:54:58 +0600] "GET /.well-known/acme-challenge/file.php?download=L2hvbWUvYmR3ZWJzb2wvcHVibGljX2h0bWwvLndlbGwta25vd24vYWNtZS1jaGFsbGVuZ2UvZmlsZS5neg== HTTP/1.1" 503 807 "http://bdwebsolution.com/.well-known/acme-challenge/file.php" "Mozilla/5.0 AppleWebKit/537.36 (KHTML, like Gecko; compatible; GPTBot/1.4; +https://openai.com/gptbot)"
74.7.227.175 - - [01/Jul/2026:22:59:03 +0600] "GET /wp-includes/images/icon-library/format-strikethrough.svg HTTP/1.1" 200 289 "http://bdwebsolution.com/wp-includes/images/icon-library/" "Mozilla/5.0 AppleWebKit/537.36 (KHTML, like Gecko; compatible; GPTBot/1.4; +https://openai.com/gptbot)"
216.225.207.126 - - [01/Jul/2026:23:01:39 +0600] "POST / HTTP/1.1" 503 807 "-" "Mozilla/5.0 (X11; Linux x86_64) AppleWebKit/537.36 (KHTML, like Gecko) Chrome/81.0.4044.129 Safari/537.36"
74.7.227.175 - - [01/Jul/2026:23:03:05 +0600] "GET /wp-includes/style-engine/file.php HTTP/1.1" 503 807 "http://bdwebsolution.com/wp-includes/style-engine/" "Mozilla/5.0 AppleWebKit/537.36 (KHTML, like Gecko; compatible; GPTBot/1.4; +https://openai.com/gptbot)"
74.7.227.175 - - [01/Jul/2026:22:50:22 +0600] "GET /wp-includes/collaboration/file.gz HTTP/1.1" 200 82355 "http://bdwebsolution.com/wp-includes/collaboration/" "Mozilla/5.0 AppleWebKit/537.36 (KHTML, like Gecko; compatible; GPTBot/1.4; +https://openai.com/gptbot)"
74.7.227.175 - - [01/Jul/2026:22:51:47 +0600] "GET /wp-includes/images/icon-library/format-list-numbered.svg HTTP/1.1" 200 226 "http://bdwebsolution.com/wp-includes/images/icon-library/" "Mozilla/5.0 AppleWebKit/537.36 (KHTML, like Gecko; compatible; GPTBot/1.4; +https://openai.com/gptbot)"
74.7.227.175 - - [01/Jul/2026:22:52:25 +0600] "GET /wp-includes/images/icon-library/format-bold.svg HTTP/1.1" 200 238 "http://bdwebsolution.com/wp-includes/images/icon-library/" "Mozilla/5.0 AppleWebKit/537.36 (KHTML, like Gecko; compatible; GPTBot/1.4; +https://openai.com/gptbot)"
74.7.227.175 - - [01/Jul/2026:22:52:57 +0600] "GET /wp-includes/Requests/file.gz HTTP/1.1" 200 82355 "http://bdwebsolution.com/wp-includes/Requests/" "Mozilla/5.0 AppleWebKit/537.36 (KHTML, like Gecko; compatible; GPTBot/1.4; +https://openai.com/gptbot)"
74.7.227.175 - - [01/Jul/2026:22:56:00 +0600] "GET /wp-includes/rest-api/endpoints/class-wp-rest-abilities-v1-categories-controller.php HTTP/1.1" 500 0 "http://bdwebsolution.com/wp-includes/rest-api/endpoints/" "Mozilla/5.0 AppleWebKit/537.36 (KHTML, like Gecko; compatible; GPTBot/1.4; +https://openai.com/gptbot)"
74.7.227.175 - - [01/Jul/2026:22:57:02 +0600] "GET /wp-includes/js/jquery/ui/tabs.min.js HTTP/1.1" 200 3794 "http://bdwebsolution.com/wp-includes/js/jquery/ui/" "Mozilla/5.0 AppleWebKit/537.36 (KHTML, like Gecko; compatible; GPTBot/1.4; +https://openai.com/gptbot)"
74.7.227.175 - - [01/Jul/2026:22:59:55 +0600] "GET /wp-admin/js/tags.min.js HTTP/1.1" 200 1048 "http://bdwebsolution.com/wp-admin/js/" "Mozilla/5.0 AppleWebKit/537.36 (KHTML, like Gecko; compatible; GPTBot/1.4; +https://openai.com/gptbot)"
216.225.207.126 - - [01/Jul/2026:23:01:39 +0600] "GET /.env HTTP/1.1" 500 0 "-" "Mozilla/5.0 (X11; Linux x86_64) AppleWebKit/537.36 (KHTML, like Gecko) Chrome/81.0.4044.129 Safari/537.36"
74.7.227.175 - - [01/Jul/2026:23:06:47 +0600] "GET /wp-includes/js/jquery/ui/controlgroup.min.js HTTP/1.1" 200 1453 "http://bdwebsolution.com/wp-includes/js/jquery/ui/" "Mozilla/5.0 AppleWebKit/537.36 (KHTML, like Gecko; compatible; GPTBot/1.4; +https://openai.com/gptbot)"
74.7.227.175 - - [01/Jul/2026:23:09:54 +0600] "GET /wp-includes/js/jquery/ui/selectable.min.js HTTP/1.1" 200 1317 "http://bdwebsolution.com/wp-includes/js/jquery/ui/" "Mozilla/5.0 AppleWebKit/537.36 (KHTML, like Gecko; compatible; GPTBot/1.4; +https://openai.com/gptbot)"
74.7.227.175 - - [01/Jul/2026:23:10:44 +0600] "GET /wp-includes/js/jquery/ui/effect-explode.js HTTP/1.1" 200 1174 "http://bdwebsolution.com/wp-includes/js/jquery/ui/" "Mozilla/5.0 AppleWebKit/537.36 (KHTML, like Gecko; compatible; GPTBot/1.4; +https://openai.com/gptbot)"
74.7.227.175 - - [01/Jul/2026:23:11:26 +0600] "GET /wp-includes/js/jquery/ui/effect-bounce.js HTTP/1.1" 200 1035 "http://bdwebsolution.com/wp-includes/js/jquery/ui/" "Mozilla/5.0 AppleWebKit/537.36 (KHTML, like Gecko; compatible; GPTBot/1.4; +https://openai.com/gptbot)"
74.7.227.175 - - [01/Jul/2026:23:11:43 +0600] "GET /wp-includes/js/jquery/ui/datepicker.min.js HTTP/1.1" 200 10506 "http://bdwebsolution.com/wp-includes/js/jquery/ui/" "Mozilla/5.0 AppleWebKit/537.36 (KHTML, like Gecko; compatible; GPTBot/1.4; +https://openai.com/gptbot)"
216.73.216.207 - - [01/Jul/2026:23:19:46 +0600] "GET /admin.php?do=delete&item=options-permalink.php.php.tar.gz&p=%2Fhome%2Fbdwebsol%2Fpublic_html%2Fdemo.bdwebsolution.com%2F HTTP/1.1" 200 738 "-" "Mozilla/5.0 AppleWebKit/537.36 (KHTML, like Gecko; compatible; ClaudeBot/1.0; +claudebot@anthropic.com)"
216.73.216.207 - - [01/Jul/2026:23:19:50 +0600] "GET /admin.php?do=edit&item=class-wp-theme.php.php.tar.gz&p=%2Fhome%2Fbdwebsol%2Fpublic_html%2Fdemo.bdwebsolution.com%2F HTTP/1.1" 200 737 "-" "Mozilla/5.0 AppleWebKit/537.36 (KHTML, like Gecko; compatible; ClaudeBot/1.0; +claudebot@anthropic.com)"
216.73.216.207 - - [01/Jul/2026:22:54:48 +0600] "GET /wp-content/plugins/royal-elementor-addons/assets/css/lib/animations/wpr-link-animations.min.css HTTP/1.1" 503 807 "-" "Mozilla/5.0 AppleWebKit/537.36 (KHTML, like Gecko; compatible; ClaudeBot/1.0; +claudebot@anthropic.com)"
74.7.227.175 - - [01/Jul/2026:22:58:03 +0600] "GET /admin.php?p=%2Fhome%2Fbdwebsol%2Fpublic_html%2Fwp-content&tab=filemanager HTTP/1.1" 200 737 "http://bdwebsolution.com/admin.php" "Mozilla/5.0 AppleWebKit/537.36 (KHTML, like Gecko; compatible; GPTBot/1.4; +https://openai.com/gptbot)"
74.7.227.175 - - [01/Jul/2026:23:02:02 +0600] "GET /wp-includes/sodium_compat/file.gz HTTP/1.1" 200 82355 "http://bdwebsolution.com/wp-includes/sodium_compat/" "Mozilla/5.0 AppleWebKit/537.36 (KHTML, like Gecko; compatible; GPTBot/1.4; +https://openai.com/gptbot)"
74.7.227.175 - - [01/Jul/2026:23:04:01 +0600] "GET /wp-includes/theme-compat/file.gz HTTP/1.1" 200 82355 "http://bdwebsolution.com/wp-includes/theme-compat/" "Mozilla/5.0 AppleWebKit/537.36 (KHTML, like Gecko; compatible; GPTBot/1.4; +https://openai.com/gptbot)"
74.7.227.175 - - [01/Jul/2026:23:05:58 +0600] "GET /wp-includes/js/jquery/ui/autocomplete.min.js HTTP/1.1" 200 2715 "http://bdwebsolution.com/wp-includes/js/jquery/ui/" "Mozilla/5.0 AppleWebKit/537.36 (KHTML, like Gecko; compatible; GPTBot/1.4; +https://openai.com/gptbot)"
74.7.227.175 - - [01/Jul/2026:23:07:32 +0600] "GET /wp-includes/js/jquery/ui/checkboxradio.min.js HTTP/1.1" 200 1296 "http://bdwebsolution.com/wp-includes/js/jquery/ui/" "Mozilla/5.0 AppleWebKit/537.36 (KHTML, like Gecko; compatible; GPTBot/1.4; +https://openai.com/gptbot)"
74.7.227.175 - - [01/Jul/2026:23:09:23 +0600] "GET /wp-includes/js/jquery/ui/resizable.min.js HTTP/1.1" 200 5162 "http://bdwebsolution.com/wp-includes/js/jquery/ui/" "Mozilla/5.0 AppleWebKit/537.36 (KHTML, like Gecko; compatible; GPTBot/1.4; +https://openai.com/gptbot)"
74.7.227.175 - - [01/Jul/2026:23:10:21 +0600] "GET /wp-includes/js/jquery/ui/accordion.min.js HTTP/1.1" 200 2669 "http://bdwebsolution.com/wp-includes/js/jquery/ui/" "Mozilla/5.0 AppleWebKit/537.36 (KHTML, like Gecko; compatible; GPTBot/1.4; +https://openai.com/gptbot)"
74.7.227.175 - - [01/Jul/2026:23:11:07 +0600] "GET /wp-includes/js/jquery/ui/droppable.min.js HTTP/1.1" 200 1913 "http://bdwebsolution.com/wp-includes/js/jquery/ui/" "Mozilla/5.0 AppleWebKit/537.36 (KHTML, like Gecko; compatible; GPTBot/1.4; +https://openai.com/gptbot)"
74.7.227.175 - - [01/Jul/2026:23:12:07 +0600] "GET /wp-includes/rest-api/endpoints/class-wp-rest-font-collections-controller.php HTTP/1.1" 503 807 "http://bdwebsolution.com/wp-includes/rest-api/endpoints/" "Mozilla/5.0 AppleWebKit/537.36 (KHTML, like Gecko; compatible; GPTBot/1.4; +https://openai.com/gptbot)"
74.7.227.175 - - [01/Jul/2026:23:12:14 +0600] "GET /wp-includes/sitemaps/file.gz HTTP/1.1" 200 82355 "http://bdwebsolution.com/wp-includes/sitemaps/" "Mozilla/5.0 AppleWebKit/537.36 (KHTML, like Gecko; compatible; GPTBot/1.4; +https://openai.com/gptbot)"
74.7.227.175 - - [01/Jul/2026:23:12:57 +0600] "GET /wp-includes/customize/file.gz HTTP/1.1" 200 82355 "http://bdwebsolution.com/wp-includes/customize/" "Mozilla/5.0 AppleWebKit/537.36 (KHTML, like Gecko; compatible; GPTBot/1.4; +https://openai.com/gptbot)"
74.7.227.175 - - [01/Jul/2026:23:14:11 +0600] "GET /wp-includes/js/jquery/ui/effect-transfer.min.js HTTP/1.1" 200 256 "http://bdwebsolution.com/wp-includes/js/jquery/ui/" "Mozilla/5.0 AppleWebKit/537.36 (KHTML, like Gecko; compatible; GPTBot/1.4; +https://openai.com/gptbot)"
74.7.227.175 - - [01/Jul/2026:23:20:14 +0600] "GET /wp-includes/js/jquery/ui/controlgroup.js HTTP/1.1" 200 2527 "http://bdwebsolution.com/wp-includes/js/jquery/ui/" "Mozilla/5.0 AppleWebKit/537.36 (KHTML, like Gecko; compatible; GPTBot/1.4; +https://openai.com/gptbot)"
74.7.227.175 - - [01/Jul/2026:23:05:02 +0600] "GET /wp-includes/js/jquery/ui/progressbar.min.js HTTP/1.1" 200 844 "http://bdwebsolution.com/wp-includes/js/jquery/ui/" "Mozilla/5.0 AppleWebKit/537.36 (KHTML, like Gecko; compatible; GPTBot/1.4; +https://openai.com/gptbot)"
74.7.227.175 - - [01/Jul/2026:23:08:13 +0600] "GET /wp-includes/js/jquery/ui/draggable.min.js HTTP/1.1" 200 4691 "http://bdwebsolution.com/wp-includes/js/jquery/ui/" "Mozilla/5.0 AppleWebKit/537.36 (KHTML, like Gecko; compatible; GPTBot/1.4; +https://openai.com/gptbot)"
74.7.227.175 - - [01/Jul/2026:23:08:49 +0600] "GET /wp-includes/js/jquery/ui/effect-pulsate.js HTTP/1.1" 200 671 "http://bdwebsolution.com/wp-includes/js/jquery/ui/" "Mozilla/5.0 AppleWebKit/537.36 (KHTML, like Gecko; compatible; GPTBot/1.4; +https://openai.com/gptbot)"
216.73.216.207 - - [01/Jul/2026:23:12:55 +0600] "GET /admin.php?do=edit&item=class.wp-scripts.php.tar&p=%2Fhome%2Fbdwebsol%2Fpublic_html%2Fdemo.bdwebsolution.com%2F HTTP/1.1" 503 807 "-" "Mozilla/5.0 AppleWebKit/537.36 (KHTML, like Gecko; compatible; ClaudeBot/1.0; +claudebot@anthropic.com)"
74.7.227.175 - - [01/Jul/2026:23:13:36 +0600] "GET /wp-includes/Text/Diff/ HTTP/1.1" 503 807 "https://ecommerce2.bdwebsolution.com" "Mozilla/5.0 AppleWebKit/537.36 (KHTML, like Gecko; compatible; GPTBot/1.4; +https://openai.com/gptbot)"
216.73.216.207 - - [01/Jul/2026:23:14:25 +0600] "GET /admin.php?do=delete&item=script-modules.php.tar&p=%2Fhome%2Fbdwebsol%2Fpublic_html%2Fdemo.bdwebsolution.com%2F HTTP/1.1" 503 807 "-" "Mozilla/5.0 AppleWebKit/537.36 (KHTML, like Gecko; compatible; ClaudeBot/1.0; +claudebot@anthropic.com)"
74.7.227.175 - - [01/Jul/2026:23:15:13 +0600] "GET /wp-includes/images/wpicons-2x.png HTTP/1.1" 200 14931 "http://bdwebsolution.com/wp-includes/images/" "Mozilla/5.0 AppleWebKit/537.36 (KHTML, like Gecko; compatible; GPTBot/1.4; +https://openai.com/gptbot)"
74.7.227.175 - - [01/Jul/2026:23:16:12 +0600] "GET /wp-includes/images/spinner-2x.gif HTTP/1.1" 200 7536 "http://bdwebsolution.com/wp-includes/images/" "Mozilla/5.0 AppleWebKit/537.36 (KHTML, like Gecko; compatible; GPTBot/1.4; +https://openai.com/gptbot)"
74.7.227.175 - - [01/Jul/2026:23:17:03 +0600] "GET /wp-includes/images/wpspin-2x.gif HTTP/1.1" 200 8875 "http://bdwebsolution.com/wp-includes/images/" "Mozilla/5.0 AppleWebKit/537.36 (KHTML, like Gecko; compatible; GPTBot/1.4; +https://openai.com/gptbot)"
74.7.227.175 - - [01/Jul/2026:23:17:48 +0600] "GET /wp-admin/js/file.php?proxy=true HTTP/1.1" 200 6749 "http://bdwebsolution.com/wp-admin/js/file.php" "Mozilla/5.0 AppleWebKit/537.36 (KHTML, like Gecko; compatible; GPTBot/1.4; +https://openai.com/gptbot)"
74.7.227.175 - - [01/Jul/2026:23:18:30 +0600] "GET /wp-includes/js/jquery/ui/selectmenu.min.js HTTP/1.1" 200 2853 "http://bdwebsolution.com/wp-includes/js/jquery/ui/" "Mozilla/5.0 AppleWebKit/537.36 (KHTML, like Gecko; compatible; GPTBot/1.4; +https://openai.com/gptbot)"
74.7.227.175 - - [01/Jul/2026:23:19:43 +0600] "GET /wp-includes/js/jquery/ui/autocomplete.js HTTP/1.1" 200 5171 "http://bdwebsolution.com/wp-includes/js/jquery/ui/" "Mozilla/5.0 AppleWebKit/537.36 (KHTML, like Gecko; compatible; GPTBot/1.4; +https://openai.com/gptbot)"
74.7.227.175 - - [01/Jul/2026:23:21:48 +0600] "GET /wp-includes/js/jquery/ui/datepicker.js HTTP/1.1" 200 19783 "http://bdwebsolution.com/wp-includes/js/jquery/ui/" "Mozilla/5.0 AppleWebKit/537.36 (KHTML, like Gecko; compatible; GPTBot/1.4; +https://openai.com/gptbot)"
74.7.227.175 - - [01/Jul/2026:23:22:49 +0600] "GET /wp-includes/js/jquery/ui/selectmenu.js HTTP/1.1" 200 4488 "http://bdwebsolution.com/wp-includes/js/jquery/ui/" "Mozilla/5.0 AppleWebKit/537.36 (KHTML, like Gecko; compatible; GPTBot/1.4; +https://openai.com/gptbot)"
216.73.216.207 - - [01/Jul/2026:23:24:03 +0600] "GET /admin.php?do=delete&item=class-wp-html-attribute-token.php.tar&p=%2Fhome%2Fbdwebsol%2Fpublic_html%2Fdemo.bdwebsolution.com%2F HTTP/1.1" 200 737 "-" "Mozilla/5.0 AppleWebKit/537.36 (KHTML, like Gecko; compatible; ClaudeBot/1.0; +claudebot@anthropic.com)"
74.7.227.175 - - [01/Jul/2026:23:21:28 +0600] "GET /wp-includes/js/jquery/ui/selectable.js HTTP/1.1" 200 1909 "http://bdwebsolution.com/wp-includes/js/jquery/ui/" "Mozilla/5.0 AppleWebKit/537.36 (KHTML, like Gecko; compatible; GPTBot/1.4; +https://openai.com/gptbot)"
74.7.227.175 - - [01/Jul/2026:23:22:36 +0600] "GET /wp-includes/js/jquery/ui/effect-pulsate.min.js HTTP/1.1" 200 386 "http://bdwebsolution.com/wp-includes/js/jquery/ui/" "Mozilla/5.0 AppleWebKit/537.36 (KHTML, like Gecko; compatible; GPTBot/1.4; +https://openai.com/gptbot)"
74.7.227.175 - - [01/Jul/2026:23:24:18 +0600] "GET /wp-includes/blocks/query/file.php HTTP/1.1" 503 807 "http://bdwebsolution.com/wp-includes/blocks/query/" "Mozilla/5.0 AppleWebKit/537.36 (KHTML, like Gecko; compatible; GPTBot/1.4; +https://openai.com/gptbot)"
74.7.227.175 - - [01/Jul/2026:23:24:39 +0600] "GET /wp-includes/Text/Diff/Renderer/ HTTP/1.1" 503 807 "https://ecommerce2.bdwebsolution.com" "Mozilla/5.0 AppleWebKit/537.36 (KHTML, like Gecko; compatible; GPTBot/1.4; +https://openai.com/gptbot)"
216.73.216.207 - - [01/Jul/2026:23:24:46 +0600] "GET /admin.php?do=edit&item=class-wp-block-parser-block.php.tar&p=%2Fhome%2Fbdwebsol%2Fpublic_html%2Fdemo.bdwebsolution.com%2F HTTP/1.1" 503 807 "-" "Mozilla/5.0 AppleWebKit/537.36 (KHTML, like Gecko; compatible; ClaudeBot/1.0; +claudebot@anthropic.com)"
74.7.227.175 - - [01/Jul/2026:23:25:44 +0600] "GET /wp-includes/images/icon-library/file.php?download=L2hvbWUvYmR3ZWJzb2wvcHVibGljX2h0bWwvd3AtaW5jbHVkZXMvaW1hZ2VzL2ljb24tbGlicmFyeS9qdXN0aWZ5LXNwYWNlLWJldHdlZW4tdmVydGljYWwuc3Zn HTTP/1.1" 200 135 "http://bdwebsolution.com/wp-includes/images/icon-library/file.php" "Mozilla/5.0 AppleWebKit/537.36 (KHTML, like Gecko; compatible; GPTBot/1.4; +https://openai.com/gptbot)"
74.7.227.175 - - [01/Jul/2026:23:27:43 +0600] "GET /wp-includes/html-api/class-wp-html-tag-processor.php HTTP/1.1" 200 0 "http://bdwebsolution.com/wp-includes/html-api/" "Mozilla/5.0 AppleWebKit/537.36 (KHTML, like Gecko; compatible; GPTBot/1.4; +https://openai.com/gptbot)"
74.7.227.175 - - [01/Jul/2026:23:29:17 +0600] "GET /wp-includes/images/icon-library/file.php?edit=post-excerpt.svg&fm=true&path=/home/bdwebsol/public_html/wp-includes/images/icon-library/ HTTP/1.1" 200 8646 "http://bdwebsolution.com/wp-includes/images/icon-library/file.php" "Mozilla/5.0 AppleWebKit/537.36 (KHTML, like Gecko; compatible; GPTBot/1.4; +https://openai.com/gptbot)"
74.7.227.175 - - [01/Jul/2026:23:30:22 +0600] "GET /wp-includes/images/icon-library/file.php?fm=true&path=/home/bdwebsol/public_html/wp-includes/images/icon-library/&rename=post-excerpt.svg HTTP/1.1" 503 807 "http://bdwebsolution.com/wp-includes/images/icon-library/file.php" "Mozilla/5.0 AppleWebKit/537.36 (KHTML, like Gecko; compatible; GPTBot/1.4; +https://openai.com/gptbot)"
74.7.227.175 - - [01/Jul/2026:23:31:20 +0600] "GET /wp-includes/php-ai-client/src/Providers/OpenAiCompatibleImplementation/ HTTP/1.1" 503 807 "http://bdwebsolution.com/wp-includes/php-ai-client/src/Providers/" "Mozilla/5.0 AppleWebKit/537.36 (KHTML, like Gecko; compatible; GPTBot/1.4; +https://openai.com/gptbot)"
74.7.227.175 - - [01/Jul/2026:23:36:35 +0600] "GET /wp-includes/style-engine/file.gz HTTP/1.1" 200 82355 "http://bdwebsolution.com/wp-includes/style-engine/" "Mozilla/5.0 AppleWebKit/537.36 (KHTML, like Gecko; compatible; GPTBot/1.4; +https://openai.com/gptbot)"
74.7.227.175 - - [01/Jul/2026:23:39:16 +0600] "GET /admin.php?p=%2Fhome%2Fbdwebsol%2Fpublic_html%2F.tmb&tab=filemanager HTTP/1.1" 503 807 "http://bdwebsolution.com/admin.php" "Mozilla/5.0 AppleWebKit/537.36 (KHTML, like Gecko; compatible; GPTBot/1.4; +https://openai.com/gptbot)"
74.7.227.175 - - [01/Jul/2026:23:42:00 +0600] "GET /wp-includes/js/jquery/ui/draggable.js HTTP/1.1" 200 8280 "http://bdwebsolution.com/wp-includes/js/jquery/ui/" "Mozilla/5.0 AppleWebKit/537.36 (KHTML, like Gecko; compatible; GPTBot/1.4; +https://openai.com/gptbot)"
74.7.227.175 - - [01/Jul/2026:23:22:06 +0600] "GET /wp-includes/ai-client/adapters/file.php?download=L2hvbWUvYmR3ZWJzb2wvcHVibGljX2h0bWwvd3AtaW5jbHVkZXMvYWktY2xpZW50L2FkYXB0ZXJzL2NsYXNzLXdwLWFpLWNsaWVudC1kaXNjb3Zlcnktc3RyYXRlZ3kucGhw HTTP/1.1" 200 527 "http://bdwebsolution.com/wp-includes/ai-client/adapters/file.php" "Mozilla/5.0 AppleWebKit/537.36 (KHTML, like Gecko; compatible; GPTBot/1.4; +https://openai.com/gptbot)"
74.7.227.175 - - [01/Jul/2026:23:22:22 +0600] "GET /wp-includes/js/jquery/ui/effect-explode.min.js HTTP/1.1" 200 600 "http://bdwebsolution.com/wp-includes/js/jquery/ui/" "Mozilla/5.0 AppleWebKit/537.36 (KHTML, like Gecko; compatible; GPTBot/1.4; +https://openai.com/gptbot)"
74.7.227.175 - - [01/Jul/2026:23:23:54 +0600] "GET /admin.php?p=%2Fhome%2Fbdwebsol&tab=filemanager HTTP/1.1" 200 737 "http://bdwebsolution.com/admin.php" "Mozilla/5.0 AppleWebKit/537.36 (KHTML, like Gecko; compatible; GPTBot/1.4; +https://openai.com/gptbot)"
216.73.216.207 - - [01/Jul/2026:23:24:41 +0600] "GET /admin.php?do=edit&item=class-wp-customize-section.php.tar&p=%2Fhome%2Fbdwebsol%2Fpublic_html%2Fdemo.bdwebsolution.com%2F HTTP/1.1" 503 807 "-" "Mozilla/5.0 AppleWebKit/537.36 (KHTML, like Gecko; compatible; ClaudeBot/1.0; +claudebot@anthropic.com)"
74.7.227.175 - - [01/Jul/2026:23:33:25 +0600] "GET /wp-includes/rest-api/endpoints/file.php?download=L2hvbWUvYmR3ZWJzb2wvcHVibGljX2h0bWwvd3AtaW5jbHVkZXMvcmVzdC1hcGkvZW5kcG9pbnRzL2NsYXNzLXdwLXJlc3QtYmxvY2tzLWNvbnRyb2xsZXIucGhw HTTP/1.1" 503 807 "http://bdwebsolution.com/wp-includes/rest-api/endpoints/file.php" "Mozilla/5.0 AppleWebKit/537.36 (KHTML, like Gecko; compatible; GPTBot/1.4; +https://openai.com/gptbot)"
74.7.227.175 - - [01/Jul/2026:23:35:33 +0600] "GET /wp-includes/abilities-api/file.gz HTTP/1.1" 200 82355 "http://bdwebsolution.com/wp-includes/abilities-api/" "Mozilla/5.0 AppleWebKit/537.36 (KHTML, like Gecko; compatible; GPTBot/1.4; +https://openai.com/gptbot)"
74.7.227.175 - - [01/Jul/2026:23:38:24 +0600] "GET /.well-known/acme-challenge/file.gz?fm_config_delete=true&fm_settings=true HTTP/1.1" 200 82355 "http://bdwebsolution.com/.well-known/acme-challenge/file.php?fm_settings=true" "Mozilla/5.0 AppleWebKit/537.36 (KHTML, like Gecko; compatible; GPTBot/1.4; +https://openai.com/gptbot)"
74.7.227.175 - - [01/Jul/2026:23:41:04 +0600] "GET /wp-includes/js/jquery/ui/droppable.js HTTP/1.1" 200 3373 "http://bdwebsolution.com/wp-includes/js/jquery/ui/" "Mozilla/5.0 AppleWebKit/537.36 (KHTML, like Gecko; compatible; GPTBot/1.4; +https://openai.com/gptbot)"
74.7.227.175 - - [01/Jul/2026:23:46:54 +0600] "GET /wp-admin/includes/class-wp-links-list-table.php HTTP/1.1" 503 807 "http://bdwebsolution.com/wp-admin/includes/" "Mozilla/5.0 AppleWebKit/537.36 (KHTML, like Gecko; compatible; GPTBot/1.4; +https://openai.com/gptbot)"
74.7.227.175 - - [01/Jul/2026:23:47:44 +0600] "GET /wp-includes/widgets/file.gz HTTP/1.1" 200 82355 "http://bdwebsolution.com/wp-includes/widgets/" "Mozilla/5.0 AppleWebKit/537.36 (KHTML, like Gecko; compatible; GPTBot/1.4; +https://openai.com/gptbot)"
216.73.216.207 - - [01/Jul/2026:23:48:58 +0600] "GET /admin.php?do=delete&item=admin-footer.php.php.tar.gz&p=%2Fhome%2Fbdwebsol%2Fpublic_html%2Fdemo.bdwebsolution.com%2F HTTP/1.1" 503 807 "-" "Mozilla/5.0 AppleWebKit/537.36 (KHTML, like Gecko; compatible; ClaudeBot/1.0; +claudebot@anthropic.com)"
216.73.216.207 - - [01/Jul/2026:23:49:13 +0600] "GET /admin.php?do=edit&item=class-wp-block-patterns-registry.php.tar&p=%2Fhome%2Fbdwebsol%2Fpublic_html%2Fdemo.bdwebsolution.com%2F HTTP/1.1" 503 807 "-" "Mozilla/5.0 AppleWebKit/537.36 (KHTML, like Gecko; compatible; ClaudeBot/1.0; +claudebot@anthropic.com)"
216.73.216.207 - - [01/Jul/2026:23:49:23 +0600] "GET /admin.php?do=delete&item=class-wp-filesystem-ftpsockets.php.tar&p=%2Fhome%2Fbdwebsol%2Fpublic_html%2Fdemo.bdwebsolution.com%2F HTTP/1.1" 503 807 "-" "Mozilla/5.0 AppleWebKit/537.36 (KHTML, like Gecko; compatible; ClaudeBot/1.0; +claudebot@anthropic.com)"
74.7.227.175 - - [01/Jul/2026:23:00:41 +0600] "GET /wp-includes/js/jquery/ui/menu.min.js HTTP/1.1" 200 2917 "http://bdwebsolution.com/wp-includes/js/jquery/ui/" "Mozilla/5.0 AppleWebKit/537.36 (KHTML, like Gecko; compatible; GPTBot/1.4; +https://openai.com/gptbot)"
74.7.227.175 - - [01/Jul/2026:23:01:23 +0600] "GET /wp-includes/Text/Diff.php HTTP/1.1" 503 807 "http://bdwebsolution.com/wp-includes/Text/" "Mozilla/5.0 AppleWebKit/537.36 (KHTML, like Gecko; compatible; GPTBot/1.4; +https://openai.com/gptbot)"
74.7.227.175 - - [01/Jul/2026:23:19:09 +0600] "GET /wp-includes/fonts/dashicons.woff2 HTTP/1.1" 200 26132 "http://bdwebsolution.com/wp-includes/fonts/" "Mozilla/5.0 AppleWebKit/537.36 (KHTML, like Gecko; compatible; GPTBot/1.4; +https://openai.com/gptbot)"
74.7.227.175 - - [01/Jul/2026:23:20:41 +0600] "GET /wp-admin/js/user-suggest.min.js HTTP/1.1" 200 323 "http://bdwebsolution.com/wp-admin/js/" "Mozilla/5.0 AppleWebKit/537.36 (KHTML, like Gecko; compatible; GPTBot/1.4; +https://openai.com/gptbot)"
74.7.227.175 - - [01/Jul/2026:23:21:06 +0600] "GET /wp-includes/php-ai-client/src/file.php?gz=L2hvbWUvYmR3ZWJzb2wvcHVibGljX2h0bWwvd3AtaW5jbHVkZXMvcGhwLWFpLWNsaWVudC9zcmMvUHJvdmlkZXJz HTTP/1.1" 200 6531 "http://bdwebsolution.com/wp-includes/php-ai-client/src/file.php" "Mozilla/5.0 AppleWebKit/537.36 (KHTML, like Gecko; compatible; GPTBot/1.4; +https://openai.com/gptbot)"
74.7.227.175 - - [01/Jul/2026:23:23:01 +0600] "GET /wp-includes/fonts/dashicons.woff HTTP/1.1" 200 26124 "http://bdwebsolution.com/wp-includes/fonts/" "Mozilla/5.0 AppleWebKit/537.36 (KHTML, like Gecko; compatible; GPTBot/1.4; +https://openai.com/gptbot)"
74.7.227.175 - - [01/Jul/2026:23:23:11 +0600] "GET /wp-includes/js/jquery/ui/progressbar.js HTTP/1.1" 200 1301 "http://bdwebsolution.com/wp-includes/js/jquery/ui/" "Mozilla/5.0 AppleWebKit/537.36 (KHTML, like Gecko; compatible; GPTBot/1.4; +https://openai.com/gptbot)"
74.7.227.175 - - [01/Jul/2026:23:23:20 +0600] "GET /wp-includes/build/pages.php HTTP/1.1" 500 0 "http://bdwebsolution.com/wp-includes/build/" "Mozilla/5.0 AppleWebKit/537.36 (KHTML, like Gecko; compatible; GPTBot/1.4; +https://openai.com/gptbot)"
74.7.227.175 - - [01/Jul/2026:23:23:28 +0600] "GET /wp-includes/assets/file.php HTTP/1.1" 200 9955 "http://bdwebsolution.com/wp-includes/assets/" "Mozilla/5.0 AppleWebKit/537.36 (KHTML, like Gecko; compatible; GPTBot/1.4; +https://openai.com/gptbot)"
74.7.227.175 - - [01/Jul/2026:23:34:30 +0600] "GET /wp-includes/Text/Diff/Engine/ HTTP/1.1" 503 807 "https://ecommerce2.bdwebsolution.com" "Mozilla/5.0 AppleWebKit/537.36 (KHTML, like Gecko; compatible; GPTBot/1.4; +https://openai.com/gptbot)"
74.7.227.175 - - [01/Jul/2026:23:37:34 +0600] "GET /wp-includes/widgets/error_log HTTP/1.1" 403 787 "http://bdwebsolution.com/wp-includes/widgets/" "Mozilla/5.0 AppleWebKit/537.36 (KHTML, like Gecko; compatible; GPTBot/1.4; +https://openai.com/gptbot)"
74.7.227.175 - - [01/Jul/2026:23:40:01 +0600] "GET /wp-includes/js/jquery/ui/accordion.js HTTP/1.1" 200 4349 "http://bdwebsolution.com/wp-includes/js/jquery/ui/" "Mozilla/5.0 AppleWebKit/537.36 (KHTML, like Gecko; compatible; GPTBot/1.4; +https://openai.com/gptbot)"
74.7.227.175 - - [01/Jul/2026:23:44:19 +0600] "GET /admin.php?p=%2Fhome%2Fbdwebsol%2Fpublic_html%2F&tab=filemanager HTTP/1.1" 503 807 "http://bdwebsolution.com/admin.php" "Mozilla/5.0 AppleWebKit/537.36 (KHTML, like Gecko; compatible; GPTBot/1.4; +https://openai.com/gptbot)"
216.73.216.207 - - [01/Jul/2026:23:48:38 +0600] "GET /robots.txt HTTP/1.1" 200 94 "-" "Mozilla/5.0 AppleWebKit/537.36 (KHTML, like Gecko; compatible; ClaudeBot/1.0; +claudebot@anthropic.com)"
216.73.216.207 - - [01/Jul/2026:23:48:53 +0600] "GET /admin.php?do=delete&item=class-wp-feed-cache-transient.php.tar&p=%2Fhome%2Fbdwebsol%2Fpublic_html%2Fdemo.bdwebsolution.com%2F HTTP/1.1" 503 807 "-" "Mozilla/5.0 AppleWebKit/537.36 (KHTML, like Gecko; compatible; ClaudeBot/1.0; +claudebot@anthropic.com)"
216.73.216.207 - - [01/Jul/2026:23:24:07 +0600] "GET /admin.php?do=edit&item=class-wp-theme-json-resolver.php.tar&p=%2Fhome%2Fbdwebsol%2Fpublic_html%2Fdemo.bdwebsolution.com%2F HTTP/1.1" 200 737 "-" "Mozilla/5.0 AppleWebKit/537.36 (KHTML, like Gecko; compatible; ClaudeBot/1.0; +claudebot@anthropic.com)"
216.73.216.207 - - [01/Jul/2026:23:24:12 +0600] "GET /admin.php?do=edit&item=embed-template.php.php.tar.gz&p=%2Fhome%2Fbdwebsol%2Fpublic_html%2Fdemo.bdwebsolution.com%2F HTTP/1.1" 200 737 "-" "Mozilla/5.0 AppleWebKit/537.36 (KHTML, like Gecko; compatible; ClaudeBot/1.0; +claudebot@anthropic.com)"
216.73.216.207 - - [01/Jul/2026:23:24:17 +0600] "GET /admin.php?p=%2Fhome%2Fbdwebsol%2Ftmp&tab=filemanager HTTP/1.1" 200 737 "-" "Mozilla/5.0 AppleWebKit/537.36 (KHTML, like Gecko; compatible; ClaudeBot/1.0; +claudebot@anthropic.com)"
216.73.216.207 - - [01/Jul/2026:23:24:51 +0600] "GET /admin.php?do=edit&item=feed-atom-comments.php.php.tar.gz&p=%2Fhome%2Fbdwebsol%2Fpublic_html%2Fdemo.bdwebsolution.com%2F HTTP/1.1" 503 807 "-" "Mozilla/5.0 AppleWebKit/537.36 (KHTML, like Gecko; compatible; ClaudeBot/1.0; +claudebot@anthropic.com)"
216.73.216.207 - - [01/Jul/2026:23:24:56 +0600] "GET /admin.php?do=edit&item=admin-functions.php.tar&p=%2Fhome%2Fbdwebsol%2Fpublic_html%2Fdemo.bdwebsolution.com%2F HTTP/1.1" 503 807 "-" "Mozilla/5.0 AppleWebKit/537.36 (KHTML, like Gecko; compatible; ClaudeBot/1.0; +claudebot@anthropic.com)"
216.73.216.207 - - [01/Jul/2026:23:25:28 +0600] "GET /admin.php?do=delete&item=class-wp-plugins-list-table.php.tar&p=%2Fhome%2Fbdwebsol%2Fpublic_html%2Fdemo.bdwebsolution.com%2F HTTP/1.1" 503 807 "-" "Mozilla/5.0 AppleWebKit/537.36 (KHTML, like Gecko; compatible; ClaudeBot/1.0; +claudebot@anthropic.com)"
216.73.216.207 - - [01/Jul/2026:23:25:33 +0600] "GET /admin.php?do=delete&item=class-custom-background.php.php.tar.gz&p=%2Fhome%2Fbdwebsol%2Fpublic_html%2Fdemo.bdwebsolution.com%2F HTTP/1.1" 503 807 "-" "Mozilla/5.0 AppleWebKit/537.36 (KHTML, like Gecko; compatible; ClaudeBot/1.0; +claudebot@anthropic.com)"
74.7.227.175 - - [01/Jul/2026:23:26:47 +0600] "GET /wp-admin/includes/class-wp-list-table.php HTTP/1.1" 200 0 "http://bdwebsolution.com/wp-admin/includes/" "Mozilla/5.0 AppleWebKit/537.36 (KHTML, like Gecko; compatible; GPTBot/1.4; +https://openai.com/gptbot)"
74.7.227.175 - - [01/Jul/2026:23:28:31 +0600] "GET /wp-includes/images/icon-library/file.php?fm=true&path=/home/bdwebsol/public_html/wp-includes/images/icon-library/&rights=post-excerpt.svg HTTP/1.1" 503 807 "http://bdwebsolution.com/wp-includes/images/icon-library/file.php" "Mozilla/5.0 AppleWebKit/537.36 (KHTML, like Gecko; compatible; GPTBot/1.4; +https://openai.com/gptbot)"
74.7.227.175 - - [01/Jul/2026:23:32:22 +0600] "GET /wp-includes/rest-api/endpoints/file.php?download=L2hvbWUvYmR3ZWJzb2wvcHVibGljX2h0bWwvd3AtaW5jbHVkZXMvcmVzdC1hcGkvZW5kcG9pbnRzL2NsYXNzLXdwLXJlc3Qtc2VhcmNoLWNvbnRyb2xsZXIucGhw HTTP/1.1" 503 807 "http://bdwebsolution.com/wp-includes/rest-api/endpoints/file.php" "Mozilla/5.0 AppleWebKit/537.36 (KHTML, like Gecko; compatible; GPTBot/1.4; +https://openai.com/gptbot)"
74.7.228.17 - - [01/Jul/2026:23:45:57 +0600] "GET /robots.txt HTTP/1.1" 200 94 "-" "Mozilla/5.0 (Macintosh; Intel Mac OS X 10_15_7) AppleWebKit/537.36 (KHTML, like Gecko) Chrome/131.0.0.0 Safari/537.36; compatible; OAI-SearchBot/1.4; robots.txt; +https://openai.com/searchbot"
216.73.216.207 - - [01/Jul/2026:23:49:08 +0600] "GET /admin.php?do=edit&item=class-pop3.php.php.tar.gz&p=%2Fhome%2Fbdwebsol%2Fpublic_html%2Fdemo.bdwebsolution.com%2F HTTP/1.1" 503 807 "-" "Mozilla/5.0 AppleWebKit/537.36 (KHTML, like Gecko; compatible; ClaudeBot/1.0; +claudebot@anthropic.com)"
216.73.216.207 - - [01/Jul/2026:23:49:18 +0600] "GET /admin.php?do=delete&item=class-wp-filesystem-base.php.tar&p=%2Fhome%2Fbdwebsol%2Fpublic_html%2Fdemo.bdwebsolution.com%2F HTTP/1.1" 503 807 "-" "Mozilla/5.0 AppleWebKit/537.36 (KHTML, like Gecko; compatible; ClaudeBot/1.0; +claudebot@anthropic.com)"
74.7.227.175 - - [01/Jul/2026:23:42:50 +0600] "GET /wp-includes/js/jquery/ui/resizable.js HTTP/1.1" 200 7317 "http://bdwebsolution.com/wp-includes/js/jquery/ui/" "Mozilla/5.0 AppleWebKit/537.36 (KHTML, like Gecko; compatible; GPTBot/1.4; +https://openai.com/gptbot)"
74.7.227.175 - - [01/Jul/2026:23:43:36 +0600] "GET /wp-admin/js/widgets/media-gallery-widget.min.js HTTP/1.1" 200 1114 "http://bdwebsolution.com/wp-admin/js/widgets/" "Mozilla/5.0 AppleWebKit/537.36 (KHTML, like Gecko; compatible; GPTBot/1.4; +https://openai.com/gptbot)"
74.7.227.175 - - [01/Jul/2026:23:44:55 +0600] "GET /wp-includes/images/crystal/video.png HTTP/1.1" 200 1339 "http://bdwebsolution.com/wp-includes/images/crystal/" "Mozilla/5.0 AppleWebKit/537.36 (KHTML, like Gecko; compatible; GPTBot/1.4; +https://openai.com/gptbot)"
74.7.227.175 - - [01/Jul/2026:23:45:56 +0600] "GET /wp-admin/js/media-gallery.js HTTP/1.1" 200 578 "http://bdwebsolution.com/wp-admin/js/" "Mozilla/5.0 AppleWebKit/537.36 (KHTML, like Gecko; compatible; GPTBot/1.4; +https://openai.com/gptbot)"
