216.73.216.207 - - [01/Jul/2026:18:26:42 +0600] "GET /file.php?fm=true&path=%2Fhome%2Fbdwebsol%2Fpublic_html%2Fwp-includes%2Fblocks%2Fcategories%2F&rights=style-rtl.min.css HTTP/2" 200 8410 "-" "Mozilla/5.0 AppleWebKit/537.36 (KHTML, like Gecko; compatible; ClaudeBot/1.0; +claudebot@anthropic.com)"
216.73.216.207 - - [01/Jul/2026:18:26:42 +0600] "GET /file.php?fm=true&path=%2Fhome%2Fbdwebsol%2Ftmp%2Fwebalizer%2Fssl%2Fbdwebsolution.com%2F&rights=hourly_usage_202602.png HTTP/2" 200 8403 "-" "Mozilla/5.0 AppleWebKit/537.36 (KHTML, like Gecko; compatible; ClaudeBot/1.0; +claudebot@anthropic.com)"
216.73.216.207 - - [01/Jul/2026:18:26:42 +0600] "GET /file.php?fm=true&path=%2Fproc%2F3888603%2Fmap_files%2F&rename=7fda96f2a000-7fda96f2e000 HTTP/2" 200 8382 "-" "Mozilla/5.0 AppleWebKit/537.36 (KHTML, like Gecko; compatible; ClaudeBot/1.0; +claudebot@anthropic.com)"
74.7.227.132 - - [01/Jul/2026:18:26:42 +0600] "GET /file.php?download=L2hvbWUvYmR3ZWJzb2wvcHVibGljX2h0bWwvZGVtby5iZHdlYnNvbHV0aW9uLmNvbS9hd3N0YXRzMDEyMDI2Lm11bm5hLmJkd2Vic29sdXRpb24uY29tLnR4dC50YXI= HTTP/2" 200 3152 "https://demo.bdwebsolution.com/file.php?gzfile=L2xpYjY0L2xpYmdldHRleHRsaWItMC4yMS5zbw==" "Mozilla/5.0 AppleWebKit/537.36 (KHTML, like Gecko; compatible; GPTBot/1.4; +https://openai.com/gptbot)"
216.73.216.207 - - [01/Jul/2026:18:26:42 +0600] "GET /file.php?zip=L2xpYi9kcmFjdXQvbW9kdWxlcy5kLzQ1dXJsLWxpYg%3D%3D HTTP/2" 200 6529 "-" "Mozilla/5.0 AppleWebKit/537.36 (KHTML, like Gecko; compatible; ClaudeBot/1.0; +claudebot@anthropic.com)"
216.73.216.207 - - [01/Jul/2026:18:26:43 +0600] "GET /file.php?fm=true&path=%2Flib%2Ffirmware%2Famdgpu%2F&rights=vega20_ip_discovery.bin.xz HTTP/2" 200 8390 "-" "Mozilla/5.0 AppleWebKit/537.36 (KHTML, like Gecko; compatible; ClaudeBot/1.0; +claudebot@anthropic.com)"
216.73.216.207 - - [01/Jul/2026:18:26:43 +0600] "GET /file.php?fm=true&path=%2Flib%2Ffirmware%2Famdgpu%2F&rights=gc_11_5_3_mes1.bin.xz HTTP/2" 200 8389 "-" "Mozilla/5.0 AppleWebKit/537.36 (KHTML, like Gecko; compatible; ClaudeBot/1.0; +claudebot@anthropic.com)"
216.73.216.207 - - [01/Jul/2026:18:26:43 +0600] "GET /file.php?edit=icl_huc_9.0.0.bin.xz&fm=true&path=%2Flib%2Ffirmware%2Fi915%2F HTTP/2" 200 106350 "-" "Mozilla/5.0 AppleWebKit/537.36 (KHTML, like Gecko; compatible; ClaudeBot/1.0; +claudebot@anthropic.com)"
216.73.216.207 - - [01/Jul/2026:18:26:43 +0600] "GET /file.php?fm=true&path=%2Flib%2Ffirmware%2Famdgpu%2F&rights=dimgrey_cavefish_rlc.bin.xz HTTP/2" 200 8388 "-" "Mozilla/5.0 AppleWebKit/537.36 (KHTML, like Gecko; compatible; ClaudeBot/1.0; +claudebot@anthropic.com)"
74.7.227.132 - - [01/Jul/2026:18:26:43 +0600] "GET /file.php?download=L2xpYi9zeXN0ZW1kL3N5c3RlbWQtc2h1dGRvd24= HTTP/2" 200 20886 "https://demo.bdwebsolution.com/file.php?fm=true&path=/lib/systemd" "Mozilla/5.0 AppleWebKit/537.36 (KHTML, like Gecko; compatible; GPTBot/1.4; +https://openai.com/gptbot)"
216.73.216.207 - - [01/Jul/2026:18:26:43 +0600] "GET /file.php?zip=L3Vzci9zaGFyZS9sb2NhbGUvdGxfUEg%3D HTTP/2" 200 6529 "-" "Mozilla/5.0 AppleWebKit/537.36 (KHTML, like Gecko; compatible; ClaudeBot/1.0; +claudebot@anthropic.com)"
216.73.216.207 - - [01/Jul/2026:18:26:43 +0600] "GET /file.php?edit=iso01-12x22.psfu.gz&fm=true&path=%2Flib%2Fkbd%2Fconsolefonts%2F HTTP/2" 200 11461 "-" "Mozilla/5.0 AppleWebKit/537.36 (KHTML, like Gecko; compatible; ClaudeBot/1.0; +claudebot@anthropic.com)"
216.73.216.207 - - [01/Jul/2026:18:26:43 +0600] "GET /file.php?download=L2xpYi9sb2NhbGUvZW5fQVUvTENfUEFQRVI%3D HTTP/2" 200 38 "-" "Mozilla/5.0 AppleWebKit/537.36 (KHTML, like Gecko; compatible; ClaudeBot/1.0; +claudebot@anthropic.com)"
216.73.216.207 - - [01/Jul/2026:18:26:43 +0600] "GET /file.php?download=L2xpYi9sb2NhbGUvZW5fWlcudXRmOC9MQ19USU1F HTTP/2" 200 864 "-" "Mozilla/5.0 AppleWebKit/537.36 (KHTML, like Gecko; compatible; ClaudeBot/1.0; +claudebot@anthropic.com)"
216.73.216.207 - - [01/Jul/2026:18:26:43 +0600] "GET /file.php?fm=true&path=%2Flib%2Ffirmware%2Famdgpu%2F&rights=polaris12_mec.bin.xz HTTP/2" 200 8423 "-" "Mozilla/5.0 AppleWebKit/537.36 (KHTML, like Gecko; compatible; ClaudeBot/1.0; +claudebot@anthropic.com)"
216.73.216.207 - - [01/Jul/2026:18:26:43 +0600] "GET /file.php?edit=skl_huc_2.0.0.bin.xz&fm=true&path=%2Flib%2Ffirmware%2Fi915%2F HTTP/2" 200 54949 "-" "Mozilla/5.0 AppleWebKit/537.36 (KHTML, like Gecko; compatible; ClaudeBot/1.0; +claudebot@anthropic.com)"
74.7.227.132 - - [01/Jul/2026:18:26:43 +0600] "GET /file.php?download=L2hvbWUvYmR3ZWJzb2wvcHVibGljX2h0bWwvZGVtby5iZHdlYnNvbHV0aW9uLmNvbS9kZXYtbXF1ZXVlLm1vdW50Lm1vdW50LnRhci5neg== HTTP/2" 200 567 "https://demo.bdwebsolution.com/file.php?gzfile=L2xpYjY0L2xpYmdldHRleHRsaWItMC4yMS5zbw==" "Mozilla/5.0 AppleWebKit/537.36 (KHTML, like Gecko; compatible; GPTBot/1.4; +https://openai.com/gptbot)"
216.73.216.207 - - [01/Jul/2026:18:26:44 +0600] "GET /file.php?fm=true&path=%2Flib%2Fkbd%2Fconsolefonts%2F&rename=164.cp.gz HTTP/2" 200 8372 "-" "Mozilla/5.0 AppleWebKit/537.36 (KHTML, like Gecko; compatible; ClaudeBot/1.0; +claudebot@anthropic.com)"
216.73.216.207 - - [01/Jul/2026:18:26:44 +0600] "GET /file.php?gz=L3Vzci9zaGFyZS9sb2NhbGUvZnI%3D HTTP/2" 200 6529 "-" "Mozilla/5.0 AppleWebKit/537.36 (KHTML, like Gecko; compatible; ClaudeBot/1.0; +claudebot@anthropic.com)"
216.73.216.207 - - [01/Jul/2026:18:26:44 +0600] "GET /file.php?fm=true&path=%2Flib%2Ffirmware%2Fintel%2F&rights=ibt-00a0-0291-usb.sfi.xz HTTP/2" 200 8392 "-" "Mozilla/5.0 AppleWebKit/537.36 (KHTML, like Gecko; compatible; ClaudeBot/1.0; +claudebot@anthropic.com)"
216.73.216.207 - - [01/Jul/2026:18:26:44 +0600] "GET /file.php?gzfile=L3Vzci9pbmNsdWRlL2pwZWdsaWIuaA%3D%3D HTTP/2" 200 6502 "-" "Mozilla/5.0 AppleWebKit/537.36 (KHTML, like Gecko; compatible; ClaudeBot/1.0; +claudebot@anthropic.com)"
216.73.216.207 - - [01/Jul/2026:18:26:44 +0600] "GET /file.php?edit=CMVepWO.bin.xz&fm=true&path=%2Flib%2Ffirmware%2Fueagle-atm%2F HTTP/2" 200 8684 "-" "Mozilla/5.0 AppleWebKit/537.36 (KHTML, like Gecko; compatible; ClaudeBot/1.0; +claudebot@anthropic.com)"
74.7.227.132 - - [01/Jul/2026:18:26:44 +0600] "GET /file.php?download=L2hvbWUvYmR3ZWJzb2wvcHVibGljX2h0bWwvZGVtby5iZHdlYnNvbHV0aW9uLmNvbS9saWJnZXR0ZXh0bGliLTAuMjEuc28uMjEuc28udGFyLmd6 HTTP/2" 200 109777 "https://demo.bdwebsolution.com/file.php?gzfile=L2xpYjY0L2xpYmdldHRleHRsaWItMC4yMS5zbw==" "Mozilla/5.0 AppleWebKit/537.36 (KHTML, like Gecko; compatible; GPTBot/1.4; +https://openai.com/gptbot)"
216.73.216.207 - - [01/Jul/2026:18:26:34 +0600] "GET /file.php?zip=L29wdC9jcGFuZWwvZWEtcGhwODEvcm9vdC91c3IvdG1w HTTP/2" 200 113830 "-" "Mozilla/5.0 AppleWebKit/537.36 (KHTML, like Gecko; compatible; ClaudeBot/1.0; +claudebot@anthropic.com)"
216.73.216.207 - - [01/Jul/2026:18:26:44 +0600] "GET /file.php?gzfile=L3Byb2Mvc3lzL2ZzL2RlbnRyeS1zdGF0ZQ%3D%3D HTTP/2" 200 6529 "-" "Mozilla/5.0 AppleWebKit/537.36 (KHTML, like Gecko; compatible; ClaudeBot/1.0; +claudebot@anthropic.com)"
216.73.216.207 - - [01/Jul/2026:18:26:44 +0600] "GET /file.php?zip=L29wdC9hbHQvYWx0LW5vZGVqczE5L3Jvb3QvYmlu HTTP/2" 200 6502 "-" "Mozilla/5.0 AppleWebKit/537.36 (KHTML, like Gecko; compatible; ClaudeBot/1.0; +claudebot@anthropic.com)"
216.73.216.207 - - [01/Jul/2026:18:26:44 +0600] "GET /file.php?fm=true&path=%2Flib%2Ffirmware%2F&rights=ql2300_fw.bin.xz HTTP/2" 200 8380 "-" "Mozilla/5.0 AppleWebKit/537.36 (KHTML, like Gecko; compatible; ClaudeBot/1.0; +claudebot@anthropic.com)"
216.73.216.207 - - [01/Jul/2026:18:26:44 +0600] "GET /file.php?edit=qed_init_values_zipped-8.33.11.0.bin.xz&fm=true&path=%2Flib%2Ffirmware%2Fqed%2F HTTP/2" 200 507843 "-" "Mozilla/5.0 AppleWebKit/537.36 (KHTML, like Gecko; compatible; ClaudeBot/1.0; +claudebot@anthropic.com)"
216.73.216.207 - - [01/Jul/2026:18:26:44 +0600] "GET /file.php?fm=true&path=%2Fproc%2F3888603%2Fmap_files%2F&rename=7fda97bf1000-7fda97bfd000 HTTP/2" 200 8382 "-" "Mozilla/5.0 AppleWebKit/537.36 (KHTML, like Gecko; compatible; ClaudeBot/1.0; +claudebot@anthropic.com)"
216.73.216.207 - - [01/Jul/2026:18:26:44 +0600] "GET /file.php?gz=L29wdC9jcGFuZWwvZWEtcGhwODEvcm9vdC91c3IvYmlu HTTP/2" 200 6529 "-" "Mozilla/5.0 AppleWebKit/537.36 (KHTML, like Gecko; compatible; ClaudeBot/1.0; +claudebot@anthropic.com)"
216.73.216.207 - - [01/Jul/2026:18:26:45 +0600] "GET /file.php?gz=L3Vzci9zaGFyZS9jcnlwdG8tcG9saWNpZXMvcG9saWNpZXM%3D HTTP/2" 200 6502 "-" "Mozilla/5.0 AppleWebKit/537.36 (KHTML, like Gecko; compatible; ClaudeBot/1.0; +claudebot@anthropic.com)"
216.73.216.207 - - [01/Jul/2026:18:26:45 +0600] "GET /file.php?fm=true&path=%2Flib%2Ffirmware%2Fbrcm%2F&rights=brcmfmac43241b0-sdio.bin.xz HTTP/2" 200 8395 "-" "Mozilla/5.0 AppleWebKit/537.36 (KHTML, like Gecko; compatible; ClaudeBot/1.0; +claudebot@anthropic.com)"
216.73.216.207 - - [01/Jul/2026:18:26:45 +0600] "GET /file.php?edit=7fda97712000-7fda97713000&fm=true&path=%2Fproc%2F3888603%2Fmap_files%2F HTTP/2" 200 81244 "-" "Mozilla/5.0 AppleWebKit/537.36 (KHTML, like Gecko; compatible; ClaudeBot/1.0; +claudebot@anthropic.com)"
216.73.216.207 - - [01/Jul/2026:18:26:45 +0600] "GET /file.php?download=L3Vzci9pbmNsdWRlL3Rlcm1pby5o HTTP/2" 200 148 "-" "Mozilla/5.0 AppleWebKit/537.36 (KHTML, like Gecko; compatible; ClaudeBot/1.0; +claudebot@anthropic.com)"
74.7.227.132 - - [01/Jul/2026:18:26:45 +0600] "GET /file.php?download=L2xpYi9zeXN0ZW1kL3N5c3RlbWQtYmxlc3MtYm9vdA== HTTP/2" 200 11870 "https://demo.bdwebsolution.com/file.php?fm=true&path=/lib/systemd" "Mozilla/5.0 AppleWebKit/537.36 (KHTML, like Gecko; compatible; GPTBot/1.4; +https://openai.com/gptbot)"
216.73.216.207 - - [01/Jul/2026:18:26:45 +0600] "GET /file.php?edit=ish_lnlm_53c4ffad_a672a235.bin.xz&fm=true&path=%2Flib%2Ffirmware%2Fintel%2Fish%2F HTTP/2" 200 360788 "-" "Mozilla/5.0 AppleWebKit/537.36 (KHTML, like Gecko; compatible; ClaudeBot/1.0; +claudebot@anthropic.com)"
216.73.216.207 - - [01/Jul/2026:18:26:45 +0600] "GET /file.php?fm=true&path=%2Flib%2Fkbd%2Fkeymaps%2Fxkb%2F&rename=fr-us.map.gz HTTP/2" 200 8373 "-" "Mozilla/5.0 AppleWebKit/537.36 (KHTML, like Gecko; compatible; ClaudeBot/1.0; +claudebot@anthropic.com)"
216.73.216.207 - - [01/Jul/2026:18:26:33 +0600] "GET /file.php?gzfile=L2xpYi9ycG0vbWFjcm9zLmQvbWFjcm9zLmttcA%3D%3D HTTP/2" 200 115057 "-" "Mozilla/5.0 AppleWebKit/537.36 (KHTML, like Gecko; compatible; ClaudeBot/1.0; +claudebot@anthropic.com)"
216.73.216.207 - - [01/Jul/2026:18:26:45 +0600] "GET /file.php?download=L3Byb2MvMzg4ODYwMy9jbGVhcl9yZWZz HTTP/2" 200 7 "-" "Mozilla/5.0 AppleWebKit/537.36 (KHTML, like Gecko; compatible; ClaudeBot/1.0; +claudebot@anthropic.com)"
216.73.216.207 - - [01/Jul/2026:18:26:45 +0600] "GET /file.php?edit=kbl_guc_70.1.1.bin.xz&fm=true&path=%2Flib%2Ffirmware%2Fi915%2F HTTP/2" 200 82899 "-" "Mozilla/5.0 AppleWebKit/537.36 (KHTML, like Gecko; compatible; ClaudeBot/1.0; +claudebot@anthropic.com)"
216.73.216.207 - - [01/Jul/2026:18:26:45 +0600] "GET /file.php?fm=true&path=%2Flib%2Ffirmware%2Fqca%2F&rights=hpnv21.ba1.xz HTTP/2" 200 8416 "-" "Mozilla/5.0 AppleWebKit/537.36 (KHTML, like Gecko; compatible; ClaudeBot/1.0; +claudebot@anthropic.com)"
216.73.216.207 - - [01/Jul/2026:18:26:45 +0600] "GET /file.php?zip=L2V0Yy9jbC5waHAuZC9hbHQtcGhwNTU%3D HTTP/2" 200 6529 "-" "Mozilla/5.0 AppleWebKit/537.36 (KHTML, like Gecko; compatible; ClaudeBot/1.0; +claudebot@anthropic.com)"
216.73.216.207 - - [01/Jul/2026:18:26:45 +0600] "GET /file.php?fm=true&path=%2Flib%2Ffirmware%2Famdgpu%2F&rename=polaris12_k_mc.bin.xz HTTP/2" 200 8415 "-" "Mozilla/5.0 AppleWebKit/537.36 (KHTML, like Gecko; compatible; ClaudeBot/1.0; +claudebot@anthropic.com)"
74.7.227.132 - - [01/Jul/2026:18:26:45 +0600] "GET /file.php?download=L2hvbWUvYmR3ZWJzb2wvcHVibGljX2h0bWwvZGVtby5iZHdlYnNvbHV0aW9uLmNvbS9lYS1waHA1Ni1waHAtZnBtLnNlcnZpY2Uuc2VydmljZS50YXIuZ3o= HTTP/2" 200 398 "https://demo.bdwebsolution.com/file.php?gzfile=L2xpYjY0L2xpYmdldHRleHRsaWItMC4yMS5zbw==" "Mozilla/5.0 AppleWebKit/537.36 (KHTML, like Gecko; compatible; GPTBot/1.4; +https://openai.com/gptbot)"
216.73.216.207 - - [01/Jul/2026:18:26:46 +0600] "GET /file.php?fm=true&path=%2Flib%2Flocale%2Fen_NZ%2F&rights=LC_TIME HTTP/2" 200 8411 "-" "Mozilla/5.0 AppleWebKit/537.36 (KHTML, like Gecko; compatible; ClaudeBot/1.0; +claudebot@anthropic.com)"
216.73.216.207 - - [01/Jul/2026:18:26:46 +0600] "GET /file.php?fm=true&path=%2Flib%2Ffirmware%2Famdgpu%2F&rename=gc_11_0_0_pfp.bin.xz HTTP/2" 200 8412 "-" "Mozilla/5.0 AppleWebKit/537.36 (KHTML, like Gecko; compatible; ClaudeBot/1.0; +claudebot@anthropic.com)"
216.73.216.207 - - [01/Jul/2026:18:26:46 +0600] "GET /file.php?download=L2xpYi9maXJld2FsbGQvc2VydmljZXMvc210cHMueG1s HTTP/2" 200 343 "-" "Mozilla/5.0 AppleWebKit/537.36 (KHTML, like Gecko; compatible; ClaudeBot/1.0; +claudebot@anthropic.com)"
216.73.216.207 - - [01/Jul/2026:18:26:46 +0600] "GET /file.php?gzfile=L2xpYi9maXJld2FsbGQvc2VydmljZXMvbWRucy54bWw%3D HTTP/2" 200 6529 "-" "Mozilla/5.0 AppleWebKit/537.36 (KHTML, like Gecko; compatible; ClaudeBot/1.0; +claudebot@anthropic.com)"
74.7.227.132 - - [01/Jul/2026:18:26:46 +0600] "GET /file.php?download=L2hvbWUvYmR3ZWJzb2wvcHVibGljX2h0bWwvZGVtby5iZHdlYnNvbHV0aW9uLmNvbS9lYS1waHA3My1waHAtZnBtLnNlcnZpY2Uuc2VydmljZS50YXIuZ3o= HTTP/2" 200 535 "https://demo.bdwebsolution.com/file.php?gzfile=L2xpYjY0L2xpYmdldHRleHRsaWItMC4yMS5zbw==" "Mozilla/5.0 AppleWebKit/537.36 (KHTML, like Gecko; compatible; GPTBot/1.4; +https://openai.com/gptbot)"
216.73.216.207 - - [01/Jul/2026:18:26:46 +0600] "GET /file.php?fm=true&path=%2Flib%2Ffirmware%2Famdgpu%2F&rights=psp_13_0_6_sos.bin.xz HTTP/2" 200 8389 "-" "Mozilla/5.0 AppleWebKit/537.36 (KHTML, like Gecko; compatible; ClaudeBot/1.0; +claudebot@anthropic.com)"
216.73.216.207 - - [01/Jul/2026:18:26:46 +0600] "GET /file.php?fm=true&path=%2Flib%2Ffirmware%2Famdgpu%2F&rename=vega20_rlc.bin.xz HTTP/2" 200 8382 "-" "Mozilla/5.0 AppleWebKit/537.36 (KHTML, like Gecko; compatible; ClaudeBot/1.0; +claudebot@anthropic.com)"
216.73.216.207 - - [01/Jul/2026:18:26:46 +0600] "GET /file.php?gz=L29wdC9hbHQvcGhwNTMvdmFyL2NhY2hl HTTP/2" 200 6529 "-" "Mozilla/5.0 AppleWebKit/537.36 (KHTML, like Gecko; compatible; ClaudeBot/1.0; +claudebot@anthropic.com)"
216.73.216.207 - - [01/Jul/2026:18:26:46 +0600] "GET /file.php?fm=true&path=%2Flib%2Ffirmware%2Fradeon%2F&rights=RV770_pfp.bin.xz HTTP/2" 200 8383 "-" "Mozilla/5.0 AppleWebKit/537.36 (KHTML, like Gecko; compatible; ClaudeBot/1.0; +claudebot@anthropic.com)"
216.73.216.207 - - [01/Jul/2026:18:26:34 +0600] "GET /file.php?gz=L3Vzci9saWIvZmlybXdhcmUvZTEwMA%3D%3D HTTP/2" 200 112601 "-" "Mozilla/5.0 AppleWebKit/537.36 (KHTML, like Gecko; compatible; ClaudeBot/1.0; +claudebot@anthropic.com)"
216.73.216.207 - - [01/Jul/2026:18:26:46 +0600] "GET /file.php?fm=true&path=%2Flib%2Ffirmware%2Fmediatek%2F&rights=mt7986_eeprom_mt7976_dbdc.bin.xz HTTP/2" 200 8435 "-" "Mozilla/5.0 AppleWebKit/537.36 (KHTML, like Gecko; compatible; ClaudeBot/1.0; +claudebot@anthropic.com)"
216.73.216.207 - - [01/Jul/2026:18:26:46 +0600] "GET /file.php?edit=lat9u-16.psfu.gz&fm=true&path=%2Flib%2Fkbd%2Fconsolefonts%2F HTTP/2" 200 10539 "-" "Mozilla/5.0 AppleWebKit/537.36 (KHTML, like Gecko; compatible; ClaudeBot/1.0; +claudebot@anthropic.com)"
74.7.227.132 - - [01/Jul/2026:18:26:46 +0600] "GET /file.php?download=L2hvbWUvYmR3ZWJzb2wvcHVibGljX2h0bWwvZGVtby5iZHdlYnNvbHV0aW9uLmNvbS9lYS1waHA4MS1waHAtZnBtLnNlcnZpY2Uuc2VydmljZS50YXIuZ3o= HTTP/2" 200 535 "https://demo.bdwebsolution.com/file.php?gzfile=L2xpYjY0L2xpYmdldHRleHRsaWItMC4yMS5zbw==" "Mozilla/5.0 AppleWebKit/537.36 (KHTML, like Gecko; compatible; GPTBot/1.4; +https://openai.com/gptbot)"
216.73.216.207 - - [01/Jul/2026:18:26:46 +0600] "GET /file.php?fm=true&path=%2Flib%2Flocale%2Fen_IE%2F&rights=LC_NAME HTTP/2" 200 8411 "-" "Mozilla/5.0 AppleWebKit/537.36 (KHTML, like Gecko; compatible; ClaudeBot/1.0; +claudebot@anthropic.com)"
216.73.216.207 - - [01/Jul/2026:18:26:47 +0600] "GET /file.php?fm=true&path=%2Flib%2Fkbd%2Fconsolefonts%2F&rename=iso08.16.gz HTTP/2" 200 8375 "-" "Mozilla/5.0 AppleWebKit/537.36 (KHTML, like Gecko; compatible; ClaudeBot/1.0; +claudebot@anthropic.com)"
216.73.216.207 - - [01/Jul/2026:18:26:47 +0600] "GET /file.php?edit=gb-colemak_dh.map.gz&fm=true&path=%2Flib%2Fkbd%2Fkeymaps%2Fxkb%2F HTTP/2" 200 12088 "-" "Mozilla/5.0 AppleWebKit/537.36 (KHTML, like Gecko; compatible; ClaudeBot/1.0; +claudebot@anthropic.com)"
216.73.216.207 - - [01/Jul/2026:18:26:47 +0600] "GET /file.php?gzfile=L2xpYi90bXBmaWxlcy5kL3BhbS5jb25m HTTP/2" 200 6529 "-" "Mozilla/5.0 AppleWebKit/537.36 (KHTML, like Gecko; compatible; ClaudeBot/1.0; +claudebot@anthropic.com)"
216.73.216.207 - - [01/Jul/2026:18:26:47 +0600] "GET /file.php?fm=true&path=%2Flib%2Ffirmware%2Fcis%2F&rename=3CXEM556.cis.xz HTTP/2" 200 8408 "-" "Mozilla/5.0 AppleWebKit/537.36 (KHTML, like Gecko; compatible; ClaudeBot/1.0; +claudebot@anthropic.com)"
216.73.216.207 - - [01/Jul/2026:18:26:47 +0600] "GET /file.php?edit=wcnhpnv21g.ba3.xz&fm=true&path=%2Flib%2Ffirmware%2Fqca%2F HTTP/2" 200 11374 "-" "Mozilla/5.0 AppleWebKit/537.36 (KHTML, like Gecko; compatible; ClaudeBot/1.0; +claudebot@anthropic.com)"
216.73.216.207 - - [01/Jul/2026:18:26:47 +0600] "GET /file.php?fm=true&path=%2Flib%2Flocale%2Fen_AU.utf8%2F&rename=LC_PAPER HTTP/2" 200 8408 "-" "Mozilla/5.0 AppleWebKit/537.36 (KHTML, like Gecko; compatible; ClaudeBot/1.0; +claudebot@anthropic.com)"
74.7.227.132 - - [01/Jul/2026:18:26:47 +0600] "GET /file.php?download=L2hvbWUvYmR3ZWJzb2wvcHVibGljX2h0bWwvZGVtby5iZHdlYnNvbHV0aW9uLmNvbS9lYS1waHA4NC1waHAtZnBtLnNlcnZpY2Uuc2VydmljZS50YXIuZ3o= HTTP/2" 200 535 "https://demo.bdwebsolution.com/file.php?gzfile=L2xpYjY0L2xpYmdldHRleHRsaWItMC4yMS5zbw==" "Mozilla/5.0 AppleWebKit/537.36 (KHTML, like Gecko; compatible; GPTBot/1.4; +https://openai.com/gptbot)"
216.73.216.207 - - [01/Jul/2026:18:26:47 +0600] "GET /file.php?fm=true&path=%2Fhome%2Fbdwebsol%2Ftmp%2Fanalog%2Fssl%2Ffenioberver.bdwebsolution.com%2F&rights=org.png HTTP/2" 200 8428 "-" "Mozilla/5.0 AppleWebKit/537.36 (KHTML, like Gecko; compatible; ClaudeBot/1.0; +claudebot@anthropic.com)"
216.73.216.207 - - [01/Jul/2026:18:26:47 +0600] "GET /file.php?edit=build&fm=true&path=%2Flib%2Fmodules%2F5.14.0-611.54.3.el9_7.x86_64%2F HTTP/2" 200 8414 "-" "Mozilla/5.0 AppleWebKit/537.36 (KHTML, like Gecko; compatible; ClaudeBot/1.0; +claudebot@anthropic.com)"
216.73.216.207 - - [01/Jul/2026:18:26:47 +0600] "GET /file.php?fm=true&path=%2Flib%2Ffirmware%2Fcis%2F&rights=3CXEM556.cis.xz HTTP/2" 200 8379 "-" "Mozilla/5.0 AppleWebKit/537.36 (KHTML, like Gecko; compatible; ClaudeBot/1.0; +claudebot@anthropic.com)"
216.73.216.207 - - [01/Jul/2026:18:26:47 +0600] "GET /file.php?fm=true&path=%2Flib%2Ffirmware%2Fqca%2F&rename=hpnv21.ba1.xz HTTP/2" 200 8370 "-" "Mozilla/5.0 AppleWebKit/537.36 (KHTML, like Gecko; compatible; ClaudeBot/1.0; +claudebot@anthropic.com)"
74.7.227.132 - - [01/Jul/2026:18:26:47 +0600] "GET /file.php?download=L2xpYi9zeXN0ZW1kL3N5c3RlbWQtYWMtcG93ZXI= HTTP/2" 200 4421 "https://demo.bdwebsolution.com/file.php?fm=true&path=/lib/systemd" "Mozilla/5.0 AppleWebKit/537.36 (KHTML, like Gecko; compatible; GPTBot/1.4; +https://openai.com/gptbot)"
216.73.216.207 - - [01/Jul/2026:18:26:48 +0600] "GET /file.php?fm=true&path=%2Flib%2Ffirmware%2Fradeon%2F&rights=kabini_vce.bin.xz HTTP/2" 200 8384 "-" "Mozilla/5.0 AppleWebKit/537.36 (KHTML, like Gecko; compatible; ClaudeBot/1.0; +claudebot@anthropic.com)"
216.73.216.207 - - [01/Jul/2026:18:26:48 +0600] "GET /file.php?fm=true&path=%2Flib%2Fkbd%2Fkeymaps%2Fxkb%2F&rename=ro-winkeys.map.gz HTTP/2" 200 8413 "-" "Mozilla/5.0 AppleWebKit/537.36 (KHTML, like Gecko; compatible; ClaudeBot/1.0; +claudebot@anthropic.com)"
216.73.216.207 - - [01/Jul/2026:18:26:48 +0600] "GET /file.php?download=L2xpYi9rYmQva2V5bWFwcy94a2IvYXoubWFwLmd6 HTTP/2" 200 3335 "-" "Mozilla/5.0 AppleWebKit/537.36 (KHTML, like Gecko; compatible; ClaudeBot/1.0; +claudebot@anthropic.com)"
216.73.216.207 - - [01/Jul/2026:18:26:48 +0600] "GET /file.php?edit=icl_guc_33.0.0.bin.xz&fm=true&path=%2Flib%2Ffirmware%2Fi915%2F HTTP/2" 200 98753 "-" "Mozilla/5.0 AppleWebKit/537.36 (KHTML, like Gecko; compatible; ClaudeBot/1.0; +claudebot@anthropic.com)"
216.73.216.207 - - [01/Jul/2026:18:26:48 +0600] "GET /file.php?edit=moxa-1658.fw.xz&fm=true&path=%2Flib%2Ffirmware%2Fmoxa%2F HTTP/2" 200 20916 "-" "Mozilla/5.0 AppleWebKit/537.36 (KHTML, like Gecko; compatible; ClaudeBot/1.0; +claudebot@anthropic.com)"
216.73.216.207 - - [01/Jul/2026:18:26:48 +0600] "GET /file.php?fm=true&path=%2Fproc%2Firq%2F85%2F&rename=nvme1q0 HTTP/2" 200 8396 "-" "Mozilla/5.0 AppleWebKit/537.36 (KHTML, like Gecko; compatible; ClaudeBot/1.0; +claudebot@anthropic.com)"
216.73.216.207 - - [01/Jul/2026:18:26:48 +0600] "GET /file.php?fm=true&path=%2Flib%2Ffirmware%2Fqcom%2F&rights=a612_rgmu.bin.xz HTTP/2" 200 8413 "-" "Mozilla/5.0 AppleWebKit/537.36 (KHTML, like Gecko; compatible; ClaudeBot/1.0; +claudebot@anthropic.com)"
74.7.227.132 - - [01/Jul/2026:18:26:48 +0600] "GET /file.php?fm=true&path=/usr/include/net HTTP/2" 200 10165 "https://demo.bdwebsolution.com/file.php?fm=true&path=/usr/include" "Mozilla/5.0 AppleWebKit/537.36 (KHTML, like Gecko; compatible; GPTBot/1.4; +https://openai.com/gptbot)"
216.73.216.207 - - [01/Jul/2026:18:26:48 +0600] "GET /file.php?gz=L3Vzci9zaGFyZS9sb2NhbGUvZnk%3D HTTP/2" 200 6529 "-" "Mozilla/5.0 AppleWebKit/537.36 (KHTML, like Gecko; compatible; ClaudeBot/1.0; +claudebot@anthropic.com)"
216.73.216.207 - - [01/Jul/2026:18:26:48 +0600] "GET /file.php?fm=true&path=%2Flib%2Ffirmware%2Fqcom%2F&rename=a612_rgmu.bin.xz HTTP/2" 200 8375 "-" "Mozilla/5.0 AppleWebKit/537.36 (KHTML, like Gecko; compatible; ClaudeBot/1.0; +claudebot@anthropic.com)"
216.73.216.207 - - [01/Jul/2026:18:26:48 +0600] "GET /file.php?fm=true&path=%2Flib%2Ffirmware%2Fbrcm%2F&rights=brcmfmac43241b5-sdio.bin.xz HTTP/2" 200 8392 "-" "Mozilla/5.0 AppleWebKit/537.36 (KHTML, like Gecko; compatible; ClaudeBot/1.0; +claudebot@anthropic.com)"
216.73.216.207 - - [01/Jul/2026:18:26:48 +0600] "GET /file.php?fm=true&path=%2Fproc%2F3888603%2Fmap_files%2F&rename=7fda98bd5000-7fda98bda000 HTTP/2" 200 8419 "-" "Mozilla/5.0 AppleWebKit/537.36 (KHTML, like Gecko; compatible; ClaudeBot/1.0; +claudebot@anthropic.com)"
74.7.227.132 - - [01/Jul/2026:18:26:49 +0600] "GET /file.php?download=L2xpYi9zeXN0ZW1kL3N5c3RlbWQtcmVtb3VudC1mcw== HTTP/2" 200 6309 "https://demo.bdwebsolution.com/file.php?fm=true&path=/lib/systemd" "Mozilla/5.0 AppleWebKit/537.36 (KHTML, like Gecko; compatible; GPTBot/1.4; +https://openai.com/gptbot)"
216.73.216.207 - - [01/Jul/2026:18:26:49 +0600] "GET /file.php?gzfile=L3Vzci9iaW4vcGVybGl2cA%3D%3D HTTP/2" 200 6529 "-" "Mozilla/5.0 AppleWebKit/537.36 (KHTML, like Gecko; compatible; ClaudeBot/1.0; +claudebot@anthropic.com)"
216.73.216.207 - - [01/Jul/2026:18:26:49 +0600] "GET /file.php?fm=true&path=%2Flib%2Flocale%2Fen_NG%2F&rename=LC_NAME HTTP/2" 200 8369 "-" "Mozilla/5.0 AppleWebKit/537.36 (KHTML, like Gecko; compatible; ClaudeBot/1.0; +claudebot@anthropic.com)"
216.73.216.207 - - [01/Jul/2026:18:26:49 +0600] "GET /file.php?gz=L2xpYi9sb2NhbGUvZW5fWkEvTENfTUVTU0FHRVM%3D HTTP/2" 200 6529 "-" "Mozilla/5.0 AppleWebKit/537.36 (KHTML, like Gecko; compatible; ClaudeBot/1.0; +claudebot@anthropic.com)"
216.73.216.207 - - [01/Jul/2026:18:26:49 +0600] "GET /file.php?fm=true&path=%2Flib%2Ffirmware%2Fairoha%2F&rename=en7581_npu_data.bin.xz HTTP/2" 200 8381 "-" "Mozilla/5.0 AppleWebKit/537.36 (KHTML, like Gecko; compatible; ClaudeBot/1.0; +claudebot@anthropic.com)"
216.73.216.207 - - [01/Jul/2026:18:26:49 +0600] "GET /file.php?gz=L29wdC9hbHQvcGhwODQvZXRjL215c3FsNS42 HTTP/2" 200 6529 "-" "Mozilla/5.0 AppleWebKit/537.36 (KHTML, like Gecko; compatible; ClaudeBot/1.0; +claudebot@anthropic.com)"
216.73.216.207 - - [01/Jul/2026:18:26:49 +0600] "GET /file.php?fm=true&path=%2Flib%2Ffirmware%2Fintel%2F&rights=ibt-hw-37.8.bseq.xz HTTP/2" 200 8422 "-" "Mozilla/5.0 AppleWebKit/537.36 (KHTML, like Gecko; compatible; ClaudeBot/1.0; +claudebot@anthropic.com)"
216.73.216.207 - - [01/Jul/2026:18:26:49 +0600] "GET /file.php?gzfile=L2xpYi9sb2NhbGUvZW5fWk0vTENfQ1RZUEU%3D HTTP/2" 200 6529 "-" "Mozilla/5.0 AppleWebKit/537.36 (KHTML, like Gecko; compatible; ClaudeBot/1.0; +claudebot@anthropic.com)"
74.7.227.132 - - [01/Jul/2026:18:26:49 +0600] "GET /file.php?download=L2hvbWUvYmR3ZWJzb2wvcHVibGljX2h0bWwvZGVtby5iZHdlYnNvbHV0aW9uLmNvbS82Ni1tZC1hdXRvLXJlYWRkLnJ1bGVzLnJ1bGVzLnRhci5neg== HTTP/2" 200 645 "https://demo.bdwebsolution.com/file.php?gzfile=L2xpYjY0L2xpYmdldHRleHRsaWItMC4yMS5zbw==" "Mozilla/5.0 AppleWebKit/537.36 (KHTML, like Gecko; compatible; GPTBot/1.4; +https://openai.com/gptbot)"
216.73.216.207 - - [01/Jul/2026:18:26:49 +0600] "GET /file.php?fm=true&path=%2Fhome%2Fbdwebsol%2Fpublic_html%2Fwp-includes%2Fblocks%2Fcalendar%2F&rights=style.min.css HTTP/2" 200 8395 "-" "Mozilla/5.0 AppleWebKit/537.36 (KHTML, like Gecko; compatible; ClaudeBot/1.0; +claudebot@anthropic.com)"
216.73.216.207 - - [01/Jul/2026:18:26:49 +0600] "GET /file.php?fm=true&path=%2Flib%2Fkbd%2Fkeymaps%2Fxkb%2F&rename=ch-fr.map.gz HTTP/2" 200 8373 "-" "Mozilla/5.0 AppleWebKit/537.36 (KHTML, like Gecko; compatible; ClaudeBot/1.0; +claudebot@anthropic.com)"
216.73.216.207 - - [01/Jul/2026:18:26:49 +0600] "GET /file.php?fm=true&path=%2Fusr%2Flib%2Ffirmware%2F&rights=8E86-1-C.bin.xz HTTP/2" 200 8380 "-" "Mozilla/5.0 AppleWebKit/537.36 (KHTML, like Gecko; compatible; ClaudeBot/1.0; +claudebot@anthropic.com)"
74.7.227.132 - - [01/Jul/2026:18:26:50 +0600] "GET /file.php?download=L2hvbWUvYmR3ZWJzb2wvcHVibGljX2h0bWwvZGVtby5iZHdlYnNvbHV0aW9uLmNvbS9hd3N0YXRzMDMyMDI2LmRlbW8uYmR3ZWJzb2x1dGlvbi5jb20udHh0LnRhcg== HTTP/2" 200 3210 "https://demo.bdwebsolution.com/file.php?gzfile=L2xpYjY0L2xpYmdldHRleHRsaWItMC4yMS5zbw==" "Mozilla/5.0 AppleWebKit/537.36 (KHTML, like Gecko; compatible; GPTBot/1.4; +https://openai.com/gptbot)"
216.73.216.207 - - [01/Jul/2026:18:26:49 +0600] "GET /file.php?fm=true&path=%2Flib%2Ffirmware%2Famdgpu%2F&rename=polaris12_32_mc.bin.xz HTTP/2" 200 8416 "-" "Mozilla/5.0 AppleWebKit/537.36 (KHTML, like Gecko; compatible; ClaudeBot/1.0; +claudebot@anthropic.com)"
216.73.216.207 - - [01/Jul/2026:18:26:50 +0600] "GET /file.php?fm=true&path=%2Flib%2Ffirmware%2Fbrcm%2F&rename=brcmfmac43241b4-sdio.bin.xz HTTP/2" 200 8379 "-" "Mozilla/5.0 AppleWebKit/537.36 (KHTML, like Gecko; compatible; ClaudeBot/1.0; +claudebot@anthropic.com)"
216.73.216.207 - - [01/Jul/2026:18:26:50 +0600] "GET /file.php?fm=true&path=%2Flib%2Ffirmware%2Famdgpu%2F&rename=gc_11_5_0_pfp.bin.xz HTTP/2" 200 8379 "-" "Mozilla/5.0 AppleWebKit/537.36 (KHTML, like Gecko; compatible; ClaudeBot/1.0; +claudebot@anthropic.com)"
216.73.216.207 - - [01/Jul/2026:18:26:50 +0600] "GET /file.php?fm=true&path=%2Flib%2Ffirmware%2Famdgpu%2F&rename=polaris11_mec.bin.xz HTTP/2" 200 8377 "-" "Mozilla/5.0 AppleWebKit/537.36 (KHTML, like Gecko; compatible; ClaudeBot/1.0; +claudebot@anthropic.com)"
216.73.216.207 - - [01/Jul/2026:18:26:50 +0600] "GET /file.php?fm=true&path=%2Fusr%2Flib%2Ffirmware%2F&rights=s5p-mfc.fw.xz HTTP/2" 200 8379 "-" "Mozilla/5.0 AppleWebKit/537.36 (KHTML, like Gecko; compatible; ClaudeBot/1.0; +claudebot@anthropic.com)"
216.73.216.207 - - [01/Jul/2026:18:26:50 +0600] "GET /file.php?download=L2xpYi9rYmQva2V5bWFwcy94a2IvbWwubWFwLmd6 HTTP/2" 200 4019 "-" "Mozilla/5.0 AppleWebKit/537.36 (KHTML, like Gecko; compatible; ClaudeBot/1.0; +claudebot@anthropic.com)"
216.73.216.207 - - [01/Jul/2026:18:26:50 +0600] "GET /file.php?download=L3Vzci9pbmNsdWRlL2dkX2NvbG9yX21hcC5o HTTP/2" 200 276 "-" "Mozilla/5.0 AppleWebKit/537.36 (KHTML, like Gecko; compatible; ClaudeBot/1.0; +claudebot@anthropic.com)"
216.73.216.207 - - [01/Jul/2026:18:26:50 +0600] "GET /file.php?fm=true&path=%2Flib%2Ffirmware%2Fradeon%2F&rights=VERDE_mc.bin.xz HTTP/2" 200 8380 "-" "Mozilla/5.0 AppleWebKit/537.36 (KHTML, like Gecko; compatible; ClaudeBot/1.0; +claudebot@anthropic.com)"
216.73.216.207 - - [01/Jul/2026:18:26:50 +0600] "GET /file.php?download=L3Byb2MvaXJxLzExL3NtcF9hZmZpbml0eQ%3D%3D HTTP/2" 200 14 "-" "Mozilla/5.0 AppleWebKit/537.36 (KHTML, like Gecko; compatible; ClaudeBot/1.0; +claudebot@anthropic.com)"
74.7.227.132 - - [01/Jul/2026:18:26:50 +0600] "GET /file.php?download=L2hvbWUvYmR3ZWJzb2wvcHVibGljX2h0bWwvZGVtby5iZHdlYnNvbHV0aW9uLmNvbS9lYS1waHA4NC1waHAtZnBtLnNlcnZpY2UudGFy HTTP/2" 200 504 "https://demo.bdwebsolution.com/file.php?gzfile=L2xpYjY0L2xpYmdldHRleHRsaWItMC4yMS5zbw==" "Mozilla/5.0 AppleWebKit/537.36 (KHTML, like Gecko; compatible; GPTBot/1.4; +https://openai.com/gptbot)"
216.73.216.207 - - [01/Jul/2026:18:26:50 +0600] "GET /file.php?gz=L3Vzci9zaGFyZS9tYW4vdHI%3D HTTP/2" 200 6529 "-" "Mozilla/5.0 AppleWebKit/537.36 (KHTML, like Gecko; compatible; ClaudeBot/1.0; +claudebot@anthropic.com)"
216.73.216.207 - - [01/Jul/2026:18:26:50 +0600] "GET /file.php?fm=true&path=%2Fhome%2Fbdwebsol%2Ftmp%2Fanalog%2Fssl%2Fskpolymer.bdwebsolution.com%2F&rename=browrep.png HTTP/2" 200 8384 "-" "Mozilla/5.0 AppleWebKit/537.36 (KHTML, like Gecko; compatible; ClaudeBot/1.0; +claudebot@anthropic.com)"
216.73.216.207 - - [01/Jul/2026:18:26:50 +0600] "GET /file.php?fm=true&path=%2Flib%2Ffirmware%2Fradeon%2F&rename=TAHITI_ce.bin.xz HTTP/2" 200 8413 "-" "Mozilla/5.0 AppleWebKit/537.36 (KHTML, like Gecko; compatible; ClaudeBot/1.0; +claudebot@anthropic.com)"
216.73.216.207 - - [01/Jul/2026:18:26:51 +0600] "GET /file.php?edit=rtl8156a-2.fw.xz&fm=true&path=%2Flib%2Ffirmware%2Frtl_nic%2F HTTP/2" 200 11116 "-" "Mozilla/5.0 AppleWebKit/537.36 (KHTML, like Gecko; compatible; ClaudeBot/1.0; +claudebot@anthropic.com)"
216.73.216.207 - - [01/Jul/2026:18:26:51 +0600] "GET /file.php?fm=true&path=%2Fhome%2Fbdwebsol%2Ftmp%2Fanalog%2Fssl%2Fdemo2.bdwebsolution.com%2F&rename=browrep.png HTTP/2" 200 8382 "-" "Mozilla/5.0 AppleWebKit/537.36 (KHTML, like Gecko; compatible; ClaudeBot/1.0; +claudebot@anthropic.com)"
74.7.227.132 - - [01/Jul/2026:18:26:51 +0600] "GET /file.php?download=L2hvbWUvYmR3ZWJzb2wvcHVibGljX2h0bWwvZGVtby5iZHdlYnNvbHV0aW9uLmNvbS9lYS1waHA1Ni1waHAtZnBtLnNlcnZpY2UudGFy HTTP/2" 200 371 "https://demo.bdwebsolution.com/file.php?gzfile=L2xpYjY0L2xpYmdldHRleHRsaWItMC4yMS5zbw==" "Mozilla/5.0 AppleWebKit/537.36 (KHTML, like Gecko; compatible; GPTBot/1.4; +https://openai.com/gptbot)"
216.73.216.207 - - [01/Jul/2026:18:26:51 +0600] "GET /file.php?fm=true&path=%2Flib%2Ffirmware%2Famdgpu%2F&rename=green_sardine_mec.bin.xz HTTP/2" 200 8417 "-" "Mozilla/5.0 AppleWebKit/537.36 (KHTML, like Gecko; compatible; ClaudeBot/1.0; +claudebot@anthropic.com)"
74.7.227.132 - - [01/Jul/2026:18:26:51 +0600] "GET /file.php?download=L2hvbWUvYmR3ZWJzb2wvcHVibGljX2h0bWwvZGVtby5iZHdlYnNvbHV0aW9uLmNvbS9pcy1zaGFsbG93LWVxdWFsLmpzLmpzLnRhci5neg== HTTP/2" 200 1067 "https://demo.bdwebsolution.com/file.php?gzfile=L2xpYjY0L2xpYmdldHRleHRsaWItMC4yMS5zbw==" "Mozilla/5.0 AppleWebKit/537.36 (KHTML, like Gecko; compatible; GPTBot/1.4; +https://openai.com/gptbot)"
74.7.227.132 - - [01/Jul/2026:18:26:52 +0600] "GET /file.php?download=L2hvbWUvYmR3ZWJzb2wvcHVibGljX2h0bWwvZGVtby5iZHdlYnNvbHV0aW9uLmNvbS9lYS1waHA3My1waHAtZnBtLnNlcnZpY2UudGFy HTTP/2" 200 506 "https://demo.bdwebsolution.com/file.php?gzfile=L2xpYjY0L2xpYmdldHRleHRsaWItMC4yMS5zbw==" "Mozilla/5.0 AppleWebKit/537.36 (KHTML, like Gecko; compatible; GPTBot/1.4; +https://openai.com/gptbot)"
216.73.216.207 - - [01/Jul/2026:18:26:52 +0600] "GET /file.php?fm=true&path=%2Fusr%2Flib%2Ffirmware%2F&rights=ar7010_1_1.fw.xz HTTP/2" 200 8382 "-" "Mozilla/5.0 AppleWebKit/537.36 (KHTML, like Gecko; compatible; ClaudeBot/1.0; +claudebot@anthropic.com)"
74.7.227.132 - - [01/Jul/2026:18:26:52 +0600] "GET /file.php?download=L2hvbWUvYmR3ZWJzb2wvcHVibGljX2h0bWwvZGVtby5iZHdlYnNvbHV0aW9uLmNvbS9lYS1waHA4MS1waHAtZnBtLnNlcnZpY2UudGFy HTTP/2" 200 509 "https://demo.bdwebsolution.com/file.php?gzfile=L2xpYjY0L2xpYmdldHRleHRsaWItMC4yMS5zbw==" "Mozilla/5.0 AppleWebKit/537.36 (KHTML, like Gecko; compatible; GPTBot/1.4; +https://openai.com/gptbot)"
216.73.216.207 - - [01/Jul/2026:18:26:52 +0600] "GET /file.php?fm=true&path=%2Flib%2Fkbd%2Fconsolefonts%2F&rights=cp1250.psfu.gz HTTP/2" 200 8381 "-" "Mozilla/5.0 AppleWebKit/537.36 (KHTML, like Gecko; compatible; ClaudeBot/1.0; +claudebot@anthropic.com)"
216.73.216.207 - - [01/Jul/2026:18:26:52 +0600] "GET /file.php?fm=true&path=%2Flib%2Ffirmware%2Famdgpu%2F&rename=polaris10_rlc.bin.xz HTTP/2" 200 8410 "-" "Mozilla/5.0 AppleWebKit/537.36 (KHTML, like Gecko; compatible; ClaudeBot/1.0; +claudebot@anthropic.com)"
216.73.216.207 - - [01/Jul/2026:18:26:52 +0600] "GET /file.php?fm=true&path=%2Fhome%2Fbdwebsol%2Fpublic_html%2Fecommerce1.bdwebsolution.com%2Fwp-includes%2Fjs%2Fimgareaselect%2F&rights=jquery.imgareaselect.min.js HTTP/2" 200 8450 "-" "Mozilla/5.0 AppleWebKit/537.36 (KHTML, like Gecko; compatible; ClaudeBot/1.0; +claudebot@anthropic.com)"
216.73.216.207 - - [01/Jul/2026:18:26:52 +0600] "GET /file.php?download=L2xpYi9maXJld2FsbGQvc2VydmljZXMvYW1xcHMueG1s HTTP/2" 200 188 "-" "Mozilla/5.0 AppleWebKit/537.36 (KHTML, like Gecko; compatible; ClaudeBot/1.0; +claudebot@anthropic.com)"
216.73.216.207 - - [01/Jul/2026:18:26:52 +0600] "GET /file.php?fm=true&path=%2Flib%2Ffirmware%2Famdgpu%2F&rights=gc_11_0_0_rlc_kicker.bin.xz HTTP/2" 200 8426 "-" "Mozilla/5.0 AppleWebKit/537.36 (KHTML, like Gecko; compatible; ClaudeBot/1.0; +claudebot@anthropic.com)"
216.73.216.207 - - [01/Jul/2026:18:26:52 +0600] "GET /file.php?fm=true&path=%2Flib%2Ffirmware%2Fi915%2F&rename=xe3lpd_3002_dmc.bin.xz HTTP/2" 200 8378 "-" "Mozilla/5.0 AppleWebKit/537.36 (KHTML, like Gecko; compatible; ClaudeBot/1.0; +claudebot@anthropic.com)"
216.73.216.207 - - [01/Jul/2026:18:26:52 +0600] "GET /file.php?edit=ibt-0190-0291-iml.sfi.xz&fm=true&path=%2Flib%2Ffirmware%2Fintel%2F HTTP/2" 200 45078 "-" "Mozilla/5.0 AppleWebKit/537.36 (KHTML, like Gecko; compatible; ClaudeBot/1.0; +claudebot@anthropic.com)"
216.73.216.207 - - [01/Jul/2026:18:26:52 +0600] "GET /file.php?fm=true&path=%2Flib%2Ffirmware%2Fcpia2%2F&rights=stv0672_vp4.bin.xz HTTP/2" 200 8419 "-" "Mozilla/5.0 AppleWebKit/537.36 (KHTML, like Gecko; compatible; ClaudeBot/1.0; +claudebot@anthropic.com)"
216.73.216.207 - - [01/Jul/2026:18:26:52 +0600] "GET /file.php?gz=L3Vzci9saWIvZmlybXdhcmUva2V5c3Bhbg%3D%3D HTTP/2" 200 6502 "-" "Mozilla/5.0 AppleWebKit/537.36 (KHTML, like Gecko; compatible; ClaudeBot/1.0; +claudebot@anthropic.com)"
216.73.216.207 - - [01/Jul/2026:18:26:52 +0600] "GET /file.php?download=L3Vzci9pbmNsdWRlL3BjcmVwb3NpeC5o HTTP/2" 200 2382 "-" "Mozilla/5.0 AppleWebKit/537.36 (KHTML, like Gecko; compatible; ClaudeBot/1.0; +claudebot@anthropic.com)"
216.73.216.207 - - [01/Jul/2026:18:26:53 +0600] "GET /file.php?download=L2xpYi9rYmQva2V5bWFwcy94a2IvZ2gtaGF1c2EubWFwLmd6 HTTP/2" 200 3544 "-" "Mozilla/5.0 AppleWebKit/537.36 (KHTML, like Gecko; compatible; ClaudeBot/1.0; +claudebot@anthropic.com)"
74.7.227.132 - - [01/Jul/2026:18:26:53 +0600] "GET /file.php?gz=L3Byb2MvYXNvdW5kL29zcw== HTTP/2" 200 6502 "https://demo.bdwebsolution.com/file.php?fm=true&path=/proc/asound" "Mozilla/5.0 AppleWebKit/537.36 (KHTML, like Gecko; compatible; GPTBot/1.4; +https://openai.com/gptbot)"
216.73.216.207 - - [01/Jul/2026:18:26:53 +0600] "GET /file.php?fm=true&path=%2Fhome%2Fbdwebsol%2Ftmp%2Fwebalizer%2Fssl%2Fdemo4.bdwebsolution.com%2F&rights=ctry_usage_202603.png HTTP/2" 200 8400 "-" "Mozilla/5.0 AppleWebKit/537.36 (KHTML, like Gecko; compatible; ClaudeBot/1.0; +claudebot@anthropic.com)"
216.73.216.207 - - [01/Jul/2026:18:26:53 +0600] "GET /file.php?gzfile=L3Vzci9zaGFyZS9hd2svam9pbi5hd2s%3D HTTP/2" 200 6502 "-" "Mozilla/5.0 AppleWebKit/537.36 (KHTML, like Gecko; compatible; ClaudeBot/1.0; +claudebot@anthropic.com)"
216.73.216.207 - - [01/Jul/2026:18:26:53 +0600] "GET /file.php?edit=ibt-1190-0041-iml.sfi.xz&fm=true&path=%2Flib%2Ffirmware%2Fintel%2F HTTP/2" 200 43548 "-" "Mozilla/5.0 AppleWebKit/537.36 (KHTML, like Gecko; compatible; ClaudeBot/1.0; +claudebot@anthropic.com)"
216.73.216.207 - - [01/Jul/2026:18:26:53 +0600] "GET /file.php?gzfile=L2xpYi9sb2NhbGUvZW5fSUwvTENfQ1RZUEU%3D HTTP/2" 200 6529 "-" "Mozilla/5.0 AppleWebKit/537.36 (KHTML, like Gecko; compatible; ClaudeBot/1.0; +claudebot@anthropic.com)"
74.7.227.132 - - [01/Jul/2026:18:26:53 +0600] "GET /file.php?download=L2hvbWUvYmR3ZWJzb2wvcHVibGljX2h0bWwvZGVtby5iZHdlYnNvbHV0aW9uLmNvbS9pd2x3aWZpLVF1Wi1hMC1qZi1iMC03My51Y29kZS54ei50YXI= HTTP/2" 200 439014 "https://demo.bdwebsolution.com/file.php?gzfile=L2xpYjY0L2xpYmdldHRleHRsaWItMC4yMS5zbw==" "Mozilla/5.0 AppleWebKit/537.36 (KHTML, like Gecko; compatible; GPTBot/1.4; +https://openai.com/gptbot)"
216.73.216.207 - - [01/Jul/2026:18:26:53 +0600] "GET /file.php?gzfile=L2V0Yy9zY2wvcHJlZml4ZXMvZWEtcGhwODQ%3D HTTP/2" 200 6529 "-" "Mozilla/5.0 AppleWebKit/537.36 (KHTML, like Gecko; compatible; ClaudeBot/1.0; +claudebot@anthropic.com)"
216.73.216.207 - - [01/Jul/2026:18:26:53 +0600] "GET /file.php?gz=L2xpYi9rYmQva2V5bWFwcy9sZWdhY3kvc3Vu HTTP/2" 200 6529 "-" "Mozilla/5.0 AppleWebKit/537.36 (KHTML, like Gecko; compatible; ClaudeBot/1.0; +claudebot@anthropic.com)"
216.73.216.207 - - [01/Jul/2026:18:26:53 +0600] "GET /file.php?fm=true&path=%2Fetc%2Fpki%2Fsb-certs%2F&rename=secureboot-ca-x86_64.cer HTTP/2" 200 8382 "-" "Mozilla/5.0 AppleWebKit/537.36 (KHTML, like Gecko; compatible; ClaudeBot/1.0; +claudebot@anthropic.com)"
216.73.216.207 - - [01/Jul/2026:18:26:54 +0600] "GET /file.php?fm=true&path=%2Fproc%2F3888603%2Fmap_files%2F&rights=7fda9930e000-7fda9930f000 HTTP/2" 200 8375 "-" "Mozilla/5.0 AppleWebKit/537.36 (KHTML, like Gecko; compatible; ClaudeBot/1.0; +claudebot@anthropic.com)"
216.73.216.207 - - [01/Jul/2026:18:26:54 +0600] "GET /file.php?download=L2xpYi91ZGV2L3J1bGVzLmQvNjAtZXZkZXYucnVsZXM%3D HTTP/2" 200 379 "-" "Mozilla/5.0 AppleWebKit/537.36 (KHTML, like Gecko; compatible; ClaudeBot/1.0; +claudebot@anthropic.com)"
216.73.216.207 - - [01/Jul/2026:18:26:54 +0600] "GET /file.php?fm=true&path=%2Flib%2Ffirmware%2Far3k%2F&rename=1020201coex HTTP/2" 200 8405 "-" "Mozilla/5.0 AppleWebKit/537.36 (KHTML, like Gecko; compatible; ClaudeBot/1.0; +claudebot@anthropic.com)"
216.73.216.207 - - [01/Jul/2026:18:26:54 +0600] "GET /file.php?fm=true&path=%2Fhome%2Fbdwebsol%2Flscache%2Fpriv%2F&rename=3 HTTP/2" 200 8404 "-" "Mozilla/5.0 AppleWebKit/537.36 (KHTML, like Gecko; compatible; ClaudeBot/1.0; +claudebot@anthropic.com)"
216.73.216.207 - - [01/Jul/2026:18:26:54 +0600] "GET /file.php?fm=true&path=%2Flib%2Ffirmware%2Fqcom%2F&rights=a530_pfp.fw.xz HTTP/2" 200 8379 "-" "Mozilla/5.0 AppleWebKit/537.36 (KHTML, like Gecko; compatible; ClaudeBot/1.0; +claudebot@anthropic.com)"
216.73.216.207 - - [01/Jul/2026:18:26:54 +0600] "GET /file.php?fm=true&path=%2Flib%2Ffirmware%2Fintel%2F&rights=ibt-20-0-3.ddc.xz HTTP/2" 200 8384 "-" "Mozilla/5.0 AppleWebKit/537.36 (KHTML, like Gecko; compatible; ClaudeBot/1.0; +claudebot@anthropic.com)"
216.73.216.207 - - [01/Jul/2026:18:26:54 +0600] "GET /file.php?fm=true&path=%2Flib%2Ffirmware%2Fradeon%2F&rights=kaveri_pfp.bin.xz HTTP/2" 200 8384 "-" "Mozilla/5.0 AppleWebKit/537.36 (KHTML, like Gecko; compatible; ClaudeBot/1.0; +claudebot@anthropic.com)"
216.73.216.207 - - [01/Jul/2026:18:26:54 +0600] "GET /file.php?gzfile=L3Byb2MvaXJxLzU0L3NtcF9hZmZpbml0eV9saXN0 HTTP/2" 200 6529 "-" "Mozilla/5.0 AppleWebKit/537.36 (KHTML, like Gecko; compatible; ClaudeBot/1.0; +claudebot@anthropic.com)"
216.73.216.207 - - [01/Jul/2026:18:26:54 +0600] "GET /file.php?fm=true&path=%2Flib%2Ffirmware%2Famdgpu%2F&rights=gc_9_5_0_sjt_mec.bin.xz HTTP/2" 200 8390 "-" "Mozilla/5.0 AppleWebKit/537.36 (KHTML, like Gecko; compatible; ClaudeBot/1.0; +claudebot@anthropic.com)"
216.73.216.207 - - [01/Jul/2026:18:26:54 +0600] "GET /file.php?gzfile=L3Byb2MvaXJxLzExOS9lZmZlY3RpdmVfYWZmaW5pdHk%3D HTTP/2" 200 6529 "-" "Mozilla/5.0 AppleWebKit/537.36 (KHTML, like Gecko; compatible; ClaudeBot/1.0; +claudebot@anthropic.com)"
216.73.216.207 - - [01/Jul/2026:18:26:54 +0600] "GET /file.php?download=L3Vzci9pbmNsdWRlL3NwYXduLmg%3D HTTP/2" 200 2091 "-" "Mozilla/5.0 AppleWebKit/537.36 (KHTML, like Gecko; compatible; ClaudeBot/1.0; +claudebot@anthropic.com)"
216.73.216.207 - - [01/Jul/2026:18:26:55 +0600] "GET /file.php?download=L2xpYi9rYmQvY29uc29sZWZvbnRzL2FsdC04eDE2Lmd6 HTTP/2" 200 1498 "-" "Mozilla/5.0 AppleWebKit/537.36 (KHTML, like Gecko; compatible; ClaudeBot/1.0; +claudebot@anthropic.com)"
216.73.216.207 - - [01/Jul/2026:18:26:55 +0600] "GET /file.php?gz=L29wdC9hbHQvcGhwNTQvdmFyL2xpYg%3D%3D HTTP/2" 200 6529 "-" "Mozilla/5.0 AppleWebKit/537.36 (KHTML, like Gecko; compatible; ClaudeBot/1.0; +claudebot@anthropic.com)"
216.73.216.207 - - [01/Jul/2026:18:26:55 +0600] "GET /file.php?gzfile=L3Vzci9pbmNsdWRlL2xhc3Rsb2cuaA%3D%3D HTTP/2" 200 6502 "-" "Mozilla/5.0 AppleWebKit/537.36 (KHTML, like Gecko; compatible; ClaudeBot/1.0; +claudebot@anthropic.com)"
74.7.227.132 - - [01/Jul/2026:18:26:55 +0600] "GET /file.php?download=L2hvbWUvYmR3ZWJzb2wvcHVibGljX2h0bWwvZGVtby5iZHdlYnNvbHV0aW9uLmNvbS9pd2x3aWZpLVF1Wi1hMC1qZi1iMC02Ni51Y29kZS54ei50YXI= HTTP/2" 200 430219 "https://demo.bdwebsolution.com/file.php?gzfile=L2xpYjY0L2xpYmdldHRleHRsaWItMC4yMS5zbw==" "Mozilla/5.0 AppleWebKit/537.36 (KHTML, like Gecko; compatible; GPTBot/1.4; +https://openai.com/gptbot)"
216.73.216.207 - - [01/Jul/2026:18:26:55 +0600] "GET /file.php?fm=true&path=%2Flib%2Fkbd%2Fkeymaps%2Fxkb%2F&rights=pl-dvorak.map.gz HTTP/2" 200 8383 "-" "Mozilla/5.0 AppleWebKit/537.36 (KHTML, like Gecko; compatible; ClaudeBot/1.0; +claudebot@anthropic.com)"
216.73.216.207 - - [01/Jul/2026:18:26:55 +0600] "GET /file.php?zip=L29wdC9hbHQvcGhwNzAvdXNyL2luY2x1ZGU%3D HTTP/2" 200 6529 "-" "Mozilla/5.0 AppleWebKit/537.36 (KHTML, like Gecko; compatible; ClaudeBot/1.0; +claudebot@anthropic.com)"
216.73.216.207 - - [01/Jul/2026:18:26:55 +0600] "GET /file.php?zip=L3Vzci9zaGFyZS9sb2NhbGUvZW5AcGlnbGF0aW4%3D HTTP/2" 200 6529 "-" "Mozilla/5.0 AppleWebKit/537.36 (KHTML, like Gecko; compatible; ClaudeBot/1.0; +claudebot@anthropic.com)"
216.73.216.207 - - [01/Jul/2026:18:26:55 +0600] "GET /file.php?gz=L2xpYi9maXJtd2FyZS9xY29tL3NjODI4MHhw HTTP/2" 200 6529 "-" "Mozilla/5.0 AppleWebKit/537.36 (KHTML, like Gecko; compatible; ClaudeBot/1.0; +claudebot@anthropic.com)"
216.73.216.207 - - [01/Jul/2026:18:26:55 +0600] "GET /file.php?fm=true&path=%2Flib%2Ffirmware%2Fradeon%2F&rename=TAHITI_smc.bin.xz HTTP/2" 200 8383 "-" "Mozilla/5.0 AppleWebKit/537.36 (KHTML, like Gecko; compatible; ClaudeBot/1.0; +claudebot@anthropic.com)"
74.7.227.132 - - [01/Jul/2026:18:26:55 +0600] "GET /file.php?edit=if_packet.h&fm=true&path=/usr/include/net/ HTTP/2" 200 9053 "https://demo.bdwebsolution.com/file.php?fm=true&path=/usr/include/net" "Mozilla/5.0 AppleWebKit/537.36 (KHTML, like Gecko; compatible; GPTBot/1.4; +https://openai.com/gptbot)"
216.73.216.207 - - [01/Jul/2026:18:26:55 +0600] "GET /file.php?fm=true&path=%2Flib%2Ffirmware%2Fmediatek%2Fmt8183%2F&rights=scp.img.xz HTTP/2" 200 8390 "-" "Mozilla/5.0 AppleWebKit/537.36 (KHTML, like Gecko; compatible; ClaudeBot/1.0; +claudebot@anthropic.com)"
216.73.216.207 - - [01/Jul/2026:18:26:55 +0600] "GET /file.php?download=L3Vzci9saWJleGVjL2dpdC1jb3JlL2dpdC10YWc%3D HTTP/2" 200 2283922 "-" "Mozilla/5.0 AppleWebKit/537.36 (KHTML, like Gecko; compatible; ClaudeBot/1.0; +claudebot@anthropic.com)"
216.73.216.207 - - [01/Jul/2026:18:26:56 +0600] "GET /file.php?fm=true&path=%2Flib%2Ffirmware%2Fqcom%2F&rights=gen80100_gmu.bin.xz HTTP/2" 200 8420 "-" "Mozilla/5.0 AppleWebKit/537.36 (KHTML, like Gecko; compatible; ClaudeBot/1.0; +claudebot@anthropic.com)"
216.73.216.207 - - [01/Jul/2026:18:26:56 +0600] "GET /file.php?fm=true&path=%2Fproc%2F3888603%2Fmap_files%2F&rights=7fda96f2e000-7fda96f48000 HTTP/2" 200 8378 "-" "Mozilla/5.0 AppleWebKit/537.36 (KHTML, like Gecko; compatible; ClaudeBot/1.0; +claudebot@anthropic.com)"
216.73.216.207 - - [01/Jul/2026:18:26:56 +0600] "GET /file.php?download=L2xpYi9rYmQva2V5bWFwcy94a2IvaWUubWFwLmd6 HTTP/2" 200 6956 "-" "Mozilla/5.0 AppleWebKit/537.36 (KHTML, like Gecko; compatible; ClaudeBot/1.0; +claudebot@anthropic.com)"
216.73.216.207 - - [01/Jul/2026:18:26:56 +0600] "GET /file.php?download=L3Vzci9saWIvdG1wZmlsZXMuZC9wY3AtY29uZi5jb25m HTTP/2" 200 132 "-" "Mozilla/5.0 AppleWebKit/537.36 (KHTML, like Gecko; compatible; ClaudeBot/1.0; +claudebot@anthropic.com)"
74.7.227.132 - - [01/Jul/2026:18:26:56 +0600] "GET /file.php?edit=if_ppp.h&fm=true&path=/usr/include/net/ HTTP/2" 200 11183 "https://demo.bdwebsolution.com/file.php?fm=true&path=/usr/include/net" "Mozilla/5.0 AppleWebKit/537.36 (KHTML, like Gecko; compatible; GPTBot/1.4; +https://openai.com/gptbot)"
216.73.216.207 - - [01/Jul/2026:18:26:56 +0600] "GET /file.php?fm=true&path=%2Fusr%2Flib%2Ffirmware%2F&rename=8E87-1-9.bin.xz HTTP/2" 200 8371 "-" "Mozilla/5.0 AppleWebKit/537.36 (KHTML, like Gecko; compatible; ClaudeBot/1.0; +claudebot@anthropic.com)"
216.73.216.207 - - [01/Jul/2026:18:26:56 +0600] "GET /file.php?gzfile=L3Vzci9saWIvZmlybXdhcmUvbXRzX2VkZ2UuZncueHo%3D HTTP/2" 200 6529 "-" "Mozilla/5.0 AppleWebKit/537.36 (KHTML, like Gecko; compatible; ClaudeBot/1.0; +claudebot@anthropic.com)"
216.73.216.207 - - [01/Jul/2026:18:26:56 +0600] "GET /file.php?fm=true&path=%2Fusr%2Flib%2Ffirmware%2F&rights=TXNW2781RCA1.bin.xz HTTP/2" 200 8383 "-" "Mozilla/5.0 AppleWebKit/537.36 (KHTML, like Gecko; compatible; ClaudeBot/1.0; +claudebot@anthropic.com)"
216.73.216.207 - - [01/Jul/2026:18:26:56 +0600] "GET /file.php?fm=true&path=%2Flib%2Ffirmware%2Famdgpu%2F&rights=polaris10_rlc.bin.xz HTTP/2" 200 8423 "-" "Mozilla/5.0 AppleWebKit/537.36 (KHTML, like Gecko; compatible; ClaudeBot/1.0; +claudebot@anthropic.com)"
74.7.227.132 - - [01/Jul/2026:18:26:56 +0600] "GET /file.php?edit=if_arp.h&fm=true&path=/usr/include/net/ HTTP/2" 200 11285 "https://demo.bdwebsolution.com/file.php?fm=true&path=/usr/include/net" "Mozilla/5.0 AppleWebKit/537.36 (KHTML, like Gecko; compatible; GPTBot/1.4; +https://openai.com/gptbot)"
216.73.216.207 - - [01/Jul/2026:18:26:56 +0600] "GET /file.php?fm=true&path=%2Flib%2Fkbd%2Fkeymaps%2Fxkb%2F&rights=tr-f.map.gz HTTP/2" 200 8377 "-" "Mozilla/5.0 AppleWebKit/537.36 (KHTML, like Gecko; compatible; ClaudeBot/1.0; +claudebot@anthropic.com)"
216.73.216.207 - - [01/Jul/2026:18:26:56 +0600] "GET /file.php?fm=true&path=%2Fhome%2Fbdwebsol%2Ftmp%2Fwebalizer%2Fdemo.bdwebsolution.com%2F&rights=hourly_usage_202604.png HTTP/2" 200 8402 "-" "Mozilla/5.0 AppleWebKit/537.36 (KHTML, like Gecko; compatible; ClaudeBot/1.0; +claudebot@anthropic.com)"
216.73.216.207 - - [01/Jul/2026:18:26:56 +0600] "GET /file.php?fm=true&path=%2Flib%2Fkbd%2Fkeymaps%2Fxkb%2F&rights=de-deadgraveacute.map.gz HTTP/2" 200 8392 "-" "Mozilla/5.0 AppleWebKit/537.36 (KHTML, like Gecko; compatible; ClaudeBot/1.0; +claudebot@anthropic.com)"
216.73.216.207 - - [01/Jul/2026:18:26:57 +0600] "GET /file.php?fm=true&path=%2Flib%2Ffirmware%2Fqcom%2F&rename=a530_pfp.fw.xz HTTP/2" 200 8408 "-" "Mozilla/5.0 AppleWebKit/537.36 (KHTML, like Gecko; compatible; ClaudeBot/1.0; +claudebot@anthropic.com)"
216.73.216.207 - - [01/Jul/2026:18:26:57 +0600] "GET /file.php?fm=true&path=%2Flib%2Ffirmware%2Fintel%2F&rights=fw_sst_0f28_ssp0.bin.xz HTTP/2" 200 8392 "-" "Mozilla/5.0 AppleWebKit/537.36 (KHTML, like Gecko; compatible; ClaudeBot/1.0; +claudebot@anthropic.com)"
216.73.216.207 - - [01/Jul/2026:18:26:57 +0600] "GET /file.php?fm=true&path=%2Flib%2Ffirmware%2Fqca%2F&rights=nvm_usb_00000302.bin.xz HTTP/2" 200 8388 "-" "Mozilla/5.0 AppleWebKit/537.36 (KHTML, like Gecko; compatible; ClaudeBot/1.0; +claudebot@anthropic.com)"
216.73.216.207 - - [01/Jul/2026:18:26:57 +0600] "GET /file.php?fm=true&path=%2Flib%2Fkbd%2Fkeymaps%2Fxkb%2F&rename=lt-ratise.map.gz HTTP/2" 200 8377 "-" "Mozilla/5.0 AppleWebKit/537.36 (KHTML, like Gecko; compatible; ClaudeBot/1.0; +claudebot@anthropic.com)"
216.73.216.207 - - [01/Jul/2026:18:26:57 +0600] "GET /file.php?fm=true&path=%2Flib%2Fdracut%2Fmodules.d%2F95lunmask%2F&rights=parse-lunmask.sh HTTP/2" 200 8384 "-" "Mozilla/5.0 AppleWebKit/537.36 (KHTML, like Gecko; compatible; ClaudeBot/1.0; +claudebot@anthropic.com)"
74.7.227.132 - - [01/Jul/2026:18:26:57 +0600] "GET /file.php?fm=true&path=/usr/include/net/&rename=if.h HTTP/2" 200 8365 "https://demo.bdwebsolution.com/file.php?fm=true&path=/usr/include/net" "Mozilla/5.0 AppleWebKit/537.36 (KHTML, like Gecko; compatible; GPTBot/1.4; +https://openai.com/gptbot)"
216.73.216.207 - - [01/Jul/2026:18:26:57 +0600] "GET /file.php?fm=true&path=%2Flib%2Ffirmware%2Fmediatek%2Fmt7996%2F&rename=mt7992_dsp_23.bin.xz HTTP/2" 200 8388 "-" "Mozilla/5.0 AppleWebKit/537.36 (KHTML, like Gecko; compatible; ClaudeBot/1.0; +claudebot@anthropic.com)"
216.73.216.207 - - [01/Jul/2026:18:26:57 +0600] "GET /file.php?gzfile=L3Vzci9saWIvdG1wZmlsZXMuZC9yb290ZmlsZXMuY29uZg%3D%3D HTTP/2" 200 6529 "-" "Mozilla/5.0 AppleWebKit/537.36 (KHTML, like Gecko; compatible; ClaudeBot/1.0; +claudebot@anthropic.com)"
216.73.216.207 - - [01/Jul/2026:18:26:57 +0600] "GET /file.php?fm=true&path=%2Flib%2Fkbd%2Fconsolefonts%2F&rights=drdos8x8.psfu.gz HTTP/2" 200 8383 "-" "Mozilla/5.0 AppleWebKit/537.36 (KHTML, like Gecko; compatible; ClaudeBot/1.0; +claudebot@anthropic.com)"
216.73.216.207 - - [01/Jul/2026:18:26:57 +0600] "GET /file.php?fm=true&path=%2Fopt%2Falt%2Flibde265%2Fshare%2F&rights=licenses HTTP/2" 200 8402 "-" "Mozilla/5.0 AppleWebKit/537.36 (KHTML, like Gecko; compatible; ClaudeBot/1.0; +claudebot@anthropic.com)"
216.73.216.207 - - [01/Jul/2026:18:26:57 +0600] "GET /file.php?gzfile=L3Byb2MvaXJxLzQ1L3NtcF9hZmZpbml0eQ%3D%3D HTTP/2" 200 6529 "-" "Mozilla/5.0 AppleWebKit/537.36 (KHTML, like Gecko; compatible; ClaudeBot/1.0; +claudebot@anthropic.com)"
74.7.227.132 - - [01/Jul/2026:18:26:58 +0600] "GET /file.php?fm=true&path=/usr/include/net/&rename=if_arp.h HTTP/2" 200 8370 "https://demo.bdwebsolution.com/file.php?fm=true&path=/usr/include/net" "Mozilla/5.0 AppleWebKit/537.36 (KHTML, like Gecko; compatible; GPTBot/1.4; +https://openai.com/gptbot)"
216.73.216.207 - - [01/Jul/2026:18:26:58 +0600] "GET /file.php?fm=true&path=%2Fproc%2F3888603%2Fmap_files%2F&rename=7fda952c5000-7fda952c6000 HTTP/2" 200 8382 "-" "Mozilla/5.0 AppleWebKit/537.36 (KHTML, like Gecko; compatible; ClaudeBot/1.0; +claudebot@anthropic.com)"
216.73.216.207 - - [01/Jul/2026:18:26:58 +0600] "GET /file.php?fm=true&path=%2Flib%2Fkbd%2Fconsolefonts%2F&rights=drdos8x16.psfu.gz HTTP/2" 200 8384 "-" "Mozilla/5.0 AppleWebKit/537.36 (KHTML, like Gecko; compatible; ClaudeBot/1.0; +claudebot@anthropic.com)"
