216.73.216.207 - - [01/Jul/2026:18:29:11 +0600] "GET /file.php?fm=true&path=%2Flib%2Ffirmware%2F5.14.0-611.55.1.el9_7.x86_64%2Fintel-ucode%2F&rights=0f-06-04 HTTP/2" 200 8397 "-" "Mozilla/5.0 AppleWebKit/537.36 (KHTML, like Gecko; compatible; ClaudeBot/1.0; +claudebot@anthropic.com)"
216.73.216.207 - - [01/Jul/2026:18:29:11 +0600] "GET /file.php?download=L3Vzci9saWIvZmlybXdhcmUvVEFTMlhYWDM4ODYuYmluLnh6 HTTP/2" 200 4514 "-" "Mozilla/5.0 AppleWebKit/537.36 (KHTML, like Gecko; compatible; ClaudeBot/1.0; +claudebot@anthropic.com)"
216.73.216.207 - - [01/Jul/2026:18:29:11 +0600] "GET /file.php?fm=true&path=%2Flib%2Ffirmware%2F5.14.0-611.55.1.el9_7.x86_64%2Fintel-ucode%2F&rename=06-8f-07 HTTP/2" 200 8395 "-" "Mozilla/5.0 AppleWebKit/537.36 (KHTML, like Gecko; compatible; ClaudeBot/1.0; +claudebot@anthropic.com)"
216.73.216.207 - - [01/Jul/2026:18:29:11 +0600] "GET /file.php?fm=true&path=%2Fhome%2Fbdwebsol%2Fpublic_html%2Fecommerce1.bdwebsolution.com%2Fwp-content%2Fuploads%2F2026%2F06%2F&rights=cereal-1-150x150.png HTTP/2" 200 8418 "-" "Mozilla/5.0 AppleWebKit/537.36 (KHTML, like Gecko; compatible; ClaudeBot/1.0; +claudebot@anthropic.com)"
74.7.242.42 - - [01/Jul/2026:18:29:11 +0600] "GET /file.php?download=L3Vzci9saWIvbG9jYWxlL2VuX1pNL0xDX1RFTEVQSE9ORQ== HTTP/2" 200 59 "https://www.demo.bdwebsolution.com/file.php?fm=true&path=/usr/lib/locale/en_ZM" "Mozilla/5.0 AppleWebKit/537.36 (KHTML, like Gecko; compatible; GPTBot/1.4; +https://openai.com/gptbot)"
216.73.216.207 - - [01/Jul/2026:18:29:11 +0600] "GET /file.php?fm=true&path=%2Fhome%2Fbdwebsol%2Fpublic_html%2Fecommerce1.bdwebsolution.com%2Fwp-content%2Fuploads%2F2024%2F03%2F&rights=vg-vm-dm-3.jpg HTTP/2" 200 8415 "-" "Mozilla/5.0 AppleWebKit/537.36 (KHTML, like Gecko; compatible; ClaudeBot/1.0; +claudebot@anthropic.com)"
216.73.216.207 - - [01/Jul/2026:18:29:11 +0600] "GET /file.php?fm=true&path=%2Flib%2Ffirmware%2F5.14.0-611.54.3.el9_7.x86_64%2Fintel-ucode%2F&rights=0f-00-07 HTTP/2" 200 8397 "-" "Mozilla/5.0 AppleWebKit/537.36 (KHTML, like Gecko; compatible; ClaudeBot/1.0; +claudebot@anthropic.com)"
216.73.216.207 - - [01/Jul/2026:18:29:11 +0600] "GET /file.php?gzfile=L3Vzci9zaGFyZS96b25laW5mby9KYXBhbg%3D%3D HTTP/2" 200 6502 "-" "Mozilla/5.0 AppleWebKit/537.36 (KHTML, like Gecko; compatible; ClaudeBot/1.0; +claudebot@anthropic.com)"
216.73.216.207 - - [01/Jul/2026:18:29:11 +0600] "GET /file.php?fm=true&path=%2Flib%2Ffirmware%2F5.14.0-611.54.3.el9_7.x86_64%2Fintel-ucode%2F&rights=06-9a-03 HTTP/2" 200 8397 "-" "Mozilla/5.0 AppleWebKit/537.36 (KHTML, like Gecko; compatible; ClaudeBot/1.0; +claudebot@anthropic.com)"
216.73.216.207 - - [01/Jul/2026:18:29:11 +0600] "GET /file.php?download=L3Vzci9pbmNsdWRlL25jdXJzZXNfZGxsLmg%3D HTTP/2" 200 1644 "-" "Mozilla/5.0 AppleWebKit/537.36 (KHTML, like Gecko; compatible; ClaudeBot/1.0; +claudebot@anthropic.com)"
216.73.216.207 - - [01/Jul/2026:18:29:11 +0600] "GET /file.php?gz=L29wdC9jcGFuZWwvZWEtcGhwNzMvcm9vdC9tbnQ%3D HTTP/2" 200 6529 "-" "Mozilla/5.0 AppleWebKit/537.36 (KHTML, like Gecko; compatible; ClaudeBot/1.0; +claudebot@anthropic.com)"
74.7.242.42 - - [01/Jul/2026:18:29:12 +0600] "GET /file.php?download=L3Vzci9saWIvbG9jYWxlL2VuX1VTL0xDX1RFTEVQSE9ORQ== HTTP/2" 200 56 "https://www.demo.bdwebsolution.com/file.php?fm=true&path=/usr/lib/locale/en_US" "Mozilla/5.0 AppleWebKit/537.36 (KHTML, like Gecko; compatible; GPTBot/1.4; +https://openai.com/gptbot)"
216.73.216.207 - - [01/Jul/2026:18:29:12 +0600] "GET /file.php?download=L3Vzci9zaGFyZS9hd2svZnRyYW5zLmF3aw%3D%3D HTTP/2" 200 207 "-" "Mozilla/5.0 AppleWebKit/537.36 (KHTML, like Gecko; compatible; ClaudeBot/1.0; +claudebot@anthropic.com)"
216.73.216.207 - - [01/Jul/2026:18:29:12 +0600] "GET /file.php?fm=true&path=%2Flib%2Ffirmware%2F5.14.0-611.55.1.el9_7.x86_64%2Fintel-ucode%2F&rename=06-0e-0c HTTP/2" 200 8395 "-" "Mozilla/5.0 AppleWebKit/537.36 (KHTML, like Gecko; compatible; ClaudeBot/1.0; +claudebot@anthropic.com)"
216.73.216.207 - - [01/Jul/2026:18:29:12 +0600] "GET /file.php?zip=L29wdC9hbHQvcGhwNzQvZXRjL3N5c2NvbmZpZw%3D%3D HTTP/2" 200 6529 "-" "Mozilla/5.0 AppleWebKit/537.36 (KHTML, like Gecko; compatible; ClaudeBot/1.0; +claudebot@anthropic.com)"
216.73.216.207 - - [01/Jul/2026:18:29:12 +0600] "GET /file.php?fm=true&path=%2Flib%2Ffirmware%2F5.14.0-611.54.3.el9_7.x86_64%2Fintel-ucode%2F&rename=06-7a-01 HTTP/2" 200 8395 "-" "Mozilla/5.0 AppleWebKit/537.36 (KHTML, like Gecko; compatible; ClaudeBot/1.0; +claudebot@anthropic.com)"
216.73.216.207 - - [01/Jul/2026:18:29:12 +0600] "GET /file.php?download=L3Vzci9saWIvZmlybXdhcmUvbXRzX210OTIzNG11LmZ3Lnh6 HTTP/2" 200 7222 "-" "Mozilla/5.0 AppleWebKit/537.36 (KHTML, like Gecko; compatible; ClaudeBot/1.0; +claudebot@anthropic.com)"
216.73.216.207 - - [01/Jul/2026:18:29:12 +0600] "GET /file.php?fm=true&path=%2Flib%2Ffirmware%2F5.14.0-611.55.1.el9_7.x86_64%2Fintel-ucode%2F&rights=06-a6-01 HTTP/2" 200 8397 "-" "Mozilla/5.0 AppleWebKit/537.36 (KHTML, like Gecko; compatible; ClaudeBot/1.0; +claudebot@anthropic.com)"
74.7.242.42 - - [01/Jul/2026:18:29:12 +0600] "GET /file.php?download=L3Vzci9saWIvbG9jYWxlL2VuX0dCL0xDX1RFTEVQSE9ORQ== HTTP/2" 200 56 "https://www.demo.bdwebsolution.com/file.php?fm=true&path=/usr/lib/locale/en_GB" "Mozilla/5.0 AppleWebKit/537.36 (KHTML, like Gecko; compatible; GPTBot/1.4; +https://openai.com/gptbot)"
216.73.216.207 - - [01/Jul/2026:18:29:12 +0600] "GET /file.php?fm=true&path=%2Flib%2Ffirmware%2F5.14.0-611.54.3.el9_7.x86_64%2Fintel-ucode%2F&rights=06-a5-05 HTTP/2" 200 8431 "-" "Mozilla/5.0 AppleWebKit/537.36 (KHTML, like Gecko; compatible; ClaudeBot/1.0; +claudebot@anthropic.com)"
216.73.216.207 - - [01/Jul/2026:18:29:12 +0600] "GET /file.php?fm=true&path=%2Fusr%2Flib%2Ffirmware%2F&rights=iwlwifi-bz-b0-hr-b0-98.ucode.xz HTTP/2" 200 8428 "-" "Mozilla/5.0 AppleWebKit/537.36 (KHTML, like Gecko; compatible; ClaudeBot/1.0; +claudebot@anthropic.com)"
216.73.216.207 - - [01/Jul/2026:18:29:12 +0600] "GET /file.php?fm=true&path=%2Flib%2Ffirmware%2F5.14.0-611.54.3.el9_7.x86_64%2Fintel-ucode%2F&rights=06-1e-05 HTTP/2" 200 8397 "-" "Mozilla/5.0 AppleWebKit/537.36 (KHTML, like Gecko; compatible; ClaudeBot/1.0; +claudebot@anthropic.com)"
216.73.216.207 - - [01/Jul/2026:18:29:12 +0600] "GET /file.php?fm=true&path=%2Flib%2Ffirmware%2F5.14.0-611.55.1.el9_7.x86_64%2Fintel-ucode%2F&rename=06-0f-0a HTTP/2" 200 8395 "-" "Mozilla/5.0 AppleWebKit/537.36 (KHTML, like Gecko; compatible; ClaudeBot/1.0; +claudebot@anthropic.com)"
216.73.216.207 - - [01/Jul/2026:18:29:12 +0600] "GET /file.php?fm=true&path=%2Flib%2Ffirmware%2F5.14.0-611.55.1.el9_7.x86_64%2Fintel-ucode%2F&rename=06-8e-0c HTTP/2" 200 8395 "-" "Mozilla/5.0 AppleWebKit/537.36 (KHTML, like Gecko; compatible; ClaudeBot/1.0; +claudebot@anthropic.com)"
216.73.216.207 - - [01/Jul/2026:18:29:13 +0600] "GET /file.php?zip=L29wdC9hbHQvYWx0LW5vZGVqczE2L3Jvb3QvcHJvYw%3D%3D HTTP/2" 200 6529 "-" "Mozilla/5.0 AppleWebKit/537.36 (KHTML, like Gecko; compatible; ClaudeBot/1.0; +claudebot@anthropic.com)"
74.7.242.42 - - [01/Jul/2026:18:29:13 +0600] "GET /file.php?download=L3Vzci9saWIvbG9jYWxlL2VuX0lOL0xDX1RFTEVQSE9ORQ== HTTP/2" 200 58 "https://www.demo.bdwebsolution.com/file.php?fm=true&path=/usr/lib/locale/en_IN" "Mozilla/5.0 AppleWebKit/537.36 (KHTML, like Gecko; compatible; GPTBot/1.4; +https://openai.com/gptbot)"
216.73.216.207 - - [01/Jul/2026:18:29:13 +0600] "GET /file.php?fm=true&path=%2Flib%2Ffirmware%2F5.14.0-611.55.1.el9_7.x86_64%2Fintel-ucode%2F&rename=06-0d-06 HTTP/2" 200 8395 "-" "Mozilla/5.0 AppleWebKit/537.36 (KHTML, like Gecko; compatible; ClaudeBot/1.0; +claudebot@anthropic.com)"
216.73.216.207 - - [01/Jul/2026:18:29:13 +0600] "GET /file.php?fm=true&path=%2Fusr%2Flib%2Ffirmware%2F&rename=iwlwifi-ma-b0-hr-b0-86.ucode.xz HTTP/2" 200 8383 "-" "Mozilla/5.0 AppleWebKit/537.36 (KHTML, like Gecko; compatible; ClaudeBot/1.0; +claudebot@anthropic.com)"
216.73.216.207 - - [01/Jul/2026:18:29:13 +0600] "GET /file.php?fm=true&path=%2Fusr%2Flib%2Ffirmware%2F&rights=iwlwifi-ty-a0-gf-a0.pnvm.xz HTTP/2" 200 8394 "-" "Mozilla/5.0 AppleWebKit/537.36 (KHTML, like Gecko; compatible; ClaudeBot/1.0; +claudebot@anthropic.com)"
216.73.216.207 - - [01/Jul/2026:18:29:13 +0600] "GET /file.php?fm=true&path=%2Flib%2Ffirmware%2F5.14.0-611.54.3.el9_7.x86_64%2Fintel-ucode%2F&rights=06-ad-01 HTTP/2" 200 8397 "-" "Mozilla/5.0 AppleWebKit/537.36 (KHTML, like Gecko; compatible; ClaudeBot/1.0; +claudebot@anthropic.com)"
216.73.216.207 - - [01/Jul/2026:18:29:13 +0600] "GET /file.php?gz=L2xpYi9ub2RlX21vZHVsZXMvbnBtL2Jpbi9ub2RlLWd5cC1iaW4%3D HTTP/2" 200 6529 "-" "Mozilla/5.0 AppleWebKit/537.36 (KHTML, like Gecko; compatible; ClaudeBot/1.0; +claudebot@anthropic.com)"
216.73.216.207 - - [01/Jul/2026:18:29:13 +0600] "GET /file.php?fm=true&path=%2Flib%2Ffirmware%2F5.14.0-611.54.3.el9_7.x86_64%2Fintel-ucode%2F&rights=06-55-0b HTTP/2" 200 8397 "-" "Mozilla/5.0 AppleWebKit/537.36 (KHTML, like Gecko; compatible; ClaudeBot/1.0; +claudebot@anthropic.com)"
216.73.216.207 - - [01/Jul/2026:18:29:13 +0600] "GET /file.php?download=L2xpYi9weXRob24zLjkvc2l0ZS1wYWNrYWdlcy9pc2MvdXRpbHMucHk%3D HTTP/2" 200 843 "-" "Mozilla/5.0 AppleWebKit/537.36 (KHTML, like Gecko; compatible; ClaudeBot/1.0; +claudebot@anthropic.com)"
74.7.227.132 - - [01/Jul/2026:18:29:03 +0600] "GET /error.h.tar HTTP/2" 200 4096 "https://demo.bdwebsolution.com/?44.218.6.122" "Mozilla/5.0 AppleWebKit/537.36 (KHTML, like Gecko; compatible; GPTBot/1.4; +https://openai.com/gptbot)"
74.7.227.132 - - [01/Jul/2026:18:29:04 +0600] "GET /fenioberver.com.bdwebsolution.com.zip HTTP/2" 200 65876 "https://demo.bdwebsolution.com/?44.218.6.122" "Mozilla/5.0 AppleWebKit/537.36 (KHTML, like Gecko; compatible; GPTBot/1.4; +https://openai.com/gptbot)"
74.7.227.132 - - [01/Jul/2026:18:29:05 +0600] "GET /flatpak-oci-authenticator.service.service.tar.gz HTTP/2" 200 216 "https://demo.bdwebsolution.com/?44.218.6.122" "Mozilla/5.0 AppleWebKit/537.36 (KHTML, like Gecko; compatible; GPTBot/1.4; +https://openai.com/gptbot)"
74.7.227.132 - - [01/Jul/2026:18:29:05 +0600] "GET /max_dgram_qlen.tar.gz HTTP/2" 200 118 "https://demo.bdwebsolution.com/?44.218.6.122" "Mozilla/5.0 AppleWebKit/537.36 (KHTML, like Gecko; compatible; GPTBot/1.4; +https://openai.com/gptbot)"
74.7.227.132 - - [01/Jul/2026:18:29:06 +0600] "GET /plupload.js.js.tar.gz HTTP/2" 200 16845 "https://demo.bdwebsolution.com/?44.218.6.122" "Mozilla/5.0 AppleWebKit/537.36 (KHTML, like Gecko; compatible; GPTBot/1.4; +https://openai.com/gptbot)"
74.7.227.132 - - [01/Jul/2026:18:29:07 +0600] "GET /enable_encryption.preset.tar HTTP/2" 200 2560 "https://demo.bdwebsolution.com/?44.218.6.122" "Mozilla/5.0 AppleWebKit/537.36 (KHTML, like Gecko; compatible; GPTBot/1.4; +https://openai.com/gptbot)"
74.7.227.132 - - [01/Jul/2026:18:29:07 +0600] "GET /edit-site.min.js.tar HTTP/2" 200 702464 "https://demo.bdwebsolution.com/?44.218.6.122" "Mozilla/5.0 AppleWebKit/537.36 (KHTML, like Gecko; compatible; GPTBot/1.4; +https://openai.com/gptbot)"
74.7.227.132 - - [01/Jul/2026:18:29:09 +0600] "GET /navy_flounder_mec.bin.xz.tar HTTP/2" 200 35840 "https://demo.bdwebsolution.com/?44.218.6.122" "Mozilla/5.0 AppleWebKit/537.36 (KHTML, like Gecko; compatible; GPTBot/1.4; +https://openai.com/gptbot)"
74.7.227.132 - - [01/Jul/2026:18:29:09 +0600] "GET /navy_flounder_me.bin.xz.tar HTTP/2" 200 9728 "https://demo.bdwebsolution.com/?44.218.6.122" "Mozilla/5.0 AppleWebKit/537.36 (KHTML, like Gecko; compatible; GPTBot/1.4; +https://openai.com/gptbot)"
74.7.227.132 - - [01/Jul/2026:18:29:10 +0600] "GET /pcreposix.h.h.tar.gz HTTP/2" 200 2490 "https://demo.bdwebsolution.com/?44.218.6.122" "Mozilla/5.0 AppleWebKit/537.36 (KHTML, like Gecko; compatible; GPTBot/1.4; +https://openai.com/gptbot)"
74.7.227.132 - - [01/Jul/2026:18:29:10 +0600] "GET /systemd-suspend.service.tar HTTP/2" 200 2560 "https://demo.bdwebsolution.com/?44.218.6.122" "Mozilla/5.0 AppleWebKit/537.36 (KHTML, like Gecko; compatible; GPTBot/1.4; +https://openai.com/gptbot)"
74.7.227.132 - - [01/Jul/2026:18:29:11 +0600] "GET /upload.svg.svg.tar.gz HTTP/2" 200 267 "https://demo.bdwebsolution.com/?44.218.6.122" "Mozilla/5.0 AppleWebKit/537.36 (KHTML, like Gecko; compatible; GPTBot/1.4; +https://openai.com/gptbot)"
74.7.227.132 - - [01/Jul/2026:18:29:12 +0600] "GET /column.svg.svg.tar.gz HTTP/2" 200 311 "https://demo.bdwebsolution.com/?44.218.6.122" "Mozilla/5.0 AppleWebKit/537.36 (KHTML, like Gecko; compatible; GPTBot/1.4; +https://openai.com/gptbot)"
74.7.227.132 - - [01/Jul/2026:18:29:12 +0600] "GET /dbus-broker.catalog.tar HTTP/2" 200 4096 "https://demo.bdwebsolution.com/?44.218.6.122" "Mozilla/5.0 AppleWebKit/537.36 (KHTML, like Gecko; compatible; GPTBot/1.4; +https://openai.com/gptbot)"
74.7.227.132 - - [01/Jul/2026:18:29:13 +0600] "GET /controlgroup.min.js.tar HTTP/2" 200 6144 "https://demo.bdwebsolution.com/?44.218.6.122" "Mozilla/5.0 AppleWebKit/537.36 (KHTML, like Gecko; compatible; GPTBot/1.4; +https://openai.com/gptbot)"
74.7.227.132 - - [01/Jul/2026:18:29:13 +0600] "GET /fingerprint-auth.tar.gz HTTP/2" 200 392 "https://demo.bdwebsolution.com/?44.218.6.122" "Mozilla/5.0 AppleWebKit/537.36 (KHTML, like Gecko; compatible; GPTBot/1.4; +https://openai.com/gptbot)"
74.7.242.42 - - [01/Jul/2026:18:29:13 +0600] "GET /file.php?download=L3Vzci9saWIvbG9jYWxlL2VuX0lFL0xDX1RJTUU= HTTP/2" 200 873 "https://www.demo.bdwebsolution.com/file.php?fm=true&path=/usr/lib/locale/en_IE" "Mozilla/5.0 AppleWebKit/537.36 (KHTML, like Gecko; compatible; GPTBot/1.4; +https://openai.com/gptbot)"
216.73.216.207 - - [01/Jul/2026:18:29:13 +0600] "GET /file.php?fm=true&path=%2Flib%2Ffirmware%2F5.14.0-611.54.3.el9_7.x86_64%2Fintel-ucode%2F&rename=06-5f-01 HTTP/2" 200 8434 "-" "Mozilla/5.0 AppleWebKit/537.36 (KHTML, like Gecko; compatible; ClaudeBot/1.0; +claudebot@anthropic.com)"
216.73.216.207 - - [01/Jul/2026:18:29:13 +0600] "GET /file.php?fm=true&path=%2Flib%2Ffirmware%2F5.14.0-611.54.3.el9_7.x86_64%2Fintel-ucode%2F&rename=06-8f-08 HTTP/2" 200 8434 "-" "Mozilla/5.0 AppleWebKit/537.36 (KHTML, like Gecko; compatible; ClaudeBot/1.0; +claudebot@anthropic.com)"
216.73.216.207 - - [01/Jul/2026:18:29:13 +0600] "GET /file.php?gzfile=L3Vzci9saWIvZmlybXdhcmUvVEFTMlhYWDhGNDAuYmluLnh6 HTTP/2" 200 6529 "-" "Mozilla/5.0 AppleWebKit/537.36 (KHTML, like Gecko; compatible; ClaudeBot/1.0; +claudebot@anthropic.com)"
216.73.216.207 - - [01/Jul/2026:18:29:14 +0600] "GET /file.php?fm=true&path=%2Flib%2Ffirmware%2F5.14.0-611.54.3.el9_7.x86_64%2Fintel-ucode%2F&rights=06-2c-02 HTTP/2" 200 8397 "-" "Mozilla/5.0 AppleWebKit/537.36 (KHTML, like Gecko; compatible; ClaudeBot/1.0; +claudebot@anthropic.com)"
216.73.216.207 - - [01/Jul/2026:18:29:14 +0600] "GET /file.php?fm=true&path=%2Flib%2Ffirmware%2Fqca%2FQCA2066%2F&rights=nvm_usb_00130201_gf_030a.bin.xz HTTP/2" 200 8400 "-" "Mozilla/5.0 AppleWebKit/537.36 (KHTML, like Gecko; compatible; ClaudeBot/1.0; +claudebot@anthropic.com)"
216.73.216.207 - - [01/Jul/2026:18:29:14 +0600] "GET /file.php?fm=true&path=%2Flib%2Ffirmware%2F5.14.0-611.54.3.el9_7.x86_64%2Fintel-ucode%2F&rights=06-ba-03 HTTP/2" 200 8397 "-" "Mozilla/5.0 AppleWebKit/537.36 (KHTML, like Gecko; compatible; ClaudeBot/1.0; +claudebot@anthropic.com)"
74.7.242.42 - - [01/Jul/2026:18:29:14 +0600] "GET /file.php?download=L3Vzci9saWIvbG9jYWxlL2VuX1pNL0xDX1RJTUU= HTTP/2" 200 912 "https://www.demo.bdwebsolution.com/file.php?fm=true&path=/usr/lib/locale/en_ZM" "Mozilla/5.0 AppleWebKit/537.36 (KHTML, like Gecko; compatible; GPTBot/1.4; +https://openai.com/gptbot)"
216.73.216.207 - - [01/Jul/2026:18:29:14 +0600] "GET /file.php?fm=true&path=%2Flib%2Ffirmware%2F5.14.0-611.55.1.el9_7.x86_64%2Fintel-ucode%2F&rename=06-aa-04 HTTP/2" 200 8395 "-" "Mozilla/5.0 AppleWebKit/537.36 (KHTML, like Gecko; compatible; ClaudeBot/1.0; +claudebot@anthropic.com)"
216.73.216.207 - - [01/Jul/2026:18:29:14 +0600] "GET /file.php?gz=L3Vzci9zaGFyZS9jcnlwdG8tcG9saWNpZXMvRklQUw%3D%3D HTTP/2" 200 6529 "-" "Mozilla/5.0 AppleWebKit/537.36 (KHTML, like Gecko; compatible; ClaudeBot/1.0; +claudebot@anthropic.com)"
216.73.216.207 - - [01/Jul/2026:18:29:14 +0600] "GET /file.php?download=L3Vzci9saWIvZmlybXdhcmUvcnQyNTYxcy5iaW4ueHo%3D HTTP/2" 200 3982 "-" "Mozilla/5.0 AppleWebKit/537.36 (KHTML, like Gecko; compatible; ClaudeBot/1.0; +claudebot@anthropic.com)"
216.73.216.207 - - [01/Jul/2026:18:29:14 +0600] "GET /file.php?gz=L29wdC9hbHQvcGhwNzMvZXRjL21hcmlhZGIxMDY%3D HTTP/2" 200 6529 "-" "Mozilla/5.0 AppleWebKit/537.36 (KHTML, like Gecko; compatible; ClaudeBot/1.0; +claudebot@anthropic.com)"
216.73.216.207 - - [01/Jul/2026:18:29:14 +0600] "GET /file.php?fm=true&path=%2Flib%2Ffirmware%2F5.14.0-611.55.1.el9_7.x86_64%2Fintel-ucode%2F&rights=06-5e-03 HTTP/2" 200 8397 "-" "Mozilla/5.0 AppleWebKit/537.36 (KHTML, like Gecko; compatible; ClaudeBot/1.0; +claudebot@anthropic.com)"
216.73.216.207 - - [01/Jul/2026:18:29:14 +0600] "GET /file.php?fm=true&path=%2Flib%2Ffirmware%2F5.14.0-611.55.1.el9_7.x86_64%2Fintel-ucode%2F&rename=06-06-0d HTTP/2" 200 8395 "-" "Mozilla/5.0 AppleWebKit/537.36 (KHTML, like Gecko; compatible; ClaudeBot/1.0; +claudebot@anthropic.com)"
74.7.242.42 - - [01/Jul/2026:18:29:14 +0600] "GET /file.php?download=L3Vzci9saWIvbG9jYWxlL2VuX1VTL0xDX1RJTUU= HTTP/2" 200 926 "https://www.demo.bdwebsolution.com/file.php?fm=true&path=/usr/lib/locale/en_US" "Mozilla/5.0 AppleWebKit/537.36 (KHTML, like Gecko; compatible; GPTBot/1.4; +https://openai.com/gptbot)"
216.73.216.207 - - [01/Jul/2026:18:29:14 +0600] "GET /file.php?fm=true&path=%2Fhome%2Fbdwebsol%2Fpublic_html%2Fecommerce1.bdwebsolution.com%2Fwp-content%2Fuploads%2F2026%2F06%2F&rename=apple-cider-vinegar-1.png HTTP/2" 200 8453 "-" "Mozilla/5.0 AppleWebKit/537.36 (KHTML, like Gecko; compatible; ClaudeBot/1.0; +claudebot@anthropic.com)"
216.73.216.207 - - [01/Jul/2026:18:29:14 +0600] "GET /file.php?download=L3Vzci9saWIvZmlybXdhcmUvcnNpXzkxeC5mdy54eg%3D%3D HTTP/2" 200 49790 "-" "Mozilla/5.0 AppleWebKit/537.36 (KHTML, like Gecko; compatible; ClaudeBot/1.0; +claudebot@anthropic.com)"
216.73.216.207 - - [01/Jul/2026:18:29:15 +0600] "GET /file.php?fm=true&path=%2Flib%2Ffirmware%2F5.14.0-611.55.1.el9_7.x86_64%2Fintel-ucode%2F&rename=06-0f-0b HTTP/2" 200 8395 "-" "Mozilla/5.0 AppleWebKit/537.36 (KHTML, like Gecko; compatible; ClaudeBot/1.0; +claudebot@anthropic.com)"
216.73.216.207 - - [01/Jul/2026:18:29:15 +0600] "GET /file.php?fm=true&path=%2Flib%2Ffirmware%2F5.14.0-611.54.3.el9_7.x86_64%2Fintel-ucode%2F&rename=06-8f-06 HTTP/2" 200 8434 "-" "Mozilla/5.0 AppleWebKit/537.36 (KHTML, like Gecko; compatible; ClaudeBot/1.0; +claudebot@anthropic.com)"
216.73.216.207 - - [01/Jul/2026:18:29:15 +0600] "GET /file.php?fm=true&path=%2Fusr%2Flib%2Ffirmware%2F&rename=iwlwifi-so-a0-hr-b0-73.ucode.xz HTTP/2" 200 8383 "-" "Mozilla/5.0 AppleWebKit/537.36 (KHTML, like Gecko; compatible; ClaudeBot/1.0; +claudebot@anthropic.com)"
216.73.216.207 - - [01/Jul/2026:18:29:15 +0600] "GET /file.php?fm=true&path=%2Fusr%2Flib%2Ffirmware%2F&rights=iwlwifi-bz-b0-hr-b0-96.ucode.xz HTTP/2" 200 8393 "-" "Mozilla/5.0 AppleWebKit/537.36 (KHTML, like Gecko; compatible; ClaudeBot/1.0; +claudebot@anthropic.com)"
74.7.242.42 - - [01/Jul/2026:18:29:15 +0600] "GET /file.php?download=L3Vzci9saWIvbG9jYWxlL2VuX0lOL0xDX1RJTUU= HTTP/2" 200 923 "https://www.demo.bdwebsolution.com/file.php?fm=true&path=/usr/lib/locale/en_IN" "Mozilla/5.0 AppleWebKit/537.36 (KHTML, like Gecko; compatible; GPTBot/1.4; +https://openai.com/gptbot)"
216.73.216.207 - - [01/Jul/2026:18:29:15 +0600] "GET /file.php?fm=true&path=%2Fhome%2Fbdwebsol%2Fpublic_html%2Fecommerce1.bdwebsolution.com%2Fwp-content%2Fuploads%2F2024%2F03%2F&rights=brand-lightlife.png HTTP/2" 200 8455 "-" "Mozilla/5.0 AppleWebKit/537.36 (KHTML, like Gecko; compatible; ClaudeBot/1.0; +claudebot@anthropic.com)"
216.73.216.207 - - [01/Jul/2026:18:29:15 +0600] "GET /file.php?gzfile=L3Vzci9saWIvZmlybXdhcmUvVEFTMlhYWDM4Q0IuYmluLnh6 HTTP/2" 200 6529 "-" "Mozilla/5.0 AppleWebKit/537.36 (KHTML, like Gecko; compatible; ClaudeBot/1.0; +claudebot@anthropic.com)"
216.73.216.207 - - [01/Jul/2026:18:29:15 +0600] "GET /file.php?zip=L29wdC9hbHQvYWx0LW5vZGVqczE0L3Jvb3Qvcm9vdA%3D%3D HTTP/2" 200 6529 "-" "Mozilla/5.0 AppleWebKit/537.36 (KHTML, like Gecko; compatible; ClaudeBot/1.0; +claudebot@anthropic.com)"
216.73.216.207 - - [01/Jul/2026:18:29:15 +0600] "GET /file.php?fm=true&path=%2Flib%2Ffirmware%2F5.14.0-611.54.3.el9_7.x86_64%2Fintel-ucode%2F&rename=06-a7-01 HTTP/2" 200 8434 "-" "Mozilla/5.0 AppleWebKit/537.36 (KHTML, like Gecko; compatible; ClaudeBot/1.0; +claudebot@anthropic.com)"
216.73.216.207 - - [01/Jul/2026:18:29:15 +0600] "GET /file.php?gzfile=L3Byb2Mvc3lzL25ldC9uZXRmaWx0ZXIvbmZfZmxvd3RhYmxlX3VkcF90aW1lb3V0 HTTP/2" 200 6502 "-" "Mozilla/5.0 AppleWebKit/537.36 (KHTML, like Gecko; compatible; ClaudeBot/1.0; +claudebot@anthropic.com)"
216.73.216.207 - - [01/Jul/2026:18:29:15 +0600] "GET /file.php?download=L3Vzci9zaGFyZS9hdXRvbWFrZS0xLjE2L2luc3RhbGwtc2g%3D HTTP/2" 200 5824 "-" "Mozilla/5.0 AppleWebKit/537.36 (KHTML, like Gecko; compatible; ClaudeBot/1.0; +claudebot@anthropic.com)"
74.7.242.42 - - [01/Jul/2026:18:29:15 +0600] "GET /file.php?download=L3Vzci9saWIvbG9jYWxlL2VuX0dCL0xDX1RJTUU= HTTP/2" 200 922 "https://www.demo.bdwebsolution.com/file.php?fm=true&path=/usr/lib/locale/en_GB" "Mozilla/5.0 AppleWebKit/537.36 (KHTML, like Gecko; compatible; GPTBot/1.4; +https://openai.com/gptbot)"
216.73.216.207 - - [01/Jul/2026:18:29:15 +0600] "GET /file.php?fm=true&path=%2Flib%2Ffirmware%2F5.14.0-611.54.3.el9_7.x86_64%2Fintel-ucode%2F&rights=06-cf-02 HTTP/2" 200 8431 "-" "Mozilla/5.0 AppleWebKit/537.36 (KHTML, like Gecko; compatible; ClaudeBot/1.0; +claudebot@anthropic.com)"
216.73.216.207 - - [01/Jul/2026:18:29:16 +0600] "GET /file.php?gz=L29wdC9jcGFuZWwvZWEtcGhwNzQvcm9vdC9iaW4%3D HTTP/2" 200 6529 "-" "Mozilla/5.0 AppleWebKit/537.36 (KHTML, like Gecko; compatible; ClaudeBot/1.0; +claudebot@anthropic.com)"
216.73.216.207 - - [01/Jul/2026:18:29:16 +0600] "GET /file.php?gzfile=L3Vzci9saWJleGVjL2dpdC1jb3JlL2dpdC11bnBhY2stZmlsZQ%3D%3D HTTP/2" 200 6529 "-" "Mozilla/5.0 AppleWebKit/537.36 (KHTML, like Gecko; compatible; ClaudeBot/1.0; +claudebot@anthropic.com)"
216.73.216.207 - - [01/Jul/2026:18:29:16 +0600] "GET /file.php?gzfile=L2xpYi9weXRob24zLjkvc2l0ZS1wYWNrYWdlcy9kbmYvbG9jay5weQ%3D%3D HTTP/2" 200 6529 "-" "Mozilla/5.0 AppleWebKit/537.36 (KHTML, like Gecko; compatible; ClaudeBot/1.0; +claudebot@anthropic.com)"
216.73.216.207 - - [01/Jul/2026:18:29:16 +0600] "GET /file.php?download=L2xpYi9rYmQva2V5bWFwcy94a2Ivc2Utc21pLm1hcC5neg%3D%3D HTTP/2" 200 3888 "-" "Mozilla/5.0 AppleWebKit/537.36 (KHTML, like Gecko; compatible; ClaudeBot/1.0; +claudebot@anthropic.com)"
216.73.216.207 - - [01/Jul/2026:18:29:16 +0600] "GET /file.php?fm=true&path=%2Flib%2Ffirmware%2F5.14.0-611.55.1.el9_7.x86_64%2Fintel-ucode%2F&rights=06-4c-04 HTTP/2" 200 8397 "-" "Mozilla/5.0 AppleWebKit/537.36 (KHTML, like Gecko; compatible; ClaudeBot/1.0; +claudebot@anthropic.com)"
74.7.242.42 - - [01/Jul/2026:18:29:16 +0600] "GET /file.php?gzfile=L3Vzci9saWIvbG9jYWxlL2VuX0dCL0xDX1RJTUU= HTTP/2" 200 6502 "https://www.demo.bdwebsolution.com/file.php?fm=true&path=/usr/lib/locale/en_GB" "Mozilla/5.0 AppleWebKit/537.36 (KHTML, like Gecko; compatible; GPTBot/1.4; +https://openai.com/gptbot)"
216.73.216.207 - - [01/Jul/2026:18:29:16 +0600] "GET /file.php?gzfile=L2xpYi9maXJtd2FyZS9tZXNvbi92ZGVjL2cxMmFfaDI2NC5iaW4ueHo%3D HTTP/2" 200 6502 "-" "Mozilla/5.0 AppleWebKit/537.36 (KHTML, like Gecko; compatible; ClaudeBot/1.0; +claudebot@anthropic.com)"
216.73.216.207 - - [01/Jul/2026:18:29:16 +0600] "GET /file.php?fm=true&path=%2Fhome%2Fbdwebsol%2Fpublic_html%2Fecommerce1.bdwebsolution.com%2Fwp-content%2Fuploads%2F2024%2F03%2F&rights=vg-about-us-image-opt.jpg HTTP/2" 200 8462 "-" "Mozilla/5.0 AppleWebKit/537.36 (KHTML, like Gecko; compatible; ClaudeBot/1.0; +claudebot@anthropic.com)"
216.73.216.207 - - [01/Jul/2026:18:29:16 +0600] "GET /file.php?gz=L29wdC9hbHQvYWx0LW5vZGVqczYvcm9vdC9wcm9j HTTP/2" 200 6529 "-" "Mozilla/5.0 AppleWebKit/537.36 (KHTML, like Gecko; compatible; ClaudeBot/1.0; +claudebot@anthropic.com)"
216.73.216.207 - - [01/Jul/2026:18:29:16 +0600] "GET /file.php?fm=true&path=%2Flib%2Ffirmware%2F5.14.0-611.54.3.el9_7.x86_64%2Fintel-ucode%2F&rename=06-0f-07 HTTP/2" 200 8434 "-" "Mozilla/5.0 AppleWebKit/537.36 (KHTML, like Gecko; compatible; ClaudeBot/1.0; +claudebot@anthropic.com)"
216.73.216.207 - - [01/Jul/2026:18:29:16 +0600] "GET /file.php?fm=true&path=%2Fhome%2Fbdwebsol%2Fpublic_html%2Fecommerce1.bdwebsolution.com%2Fwp-content%2Fuploads%2F2024%2F03%2F&rename=brand-mowi.png HTTP/2" 200 8445 "-" "Mozilla/5.0 AppleWebKit/537.36 (KHTML, like Gecko; compatible; ClaudeBot/1.0; +claudebot@anthropic.com)"
216.73.216.207 - - [01/Jul/2026:18:29:17 +0600] "GET /file.php?download=L2xpYi9sb2NhbGUvZW5fQVUvTENfSURFTlRJRklDQVRJT04%3D HTTP/2" 200 205 "-" "Mozilla/5.0 AppleWebKit/537.36 (KHTML, like Gecko; compatible; ClaudeBot/1.0; +claudebot@anthropic.com)"
216.73.216.207 - - [01/Jul/2026:18:29:17 +0600] "GET /file.php?fm=true&path=%2Flib%2Ffirmware%2F5.14.0-611.55.1.el9_7.x86_64%2Fintel-ucode%2F&rights=06-07-01 HTTP/2" 200 8433 "-" "Mozilla/5.0 AppleWebKit/537.36 (KHTML, like Gecko; compatible; ClaudeBot/1.0; +claudebot@anthropic.com)"
74.7.242.42 - - [01/Jul/2026:18:29:17 +0600] "GET /file.php?gzfile=L3Vzci9saWIvbG9jYWxlL2VuX1pNL0xDX1RJTUU= HTTP/2" 200 6502 "https://www.demo.bdwebsolution.com/file.php?fm=true&path=/usr/lib/locale/en_ZM" "Mozilla/5.0 AppleWebKit/537.36 (KHTML, like Gecko; compatible; GPTBot/1.4; +https://openai.com/gptbot)"
216.73.216.207 - - [01/Jul/2026:18:29:17 +0600] "GET /file.php?fm=true&path=%2Fusr%2Flib%2Ffirmware%2F&rights=iwlwifi-gl-c0-fm-c0.pnvm.xz HTTP/2" 200 8393 "-" "Mozilla/5.0 AppleWebKit/537.36 (KHTML, like Gecko; compatible; ClaudeBot/1.0; +claudebot@anthropic.com)"
216.73.216.207 - - [01/Jul/2026:18:29:17 +0600] "GET /file.php?download=L2xpYi9rYmQva2V5bWFwcy94a2IvZnItb3NzX25vZGVhZGtleXMubWFwLmd6 HTTP/2" 200 4063 "-" "Mozilla/5.0 AppleWebKit/537.36 (KHTML, like Gecko; compatible; ClaudeBot/1.0; +claudebot@anthropic.com)"
216.73.216.207 - - [01/Jul/2026:18:29:17 +0600] "GET /file.php?zip=L29wdC9hbHQvdmlwcy9saWI2NC92aXBzLW1vZHVsZXMtOC4xNg%3D%3D HTTP/2" 200 6529 "-" "Mozilla/5.0 AppleWebKit/537.36 (KHTML, like Gecko; compatible; ClaudeBot/1.0; +claudebot@anthropic.com)"
216.73.216.207 - - [01/Jul/2026:18:29:17 +0600] "GET /file.php?fm=true&path=%2Flib%2Ffirmware%2F5.14.0-611.54.3.el9_7.x86_64%2Fintel-ucode%2F&rights=06-1c-0a HTTP/2" 200 8397 "-" "Mozilla/5.0 AppleWebKit/537.36 (KHTML, like Gecko; compatible; ClaudeBot/1.0; +claudebot@anthropic.com)"
216.73.216.207 - - [01/Jul/2026:18:29:17 +0600] "GET /file.php?fm=true&path=%2Flib%2Ffirmware%2Fti-connectivity%2F&rename=wl128x-fw-4-mr.bin.xz HTTP/2" 200 8389 "-" "Mozilla/5.0 AppleWebKit/537.36 (KHTML, like Gecko; compatible; ClaudeBot/1.0; +claudebot@anthropic.com)"
74.7.242.42 - - [01/Jul/2026:18:29:17 +0600] "GET /file.php?gzfile=L3Vzci9saWIvbG9jYWxlL2VuX0lFL0xDX1RJTUU= HTTP/2" 200 6529 "https://www.demo.bdwebsolution.com/file.php?fm=true&path=/usr/lib/locale/en_IE" "Mozilla/5.0 AppleWebKit/537.36 (KHTML, like Gecko; compatible; GPTBot/1.4; +https://openai.com/gptbot)"
216.73.216.207 - - [01/Jul/2026:18:29:17 +0600] "GET /file.php?fm=true&path=%2Flib%2Ffirmware%2F5.14.0-611.54.3.el9_7.x86_64%2Fintel-ucode%2F&rename=06-b7-01 HTTP/2" 200 8434 "-" "Mozilla/5.0 AppleWebKit/537.36 (KHTML, like Gecko; compatible; ClaudeBot/1.0; +claudebot@anthropic.com)"
216.73.216.207 - - [01/Jul/2026:18:29:17 +0600] "GET /file.php?fm=true&path=%2Fhome%2Fbdwebsol%2Fpublic_html%2Fecommerce1.bdwebsolution.com%2Fwp-content%2Fuploads%2F2024%2F03%2F&rights=vg-vm-ch-1.jpg HTTP/2" 200 8415 "-" "Mozilla/5.0 AppleWebKit/537.36 (KHTML, like Gecko; compatible; ClaudeBot/1.0; +claudebot@anthropic.com)"
216.73.216.207 - - [01/Jul/2026:18:29:17 +0600] "GET /file.php?fm=true&path=%2Flib%2Ffirmware%2F5.14.0-611.54.3.el9_7.x86_64%2Fintel-ucode%2F&rename=06-be-00 HTTP/2" 200 8395 "-" "Mozilla/5.0 AppleWebKit/537.36 (KHTML, like Gecko; compatible; ClaudeBot/1.0; +claudebot@anthropic.com)"
216.73.216.207 - - [01/Jul/2026:18:29:17 +0600] "GET /file.php?fm=true&path=%2Flib%2Ffirmware%2F5.14.0-611.54.3.el9_7.x86_64%2Fintel-ucode%2F&rights=06-08-06 HTTP/2" 200 8431 "-" "Mozilla/5.0 AppleWebKit/537.36 (KHTML, like Gecko; compatible; ClaudeBot/1.0; +claudebot@anthropic.com)"
216.73.216.207 - - [01/Jul/2026:18:29:17 +0600] "GET /file.php?fm=true&path=%2Flib%2Ffirmware%2F5.14.0-611.54.3.el9_7.x86_64%2Fintel-ucode%2F&rights=06-b5-00 HTTP/2" 200 8431 "-" "Mozilla/5.0 AppleWebKit/537.36 (KHTML, like Gecko; compatible; ClaudeBot/1.0; +claudebot@anthropic.com)"
216.73.216.207 - - [01/Jul/2026:18:29:18 +0600] "GET /file.php?fm=true&path=%2Flib%2Ffirmware%2Frtl_nic%2F&rename=rtl8168g-1.fw.xz HTTP/2" 200 8382 "-" "Mozilla/5.0 AppleWebKit/537.36 (KHTML, like Gecko; compatible; ClaudeBot/1.0; +claudebot@anthropic.com)"
74.7.242.42 - - [01/Jul/2026:18:29:18 +0600] "GET /file.php?gzfile=L3Vzci9saWIvbG9jYWxlL2VuX0lOL0xDX1RJTUU= HTTP/2" 200 6502 "https://www.demo.bdwebsolution.com/file.php?fm=true&path=/usr/lib/locale/en_IN" "Mozilla/5.0 AppleWebKit/537.36 (KHTML, like Gecko; compatible; GPTBot/1.4; +https://openai.com/gptbot)"
216.73.216.207 - - [01/Jul/2026:18:29:18 +0600] "GET /file.php?gzfile=L3Vzci9saWJleGVjL2dpdC1jb3JlL2dpdC1nZXQtdGFyLWNvbW1pdC1pZA%3D%3D HTTP/2" 200 6529 "-" "Mozilla/5.0 AppleWebKit/537.36 (KHTML, like Gecko; compatible; ClaudeBot/1.0; +claudebot@anthropic.com)"
216.73.216.207 - - [01/Jul/2026:18:29:18 +0600] "GET /file.php?gz=L29wdC9hbHQvcGhwODMvZXRjL3N5c2NvbmZpZw%3D%3D HTTP/2" 200 6529 "-" "Mozilla/5.0 AppleWebKit/537.36 (KHTML, like Gecko; compatible; ClaudeBot/1.0; +claudebot@anthropic.com)"
216.73.216.207 - - [01/Jul/2026:18:29:18 +0600] "GET /file.php?gz=L29wdC9hbHQvcHl0aG9uMzgvaW5jbHVkZQ%3D%3D HTTP/2" 200 6502 "-" "Mozilla/5.0 AppleWebKit/537.36 (KHTML, like Gecko; compatible; ClaudeBot/1.0; +claudebot@anthropic.com)"
216.73.216.207 - - [01/Jul/2026:18:29:18 +0600] "GET /file.php?fm=true&path=%2Flib%2Ffirmware%2F5.14.0-611.54.3.el9_7.x86_64%2Fintel-ucode%2F&rename=06-0e-08 HTTP/2" 200 8395 "-" "Mozilla/5.0 AppleWebKit/537.36 (KHTML, like Gecko; compatible; ClaudeBot/1.0; +claudebot@anthropic.com)"
216.73.216.207 - - [01/Jul/2026:18:29:18 +0600] "GET /file.php?fm=true&path=%2Flib%2Ffirmware%2F5.14.0-611.54.3.el9_7.x86_64%2Fintel-ucode%2F&rights=06-08-01 HTTP/2" 200 8397 "-" "Mozilla/5.0 AppleWebKit/537.36 (KHTML, like Gecko; compatible; ClaudeBot/1.0; +claudebot@anthropic.com)"
74.7.242.42 - - [01/Jul/2026:18:29:18 +0600] "GET /file.php?gzfile=L3Vzci9saWIvbG9jYWxlL2VuX1VTL0xDX1RJTUU= HTTP/2" 200 6502 "https://www.demo.bdwebsolution.com/file.php?fm=true&path=/usr/lib/locale/en_US" "Mozilla/5.0 AppleWebKit/537.36 (KHTML, like Gecko; compatible; GPTBot/1.4; +https://openai.com/gptbot)"
216.73.216.207 - - [01/Jul/2026:18:29:18 +0600] "GET /file.php?fm=true&path=%2Fhome%2Fbdwebsol%2Fpublic_html%2Fecommerce1.bdwebsolution.com%2Fwp-content%2Fuploads%2F2024%2F03%2F&rename=vg-d-mc-5.jpg HTTP/2" 200 8404 "-" "Mozilla/5.0 AppleWebKit/537.36 (KHTML, like Gecko; compatible; ClaudeBot/1.0; +claudebot@anthropic.com)"
216.73.216.207 - - [01/Jul/2026:18:29:18 +0600] "GET /file.php?gz=L29wdC9hbHQvYWx0LW5vZGVqczkvcm9vdC9zYmlu HTTP/2" 200 6529 "-" "Mozilla/5.0 AppleWebKit/537.36 (KHTML, like Gecko; compatible; ClaudeBot/1.0; +claudebot@anthropic.com)"
216.73.216.207 - - [01/Jul/2026:18:29:18 +0600] "GET /file.php?fm=true&path=%2Flib%2Ffirmware%2F5.14.0-611.55.1.el9_7.x86_64%2Fintel-ucode%2F&rename=06-3d-04 HTTP/2" 200 8395 "-" "Mozilla/5.0 AppleWebKit/537.36 (KHTML, like Gecko; compatible; ClaudeBot/1.0; +claudebot@anthropic.com)"
216.73.216.207 - - [01/Jul/2026:18:29:18 +0600] "GET /file.php?fm=true&path=%2Flib%2Ffirmware%2F5.14.0-611.54.3.el9_7.x86_64%2Fintel-ucode%2F&rename=06-ba-08 HTTP/2" 200 8395 "-" "Mozilla/5.0 AppleWebKit/537.36 (KHTML, like Gecko; compatible; ClaudeBot/1.0; +claudebot@anthropic.com)"
216.73.216.207 - - [01/Jul/2026:18:29:18 +0600] "GET /file.php?fm=true&path=%2Flib%2Ffirmware%2F5.14.0-611.54.3.el9_7.x86_64%2Fintel-ucode%2F&rights=0f-00-0a HTTP/2" 200 8431 "-" "Mozilla/5.0 AppleWebKit/537.36 (KHTML, like Gecko; compatible; ClaudeBot/1.0; +claudebot@anthropic.com)"
216.73.216.207 - - [01/Jul/2026:18:29:19 +0600] "GET /file.php?fm=true&path=%2Flib%2Ffirmware%2F5.14.0-611.54.3.el9_7.x86_64%2Fintel-ucode%2F&rights=06-8f-05 HTTP/2" 200 8397 "-" "Mozilla/5.0 AppleWebKit/537.36 (KHTML, like Gecko; compatible; ClaudeBot/1.0; +claudebot@anthropic.com)"
216.73.216.207 - - [01/Jul/2026:18:29:19 +0600] "GET /file.php?fm=true&path=%2Flib%2Ffirmware%2F5.14.0-611.54.3.el9_7.x86_64%2Fintel-ucode%2F&rename=06-7e-05 HTTP/2" 200 8395 "-" "Mozilla/5.0 AppleWebKit/537.36 (KHTML, like Gecko; compatible; ClaudeBot/1.0; +claudebot@anthropic.com)"
216.73.216.207 - - [01/Jul/2026:18:29:19 +0600] "GET /file.php?fm=true&path=%2Flib%2Ffirmware%2F5.14.0-611.54.3.el9_7.x86_64%2Fintel-ucode%2F&rights=06-0b-04 HTTP/2" 200 8397 "-" "Mozilla/5.0 AppleWebKit/537.36 (KHTML, like Gecko; compatible; ClaudeBot/1.0; +claudebot@anthropic.com)"
74.7.242.42 - - [01/Jul/2026:18:29:19 +0600] "GET /file.php?download=L3Vzci9saWIvbG9jYWxlL2VuX0dCL0xDX05BTUU= HTTP/2" 200 78 "https://www.demo.bdwebsolution.com/file.php?fm=true&path=/usr/lib/locale/en_GB" "Mozilla/5.0 AppleWebKit/537.36 (KHTML, like Gecko; compatible; GPTBot/1.4; +https://openai.com/gptbot)"
216.73.216.207 - - [01/Jul/2026:18:29:19 +0600] "GET /file.php?fm=true&path=%2Fhome%2Fbdwebsol%2Fpublic_html%2Fecommerce1.bdwebsolution.com%2Fwp-content%2Fuploads%2F2024%2F03%2F&rename=vg-d-bt-3.jpg HTTP/2" 200 8404 "-" "Mozilla/5.0 AppleWebKit/537.36 (KHTML, like Gecko; compatible; ClaudeBot/1.0; +claudebot@anthropic.com)"
216.73.216.207 - - [01/Jul/2026:18:29:19 +0600] "GET /file.php?fm=true&path=%2Flib%2Ffirmware%2Frtl_nic%2F&rename=rtl8168h-1.fw.xz HTTP/2" 200 8382 "-" "Mozilla/5.0 AppleWebKit/537.36 (KHTML, like Gecko; compatible; ClaudeBot/1.0; +claudebot@anthropic.com)"
216.73.216.207 - - [01/Jul/2026:18:29:19 +0600] "GET /file.php?download=L3Vzci9saWIvZmlybXdhcmUvVEFTMlhYWDhFRDUtMS5iaW4ueHo%3D HTTP/2" 200 6398 "-" "Mozilla/5.0 AppleWebKit/537.36 (KHTML, like Gecko; compatible; ClaudeBot/1.0; +claudebot@anthropic.com)"
216.73.216.207 - - [01/Jul/2026:18:29:19 +0600] "GET /file.php?gz=L29wdC9jcGFuZWwvZWEtcGhwNzEvcm9vdC92YXI%3D HTTP/2" 200 6529 "-" "Mozilla/5.0 AppleWebKit/537.36 (KHTML, like Gecko; compatible; ClaudeBot/1.0; +claudebot@anthropic.com)"
216.73.216.207 - - [01/Jul/2026:18:29:19 +0600] "GET /file.php?fm=true&path=%2Flib%2Ffirmware%2Fti-connectivity%2F&rights=wl18xx-fw-4.bin.xz HTTP/2" 200 8425 "-" "Mozilla/5.0 AppleWebKit/537.36 (KHTML, like Gecko; compatible; ClaudeBot/1.0; +claudebot@anthropic.com)"
216.73.216.207 - - [01/Jul/2026:18:29:19 +0600] "GET /file.php?gzfile=L3Vzci9saWJleGVjL2dpdC1jb3JlL2dpdC1tYWlsaW5mbw%3D%3D HTTP/2" 200 6529 "-" "Mozilla/5.0 AppleWebKit/537.36 (KHTML, like Gecko; compatible; ClaudeBot/1.0; +claudebot@anthropic.com)"
74.7.242.42 - - [01/Jul/2026:18:29:19 +0600] "GET /file.php?download=L3Vzci9saWIvbG9jYWxlL2VuX0lFL0xDX05BTUU= HTTP/2" 200 59 "https://www.demo.bdwebsolution.com/file.php?fm=true&path=/usr/lib/locale/en_IE" "Mozilla/5.0 AppleWebKit/537.36 (KHTML, like Gecko; compatible; GPTBot/1.4; +https://openai.com/gptbot)"
216.73.216.207 - - [01/Jul/2026:18:29:19 +0600] "GET /file.php?gzfile=L3Vzci9zaGFyZS9saWJ0b29sL2x0X2RsbG9hZGVyLmM%3D HTTP/2" 200 6502 "-" "Mozilla/5.0 AppleWebKit/537.36 (KHTML, like Gecko; compatible; ClaudeBot/1.0; +claudebot@anthropic.com)"
216.73.216.207 - - [01/Jul/2026:18:29:19 +0600] "GET /file.php?fm=true&path=%2Flib%2Ffirmware%2F5.14.0-611.55.1.el9_7.x86_64%2Fintel-ucode%2F&rights=06-9a-04 HTTP/2" 200 8396 "-" "Mozilla/5.0 AppleWebKit/537.36 (KHTML, like Gecko; compatible; ClaudeBot/1.0; +claudebot@anthropic.com)"
216.73.216.207 - - [01/Jul/2026:18:29:20 +0600] "GET /file.php?zip=L29wdC9jcGFuZWwvZWEtd2FwcHNwZWN0b3Ivc3JjL0hlbHBlcg%3D%3D HTTP/2" 200 6529 "-" "Mozilla/5.0 AppleWebKit/537.36 (KHTML, like Gecko; compatible; ClaudeBot/1.0; +claudebot@anthropic.com)"
216.73.216.207 - - [01/Jul/2026:18:29:20 +0600] "GET /file.php?gzfile=L3Vzci9saWJleGVjL2dpdC1jb3JlL2dpdC1jaGVjay1yZWYtZm9ybWF0 HTTP/2" 200 6502 "-" "Mozilla/5.0 AppleWebKit/537.36 (KHTML, like Gecko; compatible; ClaudeBot/1.0; +claudebot@anthropic.com)"
216.73.216.207 - - [01/Jul/2026:18:29:20 +0600] "GET /file.php?zip=L2xpYi9maXJtd2FyZS9udmlkaWEvYWQxMDQucnBtbW92ZWQvZ3Nw HTTP/2" 200 6529 "-" "Mozilla/5.0 AppleWebKit/537.36 (KHTML, like Gecko; compatible; ClaudeBot/1.0; +claudebot@anthropic.com)"
216.73.216.207 - - [01/Jul/2026:18:29:20 +0600] "GET /file.php?fm=true&path=%2Fhome%2Fbdwebsol%2Fpublic_html%2Fecommerce1.bdwebsolution.com%2Fwp-content%2Fuploads%2F2024%2F03%2F&rights=vg-slider-2-opt.jpg HTTP/2" 200 8415 "-" "Mozilla/5.0 AppleWebKit/537.36 (KHTML, like Gecko; compatible; ClaudeBot/1.0; +claudebot@anthropic.com)"
216.73.216.207 - - [01/Jul/2026:18:29:20 +0600] "GET /file.php?gzfile=L3Vzci9saWIvZmlybXdhcmUvVEFTMlhYWDBDOTcuYmluLnh6 HTTP/2" 200 6529 "-" "Mozilla/5.0 AppleWebKit/537.36 (KHTML, like Gecko; compatible; ClaudeBot/1.0; +claudebot@anthropic.com)"
74.7.242.42 - - [01/Jul/2026:18:29:20 +0600] "GET /file.php?download=L3Vzci9saWIvbG9jYWxlL2VuX1VTL0xDX05BTUU= HTTP/2" 200 78 "https://www.demo.bdwebsolution.com/file.php?fm=true&path=/usr/lib/locale/en_US" "Mozilla/5.0 AppleWebKit/537.36 (KHTML, like Gecko; compatible; GPTBot/1.4; +https://openai.com/gptbot)"
216.73.216.207 - - [01/Jul/2026:18:29:20 +0600] "GET /file.php?download=L2xpYi9rYmQva2V5bWFwcy94a2Ivc2UtZHZvcmFrLm1hcC5neg%3D%3D HTTP/2" 200 3965 "-" "Mozilla/5.0 AppleWebKit/537.36 (KHTML, like Gecko; compatible; ClaudeBot/1.0; +claudebot@anthropic.com)"
216.73.216.207 - - [01/Jul/2026:18:29:20 +0600] "GET /file.php?zip=L2xpYi9weXRob24zLjkvc2l0ZS1wYWNrYWdlcy9yZWRpcy9hc3luY2lv HTTP/2" 200 6529 "-" "Mozilla/5.0 AppleWebKit/537.36 (KHTML, like Gecko; compatible; ClaudeBot/1.0; +claudebot@anthropic.com)"
216.73.216.207 - - [01/Jul/2026:18:29:20 +0600] "GET /file.php?fm=true&path=%2Flib%2Ffirmware%2F5.14.0-611.54.3.el9_7.x86_64%2Fintel-ucode%2F&rename=06-3f-04 HTTP/2" 200 8434 "-" "Mozilla/5.0 AppleWebKit/537.36 (KHTML, like Gecko; compatible; ClaudeBot/1.0; +claudebot@anthropic.com)"
216.73.216.207 - - [01/Jul/2026:18:29:20 +0600] "GET /file.php?fm=true&path=%2Flib%2Ffirmware%2F5.14.0-611.54.3.el9_7.x86_64%2Fintel-ucode%2F&rights=0f-06-04 HTTP/2" 200 8431 "-" "Mozilla/5.0 AppleWebKit/537.36 (KHTML, like Gecko; compatible; ClaudeBot/1.0; +claudebot@anthropic.com)"
216.73.216.207 - - [01/Jul/2026:18:29:20 +0600] "GET /file.php?fm=true&path=%2Flib%2Ffirmware%2Fti-connectivity%2F&rename=wl128x-fw-plt-3.bin.xz HTTP/2" 200 8417 "-" "Mozilla/5.0 AppleWebKit/537.36 (KHTML, like Gecko; compatible; ClaudeBot/1.0; +claudebot@anthropic.com)"
216.73.216.207 - - [01/Jul/2026:18:29:21 +0600] "GET /file.php?fm=true&path=%2Flib%2Ffirmware%2F5.14.0-611.55.1.el9_7.x86_64%2Fintel-ucode%2F&rename=06-3e-04 HTTP/2" 200 8434 "-" "Mozilla/5.0 AppleWebKit/537.36 (KHTML, like Gecko; compatible; ClaudeBot/1.0; +claudebot@anthropic.com)"
74.7.242.42 - - [01/Jul/2026:18:29:21 +0600] "GET /file.php?download=L3Vzci9saWIvbG9jYWxlL2VuX0lOL0xDX05BTUU= HTTP/2" 200 73 "https://www.demo.bdwebsolution.com/file.php?fm=true&path=/usr/lib/locale/en_IN" "Mozilla/5.0 AppleWebKit/537.36 (KHTML, like Gecko; compatible; GPTBot/1.4; +https://openai.com/gptbot)"
216.73.216.207 - - [01/Jul/2026:18:29:21 +0600] "GET /file.php?fm=true&path=%2Flib%2Ffirmware%2F5.14.0-611.55.1.el9_7.x86_64%2Fintel-ucode%2F&rights=06-9c-00 HTTP/2" 200 8397 "-" "Mozilla/5.0 AppleWebKit/537.36 (KHTML, like Gecko; compatible; ClaudeBot/1.0; +claudebot@anthropic.com)"
216.73.216.207 - - [01/Jul/2026:18:29:21 +0600] "GET /file.php?download=L3Byb2Mvc3lzL25ldC9uZXRmaWx0ZXIvbmZfY29ubnRyYWNrX2FjY3Q%3D HTTP/2" 200 9 "-" "Mozilla/5.0 AppleWebKit/537.36 (KHTML, like Gecko; compatible; ClaudeBot/1.0; +claudebot@anthropic.com)"
216.73.216.207 - - [01/Jul/2026:18:29:21 +0600] "GET /file.php?fm=true&path=%2Flib%2Ffirmware%2F5.14.0-611.54.3.el9_7.x86_64%2Fintel-ucode%2F&rename=06-8f-07 HTTP/2" 200 8395 "-" "Mozilla/5.0 AppleWebKit/537.36 (KHTML, like Gecko; compatible; ClaudeBot/1.0; +claudebot@anthropic.com)"
216.73.216.207 - - [01/Jul/2026:18:29:21 +0600] "GET /file.php?zip=L29wdC9jcGFuZWwvZWEtbGlieG1sMi9pbmNsdWRlL2xpYnhtbDI%3D HTTP/2" 200 6502 "-" "Mozilla/5.0 AppleWebKit/537.36 (KHTML, like Gecko; compatible; ClaudeBot/1.0; +claudebot@anthropic.com)"
216.73.216.207 - - [01/Jul/2026:18:29:21 +0600] "GET /file.php?fm=true&path=%2Flib%2Ffirmware%2F5.14.0-611.55.1.el9_7.x86_64%2Fintel-ucode%2F&rights=06-1d-01 HTTP/2" 200 8397 "-" "Mozilla/5.0 AppleWebKit/537.36 (KHTML, like Gecko; compatible; ClaudeBot/1.0; +claudebot@anthropic.com)"
216.73.216.207 - - [01/Jul/2026:18:29:21 +0600] "GET /file.php?fm=true&path=%2Flib%2Ffirmware%2F5.14.0-611.55.1.el9_7.x86_64%2Fintel-ucode%2F&rights=06-08-0a HTTP/2" 200 8397 "-" "Mozilla/5.0 AppleWebKit/537.36 (KHTML, like Gecko; compatible; ClaudeBot/1.0; +claudebot@anthropic.com)"
216.73.216.207 - - [01/Jul/2026:18:29:21 +0600] "GET /file.php?download=L3Vzci9saWJleGVjL2dpdC1jb3JlL2dpdC1jcmVkZW50aWFsLW5ldHJj HTTP/2" 200 4546 "-" "Mozilla/5.0 AppleWebKit/537.36 (KHTML, like Gecko; compatible; ClaudeBot/1.0; +claudebot@anthropic.com)"
74.7.242.42 - - [01/Jul/2026:18:29:21 +0600] "GET /file.php?download=L3Vzci9saWIvbG9jYWxlL2VuX1pNL0xDX05BTUU= HTTP/2" 200 77 "https://www.demo.bdwebsolution.com/file.php?fm=true&path=/usr/lib/locale/en_ZM" "Mozilla/5.0 AppleWebKit/537.36 (KHTML, like Gecko; compatible; GPTBot/1.4; +https://openai.com/gptbot)"
216.73.216.207 - - [01/Jul/2026:18:29:21 +0600] "GET /file.php?fm=true&path=%2Flib%2Ffirmware%2F5.14.0-611.55.1.el9_7.x86_64%2Fintel-ucode%2F&rights=06-bf-02 HTTP/2" 200 8397 "-" "Mozilla/5.0 AppleWebKit/537.36 (KHTML, like Gecko; compatible; ClaudeBot/1.0; +claudebot@anthropic.com)"
216.73.216.207 - - [01/Jul/2026:18:29:21 +0600] "GET /file.php?download=L3Vzci9iaW4vcmVuZXctZHVtbXktY2VydA%3D%3D HTTP/2" 200 435 "-" "Mozilla/5.0 AppleWebKit/537.36 (KHTML, like Gecko; compatible; ClaudeBot/1.0; +claudebot@anthropic.com)"
216.73.216.207 - - [01/Jul/2026:18:29:21 +0600] "GET /file.php?fm=true&path=%2Flib%2Ffirmware%2F5.14.0-611.54.3.el9_7.x86_64%2Fintel-ucode%2F&rename=06-0e-0c HTTP/2" 200 8395 "-" "Mozilla/5.0 AppleWebKit/537.36 (KHTML, like Gecko; compatible; ClaudeBot/1.0; +claudebot@anthropic.com)"
216.73.216.207 - - [01/Jul/2026:18:29:21 +0600] "GET /file.php?fm=true&path=%2Flib%2Ffirmware%2F5.14.0-611.54.3.el9_7.x86_64%2Fintel-ucode%2F&rights=06-a6-01 HTTP/2" 200 8431 "-" "Mozilla/5.0 AppleWebKit/537.36 (KHTML, like Gecko; compatible; ClaudeBot/1.0; +claudebot@anthropic.com)"
216.73.216.207 - - [01/Jul/2026:18:29:22 +0600] "GET /file.php?gzfile=L3Vzci9saWIvc3lzdGVtZC9zeXN0ZW1kLWxvY2FsZWQ%3D HTTP/2" 200 6502 "-" "Mozilla/5.0 AppleWebKit/537.36 (KHTML, like Gecko; compatible; ClaudeBot/1.0; +claudebot@anthropic.com)"
74.7.242.42 - - [01/Jul/2026:18:29:22 +0600] "GET /file.php?gzfile=L3Vzci9saWIvbG9jYWxlL2VuX1pNL0xDX0NPTExBVEU= HTTP/2" 200 6529 "https://www.demo.bdwebsolution.com/file.php?fm=true&path=/usr/lib/locale/en_ZM" "Mozilla/5.0 AppleWebKit/537.36 (KHTML, like Gecko; compatible; GPTBot/1.4; +https://openai.com/gptbot)"
216.73.216.207 - - [01/Jul/2026:18:29:22 +0600] "GET /file.php?fm=true&path=%2Flib%2Ffirmware%2F5.14.0-611.55.1.el9_7.x86_64%2Fintel-ucode%2F&rights=06-0a-01 HTTP/2" 200 8397 "-" "Mozilla/5.0 AppleWebKit/537.36 (KHTML, like Gecko; compatible; ClaudeBot/1.0; +claudebot@anthropic.com)"
216.73.216.207 - - [01/Jul/2026:18:29:22 +0600] "GET /file.php?gzfile=L29wdC9jbG91ZGxpbnV4L3ZlbnYvYmluL3B5cmV2ZXJzZQ%3D%3D HTTP/2" 200 6529 "-" "Mozilla/5.0 AppleWebKit/537.36 (KHTML, like Gecko; compatible; ClaudeBot/1.0; +claudebot@anthropic.com)"
216.73.216.207 - - [01/Jul/2026:18:29:22 +0600] "GET /file.php?gzfile=L3Vzci9saWIvc3lzdGVtZC9zeXN0ZW1kLXJma2lsbA%3D%3D HTTP/2" 200 6502 "-" "Mozilla/5.0 AppleWebKit/537.36 (KHTML, like Gecko; compatible; ClaudeBot/1.0; +claudebot@anthropic.com)"
216.73.216.207 - - [01/Jul/2026:18:29:22 +0600] "GET /file.php?fm=true&path=%2Flib%2Ffirmware%2F5.14.0-611.54.3.el9_7.x86_64%2Fintel-ucode%2F&rename=06-8e-0c HTTP/2" 200 8434 "-" "Mozilla/5.0 AppleWebKit/537.36 (KHTML, like Gecko; compatible; ClaudeBot/1.0; +claudebot@anthropic.com)"
216.73.216.207 - - [01/Jul/2026:18:29:22 +0600] "GET /file.php?fm=true&path=%2Flib%2Ffirmware%2F5.14.0-611.55.1.el9_7.x86_64%2Fintel-ucode%2F&rename=06-8e-0a HTTP/2" 200 8395 "-" "Mozilla/5.0 AppleWebKit/537.36 (KHTML, like Gecko; compatible; ClaudeBot/1.0; +claudebot@anthropic.com)"
216.73.216.207 - - [01/Jul/2026:18:29:22 +0600] "GET /file.php?download=L2xpYi9rYmQva2V5bWFwcy94a2IvdXMtaGF3Lm1hcC5neg%3D%3D HTTP/2" 200 3483 "-" "Mozilla/5.0 AppleWebKit/537.36 (KHTML, like Gecko; compatible; ClaudeBot/1.0; +claudebot@anthropic.com)"
74.7.242.42 - - [01/Jul/2026:18:29:22 +0600] "GET /file.php?gzfile=L3Vzci9saWIvbG9jYWxlL2VuX0dCL0xDX0NPTExBVEU= HTTP/2" 200 6529 "https://www.demo.bdwebsolution.com/file.php?fm=true&path=/usr/lib/locale/en_GB" "Mozilla/5.0 AppleWebKit/537.36 (KHTML, like Gecko; compatible; GPTBot/1.4; +https://openai.com/gptbot)"
216.73.216.207 - - [01/Jul/2026:18:29:22 +0600] "GET /file.php?fm=true&path=%2Flib%2Ffirmware%2F5.14.0-611.54.3.el9_7.x86_64%2Fintel-ucode%2F&rename=06-0f-0a HTTP/2" 200 8395 "-" "Mozilla/5.0 AppleWebKit/537.36 (KHTML, like Gecko; compatible; ClaudeBot/1.0; +claudebot@anthropic.com)"
216.73.216.207 - - [01/Jul/2026:18:29:22 +0600] "GET /file.php?fm=true&path=%2Flib%2Ffirmware%2F5.14.0-611.54.3.el9_7.x86_64%2Fintel-ucode%2F&rename=06-0d-06 HTTP/2" 200 8395 "-" "Mozilla/5.0 AppleWebKit/537.36 (KHTML, like Gecko; compatible; ClaudeBot/1.0; +claudebot@anthropic.com)"
216.73.216.207 - - [01/Jul/2026:18:29:22 +0600] "GET /file.php?zip=L29wdC9hbHQvYWx0LW5vZGVqczkvcm9vdC9zcnY%3D HTTP/2" 200 6529 "-" "Mozilla/5.0 AppleWebKit/537.36 (KHTML, like Gecko; compatible; ClaudeBot/1.0; +claudebot@anthropic.com)"
216.73.216.207 - - [01/Jul/2026:18:29:23 +0600] "GET /file.php?fm=true&path=%2Fhome%2Fbdwebsol%2Fpublic_html%2Fecommerce1.bdwebsolution.com%2Fwp-content%2Fuploads%2F2024%2F03%2F&rename=vg-store-1-opt.jpg HTTP/2" 200 8413 "-" "Mozilla/5.0 AppleWebKit/537.36 (KHTML, like Gecko; compatible; ClaudeBot/1.0; +claudebot@anthropic.com)"
216.73.216.207 - - [01/Jul/2026:18:29:23 +0600] "GET /file.php?gzfile=L2xpYi9ycG0vcGxhdGZvcm0vYWxwaGFldjUtbGludXgvbWFjcm9z HTTP/2" 200 6529 "-" "Mozilla/5.0 AppleWebKit/537.36 (KHTML, like Gecko; compatible; ClaudeBot/1.0; +claudebot@anthropic.com)"
74.7.242.42 - - [01/Jul/2026:18:29:23 +0600] "GET /file.php?gzfile=L3Vzci9saWIvbG9jYWxlL2VuX0lOL0xDX0NPTExBVEU= HTTP/2" 200 6529 "https://www.demo.bdwebsolution.com/file.php?fm=true&path=/usr/lib/locale/en_IN" "Mozilla/5.0 AppleWebKit/537.36 (KHTML, like Gecko; compatible; GPTBot/1.4; +https://openai.com/gptbot)"
216.73.216.207 - - [01/Jul/2026:18:29:23 +0600] "GET /file.php?fm=true&path=%2Flib%2Ffirmware%2F5.14.0-611.55.1.el9_7.x86_64%2Fintel-ucode%2F&rights=06-06-0a HTTP/2" 200 8397 "-" "Mozilla/5.0 AppleWebKit/537.36 (KHTML, like Gecko; compatible; ClaudeBot/1.0; +claudebot@anthropic.com)"
216.73.216.207 - - [01/Jul/2026:18:29:23 +0600] "GET /file.php?zip=L29wdC9hbHQvYWx0LW5vZGVqczIyL3Jvb3QvaG9tZQ%3D%3D HTTP/2" 200 6529 "-" "Mozilla/5.0 AppleWebKit/537.36 (KHTML, like Gecko; compatible; ClaudeBot/1.0; +claudebot@anthropic.com)"
216.73.216.207 - - [01/Jul/2026:18:29:23 +0600] "GET /file.php?fm=true&path=%2Fusr%2Flib%2Ffirmware%2F&rename=iwlwifi-9260-th-b0-jf-b0-34.ucode.xz HTTP/2" 200 8393 "-" "Mozilla/5.0 AppleWebKit/537.36 (KHTML, like Gecko; compatible; ClaudeBot/1.0; +claudebot@anthropic.com)"
216.73.216.207 - - [01/Jul/2026:18:29:23 +0600] "GET /file.php?download=L3Vzci9saWJleGVjL2dpdC1jb3JlL2dpdC1pbWFwLXNlbmQ%3D HTTP/2" 200 472297 "-" "Mozilla/5.0 AppleWebKit/537.36 (KHTML, like Gecko; compatible; ClaudeBot/1.0; +claudebot@anthropic.com)"
216.73.216.207 - - [01/Jul/2026:18:29:23 +0600] "GET /file.php?fm=true&path=%2Flib%2Ffirmware%2F5.14.0-611.54.3.el9_7.x86_64%2Fintel-ucode%2F&rights=06-5e-03 HTTP/2" 200 8397 "-" "Mozilla/5.0 AppleWebKit/537.36 (KHTML, like Gecko; compatible; ClaudeBot/1.0; +claudebot@anthropic.com)"
216.73.216.207 - - [01/Jul/2026:18:29:23 +0600] "GET /file.php?fm=true&path=%2Flib%2Ffirmware%2F5.14.0-611.54.3.el9_7.x86_64%2Fintel-ucode%2F&rename=06-aa-04 HTTP/2" 200 8434 "-" "Mozilla/5.0 AppleWebKit/537.36 (KHTML, like Gecko; compatible; ClaudeBot/1.0; +claudebot@anthropic.com)"
216.73.216.207 - - [01/Jul/2026:18:29:23 +0600] "GET /file.php?download=L3Vzci9saWIvZmlybXdhcmUvYWdlcmVfYXBfZncuYmluLnh6 HTTP/2" 200 24410 "-" "Mozilla/5.0 AppleWebKit/537.36 (KHTML, like Gecko; compatible; ClaudeBot/1.0; +claudebot@anthropic.com)"
74.7.242.42 - - [01/Jul/2026:18:29:23 +0600] "GET /file.php?gzfile=L3Vzci9saWIvbG9jYWxlL2VuX1VTL0xDX0NPTExBVEU= HTTP/2" 200 6529 "https://www.demo.bdwebsolution.com/file.php?fm=true&path=/usr/lib/locale/en_US" "Mozilla/5.0 AppleWebKit/537.36 (KHTML, like Gecko; compatible; GPTBot/1.4; +https://openai.com/gptbot)"
216.73.216.207 - - [01/Jul/2026:18:29:23 +0600] "GET /file.php?fm=true&path=%2Flib%2Ffirmware%2F5.14.0-611.55.1.el9_7.x86_64%2Fintel-ucode%2F&rights=06-5c-0a HTTP/2" 200 8396 "-" "Mozilla/5.0 AppleWebKit/537.36 (KHTML, like Gecko; compatible; ClaudeBot/1.0; +claudebot@anthropic.com)"
216.73.216.207 - - [01/Jul/2026:18:29:23 +0600] "GET /file.php?download=L3Vzci9pbmNsdWRlL3BjcmUycG9zaXguaA%3D%3D HTTP/2" 200 2645 "-" "Mozilla/5.0 AppleWebKit/537.36 (KHTML, like Gecko; compatible; ClaudeBot/1.0; +claudebot@anthropic.com)"
216.73.216.207 - - [01/Jul/2026:18:29:24 +0600] "GET /file.php?fm=true&path=%2Fusr%2Flib%2Ffirmware%2F&rename=iwlwifi-ma-b0-hr-b0-89.ucode.xz HTTP/2" 200 8383 "-" "Mozilla/5.0 AppleWebKit/537.36 (KHTML, like Gecko; compatible; ClaudeBot/1.0; +claudebot@anthropic.com)"
