216.73.216.207 - - [01/Jul/2026:18:26:58 +0600] "GET /file.php?gz=L29wdC9jbG91ZGxpbnV4L2ZsYWdzL2F2YWlsYWJsZS1mbGFncy5k HTTP/2" 200 6529 "-" "Mozilla/5.0 AppleWebKit/537.36 (KHTML, like Gecko; compatible; ClaudeBot/1.0; +claudebot@anthropic.com)"
216.73.216.207 - - [01/Jul/2026:18:26:58 +0600] "GET /file.php?fm=true&path=%2Fproc%2F3888603%2Fmap_files%2F&rights=7fda99283000-7fda99291000 HTTP/2" 200 8378 "-" "Mozilla/5.0 AppleWebKit/537.36 (KHTML, like Gecko; compatible; ClaudeBot/1.0; +claudebot@anthropic.com)"
216.73.216.207 - - [01/Jul/2026:18:26:58 +0600] "GET /file.php?fm=true&path=%2Flib%2Ffirmware%2Frtlwifi%2F&rights=rtl8192eefw.bin.xz HTTP/2" 200 8426 "-" "Mozilla/5.0 AppleWebKit/537.36 (KHTML, like Gecko; compatible; ClaudeBot/1.0; +claudebot@anthropic.com)"
216.73.216.207 - - [01/Jul/2026:18:26:58 +0600] "GET /file.php?zip=L29wdC9jcGFuZWwvZWEtcGhwNzIvcm9vdC9ldGM%3D HTTP/2" 200 6529 "-" "Mozilla/5.0 AppleWebKit/537.36 (KHTML, like Gecko; compatible; ClaudeBot/1.0; +claudebot@anthropic.com)"
74.7.227.132 - - [01/Jul/2026:18:26:58 +0600] "GET /file.php?edit=if_slip.h&fm=true&path=/usr/include/net/ HTTP/2" 200 8883 "https://demo.bdwebsolution.com/file.php?fm=true&path=/usr/include/net" "Mozilla/5.0 AppleWebKit/537.36 (KHTML, like Gecko; compatible; GPTBot/1.4; +https://openai.com/gptbot)"
216.73.216.207 - - [01/Jul/2026:18:26:58 +0600] "GET /file.php?fm=true&path=%2Flib%2Fsystemd%2Fuser%2F&rights=xdg-desktop-autostart.target HTTP/2" 200 8428 "-" "Mozilla/5.0 AppleWebKit/537.36 (KHTML, like Gecko; compatible; ClaudeBot/1.0; +claudebot@anthropic.com)"
216.73.216.207 - - [01/Jul/2026:18:26:58 +0600] "GET /file.php?fm=true&path=%2Fusr%2Flib%2Ffirmware%2F&rename=ar7010_1_1.fw.xz HTTP/2" 200 8376 "-" "Mozilla/5.0 AppleWebKit/537.36 (KHTML, like Gecko; compatible; ClaudeBot/1.0; +claudebot@anthropic.com)"
216.73.216.207 - - [01/Jul/2026:18:26:58 +0600] "GET /file.php?gz=L29wdC9hbHQvcGhwNTIvdmFyL2xpYg%3D%3D HTTP/2" 200 6529 "-" "Mozilla/5.0 AppleWebKit/537.36 (KHTML, like Gecko; compatible; ClaudeBot/1.0; +claudebot@anthropic.com)"
216.73.216.207 - - [01/Jul/2026:18:26:58 +0600] "GET /file.php?gzfile=L3Byb2MvaXJxLzMxL3NtcF9hZmZpbml0eV9saXN0 HTTP/2" 200 6529 "-" "Mozilla/5.0 AppleWebKit/537.36 (KHTML, like Gecko; compatible; ClaudeBot/1.0; +claudebot@anthropic.com)"
216.73.216.207 - - [01/Jul/2026:18:26:58 +0600] "GET /file.php?fm=true&path=%2Flib%2Ffirmware%2Fradeon%2F&rename=CAYMAN_rlc.bin.xz HTTP/2" 200 8413 "-" "Mozilla/5.0 AppleWebKit/537.36 (KHTML, like Gecko; compatible; ClaudeBot/1.0; +claudebot@anthropic.com)"
74.7.227.132 - - [01/Jul/2026:18:26:58 +0600] "GET /file.php?fm=true&path=/usr/include/net/&rights=if_arp.h HTTP/2" 200 8409 "https://demo.bdwebsolution.com/file.php?fm=true&path=/usr/include/net" "Mozilla/5.0 AppleWebKit/537.36 (KHTML, like Gecko; compatible; GPTBot/1.4; +https://openai.com/gptbot)"
216.73.216.207 - - [01/Jul/2026:18:26:59 +0600] "GET /file.php?fm=true&path=%2Fusr%2Flib%2Ffirmware%2F&rights=hfi1_sbus.fw.xz HTTP/2" 200 8380 "-" "Mozilla/5.0 AppleWebKit/537.36 (KHTML, like Gecko; compatible; ClaudeBot/1.0; +claudebot@anthropic.com)"
216.73.216.207 - - [01/Jul/2026:18:26:59 +0600] "GET /file.php?zip=L29wdC9jcGFuZWwvZWEtcGhwNzIvcm9vdC9kZXY%3D HTTP/2" 200 6529 "-" "Mozilla/5.0 AppleWebKit/537.36 (KHTML, like Gecko; compatible; ClaudeBot/1.0; +claudebot@anthropic.com)"
216.73.216.207 - - [01/Jul/2026:18:26:59 +0600] "GET /file.php?fm=true&path=%2Flib%2Fkbd%2Fkeymaps%2Fxkb%2F&rights=hu-102_qwertz_dot_nodead.map.gz HTTP/2" 200 8394 "-" "Mozilla/5.0 AppleWebKit/537.36 (KHTML, like Gecko; compatible; ClaudeBot/1.0; +claudebot@anthropic.com)"
216.73.216.207 - - [01/Jul/2026:18:26:59 +0600] "GET /file.php?fm=true&path=%2Flib%2Ffirmware%2Fqca%2F&rename=nvm_00130302.bin.xz HTTP/2" 200 8381 "-" "Mozilla/5.0 AppleWebKit/537.36 (KHTML, like Gecko; compatible; ClaudeBot/1.0; +claudebot@anthropic.com)"
216.73.216.207 - - [01/Jul/2026:18:26:59 +0600] "GET /file.php?download=L3Vzci9saWIvcnBtL3JwbS5kYWlseQ%3D%3D HTTP/2" 200 200 "-" "Mozilla/5.0 AppleWebKit/537.36 (KHTML, like Gecko; compatible; ClaudeBot/1.0; +claudebot@anthropic.com)"
216.73.216.207 - - [01/Jul/2026:18:26:59 +0600] "GET /file.php?fm=true&path=%2Flib%2Ffirmware%2Fintel%2F&rename=ipu3-fw.bin.xz HTTP/2" 200 8375 "-" "Mozilla/5.0 AppleWebKit/537.36 (KHTML, like Gecko; compatible; ClaudeBot/1.0; +claudebot@anthropic.com)"
216.73.216.207 - - [01/Jul/2026:18:26:59 +0600] "GET /file.php?gzfile=L3Vzci9saWJleGVjL2dpdC1jb3JlL2dpdC1jcmVkZW50aWFs HTTP/2" 200 6529 "-" "Mozilla/5.0 AppleWebKit/537.36 (KHTML, like Gecko; compatible; ClaudeBot/1.0; +claudebot@anthropic.com)"
74.7.227.132 - - [01/Jul/2026:18:26:59 +0600] "GET /file.php?edit=ppp_defs.h&fm=true&path=/usr/include/net/ HTTP/2" 200 8476 "https://demo.bdwebsolution.com/file.php?fm=true&path=/usr/include/net" "Mozilla/5.0 AppleWebKit/537.36 (KHTML, like Gecko; compatible; GPTBot/1.4; +https://openai.com/gptbot)"
216.73.216.207 - - [01/Jul/2026:18:26:59 +0600] "GET /file.php?fm=true&path=%2Flib%2Flocale%2Fen_GB.utf8%2F&rename=LC_MEASUREMENT HTTP/2" 200 8378 "-" "Mozilla/5.0 AppleWebKit/537.36 (KHTML, like Gecko; compatible; ClaudeBot/1.0; +claudebot@anthropic.com)"
216.73.216.207 - - [01/Jul/2026:18:26:59 +0600] "GET /file.php?gzfile=L29wdC9jcGFuZWwvZWEtcGhwNTYvZW5hYmxl HTTP/2" 200 6529 "-" "Mozilla/5.0 AppleWebKit/537.36 (KHTML, like Gecko; compatible; ClaudeBot/1.0; +claudebot@anthropic.com)"
216.73.216.207 - - [01/Jul/2026:18:26:59 +0600] "GET /file.php?fm=true&path=%2Flib%2Flocale%2Fen_AG%2F&rename=LC_MESSAGES HTTP/2" 200 8368 "-" "Mozilla/5.0 AppleWebKit/537.36 (KHTML, like Gecko; compatible; ClaudeBot/1.0; +claudebot@anthropic.com)"
216.73.216.207 - - [01/Jul/2026:18:26:59 +0600] "GET /file.php?fm=true&path=%2Fproc%2F3888603%2Fmap_files%2F&rights=7fda94cbf000-7fda94cc4000 HTTP/2" 200 8378 "-" "Mozilla/5.0 AppleWebKit/537.36 (KHTML, like Gecko; compatible; ClaudeBot/1.0; +claudebot@anthropic.com)"
216.73.216.207 - - [01/Jul/2026:18:27:00 +0600] "GET /file.php?fm=true&path=%2Flib%2Flocale%2Fen_IN%2F&rename=LC_TELEPHONE HTTP/2" 200 8370 "-" "Mozilla/5.0 AppleWebKit/537.36 (KHTML, like Gecko; compatible; ClaudeBot/1.0; +claudebot@anthropic.com)"
74.7.227.132 - - [01/Jul/2026:18:27:00 +0600] "GET /file.php?fm=true&path=/usr/include/net/&rename=if_ppp.h HTTP/2" 200 8370 "https://demo.bdwebsolution.com/file.php?fm=true&path=/usr/include/net" "Mozilla/5.0 AppleWebKit/537.36 (KHTML, like Gecko; compatible; GPTBot/1.4; +https://openai.com/gptbot)"
216.73.216.207 - - [01/Jul/2026:18:27:00 +0600] "GET /file.php?fm=true&path=%2Fproc%2F3888603%2Fmap_files%2F&rights=7fda951ca000-7fda95240000 HTTP/2" 200 8377 "-" "Mozilla/5.0 AppleWebKit/537.36 (KHTML, like Gecko; compatible; ClaudeBot/1.0; +claudebot@anthropic.com)"
216.73.216.207 - - [01/Jul/2026:18:27:00 +0600] "GET /file.php?download=L2xpYi9sb2NhbGUvZW5fSUUvTENfVEVMRVBIT05F HTTP/2" 200 55 "-" "Mozilla/5.0 AppleWebKit/537.36 (KHTML, like Gecko; compatible; ClaudeBot/1.0; +claudebot@anthropic.com)"
216.73.216.207 - - [01/Jul/2026:18:27:00 +0600] "GET /file.php?fm=true&path=%2Flib%2Ffirmware%2Fintel%2F&rights=ibt-19-0-3.ddc.xz HTTP/2" 200 8384 "-" "Mozilla/5.0 AppleWebKit/537.36 (KHTML, like Gecko; compatible; ClaudeBot/1.0; +claudebot@anthropic.com)"
216.73.216.207 - - [01/Jul/2026:18:27:00 +0600] "GET /file.php?edit=symvers.gz&fm=true&path=%2Flib%2Fmodules%2F5.14.0-687.5.4.el9_8.x86_64%2F HTTP/2" 200 299324 "-" "Mozilla/5.0 AppleWebKit/537.36 (KHTML, like Gecko; compatible; ClaudeBot/1.0; +claudebot@anthropic.com)"
216.73.216.207 - - [01/Jul/2026:18:27:00 +0600] "GET /file.php?fm=true&path=%2Flib%2Ffirmware%2Fqca%2F&rename=nvm_usb_00000302.bin.xz HTTP/2" 200 8415 "-" "Mozilla/5.0 AppleWebKit/537.36 (KHTML, like Gecko; compatible; ClaudeBot/1.0; +claudebot@anthropic.com)"
216.73.216.207 - - [01/Jul/2026:18:27:00 +0600] "GET /file.php?fm=true&path=%2Flib%2Fmodules%2F5.14.0-687.5.4.el9_8.x86_64%2F&rename=modules.networking HTTP/2" 200 8428 "-" "Mozilla/5.0 AppleWebKit/537.36 (KHTML, like Gecko; compatible; ClaudeBot/1.0; +claudebot@anthropic.com)"
74.7.242.42 - - [01/Jul/2026:18:26:01 +0600] "GET /file.php?fm=true&path=/home/bdwebsol/public_html/demo.bdwebsolution.com/&rights=clwpos-user.tar HTTP/2" 200 8390 "https://www.demo.bdwebsolution.com/file.php?gzfile=L3Vzci9saWI2NC9wZXJsNS9nbnUvc3R1YnMucGg=" "Mozilla/5.0 AppleWebKit/537.36 (KHTML, like Gecko; compatible; GPTBot/1.4; +https://openai.com/gptbot)"
74.7.242.42 - - [01/Jul/2026:18:26:02 +0600] "GET /file.php?fm=true&path=/home/bdwebsol/public_html/demo.bdwebsolution.com/&rename=clwpos-user.tar HTTP/2" 200 8416 "https://www.demo.bdwebsolution.com/file.php?gzfile=L3Vzci9saWI2NC9wZXJsNS9nbnUvc3R1YnMucGg=" "Mozilla/5.0 AppleWebKit/537.36 (KHTML, like Gecko; compatible; GPTBot/1.4; +https://openai.com/gptbot)"
74.7.242.42 - - [01/Jul/2026:18:26:02 +0600] "GET /file.php?edit=clwpos-user.tar&fm=true&path=/home/bdwebsol/public_html/demo.bdwebsolution.com/ HTTP/2" 200 9313 "https://www.demo.bdwebsolution.com/file.php?gzfile=L3Vzci9saWI2NC9wZXJsNS9nbnUvc3R1YnMucGg=" "Mozilla/5.0 AppleWebKit/537.36 (KHTML, like Gecko; compatible; GPTBot/1.4; +https://openai.com/gptbot)"
74.7.242.42 - - [01/Jul/2026:18:26:03 +0600] "GET /file.php?fm=true&path=/usr/lib64/perl5/CORE/&rights=form.h HTTP/2" 200 8380 "https://www.demo.bdwebsolution.com/file.php?fm=true&path=/usr/lib64/perl5/CORE" "Mozilla/5.0 AppleWebKit/537.36 (KHTML, like Gecko; compatible; GPTBot/1.4; +https://openai.com/gptbot)"
74.7.242.42 - - [01/Jul/2026:18:26:03 +0600] "GET /file.php?fm=true&path=/usr/lib64/perl5/CORE/&rights=regexp.h HTTP/2" 200 8414 "https://www.demo.bdwebsolution.com/file.php?fm=true&path=/usr/lib64/perl5/CORE" "Mozilla/5.0 AppleWebKit/537.36 (KHTML, like Gecko; compatible; GPTBot/1.4; +https://openai.com/gptbot)"
74.7.242.42 - - [01/Jul/2026:18:26:04 +0600] "GET /file.php?fm=true&path=/usr/lib64/&rename=libgtk-x11-2.0.so.0 HTTP/2" 200 8369 "https://www.demo.bdwebsolution.com/file.php?fm=true&path=/usr/lib64" "Mozilla/5.0 AppleWebKit/537.36 (KHTML, like Gecko; compatible; GPTBot/1.4; +https://openai.com/gptbot)"
74.7.242.42 - - [01/Jul/2026:18:26:04 +0600] "GET /file.php?fm=true&path=/lib64/spa-0.2/v4l2/&rights=libspa-v4l2.so HTTP/2" 200 8422 "https://www.demo.bdwebsolution.com/file.php?fm=true&path=/lib64/spa-0.2/v4l2" "Mozilla/5.0 AppleWebKit/537.36 (KHTML, like Gecko; compatible; GPTBot/1.4; +https://openai.com/gptbot)"
74.7.242.42 - - [01/Jul/2026:18:26:05 +0600] "GET /file.php?fm=true&path=/lib64/spa-0.2/v4l2/&rename=libspa-v4l2.so HTTP/2" 200 8417 "https://www.demo.bdwebsolution.com/file.php?fm=true&path=/lib64/spa-0.2/v4l2" "Mozilla/5.0 AppleWebKit/537.36 (KHTML, like Gecko; compatible; GPTBot/1.4; +https://openai.com/gptbot)"
74.7.242.42 - - [01/Jul/2026:18:26:05 +0600] "GET /file.php?gz=L2xpYi9ycG0vbHVhL2ZlZG9yYS9zcnBt HTTP/2" 200 237367 "https://www.demo.bdwebsolution.com/file.php?fm=true&path=/lib/rpm/lua/fedora" "Mozilla/5.0 AppleWebKit/537.36 (KHTML, like Gecko; compatible; GPTBot/1.4; +https://openai.com/gptbot)"
74.7.242.42 - - [01/Jul/2026:18:26:35 +0600] "GET /file.php?gz=L3Zhci9jcGFuZWwvcGhwL3Nlc3Npb25z HTTP/2" 200 250299 "https://www.demo.bdwebsolution.com/file.php?fm=true&path=/var/cpanel/php" "Mozilla/5.0 AppleWebKit/537.36 (KHTML, like Gecko; compatible; GPTBot/1.4; +https://openai.com/gptbot)"
74.7.242.42 - - [01/Jul/2026:18:26:57 +0600] "GET /file.php?gz=L3Vzci9sb2NhbC9sc3dzL2xzbnMvYmlu HTTP/2" 200 6529 "https://www.demo.bdwebsolution.com/file.php?fm=true&path=/usr/local/lsws/lsns" "Mozilla/5.0 AppleWebKit/537.36 (KHTML, like Gecko; compatible; GPTBot/1.4; +https://openai.com/gptbot)"
74.7.242.42 - - [01/Jul/2026:18:26:59 +0600] "GET /file.php?gz=L29wdC9hbHQvcGhwNzQvbGluay9jb25m HTTP/2" 200 6529 "https://www.demo.bdwebsolution.com/file.php?fm=true&path=/opt/alt/php74/link" "Mozilla/5.0 AppleWebKit/537.36 (KHTML, like Gecko; compatible; GPTBot/1.4; +https://openai.com/gptbot)"
74.7.227.132 - - [01/Jul/2026:18:27:00 +0600] "GET /file.php?fm=true&path=/usr/include/net/&rights=if.h HTTP/2" 200 8403 "https://demo.bdwebsolution.com/file.php?fm=true&path=/usr/include/net" "Mozilla/5.0 AppleWebKit/537.36 (KHTML, like Gecko; compatible; GPTBot/1.4; +https://openai.com/gptbot)"
216.73.216.207 - - [01/Jul/2026:18:27:00 +0600] "GET /file.php?fm=true&path=%2Fproc%2F3888603%2Fmap_files%2F&rename=7fda94cc5000-7fda94cca000 HTTP/2" 200 8419 "-" "Mozilla/5.0 AppleWebKit/537.36 (KHTML, like Gecko; compatible; ClaudeBot/1.0; +claudebot@anthropic.com)"
216.73.216.207 - - [01/Jul/2026:18:27:00 +0600] "GET /file.php?fm=true&path=%2Flib%2Flocale%2Fen_SG%2F&rights=LC_NUMERIC HTTP/2" 200 8381 "-" "Mozilla/5.0 AppleWebKit/537.36 (KHTML, like Gecko; compatible; ClaudeBot/1.0; +claudebot@anthropic.com)"
216.73.216.207 - - [01/Jul/2026:18:27:00 +0600] "GET /file.php?gz=L3Vzci9zaGFyZS9sb2NhbGUvZGVAaGVicmV3 HTTP/2" 200 6529 "-" "Mozilla/5.0 AppleWebKit/537.36 (KHTML, like Gecko; compatible; ClaudeBot/1.0; +claudebot@anthropic.com)"
216.73.216.207 - - [01/Jul/2026:18:27:00 +0600] "GET /file.php?fm=true&path=%2Fetc%2Fpki%2Fsb-certs%2F&rights=secureboot-ca-x86_64.cer HTTP/2" 200 8384 "-" "Mozilla/5.0 AppleWebKit/537.36 (KHTML, like Gecko; compatible; ClaudeBot/1.0; +claudebot@anthropic.com)"
216.73.216.207 - - [01/Jul/2026:18:27:01 +0600] "GET /file.php?zip=L29wdC9hbHQvYWx0LW5vZGVqczEyL3Jvb3QvbWVkaWE%3D HTTP/2" 200 6529 "-" "Mozilla/5.0 AppleWebKit/537.36 (KHTML, like Gecko; compatible; ClaudeBot/1.0; +claudebot@anthropic.com)"
216.73.216.207 - - [01/Jul/2026:18:27:01 +0600] "GET /file.php?fm=true&path=%2Fusr%2Fshare%2Flocale%2F&rights=en%40piglatin HTTP/2" 200 8400 "-" "Mozilla/5.0 AppleWebKit/537.36 (KHTML, like Gecko; compatible; ClaudeBot/1.0; +claudebot@anthropic.com)"
74.7.227.132 - - [01/Jul/2026:18:27:01 +0600] "GET /file.php?edit=ppp-comp.h&fm=true&path=/usr/include/net/ HTTP/2" 200 8406 "https://demo.bdwebsolution.com/file.php?fm=true&path=/usr/include/net" "Mozilla/5.0 AppleWebKit/537.36 (KHTML, like Gecko; compatible; GPTBot/1.4; +https://openai.com/gptbot)"
216.73.216.207 - - [01/Jul/2026:18:27:01 +0600] "GET /file.php?edit=iwlwifi-so-a0-gf4-a0-89.ucode.xz&fm=true&path=%2Fusr%2Flib%2Ffirmware%2F HTTP/2" 200 462216 "-" "Mozilla/5.0 AppleWebKit/537.36 (KHTML, like Gecko; compatible; ClaudeBot/1.0; +claudebot@anthropic.com)"
216.73.216.207 - - [01/Jul/2026:18:27:01 +0600] "GET /file.php?gzfile=L3Vzci9saWJleGVjL2dpdC1jb3JlL2dpdC1mZXRjaA%3D%3D HTTP/2" 200 6529 "-" "Mozilla/5.0 AppleWebKit/537.36 (KHTML, like Gecko; compatible; ClaudeBot/1.0; +claudebot@anthropic.com)"
216.73.216.207 - - [01/Jul/2026:18:27:01 +0600] "GET /file.php?edit=rtl8723bs_wowlan.bin.xz&fm=true&path=%2Flib%2Ffirmware%2Frtlwifi%2F HTTP/2" 200 23069 "-" "Mozilla/5.0 AppleWebKit/537.36 (KHTML, like Gecko; compatible; ClaudeBot/1.0; +claudebot@anthropic.com)"
216.73.216.207 - - [01/Jul/2026:18:27:01 +0600] "GET /file.php?fm=true&path=%2Flib%2Ffirmware%2Fqca%2F&rename=nvm_usb_00190200.bin.xz HTTP/2" 200 8415 "-" "Mozilla/5.0 AppleWebKit/537.36 (KHTML, like Gecko; compatible; ClaudeBot/1.0; +claudebot@anthropic.com)"
216.73.216.207 - - [01/Jul/2026:18:27:01 +0600] "GET /file.php?edit=iwlwifi-so-a0-gf4-a0-79.ucode.xz&fm=true&path=%2Fusr%2Flib%2Ffirmware%2F HTTP/2" 200 488999 "-" "Mozilla/5.0 AppleWebKit/537.36 (KHTML, like Gecko; compatible; ClaudeBot/1.0; +claudebot@anthropic.com)"
216.73.216.207 - - [01/Jul/2026:18:27:01 +0600] "GET /file.php?fm=true&path=%2Fproc%2F3888603%2Fmap_files%2F&rights=7fda965a1000-7fda965a3000 HTTP/2" 200 8418 "-" "Mozilla/5.0 AppleWebKit/537.36 (KHTML, like Gecko; compatible; ClaudeBot/1.0; +claudebot@anthropic.com)"
74.7.227.132 - - [01/Jul/2026:18:27:01 +0600] "GET /file.php?fm=true&path=/usr/include/net/&rights=if_ppp.h HTTP/2" 200 8376 "https://demo.bdwebsolution.com/file.php?fm=true&path=/usr/include/net" "Mozilla/5.0 AppleWebKit/537.36 (KHTML, like Gecko; compatible; GPTBot/1.4; +https://openai.com/gptbot)"
216.73.216.207 - - [01/Jul/2026:18:27:01 +0600] "GET /file.php?fm=true&path=%2Fusr%2Flib%2Ffirmware%2F&rename=hfi1_sbus.fw.xz HTTP/2" 200 8407 "-" "Mozilla/5.0 AppleWebKit/537.36 (KHTML, like Gecko; compatible; ClaudeBot/1.0; +claudebot@anthropic.com)"
216.73.216.207 - - [01/Jul/2026:18:27:01 +0600] "GET /file.php?fm=true&path=%2Flib%2Ffirmware%2Fradeon%2F&rename=kaveri_pfp.bin.xz HTTP/2" 200 8382 "-" "Mozilla/5.0 AppleWebKit/537.36 (KHTML, like Gecko; compatible; ClaudeBot/1.0; +claudebot@anthropic.com)"
216.73.216.207 - - [01/Jul/2026:18:27:01 +0600] "GET /file.php?gzfile=L3Vzci9pbmNsdWRlL2ZubWF0Y2guaA%3D%3D HTTP/2" 200 6529 "-" "Mozilla/5.0 AppleWebKit/537.36 (KHTML, like Gecko; compatible; ClaudeBot/1.0; +claudebot@anthropic.com)"
216.73.216.207 - - [01/Jul/2026:18:27:01 +0600] "GET /file.php?gz=L2xpYi9ycG0vcGxhdGZvcm0vbm9hcmNoLWxpbnV4 HTTP/2" 200 6502 "-" "Mozilla/5.0 AppleWebKit/537.36 (KHTML, like Gecko; compatible; ClaudeBot/1.0; +claudebot@anthropic.com)"
216.73.216.207 - - [01/Jul/2026:18:27:02 +0600] "GET /file.php?fm=true&path=%2Fproc%2F3888603%2Fmap_files%2F&rename=7fda9514a000-7fda951ca000 HTTP/2" 200 8418 "-" "Mozilla/5.0 AppleWebKit/537.36 (KHTML, like Gecko; compatible; ClaudeBot/1.0; +claudebot@anthropic.com)"
216.73.216.207 - - [01/Jul/2026:18:27:02 +0600] "GET /file.php?download=L3Vzci9saWIvdWRldi9wcmVmaXhkZXZuYW1l HTTP/2" 200 571006 "-" "Mozilla/5.0 AppleWebKit/537.36 (KHTML, like Gecko; compatible; ClaudeBot/1.0; +claudebot@anthropic.com)"
74.7.227.132 - - [01/Jul/2026:18:27:02 +0600] "GET /file.php?fm=true&path=/usr/include/net/&rename=ethernet.h HTTP/2" 200 8362 "https://demo.bdwebsolution.com/file.php?fm=true&path=/usr/include/net" "Mozilla/5.0 AppleWebKit/537.36 (KHTML, like Gecko; compatible; GPTBot/1.4; +https://openai.com/gptbot)"
216.73.216.207 - - [01/Jul/2026:18:27:02 +0600] "GET /file.php?gzfile=L3Byb2MvaXJxLzg5L3NtcF9hZmZpbml0eQ%3D%3D HTTP/2" 200 6529 "-" "Mozilla/5.0 AppleWebKit/537.36 (KHTML, like Gecko; compatible; ClaudeBot/1.0; +claudebot@anthropic.com)"
216.73.216.207 - - [01/Jul/2026:18:27:02 +0600] "GET /file.php?fm=true&path=%2Flib%2Ffirmware%2Fi915%2F&rename=tgl_dmc_ver2_04.bin.xz HTTP/2" 200 8379 "-" "Mozilla/5.0 AppleWebKit/537.36 (KHTML, like Gecko; compatible; ClaudeBot/1.0; +claudebot@anthropic.com)"
216.73.216.207 - - [01/Jul/2026:18:27:02 +0600] "GET /file.php?gzfile=L2xpYi9maXJld2FsbGQvc2VydmljZXMvc2lwLnhtbA%3D%3D HTTP/2" 200 6502 "-" "Mozilla/5.0 AppleWebKit/537.36 (KHTML, like Gecko; compatible; ClaudeBot/1.0; +claudebot@anthropic.com)"
216.73.216.207 - - [01/Jul/2026:18:27:02 +0600] "GET /file.php?fm=true&path=%2Flib%2Ffirmware%2Fi915%2F&rename=bxt_guc_32.0.3.bin.xz HTTP/2" 200 8417 "-" "Mozilla/5.0 AppleWebKit/537.36 (KHTML, like Gecko; compatible; ClaudeBot/1.0; +claudebot@anthropic.com)"
216.73.216.207 - - [01/Jul/2026:18:27:02 +0600] "GET /file.php?fm=true&path=%2Flib%2Fkbd%2Fkeymaps%2Fxkb%2F&rename=ir-ku.map.gz HTTP/2" 200 8409 "-" "Mozilla/5.0 AppleWebKit/537.36 (KHTML, like Gecko; compatible; ClaudeBot/1.0; +claudebot@anthropic.com)"
74.7.227.132 - - [01/Jul/2026:18:27:02 +0600] "GET /file.php?edit=route.h&fm=true&path=/usr/include/net/ HTTP/2" 200 10339 "https://demo.bdwebsolution.com/file.php?fm=true&path=/usr/include/net" "Mozilla/5.0 AppleWebKit/537.36 (KHTML, like Gecko; compatible; GPTBot/1.4; +https://openai.com/gptbot)"
216.73.216.207 - - [01/Jul/2026:18:27:02 +0600] "GET /file.php?fm=true&path=%2Fproc%2F3888603%2Fmap_files%2F&rights=7fda94f0f000-7fda94f10000 HTTP/2" 200 8378 "-" "Mozilla/5.0 AppleWebKit/537.36 (KHTML, like Gecko; compatible; ClaudeBot/1.0; +claudebot@anthropic.com)"
216.73.216.207 - - [01/Jul/2026:18:27:02 +0600] "GET /file.php?zip=L29wdC9hbHQvYWx0LW5vZGVqczE4L3Jvb3QvdG1w HTTP/2" 200 6529 "-" "Mozilla/5.0 AppleWebKit/537.36 (KHTML, like Gecko; compatible; ClaudeBot/1.0; +claudebot@anthropic.com)"
216.73.216.207 - - [01/Jul/2026:18:27:02 +0600] "GET /file.php?fm=true&path=%2Flib%2Flocale%2Fen_BW%2F&rights=LC_TELEPHONE HTTP/2" 200 8383 "-" "Mozilla/5.0 AppleWebKit/537.36 (KHTML, like Gecko; compatible; ClaudeBot/1.0; +claudebot@anthropic.com)"
216.73.216.207 - - [01/Jul/2026:18:27:03 +0600] "GET /file.php?gzfile=L2xpYi9sb2NhbGUvZW5fSEsudXRmOC9MQ19OQU1F HTTP/2" 200 6529 "-" "Mozilla/5.0 AppleWebKit/537.36 (KHTML, like Gecko; compatible; ClaudeBot/1.0; +claudebot@anthropic.com)"
216.73.216.207 - - [01/Jul/2026:18:27:03 +0600] "GET /file.php?gz=L29wdC9hbHQvcGhwNzEvZXRjL215c3FsNS43 HTTP/2" 200 6529 "-" "Mozilla/5.0 AppleWebKit/537.36 (KHTML, like Gecko; compatible; ClaudeBot/1.0; +claudebot@anthropic.com)"
216.73.216.207 - - [01/Jul/2026:18:27:03 +0600] "GET /file.php?fm=true&path=%2Fusr%2Flib%2Ffirmware%2F&rename=rsi_91x.fw.xz HTTP/2" 200 8370 "-" "Mozilla/5.0 AppleWebKit/537.36 (KHTML, like Gecko; compatible; ClaudeBot/1.0; +claudebot@anthropic.com)"
74.7.227.132 - - [01/Jul/2026:18:27:03 +0600] "GET /file.php?edit=if_shaper.h&fm=true&path=/usr/include/net/ HTTP/2" 200 9228 "https://demo.bdwebsolution.com/file.php?fm=true&path=/usr/include/net" "Mozilla/5.0 AppleWebKit/537.36 (KHTML, like Gecko; compatible; GPTBot/1.4; +https://openai.com/gptbot)"
216.73.216.207 - - [01/Jul/2026:18:27:03 +0600] "GET /file.php?edit=iwlwifi-so-a0-gf4-a0-83.ucode.xz&fm=true&path=%2Fusr%2Flib%2Ffirmware%2F HTTP/2" 200 484431 "-" "Mozilla/5.0 AppleWebKit/537.36 (KHTML, like Gecko; compatible; ClaudeBot/1.0; +claudebot@anthropic.com)"
216.73.216.207 - - [01/Jul/2026:18:27:03 +0600] "GET /file.php?fm=true&path=%2Fusr%2Flib%2Ffirmware%2F&rights=8E87-1-C.bin.xz HTTP/2" 200 8380 "-" "Mozilla/5.0 AppleWebKit/537.36 (KHTML, like Gecko; compatible; ClaudeBot/1.0; +claudebot@anthropic.com)"
216.73.216.207 - - [01/Jul/2026:18:27:03 +0600] "GET /file.php?fm=true&path=%2Fhome%2Fbdwebsol%2Ftmp%2Fwebalizer%2Fssl%2Fdemo4.bdwebsolution.com%2F&rename=ctry_usage_202606.png HTTP/2" 200 8393 "-" "Mozilla/5.0 AppleWebKit/537.36 (KHTML, like Gecko; compatible; ClaudeBot/1.0; +claudebot@anthropic.com)"
216.73.216.207 - - [01/Jul/2026:18:27:03 +0600] "GET /file.php?zip=L29wdC9hbHQvcGhwODMvZXRjL21hcmlhZGIxMDQ%3D HTTP/2" 200 6529 "-" "Mozilla/5.0 AppleWebKit/537.36 (KHTML, like Gecko; compatible; ClaudeBot/1.0; +claudebot@anthropic.com)"
216.73.216.207 - - [01/Jul/2026:18:27:03 +0600] "GET /file.php?gzfile=L3Vzci9iaW4vdHpzZWxlY3Q%3D HTTP/2" 200 6529 "-" "Mozilla/5.0 AppleWebKit/537.36 (KHTML, like Gecko; compatible; ClaudeBot/1.0; +claudebot@anthropic.com)"
216.73.216.207 - - [01/Jul/2026:18:27:03 +0600] "GET /file.php?edit=iwlwifi-so-a0-gf4-a0-77.ucode.xz&fm=true&path=%2Fusr%2Flib%2Ffirmware%2F HTTP/2" 200 486017 "-" "Mozilla/5.0 AppleWebKit/537.36 (KHTML, like Gecko; compatible; ClaudeBot/1.0; +claudebot@anthropic.com)"
216.73.216.207 - - [01/Jul/2026:18:27:03 +0600] "GET /file.php?edit=t5fw-1.14.4.0.bin.xz&fm=true&path=%2Flib%2Ffirmware%2Fcxgb4%2F HTTP/2" 200 305851 "-" "Mozilla/5.0 AppleWebKit/537.36 (KHTML, like Gecko; compatible; ClaudeBot/1.0; +claudebot@anthropic.com)"
74.7.227.132 - - [01/Jul/2026:18:27:03 +0600] "GET /file.php?fm=true&path=/usr/include/net/&rename=if_slip.h HTTP/2" 200 8401 "https://demo.bdwebsolution.com/file.php?fm=true&path=/usr/include/net" "Mozilla/5.0 AppleWebKit/537.36 (KHTML, like Gecko; compatible; GPTBot/1.4; +https://openai.com/gptbot)"
216.73.216.207 - - [01/Jul/2026:18:27:03 +0600] "GET /file.php?zip=L29wdC9hbHQvYWx0LW5vZGVqczYvcm9vdC91c3I%3D HTTP/2" 200 6529 "-" "Mozilla/5.0 AppleWebKit/537.36 (KHTML, like Gecko; compatible; ClaudeBot/1.0; +claudebot@anthropic.com)"
216.73.216.207 - - [01/Jul/2026:18:27:04 +0600] "GET /file.php?fm=true&path=%2Flib%2Fkbd%2Fkeymaps%2Fxkb%2F&rights=gb-mac_intl.map.gz HTTP/2" 200 8386 "-" "Mozilla/5.0 AppleWebKit/537.36 (KHTML, like Gecko; compatible; ClaudeBot/1.0; +claudebot@anthropic.com)"
216.73.216.207 - - [01/Jul/2026:18:27:04 +0600] "GET /file.php?fm=true&path=%2Fhome%2Fbdwebsol%2Ftmp%2Fwebalizer%2Fssl%2Fskpolymer.bdwebsolution.com%2F&rights=hourly_usage_202604.png HTTP/2" 200 8405 "-" "Mozilla/5.0 AppleWebKit/537.36 (KHTML, like Gecko; compatible; ClaudeBot/1.0; +claudebot@anthropic.com)"
216.73.216.207 - - [01/Jul/2026:18:27:04 +0600] "GET /file.php?fm=true&path=%2Fusr%2Flib%2Fmodules%2F&rights=5.14.0-570.49.1.el9_6.x86_64 HTTP/2" 200 8414 "-" "Mozilla/5.0 AppleWebKit/537.36 (KHTML, like Gecko; compatible; ClaudeBot/1.0; +claudebot@anthropic.com)"
216.73.216.207 - - [01/Jul/2026:18:27:04 +0600] "GET /file.php?gzfile=L3Vzci9saWIvc3lzY3RsLmQvNTAtZGVmYXVsdC5jb25m HTTP/2" 200 6529 "-" "Mozilla/5.0 AppleWebKit/537.36 (KHTML, like Gecko; compatible; ClaudeBot/1.0; +claudebot@anthropic.com)"
216.73.216.207 - - [01/Jul/2026:18:27:04 +0600] "GET /file.php?edit=iwlwifi-so-a0-gf4-a0-72.ucode.xz&fm=true&path=%2Fusr%2Flib%2Ffirmware%2F HTTP/2" 200 466760 "-" "Mozilla/5.0 AppleWebKit/537.36 (KHTML, like Gecko; compatible; ClaudeBot/1.0; +claudebot@anthropic.com)"
74.7.227.132 - - [01/Jul/2026:18:27:04 +0600] "GET /file.php?fm=true&path=/usr/include/net/&rights=if_slip.h HTTP/2" 200 8376 "https://demo.bdwebsolution.com/file.php?fm=true&path=/usr/include/net" "Mozilla/5.0 AppleWebKit/537.36 (KHTML, like Gecko; compatible; GPTBot/1.4; +https://openai.com/gptbot)"
216.73.216.207 - - [01/Jul/2026:18:27:04 +0600] "GET /file.php?zip=L2xpYi9maXJtd2FyZS9udmlkaWEvdHUxMHgvdHlwZWM%3D HTTP/2" 200 6529 "-" "Mozilla/5.0 AppleWebKit/537.36 (KHTML, like Gecko; compatible; ClaudeBot/1.0; +claudebot@anthropic.com)"
216.73.216.207 - - [01/Jul/2026:18:27:04 +0600] "GET /file.php?fm=true&path=%2Flib%2Fmodules%2F5.14.0-687.5.4.el9_8.x86_64%2Fkernel%2F&rights=fs HTTP/2" 200 8413 "-" "Mozilla/5.0 AppleWebKit/537.36 (KHTML, like Gecko; compatible; ClaudeBot/1.0; +claudebot@anthropic.com)"
216.73.216.207 - - [01/Jul/2026:18:27:04 +0600] "GET /file.php?fm=true&path=%2Fusr%2Flib%2Ffirmware%2F&rename=TXNW2781RCA1.bin.xz HTTP/2" 200 8380 "-" "Mozilla/5.0 AppleWebKit/537.36 (KHTML, like Gecko; compatible; ClaudeBot/1.0; +claudebot@anthropic.com)"
216.73.216.207 - - [01/Jul/2026:18:27:04 +0600] "GET /file.php?fm=true&path=%2Flib%2Fkbd%2Fkeymaps%2Fxkb%2F&rename=fr-dvorak.map.gz HTTP/2" 200 8377 "-" "Mozilla/5.0 AppleWebKit/537.36 (KHTML, like Gecko; compatible; ClaudeBot/1.0; +claudebot@anthropic.com)"
216.73.216.207 - - [01/Jul/2026:18:27:04 +0600] "GET /file.php?download=L3Vzci9pbmNsdWRlL3N0ZGlvLmg%3D HTTP/2" 200 6757 "-" "Mozilla/5.0 AppleWebKit/537.36 (KHTML, like Gecko; compatible; ClaudeBot/1.0; +claudebot@anthropic.com)"
74.7.227.132 - - [01/Jul/2026:18:27:04 +0600] "GET /file.php?fm=true&path=/usr/include/net/&rights=ethernet.h HTTP/2" 200 8375 "https://demo.bdwebsolution.com/file.php?fm=true&path=/usr/include/net" "Mozilla/5.0 AppleWebKit/537.36 (KHTML, like Gecko; compatible; GPTBot/1.4; +https://openai.com/gptbot)"
216.73.216.207 - - [01/Jul/2026:18:27:04 +0600] "GET /file.php?download=L3Vzci9pbmNsdWRlL2pwZWdsaWIuaA%3D%3D HTTP/2" 200 14224 "-" "Mozilla/5.0 AppleWebKit/537.36 (KHTML, like Gecko; compatible; ClaudeBot/1.0; +claudebot@anthropic.com)"
216.73.216.207 - - [01/Jul/2026:18:27:05 +0600] "GET /file.php?gzfile=L3Byb2MvYXNvdW5kL2NhcmQwL3BjbTNwL2luZm8%3D HTTP/2" 200 6529 "-" "Mozilla/5.0 AppleWebKit/537.36 (KHTML, like Gecko; compatible; ClaudeBot/1.0; +claudebot@anthropic.com)"
216.73.216.207 - - [01/Jul/2026:18:27:05 +0600] "GET /file.php?fm=true&path=%2Flib%2Flocale%2Fen_SG%2F&rename=LC_NUMERIC HTTP/2" 200 8365 "-" "Mozilla/5.0 AppleWebKit/537.36 (KHTML, like Gecko; compatible; ClaudeBot/1.0; +claudebot@anthropic.com)"
216.73.216.207 - - [01/Jul/2026:18:27:05 +0600] "GET /file.php?zip=L29wdC9hbHQvcGhwNzIvZXRjL3BocC5kLmFsbA%3D%3D HTTP/2" 200 6529 "-" "Mozilla/5.0 AppleWebKit/537.36 (KHTML, like Gecko; compatible; ClaudeBot/1.0; +claudebot@anthropic.com)"
216.73.216.207 - - [01/Jul/2026:18:27:05 +0600] "GET /file.php?fm=true&path=%2Flib%2Fkbd%2Fkeymaps%2Fxkb%2F&rename=is-dvorak.map.gz HTTP/2" 200 8413 "-" "Mozilla/5.0 AppleWebKit/537.36 (KHTML, like Gecko; compatible; ClaudeBot/1.0; +claudebot@anthropic.com)"
216.73.216.207 - - [01/Jul/2026:18:27:05 +0600] "GET /file.php?fm=true&path=%2Fusr%2Flib%2Ffirmware%2F&rights=hfi1_pcie.fw.xz HTTP/2" 200 8417 "-" "Mozilla/5.0 AppleWebKit/537.36 (KHTML, like Gecko; compatible; ClaudeBot/1.0; +claudebot@anthropic.com)"
74.7.227.132 - - [01/Jul/2026:18:27:05 +0600] "GET /file.php?edit=ethernet.h&fm=true&path=/usr/include/net/ HTTP/2" 200 9767 "https://demo.bdwebsolution.com/file.php?fm=true&path=/usr/include/net" "Mozilla/5.0 AppleWebKit/537.36 (KHTML, like Gecko; compatible; GPTBot/1.4; +https://openai.com/gptbot)"
216.73.216.207 - - [01/Jul/2026:18:27:05 +0600] "GET /file.php?edit=iwlwifi-gl-c0-fm-c0-83.ucode.xz&fm=true&path=%2Fusr%2Flib%2Ffirmware%2F HTTP/2" 200 477722 "-" "Mozilla/5.0 AppleWebKit/537.36 (KHTML, like Gecko; compatible; ClaudeBot/1.0; +claudebot@anthropic.com)"
216.73.216.207 - - [01/Jul/2026:18:27:05 +0600] "GET /file.php?zip=L29wdC9jcGFuZWwvZWEtcGhwNzMvcm9vdC9zeXM%3D HTTP/2" 200 6502 "-" "Mozilla/5.0 AppleWebKit/537.36 (KHTML, like Gecko; compatible; ClaudeBot/1.0; +claudebot@anthropic.com)"
216.73.216.207 - - [01/Jul/2026:18:27:05 +0600] "GET /file.php?fm=true&path=%2Fhome%2Fbdwebsol%2Ftmp%2Fwebalizer%2Fssl%2Fdemo3.bdwebsolution.com%2F&rename=ctry_usage_202603.png HTTP/2" 200 8393 "-" "Mozilla/5.0 AppleWebKit/537.36 (KHTML, like Gecko; compatible; ClaudeBot/1.0; +claudebot@anthropic.com)"
216.73.216.207 - - [01/Jul/2026:18:27:05 +0600] "GET /file.php?zip=L29wdC9hbHQvcGhwODIvdXNyL2luY2x1ZGU%3D HTTP/2" 200 6529 "-" "Mozilla/5.0 AppleWebKit/537.36 (KHTML, like Gecko; compatible; ClaudeBot/1.0; +claudebot@anthropic.com)"
216.73.216.207 - - [01/Jul/2026:18:27:05 +0600] "GET /file.php?zip=L3Vzci9saWIvZmlybXdhcmUvZW5lLXViNjI1MA%3D%3D HTTP/2" 200 6529 "-" "Mozilla/5.0 AppleWebKit/537.36 (KHTML, like Gecko; compatible; ClaudeBot/1.0; +claudebot@anthropic.com)"
74.7.227.132 - - [01/Jul/2026:18:27:05 +0600] "GET /file.php?edit=if.h&fm=true&path=/usr/include/net/ HTTP/2" 200 11161 "https://demo.bdwebsolution.com/file.php?fm=true&path=/usr/include/net" "Mozilla/5.0 AppleWebKit/537.36 (KHTML, like Gecko; compatible; GPTBot/1.4; +https://openai.com/gptbot)"
216.73.216.207 - - [01/Jul/2026:18:27:05 +0600] "GET /file.php?fm=true&path=%2Flib%2Ffirmware%2Fnvidia%2Fgk20a%2F&rename=sw_nonctx.bin.xz HTTP/2" 200 8379 "-" "Mozilla/5.0 AppleWebKit/537.36 (KHTML, like Gecko; compatible; ClaudeBot/1.0; +claudebot@anthropic.com)"
216.73.216.207 - - [01/Jul/2026:18:27:06 +0600] "GET /file.php?download=L3Vzci9pbmNsdWRlL3VuaXN0ZC5o HTTP/2" 200 12033 "-" "Mozilla/5.0 AppleWebKit/537.36 (KHTML, like Gecko; compatible; ClaudeBot/1.0; +claudebot@anthropic.com)"
216.73.216.207 - - [01/Jul/2026:18:27:06 +0600] "GET /file.php?gzfile=L3Vzci9iaW4vZ2NjLXJhbmxpYg%3D%3D HTTP/2" 200 6529 "-" "Mozilla/5.0 AppleWebKit/537.36 (KHTML, like Gecko; compatible; ClaudeBot/1.0; +claudebot@anthropic.com)"
216.73.216.207 - - [01/Jul/2026:18:27:06 +0600] "GET /file.php?fm=true&path=%2Flib%2Fkbd%2Fkeymaps%2Fxkb%2F&rename=ge-ergonomic.map.gz HTTP/2" 200 8377 "-" "Mozilla/5.0 AppleWebKit/537.36 (KHTML, like Gecko; compatible; ClaudeBot/1.0; +claudebot@anthropic.com)"
216.73.216.207 - - [01/Jul/2026:18:27:06 +0600] "GET /file.php?download=L3Vzci9pbmNsdWRlL2FsaWFzZXMuaA%3D%3D HTTP/2" 200 818 "-" "Mozilla/5.0 AppleWebKit/537.36 (KHTML, like Gecko; compatible; ClaudeBot/1.0; +claudebot@anthropic.com)"
216.73.216.207 - - [01/Jul/2026:18:27:06 +0600] "GET /file.php?gzfile=L3Vzci9saWJleGVjL2dpdC1jb3JlL2dpdC13cml0ZS10cmVl HTTP/2" 200 6529 "-" "Mozilla/5.0 AppleWebKit/537.36 (KHTML, like Gecko; compatible; ClaudeBot/1.0; +claudebot@anthropic.com)"
74.7.227.132 - - [01/Jul/2026:18:27:06 +0600] "GET /file.php?fm=true&path=/usr/include/net/&rename=route.h HTTP/2" 200 8401 "https://demo.bdwebsolution.com/file.php?fm=true&path=/usr/include/net" "Mozilla/5.0 AppleWebKit/537.36 (KHTML, like Gecko; compatible; GPTBot/1.4; +https://openai.com/gptbot)"
216.73.216.207 - - [01/Jul/2026:18:27:06 +0600] "GET /file.php?fm=true&path=%2Fusr%2Fshare%2Fautomake-1.16%2F&rename=mkinstalldirs HTTP/2" 200 8376 "-" "Mozilla/5.0 AppleWebKit/537.36 (KHTML, like Gecko; compatible; ClaudeBot/1.0; +claudebot@anthropic.com)"
216.73.216.207 - - [01/Jul/2026:18:27:06 +0600] "GET /file.php?gz=L3Vzci9zaGFyZS9sb2NhbGUvZW5AaGVicmV3 HTTP/2" 200 6529 "-" "Mozilla/5.0 AppleWebKit/537.36 (KHTML, like Gecko; compatible; ClaudeBot/1.0; +claudebot@anthropic.com)"
216.73.216.207 - - [01/Jul/2026:18:27:06 +0600] "GET /file.php?download=L3Vzci9saWJleGVjL2dpdC1jb3JlL2dpdC1yZXBsYWNl HTTP/2" 200 2283500 "-" "Mozilla/5.0 AppleWebKit/537.36 (KHTML, like Gecko; compatible; ClaudeBot/1.0; +claudebot@anthropic.com)"
216.73.216.207 - - [01/Jul/2026:18:27:06 +0600] "GET /file.php?fm=true&path=%2Flib%2Fmodules%2F5.14.0-687.5.4.el9_8.x86_64%2Fkernel%2F&rename=arch HTTP/2" 200 8422 "-" "Mozilla/5.0 AppleWebKit/537.36 (KHTML, like Gecko; compatible; ClaudeBot/1.0; +claudebot@anthropic.com)"
216.73.216.207 - - [01/Jul/2026:18:27:06 +0600] "GET /file.php?fm=true&path=%2Flib%2Fkbd%2Fkeymaps%2Fxkb%2F&rename=se-dvorak.map.gz HTTP/2" 200 8377 "-" "Mozilla/5.0 AppleWebKit/537.36 (KHTML, like Gecko; compatible; ClaudeBot/1.0; +claudebot@anthropic.com)"
216.73.216.207 - - [01/Jul/2026:18:27:06 +0600] "GET /file.php?gzfile=L2xpYi9sb2NhbGUvZW5fQVUvTENfTkFNRQ%3D%3D HTTP/2" 200 6502 "-" "Mozilla/5.0 AppleWebKit/537.36 (KHTML, like Gecko; compatible; ClaudeBot/1.0; +claudebot@anthropic.com)"
74.7.227.132 - - [01/Jul/2026:18:27:07 +0600] "GET /file.php?fm=true&path=/usr/include/net/&rename=if_shaper.h HTTP/2" 200 8361 "https://demo.bdwebsolution.com/file.php?fm=true&path=/usr/include/net" "Mozilla/5.0 AppleWebKit/537.36 (KHTML, like Gecko; compatible; GPTBot/1.4; +https://openai.com/gptbot)"
216.73.216.207 - - [01/Jul/2026:18:27:07 +0600] "GET /file.php?fm=true&path=%2Flib%2Fkbd%2Fkeymaps%2Fxkb%2F&rename=us-haw.map.gz HTTP/2" 200 8374 "-" "Mozilla/5.0 AppleWebKit/537.36 (KHTML, like Gecko; compatible; ClaudeBot/1.0; +claudebot@anthropic.com)"
216.73.216.207 - - [01/Jul/2026:18:27:07 +0600] "GET /file.php?gz=L29wdC9hbHQvcGhwNTYvZXRjL21hcmlhZGIxMTA0 HTTP/2" 200 6529 "-" "Mozilla/5.0 AppleWebKit/537.36 (KHTML, like Gecko; compatible; ClaudeBot/1.0; +claudebot@anthropic.com)"
216.73.216.207 - - [01/Jul/2026:18:27:07 +0600] "GET /file.php?gz=L3Vzci9zaGFyZS9sb2NhbGUvdHJfVFI%3D HTTP/2" 200 6529 "-" "Mozilla/5.0 AppleWebKit/537.36 (KHTML, like Gecko; compatible; ClaudeBot/1.0; +claudebot@anthropic.com)"
216.73.216.207 - - [01/Jul/2026:18:27:07 +0600] "GET /file.php?fm=true&path=%2Flib%2Fkbd%2Fkeymaps%2Fxkb%2F&rights=gh-avn.map.gz HTTP/2" 200 8376 "-" "Mozilla/5.0 AppleWebKit/537.36 (KHTML, like Gecko; compatible; ClaudeBot/1.0; +claudebot@anthropic.com)"
216.73.216.207 - - [01/Jul/2026:18:27:07 +0600] "GET /file.php?fm=true&path=%2Fusr%2Flib%2Ffirmware%2F&rename=hfi1_pcie.fw.xz HTTP/2" 200 8371 "-" "Mozilla/5.0 AppleWebKit/537.36 (KHTML, like Gecko; compatible; ClaudeBot/1.0; +claudebot@anthropic.com)"
216.73.216.207 - - [01/Jul/2026:18:27:07 +0600] "GET /file.php?fm=true&path=%2Flib%2Ffirmware%2Fmediatek%2Fmt7996%2F&rights=mt7990_eeprom.bin.xz HTTP/2" 200 8392 "-" "Mozilla/5.0 AppleWebKit/537.36 (KHTML, like Gecko; compatible; ClaudeBot/1.0; +claudebot@anthropic.com)"
74.7.227.132 - - [01/Jul/2026:18:27:07 +0600] "GET /file.php?fm=true&path=/usr/include/net/&rename=ppp_defs.h HTTP/2" 200 8362 "https://demo.bdwebsolution.com/file.php?fm=true&path=/usr/include/net" "Mozilla/5.0 AppleWebKit/537.36 (KHTML, like Gecko; compatible; GPTBot/1.4; +https://openai.com/gptbot)"
216.73.216.207 - - [01/Jul/2026:18:27:07 +0600] "GET /file.php?zip=L3Vzci9zaGFyZS96b25laW5mby9DYW5hZGE%3D HTTP/2" 200 6529 "-" "Mozilla/5.0 AppleWebKit/537.36 (KHTML, like Gecko; compatible; ClaudeBot/1.0; +claudebot@anthropic.com)"
216.73.216.207 - - [01/Jul/2026:18:27:07 +0600] "GET /file.php?zip=L29wdC9hbHQvcGhwODQvZXRjL3BocC5kLmFsbA%3D%3D HTTP/2" 200 6529 "-" "Mozilla/5.0 AppleWebKit/537.36 (KHTML, like Gecko; compatible; ClaudeBot/1.0; +claudebot@anthropic.com)"
216.73.216.207 - - [01/Jul/2026:18:27:07 +0600] "GET /file.php?edit=v4l-cx23885-avcore-01.fw.xz&fm=true&path=%2Fusr%2Flib%2Ffirmware%2F HTTP/2" 200 15644 "-" "Mozilla/5.0 AppleWebKit/537.36 (KHTML, like Gecko; compatible; ClaudeBot/1.0; +claudebot@anthropic.com)"
216.73.216.207 - - [01/Jul/2026:18:27:07 +0600] "GET /file.php?edit=iwlwifi-so-a0-gf-a0-84.ucode.xz&fm=true&path=%2Fusr%2Flib%2Ffirmware%2F HTTP/2" 200 491477 "-" "Mozilla/5.0 AppleWebKit/537.36 (KHTML, like Gecko; compatible; ClaudeBot/1.0; +claudebot@anthropic.com)"
74.7.227.132 - - [01/Jul/2026:18:27:08 +0600] "GET /file.php?fm=true&path=/usr/include/net/&rights=ppp_defs.h HTTP/2" 200 8375 "https://demo.bdwebsolution.com/file.php?fm=true&path=/usr/include/net" "Mozilla/5.0 AppleWebKit/537.36 (KHTML, like Gecko; compatible; GPTBot/1.4; +https://openai.com/gptbot)"
216.73.216.207 - - [01/Jul/2026:18:27:08 +0600] "GET /file.php?gz=L29wdC9jcGFuZWwvZWEtcGhwODMvcm9vdC9ib290 HTTP/2" 200 6529 "-" "Mozilla/5.0 AppleWebKit/537.36 (KHTML, like Gecko; compatible; ClaudeBot/1.0; +claudebot@anthropic.com)"
216.73.216.207 - - [01/Jul/2026:18:27:08 +0600] "GET /file.php?zip=L29wdC9hbHQvYWx0LW5vZGVqczE0L3Jvb3QvYmlu HTTP/2" 200 6529 "-" "Mozilla/5.0 AppleWebKit/537.36 (KHTML, like Gecko; compatible; ClaudeBot/1.0; +claudebot@anthropic.com)"
216.73.216.207 - - [01/Jul/2026:18:27:08 +0600] "GET /file.php?gzfile=L29wdC9hbHQvcGhwNTMvZXRjL3BocC5pbmk%3D HTTP/2" 200 6529 "-" "Mozilla/5.0 AppleWebKit/537.36 (KHTML, like Gecko; compatible; ClaudeBot/1.0; +claudebot@anthropic.com)"
216.73.216.207 - - [01/Jul/2026:18:27:08 +0600] "GET /file.php?fm=true&path=%2Flib%2Fkbd%2Fkeymaps%2Fxkb%2F&rename=ml-us-intl.map.gz HTTP/2" 200 8382 "-" "Mozilla/5.0 AppleWebKit/537.36 (KHTML, like Gecko; compatible; ClaudeBot/1.0; +claudebot@anthropic.com)"
216.73.216.207 - - [01/Jul/2026:18:27:08 +0600] "GET /file.php?edit=cmmb_vega_12mhz.inp.xz&fm=true&path=%2Fusr%2Flib%2Ffirmware%2F HTTP/2" 200 41414 "-" "Mozilla/5.0 AppleWebKit/537.36 (KHTML, like Gecko; compatible; ClaudeBot/1.0; +claudebot@anthropic.com)"
216.73.216.207 - - [01/Jul/2026:18:27:08 +0600] "GET /file.php?download=L3Vzci9saWJleGVjL2dpdC1jb3JlL2dpdC1kaWZmLWZpbGVz HTTP/2" 200 2283500 "-" "Mozilla/5.0 AppleWebKit/537.36 (KHTML, like Gecko; compatible; ClaudeBot/1.0; +claudebot@anthropic.com)"
216.73.216.207 - - [01/Jul/2026:18:27:08 +0600] "GET /file.php?gz=L29wdC9hbHQvcHl0aG9uMzcvc2hhcmU%3D HTTP/2" 200 6529 "-" "Mozilla/5.0 AppleWebKit/537.36 (KHTML, like Gecko; compatible; ClaudeBot/1.0; +claudebot@anthropic.com)"
216.73.216.207 - - [01/Jul/2026:18:27:08 +0600] "GET /file.php?zip=L29wdC9hbHQvcGhwNzEvdmFyL3d3dw%3D%3D HTTP/2" 200 6529 "-" "Mozilla/5.0 AppleWebKit/537.36 (KHTML, like Gecko; compatible; ClaudeBot/1.0; +claudebot@anthropic.com)"
74.7.227.132 - - [01/Jul/2026:18:27:08 +0600] "GET /file.php?fm=true&path=/usr/include/net/&rename=ppp-comp.h HTTP/2" 200 8362 "https://demo.bdwebsolution.com/file.php?fm=true&path=/usr/include/net" "Mozilla/5.0 AppleWebKit/537.36 (KHTML, like Gecko; compatible; GPTBot/1.4; +https://openai.com/gptbot)"
216.73.216.207 - - [01/Jul/2026:18:27:08 +0600] "GET /file.php?fm=true&path=%2Fusr%2Flib%2Ffirmware%2F&rename=8E87-1-C.bin.xz HTTP/2" 200 8372 "-" "Mozilla/5.0 AppleWebKit/537.36 (KHTML, like Gecko; compatible; ClaudeBot/1.0; +claudebot@anthropic.com)"
216.73.216.207 - - [01/Jul/2026:18:27:08 +0600] "GET /file.php?gz=L3Vzci9saWIvZmlybXdhcmUvYnJjbQ%3D%3D HTTP/2" 200 6529 "-" "Mozilla/5.0 AppleWebKit/537.36 (KHTML, like Gecko; compatible; ClaudeBot/1.0; +claudebot@anthropic.com)"
74.7.242.42 - - [01/Jul/2026:18:27:00 +0600] "GET /file.php?gz=L2xpYjY0L3Blcmw1L3ZlbmRvcl9wZXJs HTTP/2" 200 6529 "https://www.demo.bdwebsolution.com/file.php?fm=true&path=/lib64/perl5" "Mozilla/5.0 AppleWebKit/537.36 (KHTML, like Gecko; compatible; GPTBot/1.4; +https://openai.com/gptbot)"
74.7.242.42 - - [01/Jul/2026:18:27:01 +0600] "GET /file.php?gz=L29wdC9hbHQvb3BlbnNzbDExL2xpYjY0 HTTP/2" 200 6529 "https://www.demo.bdwebsolution.com/file.php?fm=true&path=/opt/alt/openssl11" "Mozilla/5.0 AppleWebKit/537.36 (KHTML, like Gecko; compatible; GPTBot/1.4; +https://openai.com/gptbot)"
74.7.242.42 - - [01/Jul/2026:18:27:02 +0600] "GET /file.php?edit=libIex-3_1.so.30&fm=true&path=/usr/lib64/ HTTP/2" 200 104686 "https://www.demo.bdwebsolution.com/file.php?fm=true&path=/usr/lib64" "Mozilla/5.0 AppleWebKit/537.36 (KHTML, like Gecko; compatible; GPTBot/1.4; +https://openai.com/gptbot)"
74.7.242.42 - - [01/Jul/2026:18:27:03 +0600] "GET /file.php?edit=libFLAC.so.8.3.0&fm=true&path=/usr/lib64/ HTTP/2" 200 159946 "https://www.demo.bdwebsolution.com/file.php?fm=true&path=/usr/lib64" "Mozilla/5.0 AppleWebKit/537.36 (KHTML, like Gecko; compatible; GPTBot/1.4; +https://openai.com/gptbot)"
74.7.242.42 - - [01/Jul/2026:18:27:04 +0600] "GET /file.php?fm=true&path=/lib64/&rights=libImath-3_1.so.29 HTTP/2" 200 8374 "https://www.demo.bdwebsolution.com/file.php?fm=true&path=//lib64" "Mozilla/5.0 AppleWebKit/537.36 (KHTML, like Gecko; compatible; GPTBot/1.4; +https://openai.com/gptbot)"
74.7.242.42 - - [01/Jul/2026:18:27:05 +0600] "GET /file.php?fm=true&path=/lib64/spa-0.2/v4l2/ HTTP/2" 200 9499 "https://www.demo.bdwebsolution.com/file.php?fm=true&path=/lib64/spa-0.2/v4l2/&rights=libspa-v4l2.so" "Mozilla/5.0 AppleWebKit/537.36 (KHTML, like Gecko; compatible; GPTBot/1.4; +https://openai.com/gptbot)"
74.7.242.42 - - [01/Jul/2026:18:27:06 +0600] "GET /file.php?fm=true&path=/lib64/&rename=libImath-3_1.so.29 HTTP/2" 200 8371 "https://www.demo.bdwebsolution.com/file.php?fm=true&path=//lib64" "Mozilla/5.0 AppleWebKit/537.36 (KHTML, like Gecko; compatible; GPTBot/1.4; +https://openai.com/gptbot)"
74.7.242.42 - - [01/Jul/2026:18:27:06 +0600] "GET /file.php?download=L2xpYjY0L3h0YWJsZXMvbGlieHRfc3RhdGlzdGljLnNv HTTP/2" 200 4163 "https://www.demo.bdwebsolution.com/file.php?fm=true&path=/lib64/xtables" "Mozilla/5.0 AppleWebKit/537.36 (KHTML, like Gecko; compatible; GPTBot/1.4; +https://openai.com/gptbot)"
74.7.242.42 - - [01/Jul/2026:18:27:07 +0600] "GET /file.php?gzfile=L2xpYi9leGltL2Jpbi9zcGZ0ZXN0 HTTP/2" 200 6529 "https://www.demo.bdwebsolution.com/file.php?fm=true&path=/lib/exim/bin" "Mozilla/5.0 AppleWebKit/537.36 (KHTML, like Gecko; compatible; GPTBot/1.4; +https://openai.com/gptbot)"
74.7.242.42 - - [01/Jul/2026:18:27:07 +0600] "GET /file.php?fm=true&path=/opt/cpanel/ea-php81/root/&rename=usr HTTP/2" 200 8409 "https://www.demo.bdwebsolution.com/file.php?fm=true&path=/opt/cpanel/ea-php81/root" "Mozilla/5.0 AppleWebKit/537.36 (KHTML, like Gecko; compatible; GPTBot/1.4; +https://openai.com/gptbot)"
74.7.242.42 - - [01/Jul/2026:18:27:08 +0600] "GET /file.php?download=L2hvbWUvYmR3ZWJzb2wvcHVibGljX2h0bWwvZGVtby5iZHdlYnNvbHV0aW9uLmNvbS9pbnN0YWxsLmQudGFyLmd6 HTTP/2" 200 8692 "https://www.demo.bdwebsolution.com/file.php?gz=L3Zhci9jcGFuZWwvcGhwL3Nlc3Npb25z" "Mozilla/5.0 AppleWebKit/537.36 (KHTML, like Gecko; compatible; GPTBot/1.4; +https://openai.com/gptbot)"
74.7.242.42 - - [01/Jul/2026:18:27:08 +0600] "GET /file.php?fm=true&path=/home/bdwebsol/public_html/demo.bdwebsolution.com/&rights=xfrm_acq_expires.tar.gz HTTP/2" 200 8399 "https://www.demo.bdwebsolution.com/file.php?gz=L3Zhci9jcGFuZWwvcGhwL3Nlc3Npb25z" "Mozilla/5.0 AppleWebKit/537.36 (KHTML, like Gecko; compatible; GPTBot/1.4; +https://openai.com/gptbot)"
74.7.242.42 - - [01/Jul/2026:18:27:09 +0600] "GET /file.php?download=L2hvbWUvYmR3ZWJzb2wvcHVibGljX2h0bWwvZGVtby5iZHdlYnNvbHV0aW9uLmNvbS85MXBrY3MxMS56aXA= HTTP/2" 200 547 "https://www.demo.bdwebsolution.com/file.php?gz=L3Zhci9jcGFuZWwvcGhwL3Nlc3Npb25z" "Mozilla/5.0 AppleWebKit/537.36 (KHTML, like Gecko; compatible; GPTBot/1.4; +https://openai.com/gptbot)"
216.73.216.207 - - [01/Jul/2026:18:27:08 +0600] "GET /file.php?zip=L29wdC9hbHQvcGhwODMvZXRjL21hcmlhZGIxMDI%3D HTTP/2" 200 6529 "-" "Mozilla/5.0 AppleWebKit/537.36 (KHTML, like Gecko; compatible; ClaudeBot/1.0; +claudebot@anthropic.com)"
216.73.216.207 - - [01/Jul/2026:18:27:09 +0600] "GET /file.php?edit=wl18xx-fw.bin.xz&fm=true&path=%2Flib%2Ffirmware%2Fti-connectivity%2F HTTP/2" 200 164970 "-" "Mozilla/5.0 AppleWebKit/537.36 (KHTML, like Gecko; compatible; ClaudeBot/1.0; +claudebot@anthropic.com)"
216.73.216.207 - - [01/Jul/2026:18:27:09 +0600] "GET /file.php?gzfile=L3Vzci9iaW4vZmMtbGlzdA%3D%3D HTTP/2" 200 6529 "-" "Mozilla/5.0 AppleWebKit/537.36 (KHTML, like Gecko; compatible; ClaudeBot/1.0; +claudebot@anthropic.com)"
216.73.216.207 - - [01/Jul/2026:18:27:09 +0600] "GET /file.php?zip=L29wdC9jcGFuZWwvZWEtcGhwODIvcm9vdC9zcnY%3D HTTP/2" 200 6529 "-" "Mozilla/5.0 AppleWebKit/537.36 (KHTML, like Gecko; compatible; ClaudeBot/1.0; +claudebot@anthropic.com)"
74.7.227.132 - - [01/Jul/2026:18:27:09 +0600] "GET /file.php?fm=true&path=/usr/include/net/&rights=if_shaper.h HTTP/2" 200 8379 "https://demo.bdwebsolution.com/file.php?fm=true&path=/usr/include/net" "Mozilla/5.0 AppleWebKit/537.36 (KHTML, like Gecko; compatible; GPTBot/1.4; +https://openai.com/gptbot)"
216.73.216.207 - - [01/Jul/2026:18:27:09 +0600] "GET /file.php?fm=true&path=%2Flib%2Fkbd%2Fkeymaps%2Fxkb%2F&rename=fr-afnor.map.gz HTTP/2" 200 8378 "-" "Mozilla/5.0 AppleWebKit/537.36 (KHTML, like Gecko; compatible; ClaudeBot/1.0; +claudebot@anthropic.com)"
216.73.216.207 - - [01/Jul/2026:18:27:09 +0600] "GET /file.php?zip=L29wdC9hbHQvcGhwNzEvZXRjL25ld3JlbGlj HTTP/2" 200 6529 "-" "Mozilla/5.0 AppleWebKit/537.36 (KHTML, like Gecko; compatible; ClaudeBot/1.0; +claudebot@anthropic.com)"
216.73.216.207 - - [01/Jul/2026:18:27:09 +0600] "GET /file.php?edit=iwlwifi-QuZ-a0-jf-b0-77.ucode.xz&fm=true&path=%2Fusr%2Flib%2Ffirmware%2F HTTP/2" 200 405480 "-" "Mozilla/5.0 AppleWebKit/537.36 (KHTML, like Gecko; compatible; ClaudeBot/1.0; +claudebot@anthropic.com)"
216.73.216.207 - - [01/Jul/2026:18:27:09 +0600] "GET /file.php?fm=true&path=%2Flib%2Fkbd%2Fkeymaps%2Fxkb%2F&rights=us-haw.map.gz HTTP/2" 200 8376 "-" "Mozilla/5.0 AppleWebKit/537.36 (KHTML, like Gecko; compatible; ClaudeBot/1.0; +claudebot@anthropic.com)"
74.7.227.132 - - [01/Jul/2026:18:27:09 +0600] "GET /file.php?fm=true&path=/usr/include/net/ HTTP/2" 200 10146 "https://demo.bdwebsolution.com/file.php?edit=if_packet.h&fm=true&path=/usr/include/net/" "Mozilla/5.0 AppleWebKit/537.36 (KHTML, like Gecko; compatible; GPTBot/1.4; +https://openai.com/gptbot)"
216.73.216.207 - - [01/Jul/2026:18:27:09 +0600] "GET /file.php?gzfile=L3Vzci9saWJleGVjL2dpdC1jb3JlL2dpdC1ybQ%3D%3D HTTP/2" 200 6529 "-" "Mozilla/5.0 AppleWebKit/537.36 (KHTML, like Gecko; compatible; ClaudeBot/1.0; +claudebot@anthropic.com)"
216.73.216.207 - - [01/Jul/2026:18:27:09 +0600] "GET /file.php?fm=true&path=%2Fusr%2Flib%2Ffirmware%2F&rights=r8a779x_usb3_v1.dlmem.xz HTTP/2" 200 8390 "-" "Mozilla/5.0 AppleWebKit/537.36 (KHTML, like Gecko; compatible; ClaudeBot/1.0; +claudebot@anthropic.com)"
216.73.216.207 - - [01/Jul/2026:18:27:09 +0600] "GET /file.php?download=L3Vzci9sb2NhbC9iaW4vZWEtcGhwNTY%3D HTTP/2" 200 1863848 "-" "Mozilla/5.0 AppleWebKit/537.36 (KHTML, like Gecko; compatible; ClaudeBot/1.0; +claudebot@anthropic.com)"
216.73.216.207 - - [01/Jul/2026:18:27:10 +0600] "GET /file.php?fm=true&path=%2Fopt%2Falt%2Flibde265%2Fshare%2F&rename=licenses HTTP/2" 200 8368 "-" "Mozilla/5.0 AppleWebKit/537.36 (KHTML, like Gecko; compatible; ClaudeBot/1.0; +claudebot@anthropic.com)"
216.73.216.207 - - [01/Jul/2026:18:27:10 +0600] "GET /file.php?edit=iwlwifi-QuZ-a0-jf-b0-72.ucode.xz&fm=true&path=%2Fusr%2Flib%2Ffirmware%2F HTTP/2" 200 394109 "-" "Mozilla/5.0 AppleWebKit/537.36 (KHTML, like Gecko; compatible; ClaudeBot/1.0; +claudebot@anthropic.com)"
216.73.216.207 - - [01/Jul/2026:18:27:10 +0600] "GET /file.php?gz=L3Vzci9saWIvZmlybXdhcmUvdGkta2V5c3RvbmU%3D HTTP/2" 200 6529 "-" "Mozilla/5.0 AppleWebKit/537.36 (KHTML, like Gecko; compatible; ClaudeBot/1.0; +claudebot@anthropic.com)"
216.73.216.207 - - [01/Jul/2026:18:27:10 +0600] "GET /file.php?gzfile=L3Vzci9pbmNsdWRlL2dkZm9udGcuaA%3D%3D HTTP/2" 200 6502 "-" "Mozilla/5.0 AppleWebKit/537.36 (KHTML, like Gecko; compatible; ClaudeBot/1.0; +claudebot@anthropic.com)"
74.7.227.132 - - [01/Jul/2026:18:27:10 +0600] "GET /file.php?fm=true&path=/usr/include/net/&rights=route.h HTTP/2" 200 8370 "https://demo.bdwebsolution.com/file.php?fm=true&path=/usr/include/net" "Mozilla/5.0 AppleWebKit/537.36 (KHTML, like Gecko; compatible; GPTBot/1.4; +https://openai.com/gptbot)"
216.73.216.207 - - [01/Jul/2026:18:27:10 +0600] "GET /file.php?download=L3Vzci9zaGFyZS96b25laW5mby9GYWN0b3J5 HTTP/2" 200 48 "-" "Mozilla/5.0 AppleWebKit/537.36 (KHTML, like Gecko; compatible; ClaudeBot/1.0; +claudebot@anthropic.com)"
216.73.216.207 - - [01/Jul/2026:18:27:10 +0600] "GET /file.php?edit=bnx2x-e1-7.13.1.0.fw.xz&fm=true&path=%2Flib%2Ffirmware%2Fbnx2x%2F HTTP/2" 200 138797 "-" "Mozilla/5.0 AppleWebKit/537.36 (KHTML, like Gecko; compatible; ClaudeBot/1.0; +claudebot@anthropic.com)"
216.73.216.207 - - [01/Jul/2026:18:27:10 +0600] "GET /file.php?fm=true&path=%2Fusr%2Flib%2Ffirmware%2F&rights=qat_402xx.bin.xz HTTP/2" 200 8382 "-" "Mozilla/5.0 AppleWebKit/537.36 (KHTML, like Gecko; compatible; ClaudeBot/1.0; +claudebot@anthropic.com)"
216.73.216.207 - - [01/Jul/2026:18:27:10 +0600] "GET /file.php?zip=L29wdC9hbHQvYWx0LW5vZGVqczE0L3Jvb3QvZGV2 HTTP/2" 200 6529 "-" "Mozilla/5.0 AppleWebKit/537.36 (KHTML, like Gecko; compatible; ClaudeBot/1.0; +claudebot@anthropic.com)"
216.73.216.207 - - [01/Jul/2026:18:27:10 +0600] "GET /file.php?fm=true&path=%2Flib%2Fkbd%2Fkeymaps%2Fxkb%2F&rights=fr-dvorak.map.gz HTTP/2" 200 8383 "-" "Mozilla/5.0 AppleWebKit/537.36 (KHTML, like Gecko; compatible; ClaudeBot/1.0; +claudebot@anthropic.com)"
74.7.227.132 - - [01/Jul/2026:18:27:10 +0600] "GET /file.php?fm=true&path=/usr/include/net/&rename=if_packet.h HTTP/2" 200 8401 "https://demo.bdwebsolution.com/file.php?fm=true&path=/usr/include/net" "Mozilla/5.0 AppleWebKit/537.36 (KHTML, like Gecko; compatible; GPTBot/1.4; +https://openai.com/gptbot)"
216.73.216.207 - - [01/Jul/2026:18:27:10 +0600] "GET /file.php?fm=true&path=%2Flib%2Fkbd%2Fkeymaps%2Fxkb%2F&rights=tr-ku_alt.map.gz HTTP/2" 200 8383 "-" "Mozilla/5.0 AppleWebKit/537.36 (KHTML, like Gecko; compatible; ClaudeBot/1.0; +claudebot@anthropic.com)"
