74.7.227.132 - - [01/Jul/2026:18:20:14 +0600] "GET /file.php?download=L2hvbWUvYmR3ZWJzb2wvcHVibGljX2h0bWwvZGVtby5iZHdlYnNvbHV0aW9uLmNvbS9yZWRoYXQtYW5ub2Jpbi1zZWxlY3QtZ2NjLWJ1aWx0LXBsdWdpbi50YXIuZ3o= HTTP/2" 200 199 "https://demo.bdwebsolution.com/file.php?gzfile=L2xpYjY0L2xpYmdldHRleHRsaWItMC4yMS5zbw==" "Mozilla/5.0 AppleWebKit/537.36 (KHTML, like Gecko; compatible; GPTBot/1.4; +https://openai.com/gptbot)"
216.73.216.207 - - [01/Jul/2026:18:20:14 +0600] "GET /file.php?fm=true&path=%2Fproc%2Firq%2F&rights=122 HTTP/2" 200 8421 "-" "Mozilla/5.0 AppleWebKit/537.36 (KHTML, like Gecko; compatible; ClaudeBot/1.0; +claudebot@anthropic.com)"
216.73.216.207 - - [01/Jul/2026:18:20:14 +0600] "GET /file.php?edit=gc_11_5_2_mec.bin.xz&fm=true&path=%2Flib%2Ffirmware%2Famdgpu%2F HTTP/2" 200 38815 "-" "Mozilla/5.0 AppleWebKit/537.36 (KHTML, like Gecko; compatible; ClaudeBot/1.0; +claudebot@anthropic.com)"
216.73.216.207 - - [01/Jul/2026:18:20:14 +0600] "GET /file.php?edit=modules.devname&fm=true&path=%2Flib%2Fmodules%2F5.14.0-611.55.1.el9_7.x86_64%2F HTTP/2" 200 8632 "-" "Mozilla/5.0 AppleWebKit/537.36 (KHTML, like Gecko; compatible; ClaudeBot/1.0; +claudebot@anthropic.com)"
216.73.216.207 - - [01/Jul/2026:18:20:14 +0600] "GET /file.php?fm=true&path=%2Fproc%2Firq%2F95%2F&rights=smp_affinity HTTP/2" 200 8409 "-" "Mozilla/5.0 AppleWebKit/537.36 (KHTML, like Gecko; compatible; ClaudeBot/1.0; +claudebot@anthropic.com)"
216.73.216.207 - - [01/Jul/2026:18:20:14 +0600] "GET /file.php?fm=true&path=%2Fusr%2Fshare%2Flocale%2F&rename=hil HTTP/2" 200 8367 "-" "Mozilla/5.0 AppleWebKit/537.36 (KHTML, like Gecko; compatible; ClaudeBot/1.0; +claudebot@anthropic.com)"
216.73.216.207 - - [01/Jul/2026:18:20:14 +0600] "GET /file.php?fm=true&path=%2Flib%2Ffirmware%2F&rights=atusb HTTP/2" 200 8434 "-" "Mozilla/5.0 AppleWebKit/537.36 (KHTML, like Gecko; compatible; ClaudeBot/1.0; +claudebot@anthropic.com)"
74.7.227.132 - - [01/Jul/2026:18:20:14 +0600] "GET /file.php?download=L2hvbWUvYmR3ZWJzb2wvcHVibGljX2h0bWwvZGVtby5iZHdlYnNvbHV0aW9uLmNvbS92Zy1wcm9tby1wbGFudC1iYXNlZC1udWdnZXRzLW9wdC1NU3loSGMudG1wLnRtcC50YXIuZ3o= HTTP/2" 200 21556 "https://demo.bdwebsolution.com/file.php?gzfile=L2xpYjY0L2xpYmdldHRleHRsaWItMC4yMS5zbw==" "Mozilla/5.0 AppleWebKit/537.36 (KHTML, like Gecko; compatible; GPTBot/1.4; +https://openai.com/gptbot)"
216.73.216.207 - - [01/Jul/2026:18:19:58 +0600] "GET /file.php?zip=L3Vzci9zaGFyZS9sb2NhbGUvYWx0 HTTP/2" 200 107838 "-" "Mozilla/5.0 AppleWebKit/537.36 (KHTML, like Gecko; compatible; ClaudeBot/1.0; +claudebot@anthropic.com)"
216.73.216.207 - - [01/Jul/2026:18:20:15 +0600] "GET /file.php?download=L3Vzci9iaW4vc3BsaXQ%3D HTTP/2" 200 23427 "-" "Mozilla/5.0 AppleWebKit/537.36 (KHTML, like Gecko; compatible; ClaudeBot/1.0; +claudebot@anthropic.com)"
216.73.216.207 - - [01/Jul/2026:18:20:15 +0600] "GET /file.php?zip=L2xpYi9ycG0vbHVhL2ZlZG9yYQ%3D%3D HTTP/2" 200 6529 "-" "Mozilla/5.0 AppleWebKit/537.36 (KHTML, like Gecko; compatible; ClaudeBot/1.0; +claudebot@anthropic.com)"
74.7.227.132 - - [01/Jul/2026:18:20:15 +0600] "GET /file.php?download=L2hvbWUvYmR3ZWJzb2wvcHVibGljX2h0bWwvZGVtby5iZHdlYnNvbHV0aW9uLmNvbS9hbWRfc2V2X2ZhbTFhaF9tb2RlbDB4aC5zYmluLnh6LnNiaW4ueHoudGFyLmd6 HTTP/2" 200 132558 "https://demo.bdwebsolution.com/file.php?gzfile=L2xpYjY0L2xpYmdldHRleHRsaWItMC4yMS5zbw==" "Mozilla/5.0 AppleWebKit/537.36 (KHTML, like Gecko; compatible; GPTBot/1.4; +https://openai.com/gptbot)"
216.73.216.207 - - [01/Jul/2026:18:20:04 +0600] "GET /file.php?zip=L3Vzci9zaGFyZS9sb2NhbGUvZG9p HTTP/2" 200 103059 "-" "Mozilla/5.0 AppleWebKit/537.36 (KHTML, like Gecko; compatible; ClaudeBot/1.0; +claudebot@anthropic.com)"
216.73.216.207 - - [01/Jul/2026:18:20:15 +0600] "GET /file.php?zip=L29wdC9hbHQvcGhwNTIvZXRjL215c3FsNS43 HTTP/2" 200 6529 "-" "Mozilla/5.0 AppleWebKit/537.36 (KHTML, like Gecko; compatible; ClaudeBot/1.0; +claudebot@anthropic.com)"
216.73.216.207 - - [01/Jul/2026:18:20:15 +0600] "GET /file.php?fm=true&path=%2Fproc%2Firq%2F80%2F&rename=smp_affinity HTTP/2" 200 8369 "-" "Mozilla/5.0 AppleWebKit/537.36 (KHTML, like Gecko; compatible; ClaudeBot/1.0; +claudebot@anthropic.com)"
216.73.216.207 - - [01/Jul/2026:18:20:15 +0600] "GET /file.php?edit=hawaii_sdma1.bin.xz&fm=true&path=%2Flib%2Ffirmware%2Famdgpu%2F HTTP/2" 200 10583 "-" "Mozilla/5.0 AppleWebKit/537.36 (KHTML, like Gecko; compatible; ClaudeBot/1.0; +claudebot@anthropic.com)"
216.73.216.207 - - [01/Jul/2026:18:20:15 +0600] "GET /file.php?fm=true&path=%2Fusr%2Fshare%2Flocale%2F&rename=nan HTTP/2" 200 8367 "-" "Mozilla/5.0 AppleWebKit/537.36 (KHTML, like Gecko; compatible; ClaudeBot/1.0; +claudebot@anthropic.com)"
216.73.216.207 - - [01/Jul/2026:18:20:15 +0600] "GET /file.php?fm=true&path=%2Flib%2Fsystemd%2Fsystem%2F&rights=polkit.service HTTP/2" 200 8404 "-" "Mozilla/5.0 AppleWebKit/537.36 (KHTML, like Gecko; compatible; ClaudeBot/1.0; +claudebot@anthropic.com)"
216.73.216.207 - - [01/Jul/2026:18:20:16 +0600] "GET /file.php?fm=true&path=%2Flib%2Fpython3.9%2Fsite-packages%2Fsepolicy%2F&rights=booleans.py HTTP/2" 200 8422 "-" "Mozilla/5.0 AppleWebKit/537.36 (KHTML, like Gecko; compatible; ClaudeBot/1.0; +claudebot@anthropic.com)"
216.73.216.207 - - [01/Jul/2026:18:20:16 +0600] "GET /file.php?edit=vega20_me.bin.xz&fm=true&path=%2Flib%2Ffirmware%2Famdgpu%2F HTTP/2" 200 14299 "-" "Mozilla/5.0 AppleWebKit/537.36 (KHTML, like Gecko; compatible; ClaudeBot/1.0; +claudebot@anthropic.com)"
216.73.216.207 - - [01/Jul/2026:18:20:16 +0600] "GET /file.php?fm=true&path=%2Fopt%2Falt%2F&rights=clos_ssa HTTP/2" 200 8392 "-" "Mozilla/5.0 AppleWebKit/537.36 (KHTML, like Gecko; compatible; ClaudeBot/1.0; +claudebot@anthropic.com)"
74.7.227.132 - - [01/Jul/2026:18:20:16 +0600] "GET /file.php?download=L2hvbWUvYmR3ZWJzb2wvcHVibGljX2h0bWwvZGVtby5iZHdlYnNvbHV0aW9uLmNvbS92Zy1wcm9tby1wbGFudC1iYXNlZC1udWdnZXRzLW9wdC1NU3loSGMudG1wLnRhcg== HTTP/2" 200 21639 "https://demo.bdwebsolution.com/file.php?gzfile=L2xpYjY0L2xpYmdldHRleHRsaWItMC4yMS5zbw==" "Mozilla/5.0 AppleWebKit/537.36 (KHTML, like Gecko; compatible; GPTBot/1.4; +https://openai.com/gptbot)"
216.73.216.207 - - [01/Jul/2026:18:20:15 +0600] "GET /file.php?edit=LC_COLLATE&fm=true&path=%2Flib%2Flocale%2Fen_IE.utf8%2F HTTP/2" 200 341966 "-" "Mozilla/5.0 AppleWebKit/537.36 (KHTML, like Gecko; compatible; ClaudeBot/1.0; +claudebot@anthropic.com)"
216.73.216.207 - - [01/Jul/2026:18:20:16 +0600] "GET /file.php?fm=true&path=%2Fhome%2Fbdwebsol%2Fpublic_html%2Fecommerce1.bdwebsolution.com%2Fwp-includes%2Fblocks%2Ftable%2F&rights=editor-rtl.min.css HTTP/2" 200 8407 "-" "Mozilla/5.0 AppleWebKit/537.36 (KHTML, like Gecko; compatible; ClaudeBot/1.0; +claudebot@anthropic.com)"
216.73.216.207 - - [01/Jul/2026:18:20:06 +0600] "GET /file.php?zip=L3Vzci9zaGFyZS9sb2NhbGUvc3M%3D HTTP/2" 200 107001 "-" "Mozilla/5.0 AppleWebKit/537.36 (KHTML, like Gecko; compatible; ClaudeBot/1.0; +claudebot@anthropic.com)"
216.73.216.207 - - [01/Jul/2026:18:20:16 +0600] "GET /file.php?edit=State256.php&fm=true&path=%2Fhome%2Fbdwebsol%2Fpublic_html%2Fwp-includes%2Fsodium_compat%2Fsrc%2FCore%2FAEGIS%2F HTTP/2" 200 10014 "-" "Mozilla/5.0 AppleWebKit/537.36 (KHTML, like Gecko; compatible; ClaudeBot/1.0; +claudebot@anthropic.com)"
74.7.227.132 - - [01/Jul/2026:18:20:16 +0600] "GET /file.php?download=L2hvbWUvYmR3ZWJzb2wvcHVibGljX2h0bWwvZGVtby5iZHdlYnNvbHV0aW9uLmNvbS9iOTQzM184NzJhZl82YzdkMDY2ZjZiMzI4ZDZiZTU0MjBiMmY1NzU4Y2ZlMy5rZXkudGFy HTTP/2" 200 1418 "https://demo.bdwebsolution.com/file.php?gzfile=L2xpYjY0L2xpYmdldHRleHRsaWItMC4yMS5zbw==" "Mozilla/5.0 AppleWebKit/537.36 (KHTML, like Gecko; compatible; GPTBot/1.4; +https://openai.com/gptbot)"
216.73.216.207 - - [01/Jul/2026:18:20:16 +0600] "GET /file.php?fm=true&path=%2Fusr%2Flib%2Ffirmware%2F&rights=i915 HTTP/2" 200 8395 "-" "Mozilla/5.0 AppleWebKit/537.36 (KHTML, like Gecko; compatible; ClaudeBot/1.0; +claudebot@anthropic.com)"
216.73.216.207 - - [01/Jul/2026:18:20:17 +0600] "GET /file.php?fm=true&path=%2Fhome%2Fbdwebsol%2Fpublic_html%2Fecommerce1.bdwebsolution.com%2Fwp-includes%2Fcss%2Fdist%2Fblock-library%2F&rename=elements-rtl.css HTTP/2" 200 8409 "-" "Mozilla/5.0 AppleWebKit/537.36 (KHTML, like Gecko; compatible; ClaudeBot/1.0; +claudebot@anthropic.com)"
216.73.216.207 - - [01/Jul/2026:18:20:17 +0600] "GET /file.php?fm=true&path=%2Flib%2Fkbd%2Funimaps%2F&rights=iso01.uni HTTP/2" 200 8376 "-" "Mozilla/5.0 AppleWebKit/537.36 (KHTML, like Gecko; compatible; ClaudeBot/1.0; +claudebot@anthropic.com)"
216.73.216.207 - - [01/Jul/2026:18:20:17 +0600] "GET /file.php?fm=true&path=%2Fetc%2Fpki%2F&rename=tls HTTP/2" 200 8391 "-" "Mozilla/5.0 AppleWebKit/537.36 (KHTML, like Gecko; compatible; ClaudeBot/1.0; +claudebot@anthropic.com)"
216.73.216.207 - - [01/Jul/2026:18:20:17 +0600] "GET /file.php?fm=true&path=%2Fproc%2Firq%2F26%2F&rights=affinity_hint HTTP/2" 200 8404 "-" "Mozilla/5.0 AppleWebKit/537.36 (KHTML, like Gecko; compatible; ClaudeBot/1.0; +claudebot@anthropic.com)"
74.7.227.132 - - [01/Jul/2026:18:20:17 +0600] "GET /file.php?download=L2hvbWUvYmR3ZWJzb2wvcHVibGljX2h0bWwvZGVtby5iZHdlYnNvbHV0aW9uLmNvbS9hbWRfc2V2X2ZhbTE5aF9tb2RlbGF4aC5zYmluLnh6LnNiaW4ueHoudGFyLmd6 HTTP/2" 200 60323 "https://demo.bdwebsolution.com/file.php?gzfile=L2xpYjY0L2xpYmdldHRleHRsaWItMC4yMS5zbw==" "Mozilla/5.0 AppleWebKit/537.36 (KHTML, like Gecko; compatible; GPTBot/1.4; +https://openai.com/gptbot)"
216.73.216.207 - - [01/Jul/2026:18:20:17 +0600] "GET /file.php?edit=dcn_3_5_1_dmcub.bin.xz&fm=true&path=%2Flib%2Ffirmware%2Famdgpu%2F HTTP/2" 200 260300 "-" "Mozilla/5.0 AppleWebKit/537.36 (KHTML, like Gecko; compatible; ClaudeBot/1.0; +claudebot@anthropic.com)"
216.73.216.207 - - [01/Jul/2026:18:20:00 +0600] "GET /file.php?zip=L3Vzci9zaGFyZS9sb2NhbGUvYWZo HTTP/2" 200 107285 "-" "Mozilla/5.0 AppleWebKit/537.36 (KHTML, like Gecko; compatible; ClaudeBot/1.0; +claudebot@anthropic.com)"
216.73.216.207 - - [01/Jul/2026:18:20:17 +0600] "GET /file.php?edit=dcn_3_1_5_dmcub.bin.xz&fm=true&path=%2Flib%2Ffirmware%2Famdgpu%2F HTTP/2" 200 138106 "-" "Mozilla/5.0 AppleWebKit/537.36 (KHTML, like Gecko; compatible; ClaudeBot/1.0; +claudebot@anthropic.com)"
216.73.216.207 - - [01/Jul/2026:18:20:17 +0600] "GET /file.php?edit=file.gz&fm=true&path=%2Fhome%2Fbdwebsol%2Fpublic_html%2Fwp-includes%2Fblocks%2Fmath%2F HTTP/2" 200 27537 "-" "Mozilla/5.0 AppleWebKit/537.36 (KHTML, like Gecko; compatible; ClaudeBot/1.0; +claudebot@anthropic.com)"
216.73.216.207 - - [01/Jul/2026:18:20:17 +0600] "GET /file.php?fm=true&path=%2Fproc%2Firq%2F&rights=117 HTTP/2" 200 8383 "-" "Mozilla/5.0 AppleWebKit/537.36 (KHTML, like Gecko; compatible; ClaudeBot/1.0; +claudebot@anthropic.com)"
216.73.216.207 - - [01/Jul/2026:18:20:17 +0600] "GET /file.php?edit=ge.map.gz&fm=true&path=%2Flib%2Fkbd%2Fkeymaps%2Fxkb%2F HTTP/2" 200 11894 "-" "Mozilla/5.0 AppleWebKit/537.36 (KHTML, like Gecko; compatible; ClaudeBot/1.0; +claudebot@anthropic.com)"
74.7.227.132 - - [01/Jul/2026:18:20:18 +0600] "GET /file.php?download=L2hvbWUvYmR3ZWJzb2wvcHVibGljX2h0bWwvZGVtby5iZHdlYnNvbHV0aW9uLmNvbS9QT1NJWC50YXIuZ3o= HTTP/2" 200 39028 "https://demo.bdwebsolution.com/file.php?gzfile=L2xpYjY0L2xpYmtyYjVzdXBwb3J0LnNvLjAuMQ==" "Mozilla/5.0 AppleWebKit/537.36 (KHTML, like Gecko; compatible; GPTBot/1.4; +https://openai.com/gptbot)"
216.73.216.207 - - [01/Jul/2026:18:20:18 +0600] "GET /file.php?edit=editor-rtl.css&fm=true&path=%2Fhome%2Fbdwebsol%2Fpublic_html%2Fwp-includes%2Fblocks%2Fspacer%2F HTTP/2" 200 9120 "-" "Mozilla/5.0 AppleWebKit/537.36 (KHTML, like Gecko; compatible; ClaudeBot/1.0; +claudebot@anthropic.com)"
216.73.216.207 - - [01/Jul/2026:18:20:18 +0600] "GET /file.php?fm=true&path=%2Fopt%2Falt%2Fphp55%2Fvar%2F&rights=www HTTP/2" 200 8393 "-" "Mozilla/5.0 AppleWebKit/537.36 (KHTML, like Gecko; compatible; ClaudeBot/1.0; +claudebot@anthropic.com)"
216.73.216.207 - - [01/Jul/2026:18:20:18 +0600] "GET /file.php?fm=true&path=%2Fopt%2Falt%2Fphp72%2Fetc%2F&rename=mariadb103 HTTP/2" 200 8404 "-" "Mozilla/5.0 AppleWebKit/537.36 (KHTML, like Gecko; compatible; ClaudeBot/1.0; +claudebot@anthropic.com)"
216.73.216.207 - - [01/Jul/2026:18:20:18 +0600] "GET /file.php?fm=true&path=%2Flib%2Fsystemd%2Fuser%2F&rename=wireplumber%40.service HTTP/2" 200 8381 "-" "Mozilla/5.0 AppleWebKit/537.36 (KHTML, like Gecko; compatible; ClaudeBot/1.0; +claudebot@anthropic.com)"
74.7.227.132 - - [01/Jul/2026:18:20:18 +0600] "GET /file.php?download=L2hvbWUvYmR3ZWJzb2wvcHVibGljX2h0bWwvZGVtby5iZHdlYnNvbHV0aW9uLmNvbS92aS50YXIuZ3o= HTTP/2" 200 123573 "https://demo.bdwebsolution.com/file.php?gzfile=L2xpYjY0L2xpYmdldHRleHRsaWItMC4yMS5zbw==" "Mozilla/5.0 AppleWebKit/537.36 (KHTML, like Gecko; compatible; GPTBot/1.4; +https://openai.com/gptbot)"
216.73.216.207 - - [01/Jul/2026:18:20:18 +0600] "GET /file.php?edit=epo.map.gz&fm=true&path=%2Flib%2Fkbd%2Fkeymaps%2Fxkb%2F HTTP/2" 200 13156 "-" "Mozilla/5.0 AppleWebKit/537.36 (KHTML, like Gecko; compatible; ClaudeBot/1.0; +claudebot@anthropic.com)"
216.73.216.207 - - [01/Jul/2026:18:20:18 +0600] "GET /file.php?fm=true&path=%2Fproc%2Firq%2F80%2F&rights=smp_affinity HTTP/2" 200 8409 "-" "Mozilla/5.0 AppleWebKit/537.36 (KHTML, like Gecko; compatible; ClaudeBot/1.0; +claudebot@anthropic.com)"
216.73.216.207 - - [01/Jul/2026:18:20:19 +0600] "GET /file.php?edit=top_level.txt&fm=true&path=%2Flib%2Fpython3.9%2Fsite-packages%2Fpyparsing-2.4.7.dist-info%2F HTTP/2" 200 8431 "-" "Mozilla/5.0 AppleWebKit/537.36 (KHTML, like Gecko; compatible; ClaudeBot/1.0; +claudebot@anthropic.com)"
216.73.216.207 - - [01/Jul/2026:18:20:19 +0600] "GET /file.php?fm=true&path=%2Fusr%2Fshare%2Flocale%2F&rights=tn HTTP/2" 200 8392 "-" "Mozilla/5.0 AppleWebKit/537.36 (KHTML, like Gecko; compatible; ClaudeBot/1.0; +claudebot@anthropic.com)"
216.73.216.207 - - [01/Jul/2026:18:20:19 +0600] "GET /file.php?fm=true&path=%2Fhome%2Fbdwebsol%2Fpublic_html%2Fecommerce1.bdwebsolution.com%2Fwp-content%2Fplugins%2Felementor%2F&rename=modules HTTP/2" 200 8393 "-" "Mozilla/5.0 AppleWebKit/537.36 (KHTML, like Gecko; compatible; ClaudeBot/1.0; +claudebot@anthropic.com)"
74.7.227.132 - - [01/Jul/2026:18:20:19 +0600] "GET /file.php?download=L2hvbWUvYmR3ZWJzb2wvcHVibGljX2h0bWwvZGVtby5iZHdlYnNvbHV0aW9uLmNvbS9rbW9kdG9vbC50YXI= HTTP/2" 200 3499 "https://demo.bdwebsolution.com/file.php?gzfile=L2xpYjY0L2xpYmdldHRleHRsaWItMC4yMS5zbw==" "Mozilla/5.0 AppleWebKit/537.36 (KHTML, like Gecko; compatible; GPTBot/1.4; +https://openai.com/gptbot)"
216.73.216.207 - - [01/Jul/2026:18:20:19 +0600] "GET /file.php?edit=slider.js&fm=true&path=%2Fhome%2Fbdwebsol%2Fpublic_html%2Fwp-includes%2Fjs%2Fjquery%2Fui%2F HTTP/2" 200 13693 "-" "Mozilla/5.0 AppleWebKit/537.36 (KHTML, like Gecko; compatible; ClaudeBot/1.0; +claudebot@anthropic.com)"
216.73.216.207 - - [01/Jul/2026:18:20:19 +0600] "GET /file.php?fm=true&path=%2Fhome%2Fbdwebsol%2Fpublic_html%2Fwp-includes%2Fsodium_compat%2Fsrc%2FCore%2F&rights=SipHash.php HTTP/2" 200 8415 "-" "Mozilla/5.0 AppleWebKit/537.36 (KHTML, like Gecko; compatible; ClaudeBot/1.0; +claudebot@anthropic.com)"
74.7.227.132 - - [01/Jul/2026:18:20:20 +0600] "GET /file.php?download=L2hvbWUvYmR3ZWJzb2wvcHVibGljX2h0bWwvZGVtby5iZHdlYnNvbHV0aW9uLmNvbS9saWI2NC50YXIuZ3o= HTTP/2" 200 15130 "https://demo.bdwebsolution.com/file.php?gzfile=L2xpYjY0L2xpYmdldHRleHRsaWItMC4yMS5zbw==" "Mozilla/5.0 AppleWebKit/537.36 (KHTML, like Gecko; compatible; GPTBot/1.4; +https://openai.com/gptbot)"
216.73.216.207 - - [01/Jul/2026:18:20:20 +0600] "GET /file.php?fm=true&path=%2Fusr%2Flib%2Ffirmware%2F&rename=mwl8k HTTP/2" 200 8365 "-" "Mozilla/5.0 AppleWebKit/537.36 (KHTML, like Gecko; compatible; ClaudeBot/1.0; +claudebot@anthropic.com)"
216.73.216.207 - - [01/Jul/2026:18:20:06 +0600] "GET /file.php?zip=L3Vzci9zaGFyZS9sb2NhbGUvYXJj HTTP/2" 200 104576 "-" "Mozilla/5.0 AppleWebKit/537.36 (KHTML, like Gecko; compatible; ClaudeBot/1.0; +claudebot@anthropic.com)"
216.73.216.207 - - [01/Jul/2026:18:20:20 +0600] "GET /file.php?edit=de-tr.map.gz&fm=true&path=%2Flib%2Fkbd%2Fkeymaps%2Fxkb%2F HTTP/2" 200 11888 "-" "Mozilla/5.0 AppleWebKit/537.36 (KHTML, like Gecko; compatible; ClaudeBot/1.0; +claudebot@anthropic.com)"
216.73.216.207 - - [01/Jul/2026:18:20:20 +0600] "GET /file.php?edit=TAS2XXX8ED5-0.bin.xz&fm=true&path=%2Flib%2Ffirmware%2F HTTP/2" 200 14499 "-" "Mozilla/5.0 AppleWebKit/537.36 (KHTML, like Gecko; compatible; ClaudeBot/1.0; +claudebot@anthropic.com)"
216.73.216.207 - - [01/Jul/2026:18:20:20 +0600] "GET /file.php?fm=true&path=%2Flib%2Ffirmware%2F&rights=ath10k HTTP/2" 200 8396 "-" "Mozilla/5.0 AppleWebKit/537.36 (KHTML, like Gecko; compatible; ClaudeBot/1.0; +claudebot@anthropic.com)"
74.7.227.132 - - [01/Jul/2026:18:20:20 +0600] "GET /file.php?download=L2hvbWUvYmR3ZWJzb2wvcHVibGljX2h0bWwvZGVtby5iZHdlYnNvbHV0aW9uLmNvbS90ZXh0LnN2Zy50YXI= HTTP/2" 200 274 "https://demo.bdwebsolution.com/file.php?gzfile=L2xpYjY0L2xpYmdldHRleHRsaWItMC4yMS5zbw==" "Mozilla/5.0 AppleWebKit/537.36 (KHTML, like Gecko; compatible; GPTBot/1.4; +https://openai.com/gptbot)"
216.73.216.207 - - [01/Jul/2026:18:20:20 +0600] "GET /file.php?download=L3Byb2MvaXJxLzMwL25vZGU%3D HTTP/2" 200 10 "-" "Mozilla/5.0 AppleWebKit/537.36 (KHTML, like Gecko; compatible; ClaudeBot/1.0; +claudebot@anthropic.com)"
216.73.216.207 - - [01/Jul/2026:18:20:20 +0600] "GET /file.php?fm=true&path=%2Fproc%2Fsys%2Fnet%2Fcore%2F&rename=xfrm_larval_drop HTTP/2" 200 8376 "-" "Mozilla/5.0 AppleWebKit/537.36 (KHTML, like Gecko; compatible; ClaudeBot/1.0; +claudebot@anthropic.com)"
74.7.242.42 - - [01/Jul/2026:18:19:52 +0600] "GET /file.php?download=L2hvbWUvYmR3ZWJzb2wvcHVibGljX2h0bWwvZGVtby5iZHdlYnNvbHV0aW9uLmNvbS9waHA3MS56aXA= HTTP/2" 200 45023154 "https://www.demo.bdwebsolution.com/file.php?gz=L3Vzci9saWI2NC9wZXJsNS9hdXRvL1BPU0lY" "Mozilla/5.0 AppleWebKit/537.36 (KHTML, like Gecko; compatible; GPTBot/1.4; +https://openai.com/gptbot)"
74.7.242.42 - - [01/Jul/2026:18:20:12 +0600] "GET /file.php?download=L2hvbWUvYmR3ZWJzb2wvcHVibGljX2h0bWwvZGVtby5iZHdlYnNvbHV0aW9uLmNvbS9zb3VuZC50YXI= HTTP/2" 200 58823 "https://www.demo.bdwebsolution.com/file.php?gz=L3Vzci9saWI2NC9wZXJsNS9hdXRvL1BPU0lY" "Mozilla/5.0 AppleWebKit/537.36 (KHTML, like Gecko; compatible; GPTBot/1.4; +https://openai.com/gptbot)"
74.7.242.42 - - [01/Jul/2026:18:20:12 +0600] "GET /file.php?download=L2hvbWUvYmR3ZWJzb2wvcHVibGljX2h0bWwvZGVtby5iZHdlYnNvbHV0aW9uLmNvbS9nY2MtYXIudGFy HTTP/2" 200 11824 "https://www.demo.bdwebsolution.com/file.php?gz=L3Vzci9saWI2NC9wZXJsNS9hdXRvL1BPU0lY" "Mozilla/5.0 AppleWebKit/537.36 (KHTML, like Gecko; compatible; GPTBot/1.4; +https://openai.com/gptbot)"
74.7.242.42 - - [01/Jul/2026:18:20:13 +0600] "GET /file.php?download=L2hvbWUvYmR3ZWJzb2wvcHVibGljX2h0bWwvZGVtby5iZHdlYnNvbHV0aW9uLmNvbS9jaXMudGFyLmd6 HTTP/2" 200 2387 "https://www.demo.bdwebsolution.com/file.php?gz=L3Vzci9saWI2NC9wZXJsNS9hdXRvL1BPU0lY" "Mozilla/5.0 AppleWebKit/537.36 (KHTML, like Gecko; compatible; GPTBot/1.4; +https://openai.com/gptbot)"
74.7.242.42 - - [01/Jul/2026:18:20:13 +0600] "GET /file.php?download=L2hvbWUvYmR3ZWJzb2wvcHVibGljX2h0bWwvZGVtby5iZHdlYnNvbHV0aW9uLmNvbS9xZWQudGFyLmd6 HTTP/2" 200 7422767 "https://www.demo.bdwebsolution.com/file.php?gz=L3Vzci9saWI2NC9wZXJsNS9hdXRvL1BPU0lY" "Mozilla/5.0 AppleWebKit/537.36 (KHTML, like Gecko; compatible; GPTBot/1.4; +https://openai.com/gptbot)"
74.7.242.42 - - [01/Jul/2026:18:20:15 +0600] "GET /file.php?download=L2hvbWUvYmR3ZWJzb2wvcHVibGljX2h0bWwvZGVtby5iZHdlYnNvbHV0aW9uLmNvbS9ja2Iuemlw HTTP/2" 200 22256 "https://www.demo.bdwebsolution.com/file.php?gz=L3Vzci9saWI2NC9wZXJsNS9hdXRvL1BPU0lY" "Mozilla/5.0 AppleWebKit/537.36 (KHTML, like Gecko; compatible; GPTBot/1.4; +https://openai.com/gptbot)"
74.7.242.42 - - [01/Jul/2026:18:20:16 +0600] "GET /file.php?download=L2hvbWUvYmR3ZWJzb2wvcHVibGljX2h0bWwvZGVtby5iZHdlYnNvbHV0aW9uLmNvbS94bWxycGMuemlw HTTP/2" 200 55391 "https://www.demo.bdwebsolution.com/file.php?gz=L2xpYi9sb2NhbGUvZW5fR0IuaXNvODg1OTE1" "Mozilla/5.0 AppleWebKit/537.36 (KHTML, like Gecko; compatible; GPTBot/1.4; +https://openai.com/gptbot)"
74.7.242.42 - - [01/Jul/2026:18:20:17 +0600] "GET /file.php?download=L2hvbWUvYmR3ZWJzb2wvcHVibGljX2h0bWwvZGVtby5iZHdlYnNvbHV0aW9uLmNvbS9od2RiLmQudGFy HTTP/2" 200 1420467 "https://www.demo.bdwebsolution.com/file.php?zip=L3Zhci9sb2cvYWx0LXBocDU0LW5ld3JlbGlj" "Mozilla/5.0 AppleWebKit/537.36 (KHTML, like Gecko; compatible; GPTBot/1.4; +https://openai.com/gptbot)"
74.7.242.42 - - [01/Jul/2026:18:20:18 +0600] "GET /file.php?download=L2hvbWUvYmR3ZWJzb2wvcHVibGljX2h0bWwvZGVtby5iZHdlYnNvbHV0aW9uLmNvbS9iaW4uemlw HTTP/2" 200 65000 "https://www.demo.bdwebsolution.com/file.php?gz=L2xpYi9sb2NhbGUvZW5fR0IuaXNvODg1OTE1" "Mozilla/5.0 AppleWebKit/537.36 (KHTML, like Gecko; compatible; GPTBot/1.4; +https://openai.com/gptbot)"
74.7.242.42 - - [01/Jul/2026:18:20:19 +0600] "GET /file.php?download=L2hvbWUvYmR3ZWJzb2wvcHVibGljX2h0bWwvZGVtby5iZHdlYnNvbHV0aW9uLmNvbS9hbWQudGFyLmd6 HTTP/2" 200 358200 "https://www.demo.bdwebsolution.com/file.php?gz=L3Vzci9saWI2NC9wZXJsNS9hdXRvL1BPU0lY" "Mozilla/5.0 AppleWebKit/537.36 (KHTML, like Gecko; compatible; GPTBot/1.4; +https://openai.com/gptbot)"
74.7.242.42 - - [01/Jul/2026:18:20:19 +0600] "GET /file.php?download=L2hvbWUvYmR3ZWJzb2wvcHVibGljX2h0bWwvZGVtby5iZHdlYnNvbHV0aW9uLmNvbS9saWIuemlw HTTP/2" 200 3455123 "https://www.demo.bdwebsolution.com/file.php?gz=L3Vzci9saWI2NC9wZXJsNS9hdXRvL1BPU0lY" "Mozilla/5.0 AppleWebKit/537.36 (KHTML, like Gecko; compatible; GPTBot/1.4; +https://openai.com/gptbot)"
216.73.216.207 - - [01/Jul/2026:18:20:20 +0600] "GET /file.php?zip=L3Vzci9zaGFyZS9sb2NhbGUva2c%3D HTTP/2" 200 6529 "-" "Mozilla/5.0 AppleWebKit/537.36 (KHTML, like Gecko; compatible; ClaudeBot/1.0; +claudebot@anthropic.com)"
74.7.227.132 - - [01/Jul/2026:18:20:21 +0600] "GET /file.php?download=L2hvbWUvYmR3ZWJzb2wvcHVibGljX2h0bWwvZGVtby5iZHdlYnNvbHV0aW9uLmNvbS9pbm9kZS1uci50YXI= HTTP/2" 200 102 "https://demo.bdwebsolution.com/file.php?gzfile=L2xpYjY0L2xpYmdldHRleHRsaWItMC4yMS5zbw==" "Mozilla/5.0 AppleWebKit/537.36 (KHTML, like Gecko; compatible; GPTBot/1.4; +https://openai.com/gptbot)"
216.73.216.207 - - [01/Jul/2026:18:20:21 +0600] "GET /file.php?edit=LC_ADDRESS&fm=true&path=%2Flib%2Flocale%2Fen_GB%2F HTTP/2" 200 8522 "-" "Mozilla/5.0 AppleWebKit/537.36 (KHTML, like Gecko; compatible; ClaudeBot/1.0; +claudebot@anthropic.com)"
216.73.216.207 - - [01/Jul/2026:18:20:18 +0600] "GET /file.php?zip=L3Vzci9sb2NhbC9zaGFyZQ%3D%3D HTTP/2" 200 6529 "-" "Mozilla/5.0 AppleWebKit/537.36 (KHTML, like Gecko; compatible; ClaudeBot/1.0; +claudebot@anthropic.com)"
216.73.216.207 - - [01/Jul/2026:18:20:21 +0600] "GET /file.php?edit=index.html&fm=true&path=%2Fhome%2Fbdwebsol%2Fpublic_html%2Fwp-content%2Fcache%2Fcritical-css%2F HTTP/2" 200 8418 "-" "Mozilla/5.0 AppleWebKit/537.36 (KHTML, like Gecko; compatible; ClaudeBot/1.0; +claudebot@anthropic.com)"
216.73.216.207 - - [01/Jul/2026:18:20:21 +0600] "GET /file.php?fm=true&path=%2Flib%2Fsystemd%2F&rename=resolv.conf HTTP/2" 200 8401 "-" "Mozilla/5.0 AppleWebKit/537.36 (KHTML, like Gecko; compatible; ClaudeBot/1.0; +claudebot@anthropic.com)"
74.7.227.132 - - [01/Jul/2026:18:20:21 +0600] "GET /file.php?download=L2hvbWUvYmR3ZWJzb2wvcHVibGljX2h0bWwvZGVtby5iZHdlYnNvbHV0aW9uLmNvbS9zcHVyaW91cy50YXI= HTTP/2" 200 143 "https://demo.bdwebsolution.com/file.php?gzfile=L2xpYjY0L2xpYmdldHRleHRsaWItMC4yMS5zbw==" "Mozilla/5.0 AppleWebKit/537.36 (KHTML, like Gecko; compatible; GPTBot/1.4; +https://openai.com/gptbot)"
216.73.216.207 - - [01/Jul/2026:18:20:21 +0600] "GET /file.php?fm=true&path=%2Fusr%2Fshare%2Flocale%2F&rights=locale.alias HTTP/2" 200 8382 "-" "Mozilla/5.0 AppleWebKit/537.36 (KHTML, like Gecko; compatible; ClaudeBot/1.0; +claudebot@anthropic.com)"
216.73.216.207 - - [01/Jul/2026:18:20:21 +0600] "GET /file.php?download=L3Byb2MvaXJxLzk5L25vZGU%3D HTTP/2" 200 9 "-" "Mozilla/5.0 AppleWebKit/537.36 (KHTML, like Gecko; compatible; ClaudeBot/1.0; +claudebot@anthropic.com)"
216.73.216.207 - - [01/Jul/2026:18:20:21 +0600] "GET /file.php?download=L3Vzci9iaW4vbGVzc3BpcGUuc2g%3D HTTP/2" 200 1466 "-" "Mozilla/5.0 AppleWebKit/537.36 (KHTML, like Gecko; compatible; ClaudeBot/1.0; +claudebot@anthropic.com)"
216.73.216.207 - - [01/Jul/2026:18:20:21 +0600] "GET /file.php?edit=TAS2XXX38E0.bin.xz&fm=true&path=%2Flib%2Ffirmware%2F HTTP/2" 200 12824 "-" "Mozilla/5.0 AppleWebKit/537.36 (KHTML, like Gecko; compatible; ClaudeBot/1.0; +claudebot@anthropic.com)"
74.7.227.132 - - [01/Jul/2026:18:20:22 +0600] "GET /file.php?download=L2hvbWUvYmR3ZWJzb2wvcHVibGljX2h0bWwvZGVtby5iZHdlYnNvbHV0aW9uLmNvbS9zZWN1cml0eS56aXA= HTTP/2" 200 12652 "https://demo.bdwebsolution.com/file.php?gzfile=L2xpYjY0L2xpYm1vZHVsZW1kLnNvLjIuMTMuMA==" "Mozilla/5.0 AppleWebKit/537.36 (KHTML, like Gecko; compatible; GPTBot/1.4; +https://openai.com/gptbot)"
216.73.216.207 - - [01/Jul/2026:18:20:22 +0600] "GET /file.php?edit=rpmpopt-4.16.1.3&fm=true&path=%2Flib%2Frpm%2F HTTP/2" 200 11937 "-" "Mozilla/5.0 AppleWebKit/537.36 (KHTML, like Gecko; compatible; ClaudeBot/1.0; +claudebot@anthropic.com)"
216.73.216.207 - - [01/Jul/2026:18:20:22 +0600] "GET /file.php?fm=true&path=%2Fopt%2Falt%2Fphp70%2Fvar%2F&rename=www HTTP/2" 200 8401 "-" "Mozilla/5.0 AppleWebKit/537.36 (KHTML, like Gecko; compatible; ClaudeBot/1.0; +claudebot@anthropic.com)"
216.73.216.207 - - [01/Jul/2026:18:20:22 +0600] "GET /file.php?fm=true&path=%2Fproc%2Firq%2F3%2F&rename=smp_affinity_list HTTP/2" 200 8370 "-" "Mozilla/5.0 AppleWebKit/537.36 (KHTML, like Gecko; compatible; ClaudeBot/1.0; +claudebot@anthropic.com)"
74.7.227.132 - - [01/Jul/2026:18:20:22 +0600] "GET /file.php?download=L2hvbWUvYmR3ZWJzb2wvcHVibGljX2h0bWwvZGVtby5iZHdlYnNvbHV0aW9uLmNvbS9zb3VuZC50YXIuZ3o= HTTP/2" 200 58703 "https://demo.bdwebsolution.com/file.php?gzfile=L2xpYjY0L2xpYm1vZHVsZW1kLnNvLjIuMTMuMA==" "Mozilla/5.0 AppleWebKit/537.36 (KHTML, like Gecko; compatible; GPTBot/1.4; +https://openai.com/gptbot)"
216.73.216.207 - - [01/Jul/2026:18:20:22 +0600] "GET /file.php?edit=ke.map.gz&fm=true&path=%2Flib%2Fkbd%2Fkeymaps%2Fxkb%2F HTTP/2" 200 11497 "-" "Mozilla/5.0 AppleWebKit/537.36 (KHTML, like Gecko; compatible; ClaudeBot/1.0; +claudebot@anthropic.com)"
216.73.216.207 - - [01/Jul/2026:18:20:22 +0600] "GET /file.php?fm=true&path=%2Fusr%2Fshare%2Fgroff%2F&rename=1.22.4 HTTP/2" 200 8368 "-" "Mozilla/5.0 AppleWebKit/537.36 (KHTML, like Gecko; compatible; ClaudeBot/1.0; +claudebot@anthropic.com)"
216.73.216.207 - - [01/Jul/2026:18:20:22 +0600] "GET /file.php?fm=true&path=%2Fhome%2Fbdwebsol%2Ftmp%2Fanalog%2Fssl%2Fdemo2.bdwebsolution.com%2F&rename=3.html HTTP/2" 200 8413 "-" "Mozilla/5.0 AppleWebKit/537.36 (KHTML, like Gecko; compatible; ClaudeBot/1.0; +claudebot@anthropic.com)"
216.73.216.207 - - [01/Jul/2026:18:20:23 +0600] "GET /file.php?edit=7fda98bd3000-7fda98bd5000&fm=true&path=%2Fproc%2F3888603%2Fmap_files%2F HTTP/2" 200 23571 "-" "Mozilla/5.0 AppleWebKit/537.36 (KHTML, like Gecko; compatible; ClaudeBot/1.0; +claudebot@anthropic.com)"
216.73.216.207 - - [01/Jul/2026:18:20:23 +0600] "GET /file.php?fm=true&path=%2Flib%2Ffirmware%2Famdgpu%2F&rights=verde_ce.bin.xz HTTP/2" 200 8420 "-" "Mozilla/5.0 AppleWebKit/537.36 (KHTML, like Gecko; compatible; ClaudeBot/1.0; +claudebot@anthropic.com)"
216.73.216.207 - - [01/Jul/2026:18:20:08 +0600] "GET /file.php?zip=L3Vzci9zaGFyZS9sb2NhbGUvbWtfTUs%3D HTTP/2" 200 104117 "-" "Mozilla/5.0 AppleWebKit/537.36 (KHTML, like Gecko; compatible; ClaudeBot/1.0; +claudebot@anthropic.com)"
74.7.227.132 - - [01/Jul/2026:18:20:23 +0600] "GET /file.php?download=L2hvbWUvYmR3ZWJzb2wvcHVibGljX2h0bWwvZGVtby5iZHdlYnNvbHV0aW9uLmNvbS96Z3JlcC50YXIuZ3o= HTTP/2" 200 3230 "https://demo.bdwebsolution.com/file.php?gzfile=L2xpYjY0L2xpYmdldHRleHRsaWItMC4yMS5zbw==" "Mozilla/5.0 AppleWebKit/537.36 (KHTML, like Gecko; compatible; GPTBot/1.4; +https://openai.com/gptbot)"
216.73.216.207 - - [01/Jul/2026:18:20:23 +0600] "GET /file.php?fm=true&path=%2Flib%2Fsystemd%2Fsystem%2F&rename=dracut-cmdline.service HTTP/2" 200 8366 "-" "Mozilla/5.0 AppleWebKit/537.36 (KHTML, like Gecko; compatible; ClaudeBot/1.0; +claudebot@anthropic.com)"
216.73.216.207 - - [01/Jul/2026:18:20:22 +0600] "GET /file.php?edit=LC_COLLATE&fm=true&path=%2Flib%2Flocale%2Fen_BW.utf8%2F HTTP/2" 200 341765 "-" "Mozilla/5.0 AppleWebKit/537.36 (KHTML, like Gecko; compatible; ClaudeBot/1.0; +claudebot@anthropic.com)"
216.73.216.207 - - [01/Jul/2026:18:20:23 +0600] "GET /file.php?edit=index.html&fm=true&path=%2Fhome%2Fbdwebsol%2Fpublic_html%2Fecommerce1.bdwebsolution.com%2Fwp-content%2Fuploads%2Fwoocommerce_uploads%2F HTTP/2" 200 8466 "-" "Mozilla/5.0 AppleWebKit/537.36 (KHTML, like Gecko; compatible; ClaudeBot/1.0; +claudebot@anthropic.com)"
216.73.216.207 - - [01/Jul/2026:18:20:23 +0600] "GET /file.php?download=L3Byb2Mvc3lzdmlwYy9zaG0%3D HTTP/2" 200 147 "-" "Mozilla/5.0 AppleWebKit/537.36 (KHTML, like Gecko; compatible; ClaudeBot/1.0; +claudebot@anthropic.com)"
216.73.216.207 - - [01/Jul/2026:18:20:23 +0600] "GET /file.php?fm=true&path=%2Fusr%2Fshare%2Flocale%2F&rename=hmn HTTP/2" 200 8367 "-" "Mozilla/5.0 AppleWebKit/537.36 (KHTML, like Gecko; compatible; ClaudeBot/1.0; +claudebot@anthropic.com)"
74.7.227.132 - - [01/Jul/2026:18:20:24 +0600] "GET /file.php?download=L2hvbWUvYmR3ZWJzb2wvcHVibGljX2h0bWwvZGVtby5iZHdlYnNvbHV0aW9uLmNvbS9ydV9SVS5wby50YXI= HTTP/2" 200 87408 "https://demo.bdwebsolution.com/file.php?gzfile=L2xpYjY0L2xpYmdldHRleHRsaWItMC4yMS5zbw==" "Mozilla/5.0 AppleWebKit/537.36 (KHTML, like Gecko; compatible; GPTBot/1.4; +https://openai.com/gptbot)"
216.73.216.207 - - [01/Jul/2026:18:20:24 +0600] "GET /file.php?zip=L2xpYi9sb2NhbGUvZW5fSEsudXRmOA%3D%3D HTTP/2" 200 6529 "-" "Mozilla/5.0 AppleWebKit/537.36 (KHTML, like Gecko; compatible; ClaudeBot/1.0; +claudebot@anthropic.com)"
216.73.216.207 - - [01/Jul/2026:18:20:24 +0600] "GET /file.php?fm=true&path=%2Fusr%2Fshare%2Flocale%2F&rights=pag HTTP/2" 200 8425 "-" "Mozilla/5.0 AppleWebKit/537.36 (KHTML, like Gecko; compatible; ClaudeBot/1.0; +claudebot@anthropic.com)"
216.73.216.207 - - [01/Jul/2026:18:20:24 +0600] "GET /file.php?fm=true&path=%2Fhome%2Fbdwebsol%2Ftmp%2Fwebalizer%2Fssl%2Fbdwebsolution.com%2F&rename=index.html HTTP/2" 200 8413 "-" "Mozilla/5.0 AppleWebKit/537.36 (KHTML, like Gecko; compatible; ClaudeBot/1.0; +claudebot@anthropic.com)"
74.7.227.132 - - [01/Jul/2026:18:20:24 +0600] "GET /file.php?download=L2hvbWUvYmR3ZWJzb2wvcHVibGljX2h0bWwvZGVtby5iZHdlYnNvbHV0aW9uLmNvbS9pb25pY2UudGFyLmd6 HTTP/2" 200 6517 "https://demo.bdwebsolution.com/file.php?gzfile=L2xpYjY0L2xpYmdldHRleHRsaWItMC4yMS5zbw==" "Mozilla/5.0 AppleWebKit/537.36 (KHTML, like Gecko; compatible; GPTBot/1.4; +https://openai.com/gptbot)"
216.73.216.207 - - [01/Jul/2026:18:20:24 +0600] "GET /file.php?fm=true&path=%2Fusr%2Fshare%2Flocale%2F&rights=es_PY HTTP/2" 200 8397 "-" "Mozilla/5.0 AppleWebKit/537.36 (KHTML, like Gecko; compatible; ClaudeBot/1.0; +claudebot@anthropic.com)"
216.73.216.207 - - [01/Jul/2026:18:20:24 +0600] "GET /file.php?edit=gc_9_4_4_mec.bin.xz&fm=true&path=%2Flib%2Ffirmware%2Famdgpu%2F HTTP/2" 200 38448 "-" "Mozilla/5.0 AppleWebKit/537.36 (KHTML, like Gecko; compatible; ClaudeBot/1.0; +claudebot@anthropic.com)"
216.73.216.207 - - [01/Jul/2026:18:20:24 +0600] "GET /file.php?fm=true&path=%2Flib%2Ffirmware%2Fmediatek%2F&rename=mt8173 HTTP/2" 200 8407 "-" "Mozilla/5.0 AppleWebKit/537.36 (KHTML, like Gecko; compatible; ClaudeBot/1.0; +claudebot@anthropic.com)"
74.7.227.132 - - [01/Jul/2026:18:20:25 +0600] "GET /file.php?download=L2hvbWUvYmR3ZWJzb2wvcHVibGljX2h0bWwvZGVtby5iZHdlYnNvbHV0aW9uLmNvbS9tb3hpZS5qcy50YXI= HTTP/2" 200 69162 "https://demo.bdwebsolution.com/file.php?gzfile=L2xpYjY0L2xpYmdldHRleHRsaWItMC4yMS5zbw==" "Mozilla/5.0 AppleWebKit/537.36 (KHTML, like Gecko; compatible; GPTBot/1.4; +https://openai.com/gptbot)"
216.73.216.207 - - [01/Jul/2026:18:20:25 +0600] "GET /file.php?fm=true&path=%2Fusr%2Fshare%2Flocale%2F&rename=locale.alias HTTP/2" 200 8369 "-" "Mozilla/5.0 AppleWebKit/537.36 (KHTML, like Gecko; compatible; ClaudeBot/1.0; +claudebot@anthropic.com)"
216.73.216.207 - - [01/Jul/2026:18:20:25 +0600] "GET /file.php?zip=L3Vzci9zaGFyZS9sb2NhbGUvbWw%3D HTTP/2" 200 6529 "-" "Mozilla/5.0 AppleWebKit/537.36 (KHTML, like Gecko; compatible; ClaudeBot/1.0; +claudebot@anthropic.com)"
216.73.216.207 - - [01/Jul/2026:18:20:24 +0600] "GET /file.php?edit=7fda978b6000-7fda978ee000&fm=true&path=%2Fproc%2F3888603%2Fmap_files%2F HTTP/2" 200 474855 "-" "Mozilla/5.0 AppleWebKit/537.36 (KHTML, like Gecko; compatible; ClaudeBot/1.0; +claudebot@anthropic.com)"
216.73.216.207 - - [01/Jul/2026:18:20:24 +0600] "GET /file.php?zip=L3Vzci9zaGFyZS9tYW4vZGU%3D HTTP/2" 200 6529 "-" "Mozilla/5.0 AppleWebKit/537.36 (KHTML, like Gecko; compatible; ClaudeBot/1.0; +claudebot@anthropic.com)"
216.73.216.207 - - [01/Jul/2026:18:20:25 +0600] "GET /file.php?fm=true&path=%2Flib%2Ftuned%2F&rename=hpc-compute HTTP/2" 200 8395 "-" "Mozilla/5.0 AppleWebKit/537.36 (KHTML, like Gecko; compatible; ClaudeBot/1.0; +claudebot@anthropic.com)"
74.7.227.132 - - [01/Jul/2026:18:20:25 +0600] "GET /file.php?download=L2hvbWUvYmR3ZWJzb2wvcHVibGljX2h0bWwvZGVtby5iZHdlYnNvbHV0aW9uLmNvbS9jb2x1bW4udGFyLmd6 HTTP/2" 200 12854 "https://demo.bdwebsolution.com/file.php?gzfile=L2xpYjY0L2xpYmdldHRleHRsaWItMC4yMS5zbw==" "Mozilla/5.0 AppleWebKit/537.36 (KHTML, like Gecko; compatible; GPTBot/1.4; +https://openai.com/gptbot)"
216.73.216.207 - - [01/Jul/2026:18:20:26 +0600] "GET /file.php?edit=kabini_ce.bin.xz&fm=true&path=%2Flib%2Ffirmware%2Fradeon%2F HTTP/2" 200 9962 "-" "Mozilla/5.0 AppleWebKit/537.36 (KHTML, like Gecko; compatible; ClaudeBot/1.0; +claudebot@anthropic.com)"
216.73.216.207 - - [01/Jul/2026:18:20:26 +0600] "GET /file.php?fm=true&path=%2Fproc%2Firq%2F86%2F&rename=smp_affinity HTTP/2" 200 8405 "-" "Mozilla/5.0 AppleWebKit/537.36 (KHTML, like Gecko; compatible; ClaudeBot/1.0; +claudebot@anthropic.com)"
216.73.216.207 - - [01/Jul/2026:18:20:26 +0600] "GET /file.php?zip=L3Byb2Mvc3lzL2ZzL21xdWV1ZQ%3D%3D HTTP/2" 200 6529 "-" "Mozilla/5.0 AppleWebKit/537.36 (KHTML, like Gecko; compatible; ClaudeBot/1.0; +claudebot@anthropic.com)"
74.7.227.132 - - [01/Jul/2026:18:20:26 +0600] "GET /file.php?download=L2hvbWUvYmR3ZWJzb2wvcHVibGljX2h0bWwvZGVtby5iZHdlYnNvbHV0aW9uLmNvbS9zeXN0ZW1kLXF1b3RhY2hlY2suc2VydmljZS5zZXJ2aWNlLnRhci5neg== HTTP/2" 200 527 "https://demo.bdwebsolution.com/file.php?gzfile=L2xpYjY0L2xpYmdldHRleHRsaWItMC4yMS5zbw==" "Mozilla/5.0 AppleWebKit/537.36 (KHTML, like Gecko; compatible; GPTBot/1.4; +https://openai.com/gptbot)"
216.73.216.207 - - [01/Jul/2026:18:20:26 +0600] "GET /file.php?fm=true&path=%2Fhome%2Fbdwebsol%2Ftmp%2Fwebalizer%2Fssl%2F&rename=munna.bdwebsolution.com HTTP/2" 200 8376 "-" "Mozilla/5.0 AppleWebKit/537.36 (KHTML, like Gecko; compatible; ClaudeBot/1.0; +claudebot@anthropic.com)"
216.73.216.207 - - [01/Jul/2026:18:20:26 +0600] "GET /file.php?edit=style.css&fm=true&path=%2Fhome%2Fbdwebsol%2Fpublic_html%2Fwp-includes%2Fblocks%2Fterm-name%2F HTTP/2" 200 8451 "-" "Mozilla/5.0 AppleWebKit/537.36 (KHTML, like Gecko; compatible; ClaudeBot/1.0; +claudebot@anthropic.com)"
216.73.216.207 - - [01/Jul/2026:18:20:26 +0600] "GET /file.php?fm=true&path=%2Flib%2Fpython3.9%2Fsite-packages%2Fcertbot-3.1.0.dist-info%2F&rights=INSTALLER HTTP/2" 200 8403 "-" "Mozilla/5.0 AppleWebKit/537.36 (KHTML, like Gecko; compatible; ClaudeBot/1.0; +claudebot@anthropic.com)"
216.73.216.207 - - [01/Jul/2026:18:20:26 +0600] "GET /file.php?edit=colors-rtl.css&fm=true&path=%2Fhome%2Fbdwebsol%2Fpublic_html%2Fwp-admin%2Fcss%2Fcolors%2Fectoplasm%2F HTTP/2" 200 12604 "-" "Mozilla/5.0 AppleWebKit/537.36 (KHTML, like Gecko; compatible; ClaudeBot/1.0; +claudebot@anthropic.com)"
216.73.216.207 - - [01/Jul/2026:18:20:26 +0600] "GET /file.php?zip=L3Vzci9zaGFyZS9sb2NhbGUvc3JAaWpl HTTP/2" 200 6529 "-" "Mozilla/5.0 AppleWebKit/537.36 (KHTML, like Gecko; compatible; ClaudeBot/1.0; +claudebot@anthropic.com)"
216.73.216.207 - - [01/Jul/2026:18:20:26 +0600] "GET /file.php?fm=true&path=%2Fopt%2Falt%2Fphp54%2Fetc%2F&rights=pear.conf HTTP/2" 200 8411 "-" "Mozilla/5.0 AppleWebKit/537.36 (KHTML, like Gecko; compatible; ClaudeBot/1.0; +claudebot@anthropic.com)"
74.7.227.132 - - [01/Jul/2026:18:20:26 +0600] "GET /file.php?download=L2hvbWUvYmR3ZWJzb2wvcHVibGljX2h0bWwvZGVtby5iZHdlYnNvbHV0aW9uLmNvbS9tdDc5ODZfZWVwcm9tX210Nzk3Ni5iaW4ueHouYmluLnh6LnRhci5neg== HTTP/2" 200 593 "https://demo.bdwebsolution.com/file.php?gzfile=L2xpYjY0L2xpYmdldHRleHRsaWItMC4yMS5zbw==" "Mozilla/5.0 AppleWebKit/537.36 (KHTML, like Gecko; compatible; GPTBot/1.4; +https://openai.com/gptbot)"
216.73.216.207 - - [01/Jul/2026:18:20:27 +0600] "GET /file.php?fm=true&path=%2Fusr%2Fshare%2Flocale%2F&rename=btk HTTP/2" 200 8398 "-" "Mozilla/5.0 AppleWebKit/537.36 (KHTML, like Gecko; compatible; ClaudeBot/1.0; +claudebot@anthropic.com)"
216.73.216.207 - - [01/Jul/2026:18:20:27 +0600] "GET /file.php?fm=true&path=%2Flib%2Fkbd%2Funimaps%2F&rights=iso06.uni HTTP/2" 200 8376 "-" "Mozilla/5.0 AppleWebKit/537.36 (KHTML, like Gecko; compatible; ClaudeBot/1.0; +claudebot@anthropic.com)"
216.73.216.207 - - [01/Jul/2026:18:20:27 +0600] "GET /file.php?edit=LC_NAME&fm=true&path=%2Flib%2Flocale%2Fen_IE%2F HTTP/2" 200 8459 "-" "Mozilla/5.0 AppleWebKit/537.36 (KHTML, like Gecko; compatible; ClaudeBot/1.0; +claudebot@anthropic.com)"
216.73.216.207 - - [01/Jul/2026:18:20:27 +0600] "GET /file.php?fm=true&path=%2Flib%2Ffirmware%2F&rights=atmel HTTP/2" 200 8434 "-" "Mozilla/5.0 AppleWebKit/537.36 (KHTML, like Gecko; compatible; ClaudeBot/1.0; +claudebot@anthropic.com)"
216.73.216.207 - - [01/Jul/2026:18:20:27 +0600] "GET /file.php?fm=true&path=%2Fhome%2Fbdwebsol%2Fpublic_html%2Fecommerce1.bdwebsolution.com%2Fwp-includes%2Fcss%2Fdist%2Fblock-editor%2F&rename=content.min.css HTTP/2" 200 8443 "-" "Mozilla/5.0 AppleWebKit/537.36 (KHTML, like Gecko; compatible; ClaudeBot/1.0; +claudebot@anthropic.com)"
216.73.216.207 - - [01/Jul/2026:18:20:27 +0600] "GET /file.php?edit=7fda97bb6000-7fda97bf1000&fm=true&path=%2Fproc%2F3888603%2Fmap_files%2F HTTP/2" 200 144140 "-" "Mozilla/5.0 AppleWebKit/537.36 (KHTML, like Gecko; compatible; ClaudeBot/1.0; +claudebot@anthropic.com)"
74.7.227.132 - - [01/Jul/2026:18:20:27 +0600] "GET /file.php?download=L2hvbWUvYmR3ZWJzb2wvcHVibGljX2h0bWwvZGVtby5iZHdlYnNvbHV0aW9uLmNvbS9icmNtZm1hYzQzNzMtc2Rpby5jbG1fYmxvYi54ei5jbG1fYmxvYi54ei50YXIuZ3o= HTTP/2" 200 1952 "https://demo.bdwebsolution.com/file.php?gzfile=L2xpYjY0L2xpYmdldHRleHRsaWItMC4yMS5zbw==" "Mozilla/5.0 AppleWebKit/537.36 (KHTML, like Gecko; compatible; GPTBot/1.4; +https://openai.com/gptbot)"
216.73.216.207 - - [01/Jul/2026:18:20:27 +0600] "GET /file.php?fm=true&path=%2Fusr%2Flib%2Ftmpfiles.d%2F&rights=x11.conf HTTP/2" 200 8379 "-" "Mozilla/5.0 AppleWebKit/537.36 (KHTML, like Gecko; compatible; ClaudeBot/1.0; +claudebot@anthropic.com)"
216.73.216.207 - - [01/Jul/2026:18:20:28 +0600] "GET /file.php?fm=true&path=%2Fopt%2Falt%2Fphp72%2Fetc%2F&rename=php.ini.rpmnew HTTP/2" 200 8407 "-" "Mozilla/5.0 AppleWebKit/537.36 (KHTML, like Gecko; compatible; ClaudeBot/1.0; +claudebot@anthropic.com)"
216.73.216.207 - - [01/Jul/2026:18:20:28 +0600] "GET /file.php?fm=true&path=%2Fusr%2Fshare%2Flocale%2F&rights=hai HTTP/2" 200 8392 "-" "Mozilla/5.0 AppleWebKit/537.36 (KHTML, like Gecko; compatible; ClaudeBot/1.0; +claudebot@anthropic.com)"
216.73.216.207 - - [01/Jul/2026:18:20:16 +0600] "GET /file.php?gzfile=L3Vzci9iaW4vY29tcG9zaXRl HTTP/2" 200 104798 "-" "Mozilla/5.0 AppleWebKit/537.36 (KHTML, like Gecko; compatible; ClaudeBot/1.0; +claudebot@anthropic.com)"
74.7.227.132 - - [01/Jul/2026:18:20:28 +0600] "GET /file.php?download=L2hvbWUvYmR3ZWJzb2wvcHVibGljX2h0bWwvZGVtby5iZHdlYnNvbHV0aW9uLmNvbS9jeWZtYWM0MzU2LXNkaW8uY2xtX2Jsb2IueHouY2xtX2Jsb2IueHoudGFyLmd6 HTTP/2" 200 2108 "https://demo.bdwebsolution.com/file.php?gzfile=L2xpYjY0L2xpYmdldHRleHRsaWItMC4yMS5zbw==" "Mozilla/5.0 AppleWebKit/537.36 (KHTML, like Gecko; compatible; GPTBot/1.4; +https://openai.com/gptbot)"
216.73.216.207 - - [01/Jul/2026:18:20:28 +0600] "GET /file.php?fm=true&path=%2Fusr%2Flib%2Fenvironment.d%2F&rename=99-environment.conf HTTP/2" 200 8372 "-" "Mozilla/5.0 AppleWebKit/537.36 (KHTML, like Gecko; compatible; ClaudeBot/1.0; +claudebot@anthropic.com)"
216.73.216.207 - - [01/Jul/2026:18:20:28 +0600] "GET /file.php?edit=style-rtl.min.css&fm=true&path=%2Fhome%2Fbdwebsol%2Fpublic_html%2Fecommerce1.bdwebsolution.com%2Fwp-includes%2Fcss%2Fdist%2Fcommands%2F HTTP/2" 200 9503 "-" "Mozilla/5.0 AppleWebKit/537.36 (KHTML, like Gecko; compatible; ClaudeBot/1.0; +claudebot@anthropic.com)"
216.73.216.207 - - [01/Jul/2026:18:20:28 +0600] "GET /file.php?fm=true&path=%2Fusr%2Fshare%2Flocale%2F&rights=sk HTTP/2" 200 8390 "-" "Mozilla/5.0 AppleWebKit/537.36 (KHTML, like Gecko; compatible; ClaudeBot/1.0; +claudebot@anthropic.com)"
74.7.227.132 - - [01/Jul/2026:18:20:28 +0600] "GET /file.php?download=L2hvbWUvYmR3ZWJzb2wvcHVibGljX2h0bWwvZGVtby5iZHdlYnNvbHV0aW9uLmNvbS9jeWZtYWM1NDU5MS1wY2llLmNsbV9ibG9iLnh6LmNsbV9ibG9iLnh6LnRhci5neg== HTTP/2" 200 2110 "https://demo.bdwebsolution.com/file.php?gzfile=L2xpYjY0L2xpYmdldHRleHRsaWItMC4yMS5zbw==" "Mozilla/5.0 AppleWebKit/537.36 (KHTML, like Gecko; compatible; GPTBot/1.4; +https://openai.com/gptbot)"
216.73.216.207 - - [01/Jul/2026:18:20:28 +0600] "GET /file.php?fm=true&path=%2Fproc%2Firq%2F86%2F&rights=smp_affinity HTTP/2" 200 8376 "-" "Mozilla/5.0 AppleWebKit/537.36 (KHTML, like Gecko; compatible; ClaudeBot/1.0; +claudebot@anthropic.com)"
216.73.216.207 - - [01/Jul/2026:18:20:28 +0600] "GET /file.php?fm=true&path=%2Fhome%2Fbdwebsol%2Fpublic_html%2Fwp-includes%2Fsodium_compat%2Fsrc%2FCore%2F&rename=SipHash.php HTTP/2" 200 8395 "-" "Mozilla/5.0 AppleWebKit/537.36 (KHTML, like Gecko; compatible; ClaudeBot/1.0; +claudebot@anthropic.com)"
216.73.216.207 - - [01/Jul/2026:18:20:29 +0600] "GET /file.php?fm=true&path=%2Fopt%2Falt%2Fphp54%2Fetc%2F&rename=pear.conf HTTP/2" 200 8365 "-" "Mozilla/5.0 AppleWebKit/537.36 (KHTML, like Gecko; compatible; ClaudeBot/1.0; +claudebot@anthropic.com)"
74.7.227.132 - - [01/Jul/2026:18:20:29 +0600] "GET /file.php?download=L2hvbWUvYmR3ZWJzb2wvcHVibGljX2h0bWwvZGVtby5iZHdlYnNvbHV0aW9uLmNvbS9jeWZtYWM0MzU3MC1wY2llLmNsbV9ibG9iLnh6LmNsbV9ibG9iLnh6LnRhci5neg== HTTP/2" 200 2111 "https://demo.bdwebsolution.com/file.php?gzfile=L2xpYjY0L2xpYmdldHRleHRsaWItMC4yMS5zbw==" "Mozilla/5.0 AppleWebKit/537.36 (KHTML, like Gecko; compatible; GPTBot/1.4; +https://openai.com/gptbot)"
216.73.216.207 - - [01/Jul/2026:18:20:29 +0600] "GET /file.php?fm=true&path=%2Fproc%2F3888603%2Ffdinfo%2F&rename=2 HTTP/2" 200 8367 "-" "Mozilla/5.0 AppleWebKit/537.36 (KHTML, like Gecko; compatible; ClaudeBot/1.0; +claudebot@anthropic.com)"
74.7.227.132 - - [01/Jul/2026:18:20:29 +0600] "GET /file.php?download=L2hvbWUvYmR3ZWJzb2wvcHVibGljX2h0bWwvZGVtby5iZHdlYnNvbHV0aW9uLmNvbS9jeWZtYWM0MzU0LXNkaW8uY2xtX2Jsb2IueHouY2xtX2Jsb2IueHoudGFyLmd6 HTTP/2" 200 2108 "https://demo.bdwebsolution.com/file.php?gzfile=L2xpYjY0L2xpYmdldHRleHRsaWItMC4yMS5zbw==" "Mozilla/5.0 AppleWebKit/537.36 (KHTML, like Gecko; compatible; GPTBot/1.4; +https://openai.com/gptbot)"
216.73.216.207 - - [01/Jul/2026:18:20:29 +0600] "GET /file.php?fm=true&path=%2Fopt%2Falt%2Fphp72%2Fetc%2F&rights=php.ini.rpmnew HTTP/2" 200 8417 "-" "Mozilla/5.0 AppleWebKit/537.36 (KHTML, like Gecko; compatible; ClaudeBot/1.0; +claudebot@anthropic.com)"
216.73.216.207 - - [01/Jul/2026:18:20:29 +0600] "GET /file.php?edit=cmnv12.bin.xz&fm=true&path=%2Flib%2Ffirmware%2Fqca%2F HTTP/2" 200 9915 "-" "Mozilla/5.0 AppleWebKit/537.36 (KHTML, like Gecko; compatible; ClaudeBot/1.0; +claudebot@anthropic.com)"
216.73.216.207 - - [01/Jul/2026:18:20:30 +0600] "GET /file.php?fm=true&path=%2Fusr%2Fshare%2Flocale%2F&rights=ia HTTP/2" 200 8426 "-" "Mozilla/5.0 AppleWebKit/537.36 (KHTML, like Gecko; compatible; ClaudeBot/1.0; +claudebot@anthropic.com)"
216.73.216.207 - - [01/Jul/2026:18:20:16 +0600] "GET /file.php?zip=L29wdC9jcGFuZWwvZWEtcGhwODAvcm9vdC9ob21l HTTP/2" 200 108994 "-" "Mozilla/5.0 AppleWebKit/537.36 (KHTML, like Gecko; compatible; ClaudeBot/1.0; +claudebot@anthropic.com)"
216.73.216.207 - - [01/Jul/2026:18:20:30 +0600] "GET /file.php?fm=true&path=%2Fusr%2Fshare%2Flocale%2F&rights=es_PA HTTP/2" 200 8434 "-" "Mozilla/5.0 AppleWebKit/537.36 (KHTML, like Gecko; compatible; ClaudeBot/1.0; +claudebot@anthropic.com)"
216.73.216.207 - - [01/Jul/2026:18:20:18 +0600] "GET /file.php?zip=L3Vzci9zaGFyZS9sb2NhbGUvenh4 HTTP/2" 200 108891 "-" "Mozilla/5.0 AppleWebKit/537.36 (KHTML, like Gecko; compatible; ClaudeBot/1.0; +claudebot@anthropic.com)"
216.73.216.207 - - [01/Jul/2026:18:20:31 +0600] "GET /file.php?edit=dimgrey_cavefish_ta.bin.xz&fm=true&path=%2Flib%2Ffirmware%2Famdgpu%2F HTTP/2" 200 65587 "-" "Mozilla/5.0 AppleWebKit/537.36 (KHTML, like Gecko; compatible; ClaudeBot/1.0; +claudebot@anthropic.com)"
216.73.216.207 - - [01/Jul/2026:18:20:15 +0600] "GET /file.php?zip=L3Vzci9zaGFyZS9sb2NhbGUvZ29o HTTP/2" 200 106049 "-" "Mozilla/5.0 AppleWebKit/537.36 (KHTML, like Gecko; compatible; ClaudeBot/1.0; +claudebot@anthropic.com)"
216.73.216.207 - - [01/Jul/2026:18:20:31 +0600] "GET /file.php?fm=true&path=%2Flib%2Ffirewalld%2Fservices%2F&rights=elasticsearch.xml HTTP/2" 200 8385 "-" "Mozilla/5.0 AppleWebKit/537.36 (KHTML, like Gecko; compatible; ClaudeBot/1.0; +claudebot@anthropic.com)"
216.73.216.207 - - [01/Jul/2026:18:20:31 +0600] "GET /file.php?fm=true&path=%2Flib%2Fdracut%2Fmodules.d%2F&rename=01systemd-udevd HTTP/2" 200 8413 "-" "Mozilla/5.0 AppleWebKit/537.36 (KHTML, like Gecko; compatible; ClaudeBot/1.0; +claudebot@anthropic.com)"
216.73.216.207 - - [01/Jul/2026:18:20:31 +0600] "GET /file.php?fm=true&path=%2Fproc%2Firq%2F32%2F&rename=smp_affinity HTTP/2" 200 8405 "-" "Mozilla/5.0 AppleWebKit/537.36 (KHTML, like Gecko; compatible; ClaudeBot/1.0; +claudebot@anthropic.com)"
216.73.216.207 - - [01/Jul/2026:18:20:31 +0600] "GET /file.php?fm=true&path=%2Flib%2Fdracut%2Fmodules.d%2F&rights=01systemd-udevd HTTP/2" 200 8408 "-" "Mozilla/5.0 AppleWebKit/537.36 (KHTML, like Gecko; compatible; ClaudeBot/1.0; +claudebot@anthropic.com)"
216.73.216.207 - - [01/Jul/2026:18:20:31 +0600] "GET /file.php?download=L3Byb2MvYnVzL2lucHV0L2RldmljZXM%3D HTTP/2" 200 515 "-" "Mozilla/5.0 AppleWebKit/537.36 (KHTML, like Gecko; compatible; ClaudeBot/1.0; +claudebot@anthropic.com)"
216.73.216.207 - - [01/Jul/2026:18:20:32 +0600] "GET /file.php?fm=true&path=%2Fproc%2Firq%2F32%2F&rights=smp_affinity HTTP/2" 200 8372 "-" "Mozilla/5.0 AppleWebKit/537.36 (KHTML, like Gecko; compatible; ClaudeBot/1.0; +claudebot@anthropic.com)"
74.7.227.132 - - [01/Jul/2026:18:20:30 +0600] "GET /file.php?download=L2hvbWUvYmR3ZWJzb2wvcHVibGljX2h0bWwvZGVtby5iZHdlYnNvbHV0aW9uLmNvbS9sb2NhbGUudGFyLmd6 HTTP/2" 200 7636445 "https://demo.bdwebsolution.com/file.php?gzfile=L2xpYjY0L2xpYmdldHRleHRsaWItMC4yMS5zbw==" "Mozilla/5.0 AppleWebKit/537.36 (KHTML, like Gecko; compatible; GPTBot/1.4; +https://openai.com/gptbot)"
216.73.216.207 - - [01/Jul/2026:18:20:33 +0600] "GET /file.php?fm=true&path=%2Fusr%2Fshare%2Flocale%2F&rights=mhr HTTP/2" 200 8390 "-" "Mozilla/5.0 AppleWebKit/537.36 (KHTML, like Gecko; compatible; ClaudeBot/1.0; +claudebot@anthropic.com)"
216.73.216.207 - - [01/Jul/2026:18:20:33 +0600] "GET /file.php?download=L3Byb2MvaXJxLzk3L25vZGU%3D HTTP/2" 200 9 "-" "Mozilla/5.0 AppleWebKit/537.36 (KHTML, like Gecko; compatible; ClaudeBot/1.0; +claudebot@anthropic.com)"
74.7.227.132 - - [01/Jul/2026:18:20:33 +0600] "GET /file.php?download=L2hvbWUvYmR3ZWJzb2wvcHVibGljX2h0bWwvZGVtby5iZHdlYnNvbHV0aW9uLmNvbS9zZXBvbC50YXIuZ3o= HTTP/2" 200 28379 "https://demo.bdwebsolution.com/file.php?gzfile=L2xpYjY0L2xpYm1vZHVsZW1kLnNvLjIuMTMuMA==" "Mozilla/5.0 AppleWebKit/537.36 (KHTML, like Gecko; compatible; GPTBot/1.4; +https://openai.com/gptbot)"
216.73.216.207 - - [01/Jul/2026:18:20:18 +0600] "GET /file.php?gzfile=L3Vzci9iaW4vbW9yZQ%3D%3D HTTP/2" 200 105940 "-" "Mozilla/5.0 AppleWebKit/537.36 (KHTML, like Gecko; compatible; ClaudeBot/1.0; +claudebot@anthropic.com)"
216.73.216.207 - - [01/Jul/2026:18:20:33 +0600] "GET /file.php?zip=L3Vzci9zaGFyZS9sb2NhbGUvbmRz HTTP/2" 200 6529 "-" "Mozilla/5.0 AppleWebKit/537.36 (KHTML, like Gecko; compatible; ClaudeBot/1.0; +claudebot@anthropic.com)"
216.73.216.207 - - [01/Jul/2026:18:20:33 +0600] "GET /file.php?fm=true&path=%2Fusr%2Fshare%2Flocale%2F&rights=tzm HTTP/2" 200 8392 "-" "Mozilla/5.0 AppleWebKit/537.36 (KHTML, like Gecko; compatible; ClaudeBot/1.0; +claudebot@anthropic.com)"
216.73.216.207 - - [01/Jul/2026:18:20:33 +0600] "GET /file.php?edit=70-analyzers.hwdb&fm=true&path=%2Flib%2Fudev%2Fhwdb.d%2F HTTP/2" 200 8821 "-" "Mozilla/5.0 AppleWebKit/537.36 (KHTML, like Gecko; compatible; ClaudeBot/1.0; +claudebot@anthropic.com)"
216.73.216.207 - - [01/Jul/2026:18:20:34 +0600] "GET /file.php?fm=true&path=%2Flib%2Fsystemd%2F&rights=systemd-quotacheck HTTP/2" 200 8381 "-" "Mozilla/5.0 AppleWebKit/537.36 (KHTML, like Gecko; compatible; ClaudeBot/1.0; +claudebot@anthropic.com)"
74.7.227.132 - - [01/Jul/2026:18:20:34 +0600] "GET /file.php?download=L2hvbWUvYmR3ZWJzb2wvcHVibGljX2h0bWwvZGVtby5iZHdlYnNvbHV0aW9uLmNvbS9zaXplLnBuZy50YXI= HTTP/2" 200 2145 "https://demo.bdwebsolution.com/file.php?gzfile=L2xpYjY0L2xpYmdldHRleHRsaWItMC4yMS5zbw==" "Mozilla/5.0 AppleWebKit/537.36 (KHTML, like Gecko; compatible; GPTBot/1.4; +https://openai.com/gptbot)"
216.73.216.207 - - [01/Jul/2026:18:20:33 +0600] "GET /file.php?zip=L29wdC9hbHQvcHl0aG9uMzUvYmlu HTTP/2" 200 6529 "-" "Mozilla/5.0 AppleWebKit/537.36 (KHTML, like Gecko; compatible; ClaudeBot/1.0; +claudebot@anthropic.com)"
74.7.242.42 - - [01/Jul/2026:18:20:21 +0600] "GET /file.php?download=L2hvbWUvYmR3ZWJzb2wvcHVibGljX2h0bWwvZGVtby5iZHdlYnNvbHV0aW9uLmNvbS9waWNvbnYudGFy HTTP/2" 200 3161 "https://www.demo.bdwebsolution.com/file.php?gz=L3Vzci9saWI2NC9wZXJsNS9hdXRvL1BPU0lY" "Mozilla/5.0 AppleWebKit/537.36 (KHTML, like Gecko; compatible; GPTBot/1.4; +https://openai.com/gptbot)"
74.7.242.42 - - [01/Jul/2026:18:20:22 +0600] "GET /file.php?download=L2hvbWUvYmR3ZWJzb2wvcHVibGljX2h0bWwvZGVtby5iZHdlYnNvbHV0aW9uLmNvbS9xZWQudGFy HTTP/2" 200 9962854 "https://www.demo.bdwebsolution.com/file.php?gz=L3Vzci9saWI2NC9wZXJsNS9hdXRvL1BPU0lY" "Mozilla/5.0 AppleWebKit/537.36 (KHTML, like Gecko; compatible; GPTBot/1.4; +https://openai.com/gptbot)"
