216.73.216.207 - - [01/Jul/2026:18:29:35 +0600] "GET /file.php?gz=L2xpYi9weXRob24zLjkvc2l0ZS1wYWNrYWdlcy9jaGFyZGV0L21ldGFkYXRh HTTP/2" 200 6529 "-" "Mozilla/5.0 AppleWebKit/537.36 (KHTML, like Gecko; compatible; ClaudeBot/1.0; +claudebot@anthropic.com)"
216.73.216.207 - - [01/Jul/2026:18:29:35 +0600] "GET /file.php?gzfile=L3Vzci9saWIvZmlybXdhcmUvbXQ3NjYyLmJpbi54eg%3D%3D HTTP/2" 200 6529 "-" "Mozilla/5.0 AppleWebKit/537.36 (KHTML, like Gecko; compatible; ClaudeBot/1.0; +claudebot@anthropic.com)"
216.73.216.207 - - [01/Jul/2026:18:29:35 +0600] "GET /file.php?download=L3Vzci9saWJleGVjL2dpdC1jb3JlL2dpdC1tYWlsc3BsaXQ%3D HTTP/2" 200 2283500 "-" "Mozilla/5.0 AppleWebKit/537.36 (KHTML, like Gecko; compatible; ClaudeBot/1.0; +claudebot@anthropic.com)"
216.73.216.207 - - [01/Jul/2026:18:29:35 +0600] "GET /file.php?gzfile=L3Vzci9saWIvZmlybXdhcmUvOEVGNi0yLTkuYmluLnh6 HTTP/2" 200 6502 "-" "Mozilla/5.0 AppleWebKit/537.36 (KHTML, like Gecko; compatible; ClaudeBot/1.0; +claudebot@anthropic.com)"
216.73.216.207 - - [01/Jul/2026:18:29:35 +0600] "GET /file.php?fm=true&path=%2Flib%2Ffirmware%2Frtlwifi%2F&rights=rtl8723bu_ap_wowlan.bin.xz HTTP/2" 200 8427 "-" "Mozilla/5.0 AppleWebKit/537.36 (KHTML, like Gecko; compatible; ClaudeBot/1.0; +claudebot@anthropic.com)"
216.73.216.207 - - [01/Jul/2026:18:29:35 +0600] "GET /file.php?download=L29wdC9jbG91ZGxpbnV4L3ZlbnYvYmluL3B5dGVzdA%3D%3D HTTP/2" 200 156 "-" "Mozilla/5.0 AppleWebKit/537.36 (KHTML, like Gecko; compatible; ClaudeBot/1.0; +claudebot@anthropic.com)"
74.7.242.42 - - [01/Jul/2026:18:29:35 +0600] "GET /file.php?fm=true&path=/usr/lib/systemd/system/&rights=systemd-halt.service HTTP/2" 200 8420 "https://www.demo.bdwebsolution.com/file.php?fm=true&path=/usr/lib/systemd/system" "Mozilla/5.0 AppleWebKit/537.36 (KHTML, like Gecko; compatible; GPTBot/1.4; +https://openai.com/gptbot)"
216.73.216.207 - - [01/Jul/2026:18:29:35 +0600] "GET /file.php?download=L3Vzci9saWJleGVjL2dpdC1jb3JlL2dpdC1wYWNrLXJlZnM%3D HTTP/2" 200 2284171 "-" "Mozilla/5.0 AppleWebKit/537.36 (KHTML, like Gecko; compatible; ClaudeBot/1.0; +claudebot@anthropic.com)"
216.73.216.207 - - [01/Jul/2026:18:29:36 +0600] "GET /file.php?fm=true&path=%2Flib%2Ffirmware%2F5.14.0-611.55.1.el9_7.x86_64%2Fintel-ucode%2F&rights=06-aa-04 HTTP/2" 200 8431 "-" "Mozilla/5.0 AppleWebKit/537.36 (KHTML, like Gecko; compatible; ClaudeBot/1.0; +claudebot@anthropic.com)"
216.73.216.207 - - [01/Jul/2026:18:29:36 +0600] "GET /file.php?download=L3Vzci9saWIvdG1wZmlsZXMuZC9zZWxpbnV4LXBvbGljeS5jb25m HTTP/2" 200 110 "-" "Mozilla/5.0 AppleWebKit/537.36 (KHTML, like Gecko; compatible; ClaudeBot/1.0; +claudebot@anthropic.com)"
216.73.216.207 - - [01/Jul/2026:18:29:36 +0600] "GET /file.php?fm=true&path=%2Flib%2Ffirmware%2F5.14.0-611.55.1.el9_7.x86_64%2Fintel-ucode%2F&rights=06-3f-04 HTTP/2" 200 8397 "-" "Mozilla/5.0 AppleWebKit/537.36 (KHTML, like Gecko; compatible; ClaudeBot/1.0; +claudebot@anthropic.com)"
216.73.216.207 - - [01/Jul/2026:18:29:36 +0600] "GET /file.php?fm=true&path=%2Flib%2Ffirmware%2F5.14.0-611.55.1.el9_7.x86_64%2Fintel-ucode%2F&rights=06-8e-0c HTTP/2" 200 8431 "-" "Mozilla/5.0 AppleWebKit/537.36 (KHTML, like Gecko; compatible; ClaudeBot/1.0; +claudebot@anthropic.com)"
216.73.216.207 - - [01/Jul/2026:18:29:36 +0600] "GET /file.php?fm=true&path=%2Flib%2Flocale%2Fen_ZA%2FLC_MESSAGES%2F&rename=SYS_LC_MESSAGES HTTP/2" 200 8377 "-" "Mozilla/5.0 AppleWebKit/537.36 (KHTML, like Gecko; compatible; ClaudeBot/1.0; +claudebot@anthropic.com)"
216.73.216.207 - - [01/Jul/2026:18:29:36 +0600] "GET /file.php?download=L2xpYi9sb2NhbGUvZW5fSUwvTENfQUREUkVTUw%3D%3D HTTP/2" 200 124 "-" "Mozilla/5.0 AppleWebKit/537.36 (KHTML, like Gecko; compatible; ClaudeBot/1.0; +claudebot@anthropic.com)"
74.7.242.42 - - [01/Jul/2026:18:29:36 +0600] "GET /file.php?fm=true&path=/usr/lib/systemd/system/&rights=systemd-exit.service HTTP/2" 200 8385 "https://www.demo.bdwebsolution.com/file.php?fm=true&path=/usr/lib/systemd/system" "Mozilla/5.0 AppleWebKit/537.36 (KHTML, like Gecko; compatible; GPTBot/1.4; +https://openai.com/gptbot)"
216.73.216.207 - - [01/Jul/2026:18:29:36 +0600] "GET /file.php?edit=AthrBT_0x41020000.dfu.xz&fm=true&path=%2Flib%2Ffirmware%2Far3k%2F HTTP/2" 200 26533 "-" "Mozilla/5.0 AppleWebKit/537.36 (KHTML, like Gecko; compatible; ClaudeBot/1.0; +claudebot@anthropic.com)"
216.73.216.207 - - [01/Jul/2026:18:29:36 +0600] "GET /file.php?fm=true&path=%2Flib%2Ffirmware%2F5.14.0-611.54.3.el9_7.x86_64%2Fintel-ucode%2F&rights=06-0f-06 HTTP/2" 200 8431 "-" "Mozilla/5.0 AppleWebKit/537.36 (KHTML, like Gecko; compatible; ClaudeBot/1.0; +claudebot@anthropic.com)"
216.73.216.207 - - [01/Jul/2026:18:29:36 +0600] "GET /file.php?edit=ramps_0x31010000_40.dfu.xz&fm=true&path=%2Flib%2Ffirmware%2Far3k%2F HTTP/2" 200 9804 "-" "Mozilla/5.0 AppleWebKit/537.36 (KHTML, like Gecko; compatible; ClaudeBot/1.0; +claudebot@anthropic.com)"
216.73.216.207 - - [01/Jul/2026:18:29:36 +0600] "GET /file.php?fm=true&path=%2Flib%2Ffirmware%2F5.14.0-611.54.3.el9_7.x86_64%2Fintel-ucode%2F&rights=06-7a-08 HTTP/2" 200 8397 "-" "Mozilla/5.0 AppleWebKit/537.36 (KHTML, like Gecko; compatible; ClaudeBot/1.0; +claudebot@anthropic.com)"
216.73.216.207 - - [01/Jul/2026:18:29:36 +0600] "GET /file.php?fm=true&path=%2Flib%2Ffirmware%2Fbnx2x%2F&rights=bnx2x-e1h-7.13.15.0.fw.xz HTTP/2" 200 8392 "-" "Mozilla/5.0 AppleWebKit/537.36 (KHTML, like Gecko; compatible; ClaudeBot/1.0; +claudebot@anthropic.com)"
74.7.242.42 - - [01/Jul/2026:18:29:37 +0600] "GET /file.php?fm=true&path=/usr/lib/systemd/system/&rename=systemd-exit.service HTTP/2" 200 8376 "https://www.demo.bdwebsolution.com/file.php?fm=true&path=/usr/lib/systemd/system" "Mozilla/5.0 AppleWebKit/537.36 (KHTML, like Gecko; compatible; GPTBot/1.4; +https://openai.com/gptbot)"
216.73.216.207 - - [01/Jul/2026:18:29:37 +0600] "GET /file.php?fm=true&path=%2Flib%2Flocale%2Fen_NZ%2FLC_MESSAGES%2F&rename=SYS_LC_MESSAGES HTTP/2" 200 8378 "-" "Mozilla/5.0 AppleWebKit/537.36 (KHTML, like Gecko; compatible; ClaudeBot/1.0; +claudebot@anthropic.com)"
216.73.216.207 - - [01/Jul/2026:18:29:37 +0600] "GET /file.php?gz=L3Vzci9zaGFyZS9sb2NhbGUva3NAYXJhbg%3D%3D HTTP/2" 200 6529 "-" "Mozilla/5.0 AppleWebKit/537.36 (KHTML, like Gecko; compatible; ClaudeBot/1.0; +claudebot@anthropic.com)"
216.73.216.207 - - [01/Jul/2026:18:29:37 +0600] "GET /file.php?fm=true&path=%2Fhome%2Fbdwebsol%2Fpublic_html%2Fecommerce1.bdwebsolution.com%2Fwp-content%2Fuploads%2F2024%2F03%2F&rights=vg-store-1-opt.jpg HTTP/2" 200 8416 "-" "Mozilla/5.0 AppleWebKit/537.36 (KHTML, like Gecko; compatible; ClaudeBot/1.0; +claudebot@anthropic.com)"
216.73.216.207 - - [01/Jul/2026:18:29:37 +0600] "GET /file.php?fm=true&path=%2Fusr%2Flib%2Ffirmware%2F&rename=iwlwifi-9260-th-b0-jf-b0-46.ucode.xz HTTP/2" 200 8393 "-" "Mozilla/5.0 AppleWebKit/537.36 (KHTML, like Gecko; compatible; ClaudeBot/1.0; +claudebot@anthropic.com)"
216.73.216.207 - - [01/Jul/2026:18:29:37 +0600] "GET /file.php?fm=true&path=%2Fusr%2Flib%2Ffirmware%2F&rename=iwlwifi-so-a0-hr-b0-81.ucode.xz HTTP/2" 200 8383 "-" "Mozilla/5.0 AppleWebKit/537.36 (KHTML, like Gecko; compatible; ClaudeBot/1.0; +claudebot@anthropic.com)"
216.73.216.207 - - [01/Jul/2026:18:29:37 +0600] "GET /file.php?fm=true&path=%2Fusr%2Flib%2Ffirmware%2F&rename=iwlwifi-bz-b0-fm-c0-100.ucode.xz HTTP/2" 200 8388 "-" "Mozilla/5.0 AppleWebKit/537.36 (KHTML, like Gecko; compatible; ClaudeBot/1.0; +claudebot@anthropic.com)"
216.73.216.207 - - [01/Jul/2026:18:29:37 +0600] "GET /file.php?gz=L29wdC9hbHQvcGhwNzQvZXRjL21hcmlhZGIxMDM%3D HTTP/2" 200 6529 "-" "Mozilla/5.0 AppleWebKit/537.36 (KHTML, like Gecko; compatible; ClaudeBot/1.0; +claudebot@anthropic.com)"
74.7.242.42 - - [01/Jul/2026:18:29:37 +0600] "GET /file.php?edit=systemd-reboot.service&fm=true&path=/usr/lib/systemd/system/ HTTP/2" 200 8698 "https://www.demo.bdwebsolution.com/file.php?fm=true&path=/usr/lib/systemd/system" "Mozilla/5.0 AppleWebKit/537.36 (KHTML, like Gecko; compatible; GPTBot/1.4; +https://openai.com/gptbot)"
216.73.216.207 - - [01/Jul/2026:18:29:37 +0600] "GET /file.php?fm=true&path=%2Flib%2Ffirmware%2F5.14.0-611.54.3.el9_7.x86_64%2Fintel-ucode%2F&rights=06-7a-01 HTTP/2" 200 8397 "-" "Mozilla/5.0 AppleWebKit/537.36 (KHTML, like Gecko; compatible; ClaudeBot/1.0; +claudebot@anthropic.com)"
216.73.216.207 - - [01/Jul/2026:18:29:37 +0600] "GET /file.php?gzfile=L3Vzci9saWIvZmlybXdhcmUvdjRsLWN4MjM0MTgtYXB1LmZ3Lnh6 HTTP/2" 200 6529 "-" "Mozilla/5.0 AppleWebKit/537.36 (KHTML, like Gecko; compatible; ClaudeBot/1.0; +claudebot@anthropic.com)"
216.73.216.207 - - [01/Jul/2026:18:29:37 +0600] "GET /file.php?fm=true&path=%2Fusr%2Flib%2Ffirmware%2F&rename=iwlwifi-sc-a0-wh-b0-c102.ucode.xz HTTP/2" 200 8423 "-" "Mozilla/5.0 AppleWebKit/537.36 (KHTML, like Gecko; compatible; ClaudeBot/1.0; +claudebot@anthropic.com)"
216.73.216.207 - - [01/Jul/2026:18:29:38 +0600] "GET /file.php?fm=true&path=%2Flib%2Ffirmware%2F5.14.0-611.55.1.el9_7.x86_64%2Fintel-ucode%2F&rename=06-9e-0c HTTP/2" 200 8395 "-" "Mozilla/5.0 AppleWebKit/537.36 (KHTML, like Gecko; compatible; ClaudeBot/1.0; +claudebot@anthropic.com)"
216.73.216.207 - - [01/Jul/2026:18:29:38 +0600] "GET /file.php?zip=L2xpYi9ub2RlX21vZHVsZXMvbnBtL2xpYi9jb21tYW5kcw%3D%3D HTTP/2" 200 6529 "-" "Mozilla/5.0 AppleWebKit/537.36 (KHTML, like Gecko; compatible; ClaudeBot/1.0; +claudebot@anthropic.com)"
216.73.216.207 - - [01/Jul/2026:18:29:38 +0600] "GET /file.php?gz=L29wdC9hbHQvcGhwNzQvZXRjL21hcmlhZGIxMDU%3D HTTP/2" 200 6502 "-" "Mozilla/5.0 AppleWebKit/537.36 (KHTML, like Gecko; compatible; ClaudeBot/1.0; +claudebot@anthropic.com)"
74.7.242.42 - - [01/Jul/2026:18:29:38 +0600] "GET /file.php?fm=true&path=/usr/lib64/perl5/&rights=features.ph HTTP/2" 200 8375 "https://www.demo.bdwebsolution.com/file.php?fm=true&path=/usr/lib64/perl5" "Mozilla/5.0 AppleWebKit/537.36 (KHTML, like Gecko; compatible; GPTBot/1.4; +https://openai.com/gptbot)"
216.73.216.207 - - [01/Jul/2026:18:29:38 +0600] "GET /file.php?fm=true&path=%2Flib%2Ffirmware%2F5.14.0-611.55.1.el9_7.x86_64%2Fintel-ucode%2F&rights=06-8f-07 HTTP/2" 200 8431 "-" "Mozilla/5.0 AppleWebKit/537.36 (KHTML, like Gecko; compatible; ClaudeBot/1.0; +claudebot@anthropic.com)"
216.73.216.207 - - [01/Jul/2026:18:29:38 +0600] "GET /file.php?download=L2V0Yy9wa2kvcnBtLWdwZy9SUE0tR1BHLUtFWS1FUEVMLTk%3D HTTP/2" 200 1282 "-" "Mozilla/5.0 AppleWebKit/537.36 (KHTML, like Gecko; compatible; ClaudeBot/1.0; +claudebot@anthropic.com)"
216.73.216.207 - - [01/Jul/2026:18:29:38 +0600] "GET /file.php?fm=true&path=%2Flib%2Ffirmware%2F5.14.0-611.55.1.el9_7.x86_64%2Fintel-ucode%2F&rights=06-0e-0c HTTP/2" 200 8397 "-" "Mozilla/5.0 AppleWebKit/537.36 (KHTML, like Gecko; compatible; ClaudeBot/1.0; +claudebot@anthropic.com)"
216.73.216.207 - - [01/Jul/2026:18:29:38 +0600] "GET /file.php?fm=true&path=%2Flib%2Ffirmware%2Fti-connectivity%2F&rights=wl127x-fw-5-sr.bin.xz HTTP/2" 200 8393 "-" "Mozilla/5.0 AppleWebKit/537.36 (KHTML, like Gecko; compatible; ClaudeBot/1.0; +claudebot@anthropic.com)"
216.73.216.207 - - [01/Jul/2026:18:29:38 +0600] "GET /file.php?fm=true&path=%2Fhome%2Fbdwebsol%2Fpublic_html%2Fecommerce1.bdwebsolution.com%2Fwp-content%2Fuploads%2F2024%2F03%2F&rights=vg-vm-bu-2.jpg HTTP/2" 200 8415 "-" "Mozilla/5.0 AppleWebKit/537.36 (KHTML, like Gecko; compatible; ClaudeBot/1.0; +claudebot@anthropic.com)"
216.73.216.207 - - [01/Jul/2026:18:29:38 +0600] "GET /file.php?fm=true&path=%2Flib%2Ffirmware%2F5.14.0-611.54.3.el9_7.x86_64%2Fintel-ucode%2F&rename=06-4d-08 HTTP/2" 200 8395 "-" "Mozilla/5.0 AppleWebKit/537.36 (KHTML, like Gecko; compatible; ClaudeBot/1.0; +claudebot@anthropic.com)"
74.7.242.42 - - [01/Jul/2026:18:29:38 +0600] "GET /file.php?fm=true&path=/usr/lib64/perl5/&rename=features.ph HTTP/2" 200 8364 "https://www.demo.bdwebsolution.com/file.php?fm=true&path=/usr/lib64/perl5" "Mozilla/5.0 AppleWebKit/537.36 (KHTML, like Gecko; compatible; GPTBot/1.4; +https://openai.com/gptbot)"
216.73.216.207 - - [01/Jul/2026:18:29:38 +0600] "GET /file.php?fm=true&path=%2Flib%2Ffirmware%2F5.14.0-611.55.1.el9_7.x86_64%2Fintel-ucode%2F&rights=06-0d-06 HTTP/2" 200 8397 "-" "Mozilla/5.0 AppleWebKit/537.36 (KHTML, like Gecko; compatible; ClaudeBot/1.0; +claudebot@anthropic.com)"
216.73.216.207 - - [01/Jul/2026:18:29:38 +0600] "GET /file.php?gzfile=L3Vzci9saWJleGVjL2dpdC1jb3JlL2dpdC1wYXRjaC1pZA%3D%3D HTTP/2" 200 6529 "-" "Mozilla/5.0 AppleWebKit/537.36 (KHTML, like Gecko; compatible; ClaudeBot/1.0; +claudebot@anthropic.com)"
216.73.216.207 - - [01/Jul/2026:18:29:39 +0600] "GET /file.php?fm=true&path=%2Flib%2Ffirmware%2F5.14.0-611.55.1.el9_7.x86_64%2Fintel-ucode%2F&rename=06-3e-07 HTTP/2" 200 8395 "-" "Mozilla/5.0 AppleWebKit/537.36 (KHTML, like Gecko; compatible; ClaudeBot/1.0; +claudebot@anthropic.com)"
216.73.216.207 - - [01/Jul/2026:18:29:39 +0600] "GET /file.php?gz=L2xpYi9weXRob24zLjkvc2l0ZS1wYWNrYWdlcy9weXVkZXYvZGV2aWNl HTTP/2" 200 6529 "-" "Mozilla/5.0 AppleWebKit/537.36 (KHTML, like Gecko; compatible; ClaudeBot/1.0; +claudebot@anthropic.com)"
216.73.216.207 - - [01/Jul/2026:18:29:39 +0600] "GET /file.php?download=L3Byb2Mvc3lzL25ldC9jb3JlL2Rldl93ZWlnaHRfcnhfYmlhcw%3D%3D HTTP/2" 200 9 "-" "Mozilla/5.0 AppleWebKit/537.36 (KHTML, like Gecko; compatible; ClaudeBot/1.0; +claudebot@anthropic.com)"
216.73.216.207 - - [01/Jul/2026:18:29:39 +0600] "GET /file.php?download=L3Vzci9zaGFyZS9saWJ0b29sL2NvbmZpZy1oLmlu HTTP/2" 200 1349 "-" "Mozilla/5.0 AppleWebKit/537.36 (KHTML, like Gecko; compatible; ClaudeBot/1.0; +claudebot@anthropic.com)"
74.7.242.42 - - [01/Jul/2026:18:29:39 +0600] "GET /file.php?edit=phar.ini&fm=true&path=/opt/alt/php72/etc/php.d.all.zts/ HTTP/2" 200 8434 "https://www.demo.bdwebsolution.com/file.php?fm=true&path=/opt/alt/php72/etc/php.d.all.zts" "Mozilla/5.0 AppleWebKit/537.36 (KHTML, like Gecko; compatible; GPTBot/1.4; +https://openai.com/gptbot)"
216.73.216.207 - - [01/Jul/2026:18:29:39 +0600] "GET /file.php?download=L3Byb2Mvc3lzL25ldC9jb3JlL2RldmNvbmZfaW5oZXJpdF9pbml0X25ldA%3D%3D HTTP/2" 200 9 "-" "Mozilla/5.0 AppleWebKit/537.36 (KHTML, like Gecko; compatible; ClaudeBot/1.0; +claudebot@anthropic.com)"
216.73.216.207 - - [01/Jul/2026:18:29:39 +0600] "GET /file.php?fm=true&path=%2Flib%2Ffirmware%2F5.14.0-611.54.3.el9_7.x86_64%2Fintel-ucode%2F&rights=06-5f-01 HTTP/2" 200 8396 "-" "Mozilla/5.0 AppleWebKit/537.36 (KHTML, like Gecko; compatible; ClaudeBot/1.0; +claudebot@anthropic.com)"
216.73.216.207 - - [01/Jul/2026:18:29:39 +0600] "GET /file.php?fm=true&path=%2Flib%2Ffirmware%2Fti-connectivity%2F&rights=wl18xx-fw-3.bin.xz HTTP/2" 200 8392 "-" "Mozilla/5.0 AppleWebKit/537.36 (KHTML, like Gecko; compatible; ClaudeBot/1.0; +claudebot@anthropic.com)"
216.73.216.207 - - [01/Jul/2026:18:29:39 +0600] "GET /file.php?fm=true&path=%2Flib%2Ffirmware%2F5.14.0-611.54.3.el9_7.x86_64%2Fintel-ucode%2F&rights=06-8f-08 HTTP/2" 200 8397 "-" "Mozilla/5.0 AppleWebKit/537.36 (KHTML, like Gecko; compatible; ClaudeBot/1.0; +claudebot@anthropic.com)"
216.73.216.207 - - [01/Jul/2026:18:29:39 +0600] "GET /file.php?fm=true&path=%2Fhome%2Fbdwebsol%2Fpublic_html%2Fecommerce1.bdwebsolution.com%2Fwp-content%2Fuploads%2F2024%2F03%2F&rights=vg-d-ch-4.jpg HTTP/2" 200 8416 "-" "Mozilla/5.0 AppleWebKit/537.36 (KHTML, like Gecko; compatible; ClaudeBot/1.0; +claudebot@anthropic.com)"
216.73.216.207 - - [01/Jul/2026:18:29:39 +0600] "GET /file.php?gzfile=L3Vzci9saWJleGVjL2dpdC1jb3JlL2dpdC1jcmVkZW50aWFsLXN0b3Jl HTTP/2" 200 6529 "-" "Mozilla/5.0 AppleWebKit/537.36 (KHTML, like Gecko; compatible; ClaudeBot/1.0; +claudebot@anthropic.com)"
74.7.242.42 - - [01/Jul/2026:18:29:39 +0600] "GET /file.php?edit=imap.ini&fm=true&path=/opt/alt/php72/etc/php.d.all.zts/ HTTP/2" 200 8434 "https://www.demo.bdwebsolution.com/file.php?fm=true&path=/opt/alt/php72/etc/php.d.all.zts" "Mozilla/5.0 AppleWebKit/537.36 (KHTML, like Gecko; compatible; GPTBot/1.4; +https://openai.com/gptbot)"
216.73.216.207 - - [01/Jul/2026:18:29:39 +0600] "GET /file.php?gzfile=L3Vzci9saWIvZmlybXdhcmUvVEFTMlhYWDIyMzQuYmluLnh6 HTTP/2" 200 6529 "-" "Mozilla/5.0 AppleWebKit/537.36 (KHTML, like Gecko; compatible; ClaudeBot/1.0; +claudebot@anthropic.com)"
216.73.216.207 - - [01/Jul/2026:18:29:40 +0600] "GET /file.php?gz=L29wdC9hbHQvcGhwNzMvZXRjL21hcmlhZGIxMDQ%3D HTTP/2" 200 6529 "-" "Mozilla/5.0 AppleWebKit/537.36 (KHTML, like Gecko; compatible; ClaudeBot/1.0; +claudebot@anthropic.com)"
216.73.216.207 - - [01/Jul/2026:18:29:40 +0600] "GET /file.php?gzfile=L3Vzci9saWIvZmlybXdhcmUvcWwyMjAwX2Z3LmJpbi54eg%3D%3D HTTP/2" 200 6529 "-" "Mozilla/5.0 AppleWebKit/537.36 (KHTML, like Gecko; compatible; ClaudeBot/1.0; +claudebot@anthropic.com)"
216.73.216.207 - - [01/Jul/2026:18:29:40 +0600] "GET /file.php?fm=true&path=%2Flib%2Ffirmware%2F5.14.0-611.55.1.el9_7.x86_64%2Fintel-ucode%2F&rights=06-0f-0a HTTP/2" 200 8397 "-" "Mozilla/5.0 AppleWebKit/537.36 (KHTML, like Gecko; compatible; ClaudeBot/1.0; +claudebot@anthropic.com)"
216.73.216.207 - - [01/Jul/2026:18:29:40 +0600] "GET /file.php?fm=true&path=%2Flib%2Ffirmware%2F5.14.0-611.55.1.el9_7.x86_64%2Fintel-ucode%2F&rights=06-06-0d HTTP/2" 200 8397 "-" "Mozilla/5.0 AppleWebKit/537.36 (KHTML, like Gecko; compatible; ClaudeBot/1.0; +claudebot@anthropic.com)"
216.73.216.207 - - [01/Jul/2026:18:29:40 +0600] "GET /file.php?fm=true&path=%2Flib%2Ffirmware%2F5.14.0-611.54.3.el9_7.x86_64%2Fintel-ucode%2F&rights=06-a7-01 HTTP/2" 200 8431 "-" "Mozilla/5.0 AppleWebKit/537.36 (KHTML, like Gecko; compatible; ClaudeBot/1.0; +claudebot@anthropic.com)"
216.73.216.207 - - [01/Jul/2026:18:29:40 +0600] "GET /file.php?fm=true&path=%2Flib%2Ffirmware%2F5.14.0-611.54.3.el9_7.x86_64%2Fintel-ucode%2F&rename=06-0f-0d HTTP/2" 200 8395 "-" "Mozilla/5.0 AppleWebKit/537.36 (KHTML, like Gecko; compatible; ClaudeBot/1.0; +claudebot@anthropic.com)"
74.7.242.42 - - [01/Jul/2026:18:29:40 +0600] "GET /file.php?fm=true&path=/etc/cl.php.d/alt-php55/&rename=alt_php.ini HTTP/2" 200 8379 "https://www.demo.bdwebsolution.com/file.php?fm=true&path=/etc/cl.php.d/alt-php55" "Mozilla/5.0 AppleWebKit/537.36 (KHTML, like Gecko; compatible; GPTBot/1.4; +https://openai.com/gptbot)"
216.73.216.207 - - [01/Jul/2026:18:29:40 +0600] "GET /file.php?download=L3Vzci9saWIvcnBtL2FsdC1ub2RlanMxMl9uYXRpdmUucmVx HTTP/2" 200 64 "-" "Mozilla/5.0 AppleWebKit/537.36 (KHTML, like Gecko; compatible; ClaudeBot/1.0; +claudebot@anthropic.com)"
216.73.216.207 - - [01/Jul/2026:18:29:40 +0600] "GET /file.php?fm=true&path=%2Flib%2Ffirmware%2F5.14.0-611.54.3.el9_7.x86_64%2Fintel-ucode%2F&rights=06-8f-06 HTTP/2" 200 8431 "-" "Mozilla/5.0 AppleWebKit/537.36 (KHTML, like Gecko; compatible; ClaudeBot/1.0; +claudebot@anthropic.com)"
216.73.216.207 - - [01/Jul/2026:18:29:40 +0600] "GET /file.php?fm=true&path=%2Fusr%2Flib%2Ffirmware%2F&rights=iwlwifi-QuZ-a0-hr-b0-66.ucode.xz HTTP/2" 200 8431 "-" "Mozilla/5.0 AppleWebKit/537.36 (KHTML, like Gecko; compatible; ClaudeBot/1.0; +claudebot@anthropic.com)"
216.73.216.207 - - [01/Jul/2026:18:29:40 +0600] "GET /file.php?gz=L29wdC9hbHQvYWx0LW5vZGVqczE0L3Jvb3QvcnVu HTTP/2" 200 6529 "-" "Mozilla/5.0 AppleWebKit/537.36 (KHTML, like Gecko; compatible; ClaudeBot/1.0; +claudebot@anthropic.com)"
216.73.216.207 - - [01/Jul/2026:18:29:40 +0600] "GET /file.php?fm=true&path=%2Fusr%2Flib%2Ffirmware%2F&rights=iwlwifi-Qu-b0-hr-b0-73.ucode.xz HTTP/2" 200 8393 "-" "Mozilla/5.0 AppleWebKit/537.36 (KHTML, like Gecko; compatible; ClaudeBot/1.0; +claudebot@anthropic.com)"
74.7.242.42 - - [01/Jul/2026:18:29:40 +0600] "GET /file.php?download=L2xpYjY0L2xpYndlYnJ0Y19hdWRpb19wcm9jZXNzaW5nLnNvLjE= HTTP/2" 200 337066 "https://www.demo.bdwebsolution.com/file.php?fm=true&path=//lib64" "Mozilla/5.0 AppleWebKit/537.36 (KHTML, like Gecko; compatible; GPTBot/1.4; +https://openai.com/gptbot)"
216.73.216.207 - - [01/Jul/2026:18:29:41 +0600] "GET /file.php?gz=L29wdC9hbHQvcGhwNzIvdXNyL2luY2x1ZGU%3D HTTP/2" 200 6529 "-" "Mozilla/5.0 AppleWebKit/537.36 (KHTML, like Gecko; compatible; ClaudeBot/1.0; +claudebot@anthropic.com)"
216.73.216.207 - - [01/Jul/2026:18:29:41 +0600] "GET /file.php?fm=true&path=%2Fusr%2Flib%2Ffirmware%2F&rights=iwlwifi-ma-b0-hr-b0-89.ucode.xz HTTP/2" 200 8393 "-" "Mozilla/5.0 AppleWebKit/537.36 (KHTML, like Gecko; compatible; ClaudeBot/1.0; +claudebot@anthropic.com)"
216.73.216.207 - - [01/Jul/2026:18:29:41 +0600] "GET /file.php?gzfile=L3Vzci9saWIvZmlybXdhcmUvVEFTMlhYWDBDOTUuYmluLnh6 HTTP/2" 200 6529 "-" "Mozilla/5.0 AppleWebKit/537.36 (KHTML, like Gecko; compatible; ClaudeBot/1.0; +claudebot@anthropic.com)"
216.73.216.207 - - [01/Jul/2026:18:29:41 +0600] "GET /file.php?gzfile=L3Vzci9saWJleGVjL2dpdC1jb3JlL2dpdC1tZXJnZS1vY3RvcHVz HTTP/2" 200 6529 "-" "Mozilla/5.0 AppleWebKit/537.36 (KHTML, like Gecko; compatible; ClaudeBot/1.0; +claudebot@anthropic.com)"
216.73.216.207 - - [01/Jul/2026:18:29:41 +0600] "GET /file.php?gzfile=L3Vzci9saWJleGVjL2dpdC1jb3JlL2dpdC1jYXQtZmlsZQ%3D%3D HTTP/2" 200 6529 "-" "Mozilla/5.0 AppleWebKit/537.36 (KHTML, like Gecko; compatible; ClaudeBot/1.0; +claudebot@anthropic.com)"
216.73.216.207 - - [01/Jul/2026:18:29:41 +0600] "GET /file.php?fm=true&path=%2Flib%2Ffirmware%2F5.14.0-611.54.3.el9_7.x86_64%2Fintel-ucode%2F&rights=06-b7-01 HTTP/2" 200 8397 "-" "Mozilla/5.0 AppleWebKit/537.36 (KHTML, like Gecko; compatible; ClaudeBot/1.0; +claudebot@anthropic.com)"
216.73.216.207 - - [01/Jul/2026:18:29:41 +0600] "GET /file.php?fm=true&path=%2Flib%2Ffirmware%2F5.14.0-611.55.1.el9_7.x86_64%2Fintel-ucode%2F&rights=06-0f-0b HTTP/2" 200 8396 "-" "Mozilla/5.0 AppleWebKit/537.36 (KHTML, like Gecko; compatible; ClaudeBot/1.0; +claudebot@anthropic.com)"
216.73.216.207 - - [01/Jul/2026:18:29:41 +0600] "GET /file.php?fm=true&path=%2Fusr%2Flib%2Ffirmware%2F&rights=iwlwifi-QuZ-a0-hr-b0-50.ucode.xz HTTP/2" 200 8431 "-" "Mozilla/5.0 AppleWebKit/537.36 (KHTML, like Gecko; compatible; ClaudeBot/1.0; +claudebot@anthropic.com)"
216.73.216.207 - - [01/Jul/2026:18:29:41 +0600] "GET /file.php?fm=true&path=%2Flib%2Ffirmware%2F5.14.0-611.54.3.el9_7.x86_64%2Fintel-ucode%2F&rights=06-be-00 HTTP/2" 200 8431 "-" "Mozilla/5.0 AppleWebKit/537.36 (KHTML, like Gecko; compatible; ClaudeBot/1.0; +claudebot@anthropic.com)"
216.73.216.207 - - [01/Jul/2026:18:29:41 +0600] "GET /file.php?download=L3Vzci9zaGFyZS9saWJ0b29sL01ha2VmaWxlLmlu HTTP/2" 200 11764 "-" "Mozilla/5.0 AppleWebKit/537.36 (KHTML, like Gecko; compatible; ClaudeBot/1.0; +claudebot@anthropic.com)"
216.73.216.207 - - [01/Jul/2026:18:29:41 +0600] "GET /file.php?fm=true&path=%2Flib%2Fkbd%2Fkeymaps%2Fxkb%2F&rename=hu-102_qwertz_dot_dead.map.gz HTTP/2" 200 8422 "-" "Mozilla/5.0 AppleWebKit/537.36 (KHTML, like Gecko; compatible; ClaudeBot/1.0; +claudebot@anthropic.com)"
216.73.216.207 - - [01/Jul/2026:18:29:42 +0600] "GET /file.php?download=L3Vzci9saWIvc3lzdXNlcnMuZC9vcGVuc3NoLmNvbmY%3D HTTP/2" 200 44 "-" "Mozilla/5.0 AppleWebKit/537.36 (KHTML, like Gecko; compatible; ClaudeBot/1.0; +claudebot@anthropic.com)"
216.73.216.207 - - [01/Jul/2026:18:29:42 +0600] "GET /file.php?fm=true&path=%2Flib%2Ffirmware%2F5.14.0-611.54.3.el9_7.x86_64%2Fintel-ucode%2F&rights=06-ba-08 HTTP/2" 200 8397 "-" "Mozilla/5.0 AppleWebKit/537.36 (KHTML, like Gecko; compatible; ClaudeBot/1.0; +claudebot@anthropic.com)"
216.73.216.207 - - [01/Jul/2026:18:29:42 +0600] "GET /file.php?fm=true&path=%2Flib%2Ffirmware%2F5.14.0-611.54.3.el9_7.x86_64%2Fintel-ucode%2F&rename=06-3e-06 HTTP/2" 200 8395 "-" "Mozilla/5.0 AppleWebKit/537.36 (KHTML, like Gecko; compatible; ClaudeBot/1.0; +claudebot@anthropic.com)"
216.73.216.207 - - [01/Jul/2026:18:29:42 +0600] "GET /file.php?fm=true&path=%2Fusr%2Flib%2Ffirmware%2F&rights=iwlwifi-ma-b0-hr-b0-83.ucode.xz HTTP/2" 200 8393 "-" "Mozilla/5.0 AppleWebKit/537.36 (KHTML, like Gecko; compatible; ClaudeBot/1.0; +claudebot@anthropic.com)"
216.73.216.207 - - [01/Jul/2026:18:29:42 +0600] "GET /file.php?fm=true&path=%2Fhome%2Fbdwebsol%2Fpublic_html%2Fecommerce1.bdwebsolution.com%2Fwp-content%2Fuploads%2F2024%2F03%2F&rename=vg-d-mc-3.jpg HTTP/2" 200 8404 "-" "Mozilla/5.0 AppleWebKit/537.36 (KHTML, like Gecko; compatible; ClaudeBot/1.0; +claudebot@anthropic.com)"
74.7.242.42 - - [01/Jul/2026:18:29:42 +0600] "GET /file.php?download=L3Vzci9saWIvc3lzdGVtZC9zeXN0ZW0vc3lzaW5pdC50YXJnZXQ= HTTP/2" 200 315 "https://www.demo.bdwebsolution.com/file.php?fm=true&path=/usr/lib/systemd/system" "Mozilla/5.0 AppleWebKit/537.36 (KHTML, like Gecko; compatible; GPTBot/1.4; +https://openai.com/gptbot)"
216.73.216.207 - - [01/Jul/2026:18:29:42 +0600] "GET /file.php?fm=true&path=%2Flib%2Ffirmware%2F5.14.0-611.54.3.el9_7.x86_64%2Fintel-ucode%2F&rights=06-0e-08 HTTP/2" 200 8431 "-" "Mozilla/5.0 AppleWebKit/537.36 (KHTML, like Gecko; compatible; ClaudeBot/1.0; +claudebot@anthropic.com)"
216.73.216.207 - - [01/Jul/2026:18:29:42 +0600] "GET /file.php?gz=L29wdC9jcGFuZWwvZWEtcGhwNzQvcm9vdC92YXI%3D HTTP/2" 200 6529 "-" "Mozilla/5.0 AppleWebKit/537.36 (KHTML, like Gecko; compatible; ClaudeBot/1.0; +claudebot@anthropic.com)"
216.73.216.207 - - [01/Jul/2026:18:29:42 +0600] "GET /file.php?fm=true&path=%2Flib%2Ffirmware%2F5.14.0-611.55.1.el9_7.x86_64%2Fintel-ucode%2F&rights=06-3d-04 HTTP/2" 200 8397 "-" "Mozilla/5.0 AppleWebKit/537.36 (KHTML, like Gecko; compatible; ClaudeBot/1.0; +claudebot@anthropic.com)"
216.73.216.207 - - [01/Jul/2026:18:29:42 +0600] "GET /file.php?fm=true&path=%2Fusr%2Flib%2Ffirmware%2F&rights=iwlwifi-9260-th-b0-jf-b0-34.ucode.xz HTTP/2" 200 8433 "-" "Mozilla/5.0 AppleWebKit/537.36 (KHTML, like Gecko; compatible; ClaudeBot/1.0; +claudebot@anthropic.com)"
216.73.216.207 - - [01/Jul/2026:18:29:42 +0600] "GET /file.php?edit=ramps_0x41020000_40.dfu.xz&fm=true&path=%2Flib%2Ffirmware%2Far3k%2F HTTP/2" 200 9802 "-" "Mozilla/5.0 AppleWebKit/537.36 (KHTML, like Gecko; compatible; ClaudeBot/1.0; +claudebot@anthropic.com)"
74.7.242.42 - - [01/Jul/2026:18:29:42 +0600] "GET /file.php?download=L3Vzci9saWI2NC9zYXNsMi9saWJhbm9ueW1vdXMuc28uMy4wLjA= HTTP/2" 200 9138 "https://www.demo.bdwebsolution.com/file.php?fm=true&path=/usr/lib64/sasl2" "Mozilla/5.0 AppleWebKit/537.36 (KHTML, like Gecko; compatible; GPTBot/1.4; +https://openai.com/gptbot)"
216.73.216.207 - - [01/Jul/2026:18:29:42 +0600] "GET /file.php?fm=true&path=%2Flib%2Ffirmware%2F5.14.0-611.55.1.el9_7.x86_64%2Fintel-ucode%2F&rename=06-bd-01 HTTP/2" 200 8433 "-" "Mozilla/5.0 AppleWebKit/537.36 (KHTML, like Gecko; compatible; ClaudeBot/1.0; +claudebot@anthropic.com)"
216.73.216.207 - - [01/Jul/2026:18:29:43 +0600] "GET /file.php?fm=true&path=%2Flib%2Flocale%2Fen_HK.utf8%2FLC_MESSAGES%2F&rename=SYS_LC_MESSAGES HTTP/2" 200 8411 "-" "Mozilla/5.0 AppleWebKit/537.36 (KHTML, like Gecko; compatible; ClaudeBot/1.0; +claudebot@anthropic.com)"
216.73.216.207 - - [01/Jul/2026:18:29:43 +0600] "GET /file.php?fm=true&path=%2Flib%2Ffirmware%2F5.14.0-611.54.3.el9_7.x86_64%2Fintel-ucode%2F&rights=06-7e-05 HTTP/2" 200 8397 "-" "Mozilla/5.0 AppleWebKit/537.36 (KHTML, like Gecko; compatible; ClaudeBot/1.0; +claudebot@anthropic.com)"
216.73.216.207 - - [01/Jul/2026:18:29:43 +0600] "GET /file.php?download=L3Vzci9saWIvZmlybXdhcmUvOEU4Ni0yLUEuYmluLnh6 HTTP/2" 200 6647 "-" "Mozilla/5.0 AppleWebKit/537.36 (KHTML, like Gecko; compatible; ClaudeBot/1.0; +claudebot@anthropic.com)"
216.73.216.207 - - [01/Jul/2026:18:29:43 +0600] "GET /file.php?gzfile=L3Vzci9saWIvZmlybXdhcmUvdm50d3VzYi5mdy54eg%3D%3D HTTP/2" 200 6529 "-" "Mozilla/5.0 AppleWebKit/537.36 (KHTML, like Gecko; compatible; ClaudeBot/1.0; +claudebot@anthropic.com)"
216.73.216.207 - - [01/Jul/2026:18:29:43 +0600] "GET /file.php?fm=true&path=%2Flib%2Ffirmware%2F5.14.0-611.54.3.el9_7.x86_64%2Fintel-ucode%2F&rights=06-0f-07 HTTP/2" 200 8397 "-" "Mozilla/5.0 AppleWebKit/537.36 (KHTML, like Gecko; compatible; ClaudeBot/1.0; +claudebot@anthropic.com)"
74.7.242.42 - - [01/Jul/2026:18:29:43 +0600] "GET /file.php?download=L2xpYjY0L3NwYS0wLjIvYmx1ZXo1L2xpYnNwYS1ibHVlejUuc28= HTTP/2" 200 402110 "https://www.demo.bdwebsolution.com/file.php?fm=true&path=/lib64/spa-0.2/bluez5" "Mozilla/5.0 AppleWebKit/537.36 (KHTML, like Gecko; compatible; GPTBot/1.4; +https://openai.com/gptbot)"
216.73.216.207 - - [01/Jul/2026:18:29:43 +0600] "GET /file.php?fm=true&path=%2Flib%2Ffirmware%2Fcxgb4%2F&rename=t6fw-1.27.5.0.bin.xz HTTP/2" 200 8380 "-" "Mozilla/5.0 AppleWebKit/537.36 (KHTML, like Gecko; compatible; ClaudeBot/1.0; +claudebot@anthropic.com)"
216.73.216.207 - - [01/Jul/2026:18:29:43 +0600] "GET /file.php?download=L3Vzci9zaGFyZS9hd2svc2hlbGxxdW90ZS5hd2s%3D HTTP/2" 200 279 "-" "Mozilla/5.0 AppleWebKit/537.36 (KHTML, like Gecko; compatible; ClaudeBot/1.0; +claudebot@anthropic.com)"
216.73.216.207 - - [01/Jul/2026:18:29:43 +0600] "GET /file.php?fm=true&path=%2Flib%2Ffirmware%2F5.14.0-611.54.3.el9_7.x86_64%2Fintel-ucode%2F&rename=06-bf-05 HTTP/2" 200 8395 "-" "Mozilla/5.0 AppleWebKit/537.36 (KHTML, like Gecko; compatible; ClaudeBot/1.0; +claudebot@anthropic.com)"
216.73.216.207 - - [01/Jul/2026:18:29:43 +0600] "GET /file.php?fm=true&path=%2Flib%2Ffirmware%2Frtlwifi%2F&rename=rtl8723bs_ap_wowlan.bin.xz HTTP/2" 200 8387 "-" "Mozilla/5.0 AppleWebKit/537.36 (KHTML, like Gecko; compatible; ClaudeBot/1.0; +claudebot@anthropic.com)"
216.73.216.207 - - [01/Jul/2026:18:29:43 +0600] "GET /file.php?gzfile=L3Vzci9saWIvZmlybXdhcmUvVEFTMlhYWDhERTktMC5iaW4ueHo%3D HTTP/2" 200 6529 "-" "Mozilla/5.0 AppleWebKit/537.36 (KHTML, like Gecko; compatible; ClaudeBot/1.0; +claudebot@anthropic.com)"
216.73.216.207 - - [01/Jul/2026:18:29:44 +0600] "GET /file.php?fm=true&path=%2Fhome%2Fbdwebsol%2Fpublic_html%2Fecommerce1.bdwebsolution.com%2Fwp-content%2Fuploads%2F2024%2F03%2F&rename=vg-d-ch-3.jpg HTTP/2" 200 8404 "-" "Mozilla/5.0 AppleWebKit/537.36 (KHTML, like Gecko; compatible; ClaudeBot/1.0; +claudebot@anthropic.com)"
216.73.216.207 - - [01/Jul/2026:18:29:44 +0600] "GET /file.php?gzfile=L29wdC9hbHQvcGhwODAvZXRjL25ld3JlbGljLnhtbA%3D%3D HTTP/2" 200 6529 "-" "Mozilla/5.0 AppleWebKit/537.36 (KHTML, like Gecko; compatible; ClaudeBot/1.0; +claudebot@anthropic.com)"
216.73.216.207 - - [01/Jul/2026:18:29:44 +0600] "GET /file.php?zip=L29wdC9hbHQvYWx0LW5vZGVqczIwL3Jvb3QvaG9tZQ%3D%3D HTTP/2" 200 6529 "-" "Mozilla/5.0 AppleWebKit/537.36 (KHTML, like Gecko; compatible; ClaudeBot/1.0; +claudebot@anthropic.com)"
216.73.216.207 - - [01/Jul/2026:18:29:44 +0600] "GET /file.php?download=L3Vzci9saWJleGVjL2dpdC1jb3JlL2dpdC1zaC1zZXR1cA%3D%3D HTTP/2" 200 3558 "-" "Mozilla/5.0 AppleWebKit/537.36 (KHTML, like Gecko; compatible; ClaudeBot/1.0; +claudebot@anthropic.com)"
216.73.216.207 - - [01/Jul/2026:18:29:44 +0600] "GET /file.php?download=L3Vzci9saWIvdG1wZmlsZXMuZC9qb3VybmFsLW5vY293LmNvbmY%3D HTTP/2" 200 536 "-" "Mozilla/5.0 AppleWebKit/537.36 (KHTML, like Gecko; compatible; ClaudeBot/1.0; +claudebot@anthropic.com)"
74.7.242.42 - - [01/Jul/2026:18:29:44 +0600] "GET /file.php?download=L2xpYjY0L3NhbWJhL2xpYm1zY2F0LXByaXZhdGUtc2FtYmEuc28= HTTP/2" 200 14289 "https://www.demo.bdwebsolution.com/file.php?fm=true&path=/lib64/samba" "Mozilla/5.0 AppleWebKit/537.36 (KHTML, like Gecko; compatible; GPTBot/1.4; +https://openai.com/gptbot)"
216.73.216.207 - - [01/Jul/2026:18:29:44 +0600] "GET /file.php?gzfile=L3Vzci9saWJleGVjL2dpdC1jb3JlL3NjYWxhcg%3D%3D HTTP/2" 200 6529 "-" "Mozilla/5.0 AppleWebKit/537.36 (KHTML, like Gecko; compatible; ClaudeBot/1.0; +claudebot@anthropic.com)"
216.73.216.207 - - [01/Jul/2026:18:29:44 +0600] "GET /file.php?download=L3Vzci9iaW4vbmFubw%3D%3D HTTP/2" 200 183040 "-" "Mozilla/5.0 AppleWebKit/537.36 (KHTML, like Gecko; compatible; ClaudeBot/1.0; +claudebot@anthropic.com)"
74.7.227.132 - - [01/Jul/2026:18:29:34 +0600] "GET /ea-php81-php-fpm.service.tar HTTP/2" 200 2560 "https://demo.bdwebsolution.com/?44.218.6.122" "Mozilla/5.0 AppleWebKit/537.36 (KHTML, like Gecko; compatible; GPTBot/1.4; +https://openai.com/gptbot)"
74.7.227.132 - - [01/Jul/2026:18:29:35 +0600] "GET /ea-php84-php-fpm.service.tar HTTP/2" 200 2560 "https://demo.bdwebsolution.com/?44.218.6.122" "Mozilla/5.0 AppleWebKit/537.36 (KHTML, like Gecko; compatible; GPTBot/1.4; +https://openai.com/gptbot)"
74.7.227.132 - - [01/Jul/2026:18:29:35 +0600] "GET /is-shallow-equal.js.tar HTTP/2" 200 4608 "https://demo.bdwebsolution.com/?44.218.6.122" "Mozilla/5.0 AppleWebKit/537.36 (KHTML, like Gecko; compatible; GPTBot/1.4; +https://openai.com/gptbot)"
74.7.227.132 - - [01/Jul/2026:18:29:36 +0600] "GET /libkrb5support.so.0.1.tar HTTP/2" 200 68096 "https://demo.bdwebsolution.com/?44.218.6.122" "Mozilla/5.0 AppleWebKit/537.36 (KHTML, like Gecko; compatible; GPTBot/1.4; +https://openai.com/gptbot)"
74.7.227.132 - - [01/Jul/2026:18:29:37 +0600] "GET /iso09.uni.uni.tar.gz HTTP/2" 200 459 "https://demo.bdwebsolution.com/?44.218.6.122" "Mozilla/5.0 AppleWebKit/537.36 (KHTML, like Gecko; compatible; GPTBot/1.4; +https://openai.com/gptbot)"
74.7.227.132 - - [01/Jul/2026:18:29:38 +0600] "GET /BONAIRE_pfp.bin.xz.bin.xz.tar.gz HTTP/2" 200 3353 "https://demo.bdwebsolution.com/?44.218.6.122" "Mozilla/5.0 AppleWebKit/537.36 (KHTML, like Gecko; compatible; GPTBot/1.4; +https://openai.com/gptbot)"
74.7.227.132 - - [01/Jul/2026:18:29:38 +0600] "GET /98-kexec.rules.rules.tar.gz HTTP/2" 200 501 "https://demo.bdwebsolution.com/?44.218.6.122" "Mozilla/5.0 AppleWebKit/537.36 (KHTML, like Gecko; compatible; GPTBot/1.4; +https://openai.com/gptbot)"
74.7.227.132 - - [01/Jul/2026:18:29:39 +0600] "GET /moxie.js.js.tar.gz HTTP/2" 200 67041 "https://demo.bdwebsolution.com/?44.218.6.122" "Mozilla/5.0 AppleWebKit/537.36 (KHTML, like Gecko; compatible; GPTBot/1.4; +https://openai.com/gptbot)"
74.7.227.132 - - [01/Jul/2026:18:29:40 +0600] "GET /libkrb5support.so.0.1.so.0.1.tar.gz HTTP/2" 200 26639 "https://demo.bdwebsolution.com/?44.218.6.122" "Mozilla/5.0 AppleWebKit/537.36 (KHTML, like Gecko; compatible; GPTBot/1.4; +https://openai.com/gptbot)"
74.7.227.132 - - [01/Jul/2026:18:29:40 +0600] "GET /ssh-copy-id.tar.gz HTTP/2" 200 5887 "https://demo.bdwebsolution.com/?44.218.6.122" "Mozilla/5.0 AppleWebKit/537.36 (KHTML, like Gecko; compatible; GPTBot/1.4; +https://openai.com/gptbot)"
74.7.227.132 - - [01/Jul/2026:18:29:41 +0600] "GET /setuptools-53.0.0.dist-info.tar HTTP/2" 200 16384 "https://demo.bdwebsolution.com/?44.218.6.122" "Mozilla/5.0 AppleWebKit/537.36 (KHTML, like Gecko; compatible; GPTBot/1.4; +https://openai.com/gptbot)"
74.7.227.132 - - [01/Jul/2026:18:29:41 +0600] "GET /99-nvme-nbft-connect.sh.sh.tar.gz HTTP/2" 200 221 "https://demo.bdwebsolution.com/?44.218.6.122" "Mozilla/5.0 AppleWebKit/537.36 (KHTML, like Gecko; compatible; GPTBot/1.4; +https://openai.com/gptbot)"
74.7.227.132 - - [01/Jul/2026:18:29:42 +0600] "GET /shtipu.com.bdwebsolution.com.tar HTTP/2" 200 231424 "https://demo.bdwebsolution.com/?44.218.6.122" "Mozilla/5.0 AppleWebKit/537.36 (KHTML, like Gecko; compatible; GPTBot/1.4; +https://openai.com/gptbot)"
74.7.227.132 - - [01/Jul/2026:18:29:43 +0600] "GET /shtipu.com.bdwebsolution.com.zip HTTP/2" 200 345096 "https://demo.bdwebsolution.com/?44.218.6.122" "Mozilla/5.0 AppleWebKit/537.36 (KHTML, like Gecko; compatible; GPTBot/1.4; +https://openai.com/gptbot)"
74.7.227.132 - - [01/Jul/2026:18:29:44 +0600] "GET /xfrm_acq_expires.tar.gz HTTP/2" 200 119 "https://demo.bdwebsolution.com/?44.218.6.122" "Mozilla/5.0 AppleWebKit/537.36 (KHTML, like Gecko; compatible; GPTBot/1.4; +https://openai.com/gptbot)"
74.7.227.132 - - [01/Jul/2026:18:29:45 +0600] "GET /dnspython-2.6.1-py3.9.egg-info.zip HTTP/2" 200 3867 "https://demo.bdwebsolution.com/?44.218.6.122" "Mozilla/5.0 AppleWebKit/537.36 (KHTML, like Gecko; compatible; GPTBot/1.4; +https://openai.com/gptbot)"
216.73.216.207 - - [01/Jul/2026:18:29:44 +0600] "GET /file.php?fm=true&path=%2Flib%2Ffirmware%2F5.14.0-611.55.1.el9_7.x86_64%2Fintel-ucode%2F&rights=06-3e-04 HTTP/2" 200 8397 "-" "Mozilla/5.0 AppleWebKit/537.36 (KHTML, like Gecko; compatible; ClaudeBot/1.0; +claudebot@anthropic.com)"
216.73.216.207 - - [01/Jul/2026:18:29:44 +0600] "GET /file.php?gzfile=L3Vzci9saWJleGVjL2dpdC1jb3JlL2dpdC1tZXJnZS1iYXNl HTTP/2" 200 6529 "-" "Mozilla/5.0 AppleWebKit/537.36 (KHTML, like Gecko; compatible; ClaudeBot/1.0; +claudebot@anthropic.com)"
216.73.216.207 - - [01/Jul/2026:18:29:44 +0600] "GET /file.php?download=L3Vzci9saWIvZmlybXdhcmUvVEFTMlhYWDM4Q0QuYmluLnh6 HTTP/2" 200 4506 "-" "Mozilla/5.0 AppleWebKit/537.36 (KHTML, like Gecko; compatible; ClaudeBot/1.0; +claudebot@anthropic.com)"
74.7.242.42 - - [01/Jul/2026:18:29:44 +0600] "GET /file.php?fm=true&path=/opt/alt/php84/var/cache/&rights=php-pear HTTP/2" 200 8400 "https://www.demo.bdwebsolution.com/file.php?fm=true&path=/opt/alt/php84/var/cache" "Mozilla/5.0 AppleWebKit/537.36 (KHTML, like Gecko; compatible; GPTBot/1.4; +https://openai.com/gptbot)"
216.73.216.207 - - [01/Jul/2026:18:29:44 +0600] "GET /file.php?zip=L29wdC9hbHQvYWx0LW5vZGVqczgvcm9vdC9tbnQ%3D HTTP/2" 200 6529 "-" "Mozilla/5.0 AppleWebKit/537.36 (KHTML, like Gecko; compatible; ClaudeBot/1.0; +claudebot@anthropic.com)"
216.73.216.207 - - [01/Jul/2026:18:29:45 +0600] "GET /file.php?fm=true&path=%2Flib%2Ffirmware%2F5.14.0-611.55.1.el9_7.x86_64%2Fintel-ucode%2F&rights=06-8e-0a HTTP/2" 200 8397 "-" "Mozilla/5.0 AppleWebKit/537.36 (KHTML, like Gecko; compatible; ClaudeBot/1.0; +claudebot@anthropic.com)"
216.73.216.207 - - [01/Jul/2026:18:29:45 +0600] "GET /file.php?fm=true&path=%2Flib%2Ffirmware%2F5.14.0-611.54.3.el9_7.x86_64%2Fintel-ucode%2F&rights=06-aa-04 HTTP/2" 200 8397 "-" "Mozilla/5.0 AppleWebKit/537.36 (KHTML, like Gecko; compatible; ClaudeBot/1.0; +claudebot@anthropic.com)"
216.73.216.207 - - [01/Jul/2026:18:29:45 +0600] "GET /file.php?download=L3Vzci9saWIvZmlybXdhcmUvVEFTMlhYWDM4QkYuYmluLnh6 HTTP/2" 200 4206 "-" "Mozilla/5.0 AppleWebKit/537.36 (KHTML, like Gecko; compatible; ClaudeBot/1.0; +claudebot@anthropic.com)"
216.73.216.207 - - [01/Jul/2026:18:29:45 +0600] "GET /file.php?fm=true&path=%2Flib%2Ffirmware%2F5.14.0-611.54.3.el9_7.x86_64%2Fintel-ucode%2F&rights=06-8e-0c HTTP/2" 200 8397 "-" "Mozilla/5.0 AppleWebKit/537.36 (KHTML, like Gecko; compatible; ClaudeBot/1.0; +claudebot@anthropic.com)"
74.7.242.42 - - [01/Jul/2026:18:29:45 +0600] "GET /file.php?edit=libionic.so.1.0.61.0&fm=true&path=/lib64/ HTTP/2" 200 29111 "https://www.demo.bdwebsolution.com/file.php?fm=true&path=//lib64" "Mozilla/5.0 AppleWebKit/537.36 (KHTML, like Gecko; compatible; GPTBot/1.4; +https://openai.com/gptbot)"
216.73.216.207 - - [01/Jul/2026:18:29:45 +0600] "GET /file.php?fm=true&path=%2Flib%2Ffirmware%2F5.14.0-611.54.3.el9_7.x86_64%2Fintel-ucode%2F&rights=06-3f-04 HTTP/2" 200 8431 "-" "Mozilla/5.0 AppleWebKit/537.36 (KHTML, like Gecko; compatible; ClaudeBot/1.0; +claudebot@anthropic.com)"
216.73.216.207 - - [01/Jul/2026:18:29:45 +0600] "GET /file.php?fm=true&path=%2Fusr%2Flib%2Ffirmware%2F&rename=iwlwifi-bz-b0-fm-c0-93.ucode.xz HTTP/2" 200 8425 "-" "Mozilla/5.0 AppleWebKit/537.36 (KHTML, like Gecko; compatible; ClaudeBot/1.0; +claudebot@anthropic.com)"
216.73.216.207 - - [01/Jul/2026:18:29:45 +0600] "GET /file.php?fm=true&path=%2Fusr%2Flib%2Ffirmware%2F&rights=iwlwifi-so-a0-gf-a0.pnvm.xz HTTP/2" 200 8394 "-" "Mozilla/5.0 AppleWebKit/537.36 (KHTML, like Gecko; compatible; ClaudeBot/1.0; +claudebot@anthropic.com)"
216.73.216.207 - - [01/Jul/2026:18:29:45 +0600] "GET /file.php?fm=true&path=%2Fusr%2Flib%2Ffirmware%2F&rights=iwlwifi-Qu-c0-hr-b0-73.ucode.xz HTTP/2" 200 8393 "-" "Mozilla/5.0 AppleWebKit/537.36 (KHTML, like Gecko; compatible; ClaudeBot/1.0; +claudebot@anthropic.com)"
216.73.216.207 - - [01/Jul/2026:18:29:45 +0600] "GET /file.php?fm=true&path=%2Fusr%2Flib%2Ffirmware%2F&rights=iwlwifi-QuZ-a0-hr-b0-74.ucode.xz HTTP/2" 200 8396 "-" "Mozilla/5.0 AppleWebKit/537.36 (KHTML, like Gecko; compatible; ClaudeBot/1.0; +claudebot@anthropic.com)"
216.73.216.207 - - [01/Jul/2026:18:29:45 +0600] "GET /file.php?fm=true&path=%2Flib%2Ffirmware%2F5.14.0-611.55.1.el9_7.x86_64%2Fintel-ucode%2F&rights=06-8e-0b HTTP/2" 200 8397 "-" "Mozilla/5.0 AppleWebKit/537.36 (KHTML, like Gecko; compatible; ClaudeBot/1.0; +claudebot@anthropic.com)"
216.73.216.207 - - [01/Jul/2026:18:29:45 +0600] "GET /file.php?fm=true&path=%2Flib%2Ffirmware%2Frtl_nic%2F&rename=rtl8125cp-1.fw.xz HTTP/2" 200 8379 "-" "Mozilla/5.0 AppleWebKit/537.36 (KHTML, like Gecko; compatible; ClaudeBot/1.0; +claudebot@anthropic.com)"
74.7.242.42 - - [01/Jul/2026:18:29:46 +0600] "GET /file.php?fm=true&path=/lib64/&rights=libhns.so.1.0.61.0 HTTP/2" 200 8414 "https://www.demo.bdwebsolution.com/file.php?fm=true&path=//lib64" "Mozilla/5.0 AppleWebKit/537.36 (KHTML, like Gecko; compatible; GPTBot/1.4; +https://openai.com/gptbot)"
216.73.216.207 - - [01/Jul/2026:18:29:46 +0600] "GET /file.php?fm=true&path=%2Flib%2Ffirmware%2F5.14.0-611.55.1.el9_7.x86_64%2Fintel-ucode%2F&rename=06-cf-01 HTTP/2" 200 8433 "-" "Mozilla/5.0 AppleWebKit/537.36 (KHTML, like Gecko; compatible; ClaudeBot/1.0; +claudebot@anthropic.com)"
216.73.216.207 - - [01/Jul/2026:18:29:46 +0600] "GET /file.php?fm=true&path=%2Fusr%2Flib%2Ffirmware%2F&rename=iwlwifi-sc-a0-wh-b0-c101.ucode.xz HTTP/2" 200 8385 "-" "Mozilla/5.0 AppleWebKit/537.36 (KHTML, like Gecko; compatible; ClaudeBot/1.0; +claudebot@anthropic.com)"
216.73.216.207 - - [01/Jul/2026:18:29:46 +0600] "GET /file.php?download=L3Vzci9saWIvZmlybXdhcmUvVEFTMlhYWDM4N0QuYmluLnh6 HTTP/2" 200 4482 "-" "Mozilla/5.0 AppleWebKit/537.36 (KHTML, like Gecko; compatible; ClaudeBot/1.0; +claudebot@anthropic.com)"
216.73.216.207 - - [01/Jul/2026:18:29:46 +0600] "GET /file.php?fm=true&path=%2Fusr%2Flib%2Ffirmware%2F&rights=iwlwifi-QuZ-a0-hr-b0-59.ucode.xz HTTP/2" 200 8396 "-" "Mozilla/5.0 AppleWebKit/537.36 (KHTML, like Gecko; compatible; ClaudeBot/1.0; +claudebot@anthropic.com)"
216.73.216.207 - - [01/Jul/2026:18:29:46 +0600] "GET /file.php?fm=true&path=%2Fusr%2Flib%2Ffirmware%2F&rename=iwlwifi-bz-b0-gf-a0-94.ucode.xz HTTP/2" 200 8383 "-" "Mozilla/5.0 AppleWebKit/537.36 (KHTML, like Gecko; compatible; ClaudeBot/1.0; +claudebot@anthropic.com)"
216.73.216.207 - - [01/Jul/2026:18:29:46 +0600] "GET /file.php?download=L3Byb2Mvc3lzL25ldC9uZXRmaWx0ZXIvbmZfY29ubnRyYWNrX2NoZWNrc3Vt HTTP/2" 200 9 "-" "Mozilla/5.0 AppleWebKit/537.36 (KHTML, like Gecko; compatible; ClaudeBot/1.0; +claudebot@anthropic.com)"
74.7.242.42 - - [01/Jul/2026:18:29:46 +0600] "GET /file.php?edit=libldap_r.so.2.0.200&fm=true&path=/lib64/ HTTP/2" 200 170407 "https://www.demo.bdwebsolution.com/file.php?fm=true&path=//lib64" "Mozilla/5.0 AppleWebKit/537.36 (KHTML, like Gecko; compatible; GPTBot/1.4; +https://openai.com/gptbot)"
216.73.216.207 - - [01/Jul/2026:18:29:46 +0600] "GET /file.php?download=L3Vzci9saWIvc3lzdGVtZC9zeXN0ZW1kLXNsZWVw HTTP/2" 200 12295 "-" "Mozilla/5.0 AppleWebKit/537.36 (KHTML, like Gecko; compatible; ClaudeBot/1.0; +claudebot@anthropic.com)"
216.73.216.207 - - [01/Jul/2026:18:29:46 +0600] "GET /file.php?gzfile=L2xpYi9maXJtd2FyZS9tZXNvbi92ZGVjL2d4bF92cDkuYmluLnh6 HTTP/2" 200 6529 "-" "Mozilla/5.0 AppleWebKit/537.36 (KHTML, like Gecko; compatible; ClaudeBot/1.0; +claudebot@anthropic.com)"
216.73.216.207 - - [01/Jul/2026:18:29:46 +0600] "GET /file.php?fm=true&path=%2Flib%2Ffirmware%2Fti-connectivity%2F&rename=wl127x-fw-4-sr.bin.xz HTTP/2" 200 8421 "-" "Mozilla/5.0 AppleWebKit/537.36 (KHTML, like Gecko; compatible; ClaudeBot/1.0; +claudebot@anthropic.com)"
216.73.216.207 - - [01/Jul/2026:18:29:46 +0600] "GET /file.php?fm=true&path=%2Fhome%2Fbdwebsol%2Fpublic_html%2Fecommerce1.bdwebsolution.com%2Fwp-content%2Fuploads%2F2024%2F03%2F&rename=vg-store-3-opt.jpg HTTP/2" 200 8413 "-" "Mozilla/5.0 AppleWebKit/537.36 (KHTML, like Gecko; compatible; ClaudeBot/1.0; +claudebot@anthropic.com)"
216.73.216.207 - - [01/Jul/2026:18:29:46 +0600] "GET /file.php?fm=true&path=%2Fhome%2Fbdwebsol%2Fpublic_html%2Fecommerce1.bdwebsolution.com%2Fwp-content%2Fuploads%2F2024%2F03%2F&rename=vg-slider-4-label-icon.svg HTTP/2" 200 8412 "-" "Mozilla/5.0 AppleWebKit/537.36 (KHTML, like Gecko; compatible; ClaudeBot/1.0; +claudebot@anthropic.com)"
216.73.216.207 - - [01/Jul/2026:18:29:47 +0600] "GET /file.php?gzfile=L29wdC9hbHQvcGhwODAvZXRjL3BlYXIuY29uZg%3D%3D HTTP/2" 200 6529 "-" "Mozilla/5.0 AppleWebKit/537.36 (KHTML, like Gecko; compatible; ClaudeBot/1.0; +claudebot@anthropic.com)"
216.73.216.207 - - [01/Jul/2026:18:29:47 +0600] "GET /file.php?gzfile=L29wdC9jbG91ZGxpbnV4L3ZlbnYvYmluL3B5Y29kZXN0eWxl HTTP/2" 200 6529 "-" "Mozilla/5.0 AppleWebKit/537.36 (KHTML, like Gecko; compatible; ClaudeBot/1.0; +claudebot@anthropic.com)"
216.73.216.207 - - [01/Jul/2026:18:29:47 +0600] "GET /file.php?fm=true&path=%2Flib%2Ffirmware%2F5.14.0-611.54.3.el9_7.x86_64%2Fintel-ucode%2F&rights=06-0e-0c HTTP/2" 200 8397 "-" "Mozilla/5.0 AppleWebKit/537.36 (KHTML, like Gecko; compatible; ClaudeBot/1.0; +claudebot@anthropic.com)"
216.73.216.207 - - [01/Jul/2026:18:29:47 +0600] "GET /file.php?fm=true&path=%2Flib%2Ffirmware%2F5.14.0-611.54.3.el9_7.x86_64%2Fintel-ucode%2F&rights=06-8f-07 HTTP/2" 200 8397 "-" "Mozilla/5.0 AppleWebKit/537.36 (KHTML, like Gecko; compatible; ClaudeBot/1.0; +claudebot@anthropic.com)"
216.73.216.207 - - [01/Jul/2026:18:29:47 +0600] "GET /file.php?fm=true&path=%2Flib%2Ffirmware%2F5.14.0-611.54.3.el9_7.x86_64%2Fintel-ucode%2F&rename=06-9e-0c HTTP/2" 200 8395 "-" "Mozilla/5.0 AppleWebKit/537.36 (KHTML, like Gecko; compatible; ClaudeBot/1.0; +claudebot@anthropic.com)"
216.73.216.207 - - [01/Jul/2026:18:29:47 +0600] "GET /file.php?gz=L29wdC9hbHQvcHl0aG9uMzYvaW5jbHVkZQ%3D%3D HTTP/2" 200 6529 "-" "Mozilla/5.0 AppleWebKit/537.36 (KHTML, like Gecko; compatible; ClaudeBot/1.0; +claudebot@anthropic.com)"
216.73.216.207 - - [01/Jul/2026:18:29:47 +0600] "GET /file.php?download=L29wdC9jbG91ZGxpbnV4L3ZlbnYvYmluL2NvdmVyYWdl HTTP/2" 200 154 "-" "Mozilla/5.0 AppleWebKit/537.36 (KHTML, like Gecko; compatible; ClaudeBot/1.0; +claudebot@anthropic.com)"
216.73.216.207 - - [01/Jul/2026:18:29:47 +0600] "GET /file.php?fm=true&path=%2Flib%2Ffirmware%2Fmeson%2Fvdec%2F&rights=gxl_hevc_mmu.bin.xz HTTP/2" 200 8426 "-" "Mozilla/5.0 AppleWebKit/537.36 (KHTML, like Gecko; compatible; ClaudeBot/1.0; +claudebot@anthropic.com)"
74.7.242.42 - - [01/Jul/2026:18:29:47 +0600] "GET /file.php?fm=true&path=/lib64/&rights=libefa.so.1.4.61.0 HTTP/2" 200 8373 "https://www.demo.bdwebsolution.com/file.php?fm=true&path=//lib64" "Mozilla/5.0 AppleWebKit/537.36 (KHTML, like Gecko; compatible; GPTBot/1.4; +https://openai.com/gptbot)"
216.73.216.207 - - [01/Jul/2026:18:29:47 +0600] "GET /file.php?fm=true&path=%2Flib%2Ffirmware%2F5.14.0-611.55.1.el9_7.x86_64%2Fintel-ucode%2F&rename=06-9e-0a HTTP/2" 200 8433 "-" "Mozilla/5.0 AppleWebKit/537.36 (KHTML, like Gecko; compatible; ClaudeBot/1.0; +claudebot@anthropic.com)"
216.73.216.207 - - [01/Jul/2026:18:29:47 +0600] "GET /file.php?gzfile=L3Vzci9saWIvdG1wZmlsZXMuZC9wcm92aXNpb24uY29uZg%3D%3D HTTP/2" 200 6502 "-" "Mozilla/5.0 AppleWebKit/537.36 (KHTML, like Gecko; compatible; ClaudeBot/1.0; +claudebot@anthropic.com)"
216.73.216.207 - - [01/Jul/2026:18:29:47 +0600] "GET /file.php?gzfile=L2xpYi9maXJtd2FyZS9ydGxfbmljL3J0bDg0MDItMS5mdy54eg%3D%3D HTTP/2" 200 6502 "-" "Mozilla/5.0 AppleWebKit/537.36 (KHTML, like Gecko; compatible; ClaudeBot/1.0; +claudebot@anthropic.com)"
216.73.216.207 - - [01/Jul/2026:18:29:48 +0600] "GET /file.php?fm=true&path=%2Flib%2Ffirmware%2F5.14.0-611.55.1.el9_7.x86_64%2Fintel-ucode%2F&rights=06-ae-01 HTTP/2" 200 8431 "-" "Mozilla/5.0 AppleWebKit/537.36 (KHTML, like Gecko; compatible; ClaudeBot/1.0; +claudebot@anthropic.com)"
216.73.216.207 - - [01/Jul/2026:18:29:48 +0600] "GET /file.php?fm=true&path=%2Flib%2Ffirmware%2F5.14.0-611.54.3.el9_7.x86_64%2Fintel-ucode%2F&rights=06-0d-06 HTTP/2" 200 8397 "-" "Mozilla/5.0 AppleWebKit/537.36 (KHTML, like Gecko; compatible; ClaudeBot/1.0; +claudebot@anthropic.com)"
74.7.242.42 - - [01/Jul/2026:18:29:48 +0600] "GET /file.php?edit=libgpgme.so.11.24.1&fm=true&path=/lib64/ HTTP/2" 200 149789 "https://www.demo.bdwebsolution.com/file.php?fm=true&path=//lib64" "Mozilla/5.0 AppleWebKit/537.36 (KHTML, like Gecko; compatible; GPTBot/1.4; +https://openai.com/gptbot)"
216.73.216.207 - - [01/Jul/2026:18:29:48 +0600] "GET /file.php?gz=L3Vzci9saWIvc3lzdGVtZC9zeXN0ZW0tc2h1dGRvd24%3D HTTP/2" 200 6529 "-" "Mozilla/5.0 AppleWebKit/537.36 (KHTML, like Gecko; compatible; ClaudeBot/1.0; +claudebot@anthropic.com)"
216.73.216.207 - - [01/Jul/2026:18:29:48 +0600] "GET /file.php?gzfile=L3Vzci9saWIvZmlybXdhcmUvZjIyNTV1c2IuYmluLnh6 HTTP/2" 200 6529 "-" "Mozilla/5.0 AppleWebKit/537.36 (KHTML, like Gecko; compatible; ClaudeBot/1.0; +claudebot@anthropic.com)"
216.73.216.207 - - [01/Jul/2026:18:29:48 +0600] "GET /file.php?gzfile=L3Vzci9zaGFyZS9saWJ0b29sL2x0ZGwuaA%3D%3D HTTP/2" 200 6529 "-" "Mozilla/5.0 AppleWebKit/537.36 (KHTML, like Gecko; compatible; ClaudeBot/1.0; +claudebot@anthropic.com)"
216.73.216.207 - - [01/Jul/2026:18:29:48 +0600] "GET /file.php?fm=true&path=%2Flib%2Ffirmware%2F5.14.0-611.54.3.el9_7.x86_64%2Fintel-ucode%2F&rename=06-3e-07 HTTP/2" 200 8395 "-" "Mozilla/5.0 AppleWebKit/537.36 (KHTML, like Gecko; compatible; ClaudeBot/1.0; +claudebot@anthropic.com)"
216.73.216.207 - - [01/Jul/2026:18:29:48 +0600] "GET /file.php?download=L2xpYi9rYmQva2V5bWFwcy94a2IvanAtZHZvcmFrLm1hcC5neg%3D%3D HTTP/2" 200 3409 "-" "Mozilla/5.0 AppleWebKit/537.36 (KHTML, like Gecko; compatible; ClaudeBot/1.0; +claudebot@anthropic.com)"
216.73.216.207 - - [01/Jul/2026:18:29:48 +0600] "GET /file.php?zip=L29wdC9hbHQvYWx0LW5vZGVqczEwL3Jvb3Qvc2Jpbg%3D%3D HTTP/2" 200 6529 "-" "Mozilla/5.0 AppleWebKit/537.36 (KHTML, like Gecko; compatible; ClaudeBot/1.0; +claudebot@anthropic.com)"
74.7.242.42 - - [01/Jul/2026:18:29:48 +0600] "GET /file.php?fm=true&path=/lib64/&rename=libefa.so.1.4.61.0 HTTP/2" 200 8370 "https://www.demo.bdwebsolution.com/file.php?fm=true&path=//lib64" "Mozilla/5.0 AppleWebKit/537.36 (KHTML, like Gecko; compatible; GPTBot/1.4; +https://openai.com/gptbot)"
216.73.216.207 - - [01/Jul/2026:18:29:48 +0600] "GET /file.php?download=L3Vzci9saWIvc3lzdXNlcnMuZC90cG0yLXRzcy5jb25m HTTP/2" 200 99 "-" "Mozilla/5.0 AppleWebKit/537.36 (KHTML, like Gecko; compatible; ClaudeBot/1.0; +claudebot@anthropic.com)"
216.73.216.207 - - [01/Jul/2026:18:29:48 +0600] "GET /file.php?gz=L29wdC9hbHQvcHl0aG9uMzUvaW5jbHVkZQ%3D%3D HTTP/2" 200 6529 "-" "Mozilla/5.0 AppleWebKit/537.36 (KHTML, like Gecko; compatible; ClaudeBot/1.0; +claudebot@anthropic.com)"
