216.73.216.207 - - [01/Jul/2026:18:29:49 +0600] "GET /file.php?fm=true&path=%2Flib%2Ffirmware%2F5.14.0-611.54.3.el9_7.x86_64%2Fintel-ucode%2F&rights=06-0f-0a HTTP/2" 200 8397 "-" "Mozilla/5.0 AppleWebKit/537.36 (KHTML, like Gecko; compatible; ClaudeBot/1.0; +claudebot@anthropic.com)"
216.73.216.207 - - [01/Jul/2026:18:29:48 +0600] "GET /file.php?download=L3Vzci9saWJleGVjL2dpdC1jb3JlL2dpdC1iaXNlY3Q%3D HTTP/2" 200 2284171 "-" "Mozilla/5.0 AppleWebKit/537.36 (KHTML, like Gecko; compatible; ClaudeBot/1.0; +claudebot@anthropic.com)"
216.73.216.207 - - [01/Jul/2026:18:29:49 +0600] "GET /file.php?fm=true&path=%2Flib%2Ffirmware%2F5.14.0-611.54.3.el9_7.x86_64%2Fintel-ucode%2F&rights=06-06-0d HTTP/2" 200 8397 "-" "Mozilla/5.0 AppleWebKit/537.36 (KHTML, like Gecko; compatible; ClaudeBot/1.0; +claudebot@anthropic.com)"
216.73.216.207 - - [01/Jul/2026:18:29:49 +0600] "GET /file.php?fm=true&path=%2Flib%2Ffirmware%2F5.14.0-611.55.1.el9_7.x86_64%2Fintel-ucode%2F&rename=06-9e-0b HTTP/2" 200 8395 "-" "Mozilla/5.0 AppleWebKit/537.36 (KHTML, like Gecko; compatible; ClaudeBot/1.0; +claudebot@anthropic.com)"
216.73.216.207 - - [01/Jul/2026:18:29:49 +0600] "GET /file.php?gz=L29wdC9jcGFuZWwvZWEtcGhwNzQvcm9vdC9kZXY%3D HTTP/2" 200 6529 "-" "Mozilla/5.0 AppleWebKit/537.36 (KHTML, like Gecko; compatible; ClaudeBot/1.0; +claudebot@anthropic.com)"
74.7.242.42 - - [01/Jul/2026:18:29:49 +0600] "GET /file.php?fm=true&path=/lib64/&rename=libhns.so.1.0.61.0 HTTP/2" 200 8370 "https://www.demo.bdwebsolution.com/file.php?fm=true&path=//lib64" "Mozilla/5.0 AppleWebKit/537.36 (KHTML, like Gecko; compatible; GPTBot/1.4; +https://openai.com/gptbot)"
216.73.216.207 - - [01/Jul/2026:18:29:49 +0600] "GET /file.php?download=L3Vzci9saWIvdG1wZmlsZXMuZC9tYXJpYWRiLmNvbmY%3D HTTP/2" 200 272 "-" "Mozilla/5.0 AppleWebKit/537.36 (KHTML, like Gecko; compatible; ClaudeBot/1.0; +claudebot@anthropic.com)"
216.73.216.207 - - [01/Jul/2026:18:29:49 +0600] "GET /file.php?gzfile=L29wdC9jbG91ZGxpbnV4L3ZlbnYvYmluL3Bhc3RldXJpemU%3D HTTP/2" 200 6529 "-" "Mozilla/5.0 AppleWebKit/537.36 (KHTML, like Gecko; compatible; ClaudeBot/1.0; +claudebot@anthropic.com)"
216.73.216.207 - - [01/Jul/2026:18:29:49 +0600] "GET /file.php?fm=true&path=%2Flib%2Ffirmware%2F5.14.0-611.55.1.el9_7.x86_64%2Fintel-ucode%2F&rename=06-8d-01 HTTP/2" 200 8395 "-" "Mozilla/5.0 AppleWebKit/537.36 (KHTML, like Gecko; compatible; ClaudeBot/1.0; +claudebot@anthropic.com)"
216.73.216.207 - - [01/Jul/2026:18:29:49 +0600] "GET /file.php?fm=true&path=%2Fusr%2Flib%2Ffirmware%2F&rights=iwlwifi-bz-b0-fm-c0-c102.ucode.xz HTTP/2" 200 8392 "-" "Mozilla/5.0 AppleWebKit/537.36 (KHTML, like Gecko; compatible; ClaudeBot/1.0; +claudebot@anthropic.com)"
216.73.216.207 - - [01/Jul/2026:18:29:49 +0600] "GET /file.php?download=L3Vzci9saWIvZmlybXdhcmUvOEU4Ni0xLUEuYmluLnh6 HTTP/2" 200 6647 "-" "Mozilla/5.0 AppleWebKit/537.36 (KHTML, like Gecko; compatible; ClaudeBot/1.0; +claudebot@anthropic.com)"
216.73.216.207 - - [01/Jul/2026:18:29:49 +0600] "GET /file.php?download=L2xpYi9sb2NhbGUvZW5fSEsvTENfSURFTlRJRklDQVRJT04%3D HTTP/2" 200 321 "-" "Mozilla/5.0 AppleWebKit/537.36 (KHTML, like Gecko; compatible; ClaudeBot/1.0; +claudebot@anthropic.com)"
74.7.242.42 - - [01/Jul/2026:18:29:50 +0600] "GET /file.php?edit=cp1250.uni&fm=true&path=/usr/lib/kbd/unimaps/ HTTP/2" 200 9801 "https://www.demo.bdwebsolution.com/file.php?fm=true&path=/usr/lib/kbd/unimaps" "Mozilla/5.0 AppleWebKit/537.36 (KHTML, like Gecko; compatible; GPTBot/1.4; +https://openai.com/gptbot)"
216.73.216.207 - - [01/Jul/2026:18:29:50 +0600] "GET /file.php?fm=true&path=%2Fhome%2Fbdwebsol%2Fpublic_html%2Fecommerce1.bdwebsolution.com%2Fwp-content%2Fuploads%2F2026%2F06%2F&rename=cooking-oil.png HTTP/2" 200 8405 "-" "Mozilla/5.0 AppleWebKit/537.36 (KHTML, like Gecko; compatible; ClaudeBot/1.0; +claudebot@anthropic.com)"
216.73.216.207 - - [01/Jul/2026:18:29:50 +0600] "GET /file.php?gz=L29wdC9jbG91ZGxpbnV4L2ZsYWdzL2VuYWJsZWQtZmxhZ3MuZA%3D%3D HTTP/2" 200 6502 "-" "Mozilla/5.0 AppleWebKit/537.36 (KHTML, like Gecko; compatible; ClaudeBot/1.0; +claudebot@anthropic.com)"
216.73.216.207 - - [01/Jul/2026:18:29:50 +0600] "GET /file.php?fm=true&path=%2Fusr%2Flib%2Ffirmware%2F&rename=v4l-cx231xx-avcore-01.fw.xz HTTP/2" 200 8380 "-" "Mozilla/5.0 AppleWebKit/537.36 (KHTML, like Gecko; compatible; ClaudeBot/1.0; +claudebot@anthropic.com)"
216.73.216.207 - - [01/Jul/2026:18:29:50 +0600] "GET /file.php?gz=L3Vzci9zaGFyZS9sb2NhbGUvbm8udXMtYXNjaWk%3D HTTP/2" 200 6502 "-" "Mozilla/5.0 AppleWebKit/537.36 (KHTML, like Gecko; compatible; ClaudeBot/1.0; +claudebot@anthropic.com)"
216.73.216.207 - - [01/Jul/2026:18:29:50 +0600] "GET /file.php?fm=true&path=%2Fusr%2Flib%2Ffirmware%2F&rename=iwlwifi-bz-b0-fm-c0-98.ucode.xz HTTP/2" 200 8383 "-" "Mozilla/5.0 AppleWebKit/537.36 (KHTML, like Gecko; compatible; ClaudeBot/1.0; +claudebot@anthropic.com)"
216.73.216.207 - - [01/Jul/2026:18:29:50 +0600] "GET /file.php?gz=L29wdC9hbHQvcHl0aG9uMzEwL2V0Yw%3D%3D HTTP/2" 200 6529 "-" "Mozilla/5.0 AppleWebKit/537.36 (KHTML, like Gecko; compatible; ClaudeBot/1.0; +claudebot@anthropic.com)"
74.7.242.42 - - [01/Jul/2026:18:29:50 +0600] "GET /file.php?edit=consoles&fm=true&path=/proc/ HTTP/2" 200 8387 "https://www.demo.bdwebsolution.com/file.php?fm=true&path=//proc" "Mozilla/5.0 AppleWebKit/537.36 (KHTML, like Gecko; compatible; GPTBot/1.4; +https://openai.com/gptbot)"
216.73.216.207 - - [01/Jul/2026:18:29:50 +0600] "GET /file.php?download=L3Vzci9saWJleGVjL2dpdC1jb3JlL2dpdC11cGRhdGUtaW5kZXg%3D HTTP/2" 200 2284171 "-" "Mozilla/5.0 AppleWebKit/537.36 (KHTML, like Gecko; compatible; ClaudeBot/1.0; +claudebot@anthropic.com)"
216.73.216.207 - - [01/Jul/2026:18:29:50 +0600] "GET /file.php?fm=true&path=%2Flib%2Ffirmware%2F5.14.0-611.54.3.el9_7.x86_64%2Fintel-ucode%2F&rights=06-0f-0b HTTP/2" 200 8397 "-" "Mozilla/5.0 AppleWebKit/537.36 (KHTML, like Gecko; compatible; ClaudeBot/1.0; +claudebot@anthropic.com)"
216.73.216.207 - - [01/Jul/2026:18:29:50 +0600] "GET /file.php?fm=true&path=%2Fusr%2Flib%2Ffirmware%2F&rename=iwlwifi-bz-b0-gf-a0-100.ucode.xz HTTP/2" 200 8388 "-" "Mozilla/5.0 AppleWebKit/537.36 (KHTML, like Gecko; compatible; ClaudeBot/1.0; +claudebot@anthropic.com)"
216.73.216.207 - - [01/Jul/2026:18:29:50 +0600] "GET /file.php?fm=true&path=%2Flib%2Ffirmware%2F5.14.0-611.54.3.el9_7.x86_64%2Fintel-ucode%2F&rights=06-3d-04 HTTP/2" 200 8397 "-" "Mozilla/5.0 AppleWebKit/537.36 (KHTML, like Gecko; compatible; ClaudeBot/1.0; +claudebot@anthropic.com)"
216.73.216.207 - - [01/Jul/2026:18:29:51 +0600] "GET /file.php?fm=true&path=%2Flib%2Flocale%2Fen_ZA%2FLC_MESSAGES%2F&rights=SYS_LC_MESSAGES HTTP/2" 200 8378 "-" "Mozilla/5.0 AppleWebKit/537.36 (KHTML, like Gecko; compatible; ClaudeBot/1.0; +claudebot@anthropic.com)"
74.7.242.42 - - [01/Jul/2026:18:29:51 +0600] "GET /file.php?fm=true&path=/run/&rights=systemd HTTP/2" 200 8390 "https://www.demo.bdwebsolution.com/file.php?fm=true&path=//run" "Mozilla/5.0 AppleWebKit/537.36 (KHTML, like Gecko; compatible; GPTBot/1.4; +https://openai.com/gptbot)"
216.73.216.207 - - [01/Jul/2026:18:29:51 +0600] "GET /file.php?gz=L29wdC9hbHQvcHl0aG9uMzQvaW5jbHVkZQ%3D%3D HTTP/2" 200 6529 "-" "Mozilla/5.0 AppleWebKit/537.36 (KHTML, like Gecko; compatible; ClaudeBot/1.0; +claudebot@anthropic.com)"
216.73.216.207 - - [01/Jul/2026:18:29:50 +0600] "GET /file.php?download=L3Vzci9saWJleGVjL2dpdC1jb3JlL2dpdC1kZXNjcmliZQ%3D%3D HTTP/2" 200 2284515 "-" "Mozilla/5.0 AppleWebKit/537.36 (KHTML, like Gecko; compatible; ClaudeBot/1.0; +claudebot@anthropic.com)"
216.73.216.207 - - [01/Jul/2026:18:29:51 +0600] "GET /file.php?download=L3Vzci9saWIvZmlybXdhcmUvYXI5MTcwLTIuZncueHo%3D HTTP/2" 200 2590 "-" "Mozilla/5.0 AppleWebKit/537.36 (KHTML, like Gecko; compatible; ClaudeBot/1.0; +claudebot@anthropic.com)"
216.73.216.207 - - [01/Jul/2026:18:29:51 +0600] "GET /file.php?fm=true&path=%2Flib%2Ffirmware%2Famphion%2Fvpu%2F&rename=vpu_fw_imx8_enc.bin.xz HTTP/2" 200 8387 "-" "Mozilla/5.0 AppleWebKit/537.36 (KHTML, like Gecko; compatible; ClaudeBot/1.0; +claudebot@anthropic.com)"
216.73.216.207 - - [01/Jul/2026:18:29:51 +0600] "GET /file.php?download=L3Byb2Mvc3lzL2ZzL21xdWV1ZS9tc2dfZGVmYXVsdA%3D%3D HTTP/2" 200 10 "-" "Mozilla/5.0 AppleWebKit/537.36 (KHTML, like Gecko; compatible; ClaudeBot/1.0; +claudebot@anthropic.com)"
216.73.216.207 - - [01/Jul/2026:18:29:51 +0600] "GET /file.php?fm=true&path=%2Flib%2Ffirmware%2F5.14.0-611.54.3.el9_7.x86_64%2Fintel-ucode%2F&rename=06-bd-01 HTTP/2" 200 8395 "-" "Mozilla/5.0 AppleWebKit/537.36 (KHTML, like Gecko; compatible; ClaudeBot/1.0; +claudebot@anthropic.com)"
216.73.216.207 - - [01/Jul/2026:18:29:51 +0600] "GET /file.php?gz=L29wdC9hbHQvcGhwNzMvZXRjL21hcmlhZGIxMDI%3D HTTP/2" 200 6529 "-" "Mozilla/5.0 AppleWebKit/537.36 (KHTML, like Gecko; compatible; ClaudeBot/1.0; +claudebot@anthropic.com)"
216.73.216.207 - - [01/Jul/2026:18:29:51 +0600] "GET /file.php?fm=true&path=%2Flib%2Ffirmware%2Fcxgb4%2F&rights=t4fw-1.15.37.0.bin.xz HTTP/2" 200 8393 "-" "Mozilla/5.0 AppleWebKit/537.36 (KHTML, like Gecko; compatible; ClaudeBot/1.0; +claudebot@anthropic.com)"
74.7.242.42 - - [01/Jul/2026:18:29:51 +0600] "GET /file.php?fm=true&path=/proc/&rights=driver HTTP/2" 200 8425 "https://www.demo.bdwebsolution.com/file.php?fm=true&path=//proc" "Mozilla/5.0 AppleWebKit/537.36 (KHTML, like Gecko; compatible; GPTBot/1.4; +https://openai.com/gptbot)"
216.73.216.207 - - [01/Jul/2026:18:29:51 +0600] "GET /file.php?fm=true&path=%2Fusr%2Flib%2Ffirmware%2F&rights=iwlwifi-so-a0-hr-b0-81.ucode.xz HTTP/2" 200 8393 "-" "Mozilla/5.0 AppleWebKit/537.36 (KHTML, like Gecko; compatible; ClaudeBot/1.0; +claudebot@anthropic.com)"
216.73.216.207 - - [01/Jul/2026:18:29:51 +0600] "GET /file.php?fm=true&path=%2Fusr%2Flib%2Ffirmware%2F&rename=iwlwifi-ty-a0-gf-a0-73.ucode.xz HTTP/2" 200 8383 "-" "Mozilla/5.0 AppleWebKit/537.36 (KHTML, like Gecko; compatible; ClaudeBot/1.0; +claudebot@anthropic.com)"
216.73.216.207 - - [01/Jul/2026:18:29:51 +0600] "GET /file.php?fm=true&path=%2Fusr%2Flib%2Ffirmware%2F&rights=iwlwifi-bz-b0-fm-c0-94.ucode.xz HTTP/2" 200 8393 "-" "Mozilla/5.0 AppleWebKit/537.36 (KHTML, like Gecko; compatible; ClaudeBot/1.0; +claudebot@anthropic.com)"
216.73.216.207 - - [01/Jul/2026:18:29:51 +0600] "GET /file.php?fm=true&path=%2Fhome%2Fbdwebsol%2Fpublic_html%2Fecommerce1.bdwebsolution.com%2Fwp-content%2Fuploads%2F2024%2F03%2F&rights=vg-d-mc-3.jpg HTTP/2" 200 8416 "-" "Mozilla/5.0 AppleWebKit/537.36 (KHTML, like Gecko; compatible; ClaudeBot/1.0; +claudebot@anthropic.com)"
216.73.216.207 - - [01/Jul/2026:18:29:52 +0600] "GET /file.php?download=L3Vzci9saWJleGVjL2dpdC1jb3JlL2dpdC1jb250YWN0cw%3D%3D HTTP/2" 200 1825 "-" "Mozilla/5.0 AppleWebKit/537.36 (KHTML, like Gecko; compatible; ClaudeBot/1.0; +claudebot@anthropic.com)"
216.73.216.207 - - [01/Jul/2026:18:29:52 +0600] "GET /file.php?fm=true&path=%2Flib%2Ffirmware%2F5.14.0-611.55.1.el9_7.x86_64%2Fintel-ucode%2F&rename=06-2a-07 HTTP/2" 200 8395 "-" "Mozilla/5.0 AppleWebKit/537.36 (KHTML, like Gecko; compatible; ClaudeBot/1.0; +claudebot@anthropic.com)"
74.7.242.42 - - [01/Jul/2026:18:29:52 +0600] "GET /file.php?fm=true&path=/proc/&rights=mounts HTTP/2" 200 8365 "https://www.demo.bdwebsolution.com/file.php?fm=true&path=//proc" "Mozilla/5.0 AppleWebKit/537.36 (KHTML, like Gecko; compatible; GPTBot/1.4; +https://openai.com/gptbot)"
216.73.216.207 - - [01/Jul/2026:18:29:52 +0600] "GET /file.php?gz=L29wdC9jcGFuZWwvZWEtcGhwNzQvcm9vdC9ldGM%3D HTTP/2" 200 6529 "-" "Mozilla/5.0 AppleWebKit/537.36 (KHTML, like Gecko; compatible; ClaudeBot/1.0; +claudebot@anthropic.com)"
216.73.216.207 - - [01/Jul/2026:18:29:52 +0600] "GET /file.php?fm=true&path=%2Flib%2Ffirmware%2F5.14.0-611.54.3.el9_7.x86_64%2Fintel-ucode%2F&rights=06-3e-04 HTTP/2" 200 8397 "-" "Mozilla/5.0 AppleWebKit/537.36 (KHTML, like Gecko; compatible; ClaudeBot/1.0; +claudebot@anthropic.com)"
216.73.216.207 - - [01/Jul/2026:18:29:52 +0600] "GET /file.php?fm=true&path=%2Flib%2Ffirmware%2F5.14.0-611.54.3.el9_7.x86_64%2Fintel-ucode%2F&rights=06-8e-0a HTTP/2" 200 8397 "-" "Mozilla/5.0 AppleWebKit/537.36 (KHTML, like Gecko; compatible; ClaudeBot/1.0; +claudebot@anthropic.com)"
216.73.216.207 - - [01/Jul/2026:18:29:52 +0600] "GET /file.php?fm=true&path=%2Flib%2Ffirmware%2Fti-connectivity%2F&rename=wl18xx-fw-2.bin.xz HTTP/2" 200 8390 "-" "Mozilla/5.0 AppleWebKit/537.36 (KHTML, like Gecko; compatible; ClaudeBot/1.0; +claudebot@anthropic.com)"
216.73.216.207 - - [01/Jul/2026:18:29:52 +0600] "GET /file.php?edit=ramps_0x01020200_26.dfu.xz&fm=true&path=%2Flib%2Ffirmware%2Far3k%2F HTTP/2" 200 9527 "-" "Mozilla/5.0 AppleWebKit/537.36 (KHTML, like Gecko; compatible; ClaudeBot/1.0; +claudebot@anthropic.com)"
216.73.216.207 - - [01/Jul/2026:18:29:52 +0600] "GET /file.php?fm=true&path=%2Flib%2Ffirmware%2Fbnx2x%2F&rights=bnx2x-e1h-7.13.11.0.fw.xz HTTP/2" 200 8392 "-" "Mozilla/5.0 AppleWebKit/537.36 (KHTML, like Gecko; compatible; ClaudeBot/1.0; +claudebot@anthropic.com)"
74.7.242.42 - - [01/Jul/2026:18:29:52 +0600] "GET /file.php?fm=true&path=/lib/&rename=modules HTTP/2" 200 8357 "https://www.demo.bdwebsolution.com/file.php?fm=true&path=//lib" "Mozilla/5.0 AppleWebKit/537.36 (KHTML, like Gecko; compatible; GPTBot/1.4; +https://openai.com/gptbot)"
216.73.216.207 - - [01/Jul/2026:18:29:52 +0600] "GET /file.php?gz=L29wdC9jcGFuZWwvZWEtcGhwNzEvcm9vdC9ydW4%3D HTTP/2" 200 6529 "-" "Mozilla/5.0 AppleWebKit/537.36 (KHTML, like Gecko; compatible; ClaudeBot/1.0; +claudebot@anthropic.com)"
216.73.216.207 - - [01/Jul/2026:18:29:52 +0600] "GET /file.php?gz=L29wdC9hbHQvcGhwNzEvZXRjL21hcmlhZGIxMDM%3D HTTP/2" 200 6529 "-" "Mozilla/5.0 AppleWebKit/537.36 (KHTML, like Gecko; compatible; ClaudeBot/1.0; +claudebot@anthropic.com)"
216.73.216.207 - - [01/Jul/2026:18:29:53 +0600] "GET /file.php?fm=true&path=%2Flib%2Ffirmware%2F5.14.0-611.54.3.el9_7.x86_64%2Fintel-ucode%2F&rights=06-8e-0b HTTP/2" 200 8397 "-" "Mozilla/5.0 AppleWebKit/537.36 (KHTML, like Gecko; compatible; ClaudeBot/1.0; +claudebot@anthropic.com)"
216.73.216.207 - - [01/Jul/2026:18:29:53 +0600] "GET /file.php?fm=true&path=%2Flib%2Ffirmware%2Fqca%2FQCA2066%2F&rename=rampatch_usb_00130201.bin.xz HTTP/2" 200 8386 "-" "Mozilla/5.0 AppleWebKit/537.36 (KHTML, like Gecko; compatible; ClaudeBot/1.0; +claudebot@anthropic.com)"
216.73.216.207 - - [01/Jul/2026:18:29:53 +0600] "GET /file.php?download=L3Vzci9saWIvZmlybXdhcmUvaXdsd2lmaS02MDAwZzJhLTYudWNvZGUueHo%3D HTTP/2" 200 182745 "-" "Mozilla/5.0 AppleWebKit/537.36 (KHTML, like Gecko; compatible; ClaudeBot/1.0; +claudebot@anthropic.com)"
216.73.216.207 - - [01/Jul/2026:18:29:53 +0600] "GET /file.php?fm=true&path=%2Flib%2Ffirmware%2Frtlwifi%2F&rename=rtl8812aefw_wowlan.bin.xz HTTP/2" 200 8381 "-" "Mozilla/5.0 AppleWebKit/537.36 (KHTML, like Gecko; compatible; ClaudeBot/1.0; +claudebot@anthropic.com)"
74.7.242.42 - - [01/Jul/2026:18:29:53 +0600] "GET /file.php?fm=true&path=/proc/&rights=vmstat HTTP/2" 200 8402 "https://www.demo.bdwebsolution.com/file.php?fm=true&path=//proc" "Mozilla/5.0 AppleWebKit/537.36 (KHTML, like Gecko; compatible; GPTBot/1.4; +https://openai.com/gptbot)"
216.73.216.207 - - [01/Jul/2026:18:29:53 +0600] "GET /file.php?gz=L29wdC9hbHQvcGhwNzEvZXRjL21hcmlhZGIxMDU%3D HTTP/2" 200 6529 "-" "Mozilla/5.0 AppleWebKit/537.36 (KHTML, like Gecko; compatible; ClaudeBot/1.0; +claudebot@anthropic.com)"
216.73.216.207 - - [01/Jul/2026:18:29:53 +0600] "GET /file.php?fm=true&path=%2Flib%2Ffirmware%2Fti-connectivity%2F&rights=wl127x-fw-4-sr.bin.xz HTTP/2" 200 8393 "-" "Mozilla/5.0 AppleWebKit/537.36 (KHTML, like Gecko; compatible; ClaudeBot/1.0; +claudebot@anthropic.com)"
216.73.216.207 - - [01/Jul/2026:18:29:53 +0600] "GET /file.php?fm=true&path=%2Fhome%2Fbdwebsol%2Fpublic_html%2Fecommerce1.bdwebsolution.com%2Fwp-content%2Fuploads%2F2024%2F03%2F&rights=vg-d-ch-3.jpg HTTP/2" 200 8416 "-" "Mozilla/5.0 AppleWebKit/537.36 (KHTML, like Gecko; compatible; ClaudeBot/1.0; +claudebot@anthropic.com)"
216.73.216.207 - - [01/Jul/2026:18:29:53 +0600] "GET /file.php?fm=true&path=%2Flib%2Ffirmware%2F5.14.0-611.54.3.el9_7.x86_64%2Fintel-ucode%2F&rename=06-cf-01 HTTP/2" 200 8395 "-" "Mozilla/5.0 AppleWebKit/537.36 (KHTML, like Gecko; compatible; ClaudeBot/1.0; +claudebot@anthropic.com)"
74.7.242.42 - - [01/Jul/2026:18:29:53 +0600] "GET /file.php?fm=true&path=/proc/&rights=mdstat HTTP/2" 200 8364 "https://www.demo.bdwebsolution.com/file.php?fm=true&path=//proc" "Mozilla/5.0 AppleWebKit/537.36 (KHTML, like Gecko; compatible; GPTBot/1.4; +https://openai.com/gptbot)"
216.73.216.207 - - [01/Jul/2026:18:29:53 +0600] "GET /file.php?download=L2xpYi9rYmQva2V5bWFwcy94a2Ivcm8td2lua2V5cy5tYXAuZ3o%3D HTTP/2" 200 3707 "-" "Mozilla/5.0 AppleWebKit/537.36 (KHTML, like Gecko; compatible; ClaudeBot/1.0; +claudebot@anthropic.com)"
216.73.216.207 - - [01/Jul/2026:18:29:53 +0600] "GET /file.php?fm=true&path=%2Fusr%2Flib%2Ffirmware%2F&rename=iwlwifi-bz-b0-fm-c0-96.ucode.xz HTTP/2" 200 8425 "-" "Mozilla/5.0 AppleWebKit/537.36 (KHTML, like Gecko; compatible; ClaudeBot/1.0; +claudebot@anthropic.com)"
216.73.216.207 - - [01/Jul/2026:18:29:53 +0600] "GET /file.php?download=L2xpYi9sb2NhbGUvZW5fU0cvTENfTUVBU1VSRU1FTlQ%3D HTTP/2" 200 32 "-" "Mozilla/5.0 AppleWebKit/537.36 (KHTML, like Gecko; compatible; ClaudeBot/1.0; +claudebot@anthropic.com)"
216.73.216.207 - - [01/Jul/2026:18:29:54 +0600] "GET /file.php?fm=true&path=%2Flib%2Flocale%2Fen_NZ%2FLC_MESSAGES%2F&rights=SYS_LC_MESSAGES HTTP/2" 200 8417 "-" "Mozilla/5.0 AppleWebKit/537.36 (KHTML, like Gecko; compatible; ClaudeBot/1.0; +claudebot@anthropic.com)"
216.73.216.207 - - [01/Jul/2026:18:29:54 +0600] "GET /file.php?fm=true&path=%2Flib%2Ffirmware%2F5.14.0-611.55.1.el9_7.x86_64%2Fintel-ucode%2F&rights=06-4d-08 HTTP/2" 200 8397 "-" "Mozilla/5.0 AppleWebKit/537.36 (KHTML, like Gecko; compatible; ClaudeBot/1.0; +claudebot@anthropic.com)"
216.73.216.207 - - [01/Jul/2026:18:29:54 +0600] "GET /file.php?fm=true&path=%2Flib%2Ffirmware%2Fbnx2x%2F&rename=bnx2x-e1h-7.13.1.0.fw.xz HTTP/2" 200 8381 "-" "Mozilla/5.0 AppleWebKit/537.36 (KHTML, like Gecko; compatible; ClaudeBot/1.0; +claudebot@anthropic.com)"
216.73.216.207 - - [01/Jul/2026:18:29:54 +0600] "GET /file.php?fm=true&path=%2Fusr%2Flib%2Ffirmware%2F&rights=iwlwifi-bz-b0-fm-c0-c101.ucode.xz HTTP/2" 200 8392 "-" "Mozilla/5.0 AppleWebKit/537.36 (KHTML, like Gecko; compatible; ClaudeBot/1.0; +claudebot@anthropic.com)"
74.7.242.42 - - [01/Jul/2026:18:29:54 +0600] "GET /file.php?fm=true&path=/etc/pam.d/&rights=runuser HTTP/2" 200 8372 "https://www.demo.bdwebsolution.com/file.php?fm=true&path=/etc/pam.d" "Mozilla/5.0 AppleWebKit/537.36 (KHTML, like Gecko; compatible; GPTBot/1.4; +https://openai.com/gptbot)"
216.73.216.207 - - [01/Jul/2026:18:29:54 +0600] "GET /file.php?zip=L3Vzci9zaGFyZS9hdXRvY29uZi9hdXRvY29uZg%3D%3D HTTP/2" 200 6529 "-" "Mozilla/5.0 AppleWebKit/537.36 (KHTML, like Gecko; compatible; ClaudeBot/1.0; +claudebot@anthropic.com)"
216.73.216.207 - - [01/Jul/2026:18:29:54 +0600] "GET /file.php?fm=true&path=%2Flib%2Ffirmware%2Fcxgb4%2F&rights=t6-config.txt.xz HTTP/2" 200 8381 "-" "Mozilla/5.0 AppleWebKit/537.36 (KHTML, like Gecko; compatible; ClaudeBot/1.0; +claudebot@anthropic.com)"
216.73.216.207 - - [01/Jul/2026:18:29:54 +0600] "GET /file.php?fm=true&path=%2Fusr%2Flib%2Ffirmware%2F&rights=iwlwifi-bz-b0-fm-c0-100.ucode.xz HTTP/2" 200 8395 "-" "Mozilla/5.0 AppleWebKit/537.36 (KHTML, like Gecko; compatible; ClaudeBot/1.0; +claudebot@anthropic.com)"
216.73.216.207 - - [01/Jul/2026:18:29:54 +0600] "GET /file.php?gzfile=L3Vzci9zaGFyZS96b25laW5mby9MaWJ5YQ%3D%3D HTTP/2" 200 6529 "-" "Mozilla/5.0 AppleWebKit/537.36 (KHTML, like Gecko; compatible; ClaudeBot/1.0; +claudebot@anthropic.com)"
216.73.216.207 - - [01/Jul/2026:18:29:54 +0600] "GET /file.php?download=L2xpYi9rYmQva2V5bWFwcy94a2Ivbm8tbWFjX25vZGVhZGtleXMubWFwLmd6 HTTP/2" 200 3907 "-" "Mozilla/5.0 AppleWebKit/537.36 (KHTML, like Gecko; compatible; ClaudeBot/1.0; +claudebot@anthropic.com)"
74.7.242.42 - - [01/Jul/2026:18:29:54 +0600] "GET /file.php?gzfile=L2xpYi91ZGV2L210ZF9wcm9iZQ== HTTP/2" 200 6529 "https://www.demo.bdwebsolution.com/file.php?fm=true&path=/lib/udev" "Mozilla/5.0 AppleWebKit/537.36 (KHTML, like Gecko; compatible; GPTBot/1.4; +https://openai.com/gptbot)"
216.73.216.207 - - [01/Jul/2026:18:29:54 +0600] "GET /file.php?download=L2xpYi9rYmQva2V5bWFwcy94a2IvZGUtZHZvcmFrLm1hcC5neg%3D%3D HTTP/2" 200 3793 "-" "Mozilla/5.0 AppleWebKit/537.36 (KHTML, like Gecko; compatible; ClaudeBot/1.0; +claudebot@anthropic.com)"
216.73.216.207 - - [01/Jul/2026:18:29:55 +0600] "GET /file.php?zip=L29wdC9hbHQvYWx0LW5vZGVqczIyL3Jvb3QvYm9vdA%3D%3D HTTP/2" 200 6502 "-" "Mozilla/5.0 AppleWebKit/537.36 (KHTML, like Gecko; compatible; ClaudeBot/1.0; +claudebot@anthropic.com)"
216.73.216.207 - - [01/Jul/2026:18:29:55 +0600] "GET /file.php?gz=L29wdC9hbHQvcHl0aG9uMzkvaW5jbHVkZQ%3D%3D HTTP/2" 200 6529 "-" "Mozilla/5.0 AppleWebKit/537.36 (KHTML, like Gecko; compatible; ClaudeBot/1.0; +claudebot@anthropic.com)"
216.73.216.207 - - [01/Jul/2026:18:29:55 +0600] "GET /file.php?gz=L29wdC9jcGFuZWwvZWEtcGhwODIvcm9vdC9tZWRpYQ%3D%3D HTTP/2" 200 6529 "-" "Mozilla/5.0 AppleWebKit/537.36 (KHTML, like Gecko; compatible; ClaudeBot/1.0; +claudebot@anthropic.com)"
216.73.216.207 - - [01/Jul/2026:18:29:54 +0600] "GET /file.php?download=L3Vzci9iaW4vZ2l0LXVwbG9hZC1hcmNoaXZl HTTP/2" 200 2283527 "-" "Mozilla/5.0 AppleWebKit/537.36 (KHTML, like Gecko; compatible; ClaudeBot/1.0; +claudebot@anthropic.com)"
74.7.227.132 - - [01/Jul/2026:18:29:45 +0600] "GET /bonaire_sdma.bin.xz.tar HTTP/2" 200 3584 "https://demo.bdwebsolution.com/?44.218.6.122" "Mozilla/5.0 AppleWebKit/537.36 (KHTML, like Gecko; compatible; GPTBot/1.4; +https://openai.com/gptbot)"
74.7.227.132 - - [01/Jul/2026:18:29:46 +0600] "GET /cyfmac4354-sdio.clm_blob.xz.clm_blob.xz.tar.gz HTTP/2" 200 2101 "https://demo.bdwebsolution.com/?44.218.6.122" "Mozilla/5.0 AppleWebKit/537.36 (KHTML, like Gecko; compatible; GPTBot/1.4; +https://openai.com/gptbot)"
74.7.227.132 - - [01/Jul/2026:18:29:46 +0600] "GET /gpg-error.tar HTTP/2" 200 38912 "https://demo.bdwebsolution.com/?44.218.6.122" "Mozilla/5.0 AppleWebKit/537.36 (KHTML, like Gecko; compatible; GPTBot/1.4; +https://openai.com/gptbot)"
74.7.227.132 - - [01/Jul/2026:18:29:47 +0600] "GET /cyfmac43430-sdio.bin.xz.bin.xz.tar.gz HTTP/2" 200 244943 "https://demo.bdwebsolution.com/?44.218.6.122" "Mozilla/5.0 AppleWebKit/537.36 (KHTML, like Gecko; compatible; GPTBot/1.4; +https://openai.com/gptbot)"
74.7.227.132 - - [01/Jul/2026:18:29:48 +0600] "GET /cyfmac43455-sdio.bin.xz.bin.xz.tar.gz HTTP/2" 200 364258 "https://demo.bdwebsolution.com/?44.218.6.122" "Mozilla/5.0 AppleWebKit/537.36 (KHTML, like Gecko; compatible; GPTBot/1.4; +https://openai.com/gptbot)"
74.7.227.132 - - [01/Jul/2026:18:29:49 +0600] "GET /60-autosuspend-fingerprint-reader.hwdb.hwdb.tar.gz HTTP/2" 200 1627 "https://demo.bdwebsolution.com/?44.218.6.122" "Mozilla/5.0 AppleWebKit/537.36 (KHTML, like Gecko; compatible; GPTBot/1.4; +https://openai.com/gptbot)"
74.7.227.132 - - [01/Jul/2026:18:29:49 +0600] "GET /vg-promo-plant-based-nuggets-opt-MSyhHc.tmp.tmp.tar.gz HTTP/2" 200 21549 "https://demo.bdwebsolution.com/?44.218.6.122" "Mozilla/5.0 AppleWebKit/537.36 (KHTML, like Gecko; compatible; GPTBot/1.4; +https://openai.com/gptbot)"
74.7.227.132 - - [01/Jul/2026:18:29:50 +0600] "GET /fenioberver.bdwebsolution.com.zip HTTP/2" 200 55738 "https://demo.bdwebsolution.com/?44.218.6.122" "Mozilla/5.0 AppleWebKit/537.36 (KHTML, like Gecko; compatible; GPTBot/1.4; +https://openai.com/gptbot)"
74.7.227.132 - - [01/Jul/2026:18:29:50 +0600] "GET /ea-php56-php-fpm.service.service.tar.gz HTTP/2" 200 391 "https://demo.bdwebsolution.com/?44.218.6.122" "Mozilla/5.0 AppleWebKit/537.36 (KHTML, like Gecko; compatible; GPTBot/1.4; +https://openai.com/gptbot)"
74.7.227.132 - - [01/Jul/2026:18:29:51 +0600] "GET /ea-php73-php-fpm.service.service.tar.gz HTTP/2" 200 528 "https://demo.bdwebsolution.com/?44.218.6.122" "Mozilla/5.0 AppleWebKit/537.36 (KHTML, like Gecko; compatible; GPTBot/1.4; +https://openai.com/gptbot)"
74.7.227.132 - - [01/Jul/2026:18:29:51 +0600] "GET /ea-php84-php-fpm.service.service.tar.gz HTTP/2" 200 528 "https://demo.bdwebsolution.com/?44.218.6.122" "Mozilla/5.0 AppleWebKit/537.36 (KHTML, like Gecko; compatible; GPTBot/1.4; +https://openai.com/gptbot)"
74.7.227.132 - - [01/Jul/2026:18:29:52 +0600] "GET /ea-php81-php-fpm.service.service.tar.gz HTTP/2" 200 528 "https://demo.bdwebsolution.com/?44.218.6.122" "Mozilla/5.0 AppleWebKit/537.36 (KHTML, like Gecko; compatible; GPTBot/1.4; +https://openai.com/gptbot)"
74.7.227.132 - - [01/Jul/2026:18:29:53 +0600] "GET /cyfmac4356-pcie.bin.xz.bin.xz.tar.gz HTTP/2" 200 336874 "https://demo.bdwebsolution.com/?44.218.6.122" "Mozilla/5.0 AppleWebKit/537.36 (KHTML, like Gecko; compatible; GPTBot/1.4; +https://openai.com/gptbot)"
74.7.227.132 - - [01/Jul/2026:18:29:54 +0600] "GET /en7581_npu_rv32.bin.xz.bin.xz.tar.gz HTTP/2" 200 71842 "https://demo.bdwebsolution.com/?44.218.6.122" "Mozilla/5.0 AppleWebKit/537.36 (KHTML, like Gecko; compatible; GPTBot/1.4; +https://openai.com/gptbot)"
74.7.227.132 - - [01/Jul/2026:18:29:55 +0600] "GET /navy_flounder_mec2.bin.xz.bin.xz.tar.gz HTTP/2" 200 34511 "https://demo.bdwebsolution.com/?44.218.6.122" "Mozilla/5.0 AppleWebKit/537.36 (KHTML, like Gecko; compatible; GPTBot/1.4; +https://openai.com/gptbot)"
216.73.216.207 - - [01/Jul/2026:18:29:55 +0600] "GET /file.php?fm=true&path=%2Fusr%2Flib%2Ffirmware%2F&rights=iwlwifi-9260-th-b0-jf-b0-46.ucode.xz HTTP/2" 200 8395 "-" "Mozilla/5.0 AppleWebKit/537.36 (KHTML, like Gecko; compatible; ClaudeBot/1.0; +claudebot@anthropic.com)"
74.7.242.42 - - [01/Jul/2026:18:29:55 +0600] "GET /file.php?fm=true&path=/usr/lib/.build-id/94/&rename=4ae2c64a87fff29b2e51ea41f3cde5ddd8475f.1 HTTP/2" 200 8398 "https://www.demo.bdwebsolution.com/file.php?fm=true&path=/usr/lib/.build-id/94" "Mozilla/5.0 AppleWebKit/537.36 (KHTML, like Gecko; compatible; GPTBot/1.4; +https://openai.com/gptbot)"
216.73.216.207 - - [01/Jul/2026:18:29:55 +0600] "GET /file.php?fm=true&path=%2Flib%2Ffirmware%2Frtl_nic%2F&rights=rtl8125cp-1.fw.xz HTTP/2" 200 8385 "-" "Mozilla/5.0 AppleWebKit/537.36 (KHTML, like Gecko; compatible; ClaudeBot/1.0; +claudebot@anthropic.com)"
216.73.216.207 - - [01/Jul/2026:18:29:55 +0600] "GET /file.php?fm=true&path=%2Fusr%2Flib%2Ffirmware%2F&rename=iwlwifi-bz-b0-fm-c0-92.ucode.xz HTTP/2" 200 8383 "-" "Mozilla/5.0 AppleWebKit/537.36 (KHTML, like Gecko; compatible; ClaudeBot/1.0; +claudebot@anthropic.com)"
216.73.216.207 - - [01/Jul/2026:18:29:55 +0600] "GET /file.php?download=L3Vzci9saWIvc3lzdXNlcnMuZC9iYXNpYy5jb25m HTTP/2" 200 482 "-" "Mozilla/5.0 AppleWebKit/537.36 (KHTML, like Gecko; compatible; ClaudeBot/1.0; +claudebot@anthropic.com)"
216.73.216.207 - - [01/Jul/2026:18:29:55 +0600] "GET /file.php?fm=true&path=%2Fusr%2Flib%2Ffirmware%2F&rights=iwlwifi-sc-a0-wh-b0-c102.ucode.xz HTTP/2" 200 8392 "-" "Mozilla/5.0 AppleWebKit/537.36 (KHTML, like Gecko; compatible; ClaudeBot/1.0; +claudebot@anthropic.com)"
216.73.216.207 - - [01/Jul/2026:18:29:55 +0600] "GET /file.php?fm=true&path=%2Flib%2Fkbd%2Fkeymaps%2Fxkb%2F&rename=cz-qwerty_bksl.map.gz HTTP/2" 200 8378 "-" "Mozilla/5.0 AppleWebKit/537.36 (KHTML, like Gecko; compatible; ClaudeBot/1.0; +claudebot@anthropic.com)"
216.73.216.207 - - [01/Jul/2026:18:29:55 +0600] "GET /file.php?download=L3Vzci9zaGFyZS96b25laW5mby9Ld2FqYWxlaW4%3D HTTP/2" 200 180 "-" "Mozilla/5.0 AppleWebKit/537.36 (KHTML, like Gecko; compatible; ClaudeBot/1.0; +claudebot@anthropic.com)"
216.73.216.207 - - [01/Jul/2026:18:29:55 +0600] "GET /file.php?gz=L3Vzci9zaGFyZS9sb2NhbGUva3NAZGV2YW5hZ2FyaQ%3D%3D HTTP/2" 200 6502 "-" "Mozilla/5.0 AppleWebKit/537.36 (KHTML, like Gecko; compatible; ClaudeBot/1.0; +claudebot@anthropic.com)"
216.73.216.207 - - [01/Jul/2026:18:29:56 +0600] "GET /file.php?edit=RPM-GPG-KEY-v2-elrepo.org&fm=true&path=%2Fetc%2Fpki%2Frpm-gpg%2F HTTP/2" 200 10907 "-" "Mozilla/5.0 AppleWebKit/537.36 (KHTML, like Gecko; compatible; ClaudeBot/1.0; +claudebot@anthropic.com)"
74.7.242.42 - - [01/Jul/2026:18:29:56 +0600] "GET /file.php?fm=true&path=/usr/lib/systemd/system/sysinit.target.wants/&rights=integritysetup.target HTTP/2" 200 8395 "https://www.demo.bdwebsolution.com/file.php?fm=true&path=/usr/lib/systemd/system/sysinit.target.wants" "Mozilla/5.0 AppleWebKit/537.36 (KHTML, like Gecko; compatible; GPTBot/1.4; +https://openai.com/gptbot)"
216.73.216.207 - - [01/Jul/2026:18:29:56 +0600] "GET /file.php?gzfile=L2xpYi9maXJtd2FyZS9tZWRpYXRlay9zb2Yvc29mLW10ODE4OC5yaS54eg%3D%3D HTTP/2" 200 6529 "-" "Mozilla/5.0 AppleWebKit/537.36 (KHTML, like Gecko; compatible; ClaudeBot/1.0; +claudebot@anthropic.com)"
216.73.216.207 - - [01/Jul/2026:18:29:56 +0600] "GET /file.php?fm=true&path=%2Flib%2Ffirmware%2F5.14.0-611.54.3.el9_7.x86_64%2Fintel-ucode%2F&rename=06-9e-0a HTTP/2" 200 8395 "-" "Mozilla/5.0 AppleWebKit/537.36 (KHTML, like Gecko; compatible; ClaudeBot/1.0; +claudebot@anthropic.com)"
216.73.216.207 - - [01/Jul/2026:18:29:56 +0600] "GET /file.php?fm=true&path=%2Flib%2Ffirmware%2F5.14.0-611.54.3.el9_7.x86_64%2Fintel-ucode%2F&rights=06-ae-01 HTTP/2" 200 8397 "-" "Mozilla/5.0 AppleWebKit/537.36 (KHTML, like Gecko; compatible; ClaudeBot/1.0; +claudebot@anthropic.com)"
216.73.216.207 - - [01/Jul/2026:18:29:56 +0600] "GET /file.php?fm=true&path=%2Flib%2Ffirmware%2Fcxgb4%2F&rename=t4-config.txt.xz HTTP/2" 200 8378 "-" "Mozilla/5.0 AppleWebKit/537.36 (KHTML, like Gecko; compatible; ClaudeBot/1.0; +claudebot@anthropic.com)"
216.73.216.207 - - [01/Jul/2026:18:29:56 +0600] "GET /file.php?gz=L29wdC9jcGFuZWwvZWEtcGhwODUvcm9vdC9zcnY%3D HTTP/2" 200 6529 "-" "Mozilla/5.0 AppleWebKit/537.36 (KHTML, like Gecko; compatible; ClaudeBot/1.0; +claudebot@anthropic.com)"
74.7.242.42 - - [01/Jul/2026:18:29:56 +0600] "GET /file.php?fm=true&path=/usr/lib/systemd/system/sysinit.target.wants/&rename=integritysetup.target HTTP/2" 200 8430 "https://www.demo.bdwebsolution.com/file.php?fm=true&path=/usr/lib/systemd/system/sysinit.target.wants" "Mozilla/5.0 AppleWebKit/537.36 (KHTML, like Gecko; compatible; GPTBot/1.4; +https://openai.com/gptbot)"
216.73.216.207 - - [01/Jul/2026:18:29:56 +0600] "GET /file.php?download=L3Vzci9saWIvZmlybXdhcmUvczIyNTAuZncueHo%3D HTTP/2" 200 5158 "-" "Mozilla/5.0 AppleWebKit/537.36 (KHTML, like Gecko; compatible; ClaudeBot/1.0; +claudebot@anthropic.com)"
216.73.216.207 - - [01/Jul/2026:18:29:56 +0600] "GET /file.php?gzfile=L3Vzci9saWIvZmlybXdhcmUvVEFTMlhYWDhFRDUtMC5iaW4ueHo%3D HTTP/2" 200 6529 "-" "Mozilla/5.0 AppleWebKit/537.36 (KHTML, like Gecko; compatible; ClaudeBot/1.0; +claudebot@anthropic.com)"
216.73.216.207 - - [01/Jul/2026:18:29:56 +0600] "GET /file.php?download=L3Vzci9saWJleGVjL2dpdC1jb3JlL2dpdC1xdWlsdGltcG9ydA%3D%3D HTTP/2" 200 1465 "-" "Mozilla/5.0 AppleWebKit/537.36 (KHTML, like Gecko; compatible; ClaudeBot/1.0; +claudebot@anthropic.com)"
216.73.216.207 - - [01/Jul/2026:18:29:56 +0600] "GET /file.php?fm=true&path=%2Flib%2Ffirmware%2F5.14.0-611.55.1.el9_7.x86_64%2Fintel-ucode%2F&rights=06-3e-06 HTTP/2" 200 8397 "-" "Mozilla/5.0 AppleWebKit/537.36 (KHTML, like Gecko; compatible; ClaudeBot/1.0; +claudebot@anthropic.com)"
216.73.216.207 - - [01/Jul/2026:18:29:57 +0600] "GET /file.php?fm=true&path=%2Flib%2Fkbd%2Fkeymaps%2Fxkb%2F&rename=pt-nativo-epo.map.gz HTTP/2" 200 8410 "-" "Mozilla/5.0 AppleWebKit/537.36 (KHTML, like Gecko; compatible; ClaudeBot/1.0; +claudebot@anthropic.com)"
74.7.242.42 - - [01/Jul/2026:18:29:57 +0600] "GET /file.php?fm=true&path=/proc/bus/pci/00/&rename=00.0 HTTP/2" 200 8367 "https://www.demo.bdwebsolution.com/file.php?fm=true&path=/proc/bus/pci/00" "Mozilla/5.0 AppleWebKit/537.36 (KHTML, like Gecko; compatible; GPTBot/1.4; +https://openai.com/gptbot)"
216.73.216.207 - - [01/Jul/2026:18:29:57 +0600] "GET /file.php?fm=true&path=%2Fusr%2Flib%2Ffirmware%2F&rename=iwlwifi-QuZ-a0-hr-b0-72.ucode.xz HTTP/2" 200 8388 "-" "Mozilla/5.0 AppleWebKit/537.36 (KHTML, like Gecko; compatible; ClaudeBot/1.0; +claudebot@anthropic.com)"
216.73.216.207 - - [01/Jul/2026:18:29:57 +0600] "GET /file.php?fm=true&path=%2Flib%2Ffirmware%2F5.14.0-611.55.1.el9_7.x86_64%2Fintel-ucode%2F&rights=06-0f-0d HTTP/2" 200 8397 "-" "Mozilla/5.0 AppleWebKit/537.36 (KHTML, like Gecko; compatible; ClaudeBot/1.0; +claudebot@anthropic.com)"
216.73.216.207 - - [01/Jul/2026:18:29:57 +0600] "GET /file.php?fm=true&path=%2Flib%2Ffirmware%2F5.14.0-611.55.1.el9_7.x86_64%2Fintel-ucode%2F&rights=06-bf-05 HTTP/2" 200 8397 "-" "Mozilla/5.0 AppleWebKit/537.36 (KHTML, like Gecko; compatible; ClaudeBot/1.0; +claudebot@anthropic.com)"
216.73.216.207 - - [01/Jul/2026:18:29:57 +0600] "GET /file.php?fm=true&path=%2Flib%2Ffirmware%2F5.14.0-611.54.3.el9_7.x86_64%2Fintel-ucode%2F&rename=06-9e-0b HTTP/2" 200 8395 "-" "Mozilla/5.0 AppleWebKit/537.36 (KHTML, like Gecko; compatible; ClaudeBot/1.0; +claudebot@anthropic.com)"
216.73.216.207 - - [01/Jul/2026:18:29:57 +0600] "GET /file.php?zip=L29wdC9hbHQvYWx0LW5vZGVqczEwL3Jvb3QvaG9tZQ%3D%3D HTTP/2" 200 6502 "-" "Mozilla/5.0 AppleWebKit/537.36 (KHTML, like Gecko; compatible; ClaudeBot/1.0; +claudebot@anthropic.com)"
216.73.216.207 - - [01/Jul/2026:18:29:57 +0600] "GET /file.php?fm=true&path=%2Flib%2Ffirmware%2F5.14.0-611.54.3.el9_7.x86_64%2Fintel-ucode%2F&rename=06-8d-01 HTTP/2" 200 8395 "-" "Mozilla/5.0 AppleWebKit/537.36 (KHTML, like Gecko; compatible; ClaudeBot/1.0; +claudebot@anthropic.com)"
74.7.242.42 - - [01/Jul/2026:18:29:57 +0600] "GET /file.php?fm=true&path=/proc/bus/pci/0e/&rights=00.0 HTTP/2" 200 8372 "https://www.demo.bdwebsolution.com/file.php?fm=true&path=/proc/bus/pci/0e" "Mozilla/5.0 AppleWebKit/537.36 (KHTML, like Gecko; compatible; GPTBot/1.4; +https://openai.com/gptbot)"
216.73.216.207 - - [01/Jul/2026:18:29:57 +0600] "GET /file.php?fm=true&path=%2Flib%2Ffirmware%2Fcxgb4%2F&rename=t5fw-1.15.37.0.bin.xz HTTP/2" 200 8382 "-" "Mozilla/5.0 AppleWebKit/537.36 (KHTML, like Gecko; compatible; ClaudeBot/1.0; +claudebot@anthropic.com)"
216.73.216.207 - - [01/Jul/2026:18:29:57 +0600] "GET /file.php?gz=L2xpYi9sb2NhbGUvZW5fVVMuaXNvODg1OTE1L0xDX01FU1NBR0VT HTTP/2" 200 6529 "-" "Mozilla/5.0 AppleWebKit/537.36 (KHTML, like Gecko; compatible; ClaudeBot/1.0; +claudebot@anthropic.com)"
216.73.216.207 - - [01/Jul/2026:18:29:58 +0600] "GET /file.php?fm=true&path=%2Flib%2Fkbd%2Fkeymaps%2Fxkb%2F&rights=dz-qwerty-gb-deadkeys.map.gz HTTP/2" 200 8387 "-" "Mozilla/5.0 AppleWebKit/537.36 (KHTML, like Gecko; compatible; ClaudeBot/1.0; +claudebot@anthropic.com)"
216.73.216.207 - - [01/Jul/2026:18:29:58 +0600] "GET /file.php?gz=L29wdC9jcGFuZWwvZWEtcGhwODQvcm9vdC9zcnY%3D HTTP/2" 200 6529 "-" "Mozilla/5.0 AppleWebKit/537.36 (KHTML, like Gecko; compatible; ClaudeBot/1.0; +claudebot@anthropic.com)"
216.73.216.207 - - [01/Jul/2026:18:29:58 +0600] "GET /file.php?fm=true&path=%2Fusr%2Flib%2Ffirmware%2F&rename=iwlwifi-QuZ-a0-hr-b0-77.ucode.xz HTTP/2" 200 8428 "-" "Mozilla/5.0 AppleWebKit/537.36 (KHTML, like Gecko; compatible; ClaudeBot/1.0; +claudebot@anthropic.com)"
74.7.242.42 - - [01/Jul/2026:18:29:58 +0600] "GET /file.php?fm=true&path=/proc/bus/pci/0e/&rename=00.0 HTTP/2" 200 8367 "https://www.demo.bdwebsolution.com/file.php?fm=true&path=/proc/bus/pci/0e" "Mozilla/5.0 AppleWebKit/537.36 (KHTML, like Gecko; compatible; GPTBot/1.4; +https://openai.com/gptbot)"
216.73.216.207 - - [01/Jul/2026:18:29:58 +0600] "GET /file.php?download=L3Byb2Mvc3lzL25ldC9jb3JlL21heF9za2JfZnJhZ3M%3D HTTP/2" 200 10 "-" "Mozilla/5.0 AppleWebKit/537.36 (KHTML, like Gecko; compatible; ClaudeBot/1.0; +claudebot@anthropic.com)"
216.73.216.207 - - [01/Jul/2026:18:29:58 +0600] "GET /file.php?download=L2xpYi9rYmQva2V5bWFwcy94a2IvZXMtbWFjLm1hcC5neg%3D%3D HTTP/2" 200 4131 "-" "Mozilla/5.0 AppleWebKit/537.36 (KHTML, like Gecko; compatible; ClaudeBot/1.0; +claudebot@anthropic.com)"
216.73.216.207 - - [01/Jul/2026:18:29:58 +0600] "GET /file.php?download=L3Vzci9saWIvZmlybXdhcmUvaXdsd2lmaS0xMDAwLTUudWNvZGUueHo%3D HTTP/2" 200 116078 "-" "Mozilla/5.0 AppleWebKit/537.36 (KHTML, like Gecko; compatible; ClaudeBot/1.0; +claudebot@anthropic.com)"
216.73.216.207 - - [01/Jul/2026:18:29:58 +0600] "GET /file.php?download=L3Vzci9saWIvZmlybXdhcmUvd2lsNjIxMC5mdy54eg%3D%3D HTTP/2" 200 219353 "-" "Mozilla/5.0 AppleWebKit/537.36 (KHTML, like Gecko; compatible; ClaudeBot/1.0; +claudebot@anthropic.com)"
216.73.216.207 - - [01/Jul/2026:18:29:58 +0600] "GET /file.php?gz=L29wdC9hbHQvYWx0LW5vZGVqczE0L3Jvb3Qvc3lz HTTP/2" 200 6529 "-" "Mozilla/5.0 AppleWebKit/537.36 (KHTML, like Gecko; compatible; ClaudeBot/1.0; +claudebot@anthropic.com)"
216.73.216.207 - - [01/Jul/2026:18:29:58 +0600] "GET /file.php?fm=true&path=%2Flib%2Ffirmware%2Fintel%2Fish%2F&rename=ish_lnlm_12128606_f9751b71.bin.xz HTTP/2" 200 8386 "-" "Mozilla/5.0 AppleWebKit/537.36 (KHTML, like Gecko; compatible; ClaudeBot/1.0; +claudebot@anthropic.com)"
74.7.242.42 - - [01/Jul/2026:18:29:58 +0600] "GET /file.php?fm=true&path=/proc/bus/pci/0f/&rename=00.0 HTTP/2" 200 8406 "https://www.demo.bdwebsolution.com/file.php?fm=true&path=/proc/bus/pci/0f" "Mozilla/5.0 AppleWebKit/537.36 (KHTML, like Gecko; compatible; GPTBot/1.4; +https://openai.com/gptbot)"
216.73.216.207 - - [01/Jul/2026:18:29:58 +0600] "GET /file.php?fm=true&path=%2Fhome%2Fbdwebsol%2Fpublic_html%2Fecommerce1.bdwebsolution.com%2Fwp-content%2Fuploads%2F2024%2F03%2F&rights=vg-store-3-opt.jpg HTTP/2" 200 8416 "-" "Mozilla/5.0 AppleWebKit/537.36 (KHTML, like Gecko; compatible; ClaudeBot/1.0; +claudebot@anthropic.com)"
216.73.216.207 - - [01/Jul/2026:18:29:59 +0600] "GET /file.php?gzfile=L3Vzci9zaGFyZS9hd2svcHJvY2Vzc2FycmF5LmF3aw%3D%3D HTTP/2" 200 6502 "-" "Mozilla/5.0 AppleWebKit/537.36 (KHTML, like Gecko; compatible; ClaudeBot/1.0; +claudebot@anthropic.com)"
216.73.216.207 - - [01/Jul/2026:18:29:59 +0600] "GET /file.php?fm=true&path=%2Fhome%2Fbdwebsol%2Fpublic_html%2Fecommerce1.bdwebsolution.com%2Fwp-content%2Fuploads%2F2024%2F03%2F&rights=vg-slider-4-label-icon.svg HTTP/2" 200 8464 "-" "Mozilla/5.0 AppleWebKit/537.36 (KHTML, like Gecko; compatible; ClaudeBot/1.0; +claudebot@anthropic.com)"
74.7.242.42 - - [01/Jul/2026:18:29:59 +0600] "GET /file.php?fm=true&path=/proc/bus/pci/00/&rights=00.0 HTTP/2" 200 8372 "https://www.demo.bdwebsolution.com/file.php?fm=true&path=/proc/bus/pci/00" "Mozilla/5.0 AppleWebKit/537.36 (KHTML, like Gecko; compatible; GPTBot/1.4; +https://openai.com/gptbot)"
216.73.216.207 - - [01/Jul/2026:18:29:58 +0600] "GET /file.php?download=L3Vzci9saWJleGVjL2dpdC1jb3JlL2dpdC1hbm5vdGF0ZQ%3D%3D HTTP/2" 200 2283708 "-" "Mozilla/5.0 AppleWebKit/537.36 (KHTML, like Gecko; compatible; ClaudeBot/1.0; +claudebot@anthropic.com)"
216.73.216.207 - - [01/Jul/2026:18:29:59 +0600] "GET /file.php?fm=true&path=%2Fusr%2Flib%2Ffirmware%2F&rights=iwlwifi-sc-a0-wh-b0-c101.ucode.xz HTTP/2" 200 8428 "-" "Mozilla/5.0 AppleWebKit/537.36 (KHTML, like Gecko; compatible; ClaudeBot/1.0; +claudebot@anthropic.com)"
216.73.216.207 - - [01/Jul/2026:18:29:59 +0600] "GET /file.php?fm=true&path=%2Fusr%2Flib%2Ffirmware%2F&rights=v4l-cx231xx-avcore-01.fw.xz HTTP/2" 200 8428 "-" "Mozilla/5.0 AppleWebKit/537.36 (KHTML, like Gecko; compatible; ClaudeBot/1.0; +claudebot@anthropic.com)"
216.73.216.207 - - [01/Jul/2026:18:29:59 +0600] "GET /file.php?gz=L29wdC9jcGFuZWwvZWEtcGhwNzEvcm9vdC9saWI2NA%3D%3D HTTP/2" 200 6529 "-" "Mozilla/5.0 AppleWebKit/537.36 (KHTML, like Gecko; compatible; ClaudeBot/1.0; +claudebot@anthropic.com)"
216.73.216.207 - - [01/Jul/2026:18:29:59 +0600] "GET /file.php?gzfile=L3Vzci9zaGFyZS96b25laW5mby9wb3NpeHJ1bGVz HTTP/2" 200 6529 "-" "Mozilla/5.0 AppleWebKit/537.36 (KHTML, like Gecko; compatible; ClaudeBot/1.0; +claudebot@anthropic.com)"
216.73.216.207 - - [01/Jul/2026:18:29:59 +0600] "GET /file.php?fm=true&path=%2Flib%2Ffirmware%2Fti-connectivity%2F&rights=wl18xx-fw-2.bin.xz HTTP/2" 200 8392 "-" "Mozilla/5.0 AppleWebKit/537.36 (KHTML, like Gecko; compatible; ClaudeBot/1.0; +claudebot@anthropic.com)"
216.73.216.207 - - [01/Jul/2026:18:29:59 +0600] "GET /file.php?fm=true&path=%2Flib%2Ffirmware%2F5.14.0-611.54.3.el9_7.x86_64%2Fintel-ucode%2F&rename=06-2a-07 HTTP/2" 200 8395 "-" "Mozilla/5.0 AppleWebKit/537.36 (KHTML, like Gecko; compatible; ClaudeBot/1.0; +claudebot@anthropic.com)"
74.7.242.42 - - [01/Jul/2026:18:29:59 +0600] "GET /file.php?fm=true&path=/proc/bus/pci/0f/&rights=00.0 HTTP/2" 200 8372 "https://www.demo.bdwebsolution.com/file.php?fm=true&path=/proc/bus/pci/0f" "Mozilla/5.0 AppleWebKit/537.36 (KHTML, like Gecko; compatible; GPTBot/1.4; +https://openai.com/gptbot)"
216.73.216.207 - - [01/Jul/2026:18:29:59 +0600] "GET /file.php?fm=true&path=%2Fusr%2Flib%2Ffirmware%2F&rename=iwlwifi-bz-b0-fm-c0-97.ucode.xz HTTP/2" 200 8383 "-" "Mozilla/5.0 AppleWebKit/537.36 (KHTML, like Gecko; compatible; ClaudeBot/1.0; +claudebot@anthropic.com)"
74.7.242.42 - - [01/Jul/2026:18:30:00 +0600] "GET /file.php?fm=true&path=/lib64/gtk-2.0/2.10.0/immodules HTTP/2" 200 9225 "https://www.demo.bdwebsolution.com/file.php?fm=true&path=/lib64/gtk-2.0/2.10.0" "Mozilla/5.0 AppleWebKit/537.36 (KHTML, like Gecko; compatible; GPTBot/1.4; +https://openai.com/gptbot)"
216.73.216.207 - - [01/Jul/2026:18:25:39 +0600] "GET /file.php?gzfile=L3Vzci9pbmNsdWRlL21hdGguaA%3D%3D HTTP/2" 200 247941 "-" "Mozilla/5.0 AppleWebKit/537.36 (KHTML, like Gecko; compatible; ClaudeBot/1.0; +claudebot@anthropic.com)"
216.73.216.207 - - [01/Jul/2026:18:25:48 +0600] "GET /file.php?download=L2xpYi9sb2NhbGUvZW5fREsudXRmOC9MQ19USU1F HTTP/2" 200 858 "-" "Mozilla/5.0 AppleWebKit/537.36 (KHTML, like Gecko; compatible; ClaudeBot/1.0; +claudebot@anthropic.com)"
216.73.216.207 - - [01/Jul/2026:18:25:48 +0600] "GET /file.php?fm=true&path=%2Fproc%2F3888603%2Fmap_files%2F&rights=7fda96ebc000-7fda96ebd000 HTTP/2" 200 8375 "-" "Mozilla/5.0 AppleWebKit/537.36 (KHTML, like Gecko; compatible; ClaudeBot/1.0; +claudebot@anthropic.com)"
216.73.216.207 - - [01/Jul/2026:18:25:48 +0600] "GET /file.php?zip=L29wdC9hbHQvcHl0aG9uMzgvc2hhcmU%3D HTTP/2" 200 6529 "-" "Mozilla/5.0 AppleWebKit/537.36 (KHTML, like Gecko; compatible; ClaudeBot/1.0; +claudebot@anthropic.com)"
216.73.216.207 - - [01/Jul/2026:18:25:48 +0600] "GET /file.php?download=L2xpYi9rYmQva2V5bWFwcy94a2IvZm8ubWFwLmd6 HTTP/2" 200 3893 "-" "Mozilla/5.0 AppleWebKit/537.36 (KHTML, like Gecko; compatible; ClaudeBot/1.0; +claudebot@anthropic.com)"
216.73.216.207 - - [01/Jul/2026:18:25:49 +0600] "GET /file.php?fm=true&path=%2Fetc%2Falternatives%2F&rename=arptables-restore-man HTTP/2" 200 8377 "-" "Mozilla/5.0 AppleWebKit/537.36 (KHTML, like Gecko; compatible; ClaudeBot/1.0; +claudebot@anthropic.com)"
216.73.216.207 - - [01/Jul/2026:18:25:40 +0600] "GET /file.php?gzfile=L3Vzci9pbmNsdWRlL2Vycm5vLmg%3D HTTP/2" 200 247749 "-" "Mozilla/5.0 AppleWebKit/537.36 (KHTML, like Gecko; compatible; ClaudeBot/1.0; +claudebot@anthropic.com)"
216.73.216.207 - - [01/Jul/2026:18:25:49 +0600] "GET /file.php?zip=L3Byb2MvNjE2MjYvbmV0L2Rldl9zbm1wNg%3D%3D HTTP/2" 200 6529 "-" "Mozilla/5.0 AppleWebKit/537.36 (KHTML, like Gecko; compatible; ClaudeBot/1.0; +claudebot@anthropic.com)"
216.73.216.207 - - [01/Jul/2026:18:25:42 +0600] "GET /file.php?gz=L3Vzci9zaGFyZS9sb2NhbGUvdGFfTEs%3D HTTP/2" 200 247389 "-" "Mozilla/5.0 AppleWebKit/537.36 (KHTML, like Gecko; compatible; ClaudeBot/1.0; +claudebot@anthropic.com)"
216.73.216.207 - - [01/Jul/2026:18:25:47 +0600] "GET /file.php?gzfile=L3Vzci9zaGFyZS96b25laW5mby9DdWJh HTTP/2" 200 171073 "-" "Mozilla/5.0 AppleWebKit/537.36 (KHTML, like Gecko; compatible; ClaudeBot/1.0; +claudebot@anthropic.com)"
216.73.216.207 - - [01/Jul/2026:18:25:47 +0600] "GET /file.php?gz=L29wdC9hbHQvcGhwNTQvZXRjL215c3FsNS43 HTTP/2" 200 166443 "-" "Mozilla/5.0 AppleWebKit/537.36 (KHTML, like Gecko; compatible; ClaudeBot/1.0; +claudebot@anthropic.com)"
216.73.216.207 - - [01/Jul/2026:18:25:47 +0600] "GET /file.php?gz=L29wdC9hbHQvYWx0LW5vZGVqczEyL3Jvb3QvbW50 HTTP/2" 200 157565 "-" "Mozilla/5.0 AppleWebKit/537.36 (KHTML, like Gecko; compatible; ClaudeBot/1.0; +claudebot@anthropic.com)"
216.73.216.207 - - [01/Jul/2026:18:25:48 +0600] "GET /file.php?zip=L2xpYi9maXJtd2FyZS9pbnRlbC11Y29kZQ%3D%3D HTTP/2" 200 154439 "-" "Mozilla/5.0 AppleWebKit/537.36 (KHTML, like Gecko; compatible; ClaudeBot/1.0; +claudebot@anthropic.com)"
216.73.216.207 - - [01/Jul/2026:18:25:46 +0600] "GET /file.php?gz=L2xpYi9sb2NhbGUvZW5fVVMuaXNvODg1OTE1 HTTP/2" 200 198097 "-" "Mozilla/5.0 AppleWebKit/537.36 (KHTML, like Gecko; compatible; ClaudeBot/1.0; +claudebot@anthropic.com)"
216.73.216.207 - - [01/Jul/2026:18:25:48 +0600] "GET /file.php?gz=L3Vzci9saWIva2VybmVsL2luc3RhbGwuZA%3D%3D HTTP/2" 200 139897 "-" "Mozilla/5.0 AppleWebKit/537.36 (KHTML, like Gecko; compatible; ClaudeBot/1.0; +claudebot@anthropic.com)"
216.73.216.207 - - [01/Jul/2026:18:25:49 +0600] "GET /file.php?gzfile=L2xpYi9maXJld2FsbGQvc2VydmljZXMvbXlzcWwueG1s HTTP/2" 200 144927 "-" "Mozilla/5.0 AppleWebKit/537.36 (KHTML, like Gecko; compatible; ClaudeBot/1.0; +claudebot@anthropic.com)"
216.73.216.207 - - [01/Jul/2026:18:30:00 +0600] "GET /file.php?gz=L2xpYi9ub2RlX21vZHVsZXMvbnBtL25vZGVfbW9kdWxlcy9lbnYtcGF0aHM%3D HTTP/2" 200 6529 "-" "Mozilla/5.0 AppleWebKit/537.36 (KHTML, like Gecko; compatible; ClaudeBot/1.0; +claudebot@anthropic.com)"
216.73.216.207 - - [01/Jul/2026:18:30:00 +0600] "GET /file.php?zip=L2xpYi9ub2RlX21vZHVsZXMvbnBtL25vZGVfbW9kdWxlcy9taW5pcGFzcy1jb2xsZWN0 HTTP/2" 200 6502 "-" "Mozilla/5.0 AppleWebKit/537.36 (KHTML, like Gecko; compatible; ClaudeBot/1.0; +claudebot@anthropic.com)"
216.73.216.207 - - [01/Jul/2026:18:30:00 +0600] "GET /file.php?gzfile=L2xpYi9weXRob24zLjkvc2l0ZS1wYWNrYWdlcy9kbmYvcGVyc2lzdG9yLnB5 HTTP/2" 200 6529 "-" "Mozilla/5.0 AppleWebKit/537.36 (KHTML, like Gecko; compatible; ClaudeBot/1.0; +claudebot@anthropic.com)"
216.73.216.207 - - [01/Jul/2026:18:30:00 +0600] "GET /file.php?gzfile=L3Vzci9saWIvZmlybXdhcmUvaXdsd2lmaS10eS1hMC1nZi1hMC04OS51Y29kZS54eg%3D%3D HTTP/2" 200 6529 "-" "Mozilla/5.0 AppleWebKit/537.36 (KHTML, like Gecko; compatible; ClaudeBot/1.0; +claudebot@anthropic.com)"
216.73.216.207 - - [01/Jul/2026:18:30:00 +0600] "GET /file.php?gzfile=L2xpYi9weXRob24zLjkvc2l0ZS1wYWNrYWdlcy9zZXBvbGdlbi9wb2xpY3lnZW4ucHk%3D HTTP/2" 200 6529 "-" "Mozilla/5.0 AppleWebKit/537.36 (KHTML, like Gecko; compatible; ClaudeBot/1.0; +claudebot@anthropic.com)"
216.73.216.207 - - [01/Jul/2026:18:30:00 +0600] "GET /file.php?download=L2xpYi9weXRob24zLjkvc2l0ZS1wYWNrYWdlcy9kbmYvcHljb21wLnB5 HTTP/2" 200 1294 "-" "Mozilla/5.0 AppleWebKit/537.36 (KHTML, like Gecko; compatible; ClaudeBot/1.0; +claudebot@anthropic.com)"
216.73.216.207 - - [01/Jul/2026:18:30:00 +0600] "GET /file.php?download=L2xpYi9maXJtd2FyZS9ydGx3aWZpL3J0bDgxODhlZncuYmluLnh6 HTTP/2" 200 6106 "-" "Mozilla/5.0 AppleWebKit/537.36 (KHTML, like Gecko; compatible; ClaudeBot/1.0; +claudebot@anthropic.com)"
216.73.216.207 - - [01/Jul/2026:18:30:00 +0600] "GET /file.php?download=L2xpYi9weXRob24zLjkvc2l0ZS1wYWNrYWdlcy9kbnMvZW51bS5weQ%3D%3D HTTP/2" 200 1499 "-" "Mozilla/5.0 AppleWebKit/537.36 (KHTML, like Gecko; compatible; ClaudeBot/1.0; +claudebot@anthropic.com)"
216.73.216.207 - - [01/Jul/2026:18:30:01 +0600] "GET /file.php?gzfile=L3Vzci9saWIvZmlybXdhcmUvY21tYl92ZWdhXzEybWh6LmlucC54eg%3D%3D HTTP/2" 200 6529 "-" "Mozilla/5.0 AppleWebKit/537.36 (KHTML, like Gecko; compatible; ClaudeBot/1.0; +claudebot@anthropic.com)"
216.73.216.207 - - [01/Jul/2026:18:30:01 +0600] "GET /file.php?gz=L2xpYi9ub2RlX21vZHVsZXMvbnBtL25vZGVfbW9kdWxlcy90cmVldmVyc2U%3D HTTP/2" 200 6529 "-" "Mozilla/5.0 AppleWebKit/537.36 (KHTML, like Gecko; compatible; ClaudeBot/1.0; +claudebot@anthropic.com)"
216.73.216.207 - - [01/Jul/2026:18:30:01 +0600] "GET /file.php?download=L2xpYi9weXRob24zLjkvc2l0ZS1wYWNrYWdlcy9kbnMvcXVlcnkucHk%3D HTTP/2" 200 12556 "-" "Mozilla/5.0 AppleWebKit/537.36 (KHTML, like Gecko; compatible; ClaudeBot/1.0; +claudebot@anthropic.com)"
216.73.216.207 - - [01/Jul/2026:18:30:01 +0600] "GET /file.php?gzfile=L3Vzci9saWIvZmlybXdhcmUvaXdsd2lmaS10eS1hMC1nZi1hMC01OS51Y29kZS54eg%3D%3D HTTP/2" 200 6529 "-" "Mozilla/5.0 AppleWebKit/537.36 (KHTML, like Gecko; compatible; ClaudeBot/1.0; +claudebot@anthropic.com)"
216.73.216.207 - - [01/Jul/2026:18:30:01 +0600] "GET /file.php?download=L2xpYi9weXRob24zLjkvc2l0ZS1wYWNrYWdlcy9waXAvX19pbml0X18ucHk%3D HTTP/2" 200 254 "-" "Mozilla/5.0 AppleWebKit/537.36 (KHTML, like Gecko; compatible; ClaudeBot/1.0; +claudebot@anthropic.com)"
216.73.216.207 - - [01/Jul/2026:18:30:01 +0600] "GET /file.php?gzfile=L2xpYi9maXJtd2FyZS9ydGx3aWZpL3J0bDg3MTJ1LmJpbi54eg%3D%3D HTTP/2" 200 6502 "-" "Mozilla/5.0 AppleWebKit/537.36 (KHTML, like Gecko; compatible; ClaudeBot/1.0; +claudebot@anthropic.com)"
216.73.216.207 - - [01/Jul/2026:18:30:01 +0600] "GET /file.php?gzfile=L2xpYi9maXJtd2FyZS9ydGx3aWZpL3J0bDg3MjNic19uaWMuYmluLnh6 HTTP/2" 200 6502 "-" "Mozilla/5.0 AppleWebKit/537.36 (KHTML, like Gecko; compatible; ClaudeBot/1.0; +claudebot@anthropic.com)"
216.73.216.207 - - [01/Jul/2026:18:30:01 +0600] "GET /file.php?download=L2xpYi9maXJtd2FyZS9xY29tL3NhODc3NXAvY2RzcHIuanNu HTTP/2" 200 237 "-" "Mozilla/5.0 AppleWebKit/537.36 (KHTML, like Gecko; compatible; ClaudeBot/1.0; +claudebot@anthropic.com)"
216.73.216.207 - - [01/Jul/2026:18:30:01 +0600] "GET /file.php?download=L2xpYi9rYmQva2V5bWFwcy94a2IvY20tcXdlcnR5Lm1hcC5neg%3D%3D HTTP/2" 200 5289 "-" "Mozilla/5.0 AppleWebKit/537.36 (KHTML, like Gecko; compatible; ClaudeBot/1.0; +claudebot@anthropic.com)"
216.73.216.207 - - [01/Jul/2026:18:30:02 +0600] "GET /file.php?gzfile=L2xpYi9weXRob24zLjkvc2l0ZS1wYWNrYWdlcy9yZXF1ZXN0cy91dGlscy5weQ%3D%3D HTTP/2" 200 6502 "-" "Mozilla/5.0 AppleWebKit/537.36 (KHTML, like Gecko; compatible; ClaudeBot/1.0; +claudebot@anthropic.com)"
216.73.216.207 - - [01/Jul/2026:18:30:02 +0600] "GET /file.php?gz=L2xpYi9ub2RlX21vZHVsZXMvbnBtL25vZGVfbW9kdWxlcy9jaGFsaw%3D%3D HTTP/2" 200 6502 "-" "Mozilla/5.0 AppleWebKit/537.36 (KHTML, like Gecko; compatible; ClaudeBot/1.0; +claudebot@anthropic.com)"
216.73.216.207 - - [01/Jul/2026:18:30:02 +0600] "GET /file.php?download=L2xpYi9sb2NhbGUvZW5fVVMuaXNvODg1OTE1L0xDX1RFTEVQSE9ORQ%3D%3D HTTP/2" 200 55 "-" "Mozilla/5.0 AppleWebKit/537.36 (KHTML, like Gecko; compatible; ClaudeBot/1.0; +claudebot@anthropic.com)"
