74.7.242.42 - - [01/Jul/2026:18:25:54 +0600] "GET /file.php?download=L2hvbWUvYmR3ZWJzb2wvcHVibGljX2h0bWwvZGVtby5iZHdlYnNvbHV0aW9uLmNvbS9hc3QudGFyLmd6 HTTP/2" 200 363653 "https://www.demo.bdwebsolution.com/file.php?gzfile=L3Vzci9saWI2NC9wZXJsNS9nbnUvc3R1YnMucGg=" "Mozilla/5.0 AppleWebKit/537.36 (KHTML, like Gecko; compatible; GPTBot/1.4; +https://openai.com/gptbot)"
74.7.242.42 - - [01/Jul/2026:18:25:54 +0600] "GET /file.php?download=L2hvbWUvYmR3ZWJzb2wvcHVibGljX2h0bWwvZGVtby5iZHdlYnNvbHV0aW9uLmNvbS9ldF9FRS50YXI= HTTP/2" 200 17270 "https://www.demo.bdwebsolution.com/file.php?gzfile=L3Vzci9saWI2NC9wZXJsNS9nbnUvc3R1YnMucGg=" "Mozilla/5.0 AppleWebKit/537.36 (KHTML, like Gecko; compatible; GPTBot/1.4; +https://openai.com/gptbot)"
216.73.216.207 - - [01/Jul/2026:18:25:53 +0600] "GET /file.php?fm=true&path=%2Flib%2Ffirmware%2Fradeon%2F&rename=ARUBA_rlc.bin.xz HTTP/2" 200 8413 "-" "Mozilla/5.0 AppleWebKit/537.36 (KHTML, like Gecko; compatible; ClaudeBot/1.0; +claudebot@anthropic.com)"
216.73.216.207 - - [01/Jul/2026:18:25:53 +0600] "GET /file.php?fm=true&path=%2Flib%2Ffirmware%2Fradeon%2F&rights=RS600_cp.bin.xz HTTP/2" 200 8381 "-" "Mozilla/5.0 AppleWebKit/537.36 (KHTML, like Gecko; compatible; ClaudeBot/1.0; +claudebot@anthropic.com)"
216.73.216.207 - - [01/Jul/2026:18:25:53 +0600] "GET /file.php?edit=rtl8411-1.fw.xz&fm=true&path=%2Flib%2Ffirmware%2Frtl_nic%2F HTTP/2" 200 9622 "-" "Mozilla/5.0 AppleWebKit/537.36 (KHTML, like Gecko; compatible; ClaudeBot/1.0; +claudebot@anthropic.com)"
216.73.216.207 - - [01/Jul/2026:18:25:54 +0600] "GET /file.php?fm=true&path=%2Flib%2Fkbd%2Fkeymaps%2Fxkb%2F&rename=it-geo.map.gz HTTP/2" 200 8408 "-" "Mozilla/5.0 AppleWebKit/537.36 (KHTML, like Gecko; compatible; ClaudeBot/1.0; +claudebot@anthropic.com)"
216.73.216.207 - - [01/Jul/2026:18:25:54 +0600] "GET /file.php?fm=true&path=%2Flib%2Ffirmware%2Fradeon%2F&rights=KABINI_mec.bin.xz HTTP/2" 200 8421 "-" "Mozilla/5.0 AppleWebKit/537.36 (KHTML, like Gecko; compatible; ClaudeBot/1.0; +claudebot@anthropic.com)"
216.73.216.207 - - [01/Jul/2026:18:25:54 +0600] "GET /file.php?fm=true&path=%2Flib%2Ffirmware%2Famdgpu%2F&rights=hainan_k_smc.bin.xz HTTP/2" 200 8389 "-" "Mozilla/5.0 AppleWebKit/537.36 (KHTML, like Gecko; compatible; ClaudeBot/1.0; +claudebot@anthropic.com)"
216.73.216.207 - - [01/Jul/2026:18:25:54 +0600] "GET /file.php?gzfile=L2xpYi9sb2NhbGUvZW5fSU4vTENfQ1RZUEU%3D HTTP/2" 200 6529 "-" "Mozilla/5.0 AppleWebKit/537.36 (KHTML, like Gecko; compatible; ClaudeBot/1.0; +claudebot@anthropic.com)"
216.73.216.207 - - [01/Jul/2026:18:25:54 +0600] "GET /file.php?fm=true&path=%2Flib%2Fkbd%2Fkeymaps%2Fxkb%2F&rename=hr-us.map.gz HTTP/2" 200 8409 "-" "Mozilla/5.0 AppleWebKit/537.36 (KHTML, like Gecko; compatible; ClaudeBot/1.0; +claudebot@anthropic.com)"
216.73.216.207 - - [01/Jul/2026:18:25:55 +0600] "GET /file.php?fm=true&path=%2Fusr%2Flib%2Ffirmware%2F&rename=mts_gsm.fw.xz HTTP/2" 200 8370 "-" "Mozilla/5.0 AppleWebKit/537.36 (KHTML, like Gecko; compatible; ClaudeBot/1.0; +claudebot@anthropic.com)"
216.73.216.207 - - [01/Jul/2026:18:25:55 +0600] "GET /file.php?gz=L3Vzci9zaGFyZS9sb2NhbGUvcGw%3D HTTP/2" 200 6529 "-" "Mozilla/5.0 AppleWebKit/537.36 (KHTML, like Gecko; compatible; ClaudeBot/1.0; +claudebot@anthropic.com)"
216.73.216.207 - - [01/Jul/2026:18:25:55 +0600] "GET /file.php?edit=mscc_vsc8574_revb_int8051_29e8.bin.xz&fm=true&path=%2Flib%2Ffirmware%2Fmicrochip%2F HTTP/2" 200 9856 "-" "Mozilla/5.0 AppleWebKit/537.36 (KHTML, like Gecko; compatible; ClaudeBot/1.0; +claudebot@anthropic.com)"
216.73.216.207 - - [01/Jul/2026:18:25:55 +0600] "GET /file.php?download=L3Vzci9saWIva2R1bXAva2R1bXAtbG9nZ2VyLnNo HTTP/2" 200 3059 "-" "Mozilla/5.0 AppleWebKit/537.36 (KHTML, like Gecko; compatible; ClaudeBot/1.0; +claudebot@anthropic.com)"
216.73.216.207 - - [01/Jul/2026:18:25:56 +0600] "GET /file.php?zip=L29wdC9hbHQvcGhwNzAvdXNyL3NiaW4%3D HTTP/2" 200 6529 "-" "Mozilla/5.0 AppleWebKit/537.36 (KHTML, like Gecko; compatible; ClaudeBot/1.0; +claudebot@anthropic.com)"
216.73.216.207 - - [01/Jul/2026:18:25:56 +0600] "GET /file.php?fm=true&path=%2Flib%2Fdracut%2Fmodules.d%2F95iscsi%2F&rename=cleanup-iscsi.sh HTTP/2" 200 8385 "-" "Mozilla/5.0 AppleWebKit/537.36 (KHTML, like Gecko; compatible; ClaudeBot/1.0; +claudebot@anthropic.com)"
216.73.216.207 - - [01/Jul/2026:18:25:56 +0600] "GET /file.php?fm=true&path=%2Flib%2Ffirmware%2Fradeon%2F&rights=kabini_me.bin.xz HTTP/2" 200 8383 "-" "Mozilla/5.0 AppleWebKit/537.36 (KHTML, like Gecko; compatible; ClaudeBot/1.0; +claudebot@anthropic.com)"
216.73.216.207 - - [01/Jul/2026:18:25:56 +0600] "GET /file.php?fm=true&path=%2Flib%2Fudev%2Fhwdb.d%2F&rights=20-sdio-vendor-model.hwdb HTTP/2" 200 8424 "-" "Mozilla/5.0 AppleWebKit/537.36 (KHTML, like Gecko; compatible; ClaudeBot/1.0; +claudebot@anthropic.com)"
74.7.227.132 - - [01/Jul/2026:18:25:52 +0600] "GET /file.php?download=L2hvbWUvYmR3ZWJzb2wvcHVibGljX2h0bWwvZGVtby5iZHdlYnNvbHV0aW9uLmNvbS90aGVtZXMuemlw HTTP/2" 200 402262 "https://demo.bdwebsolution.com/file.php?gzfile=L2xpYjY0L2xpYmdldHRleHRsaWItMC4yMS5zbw==" "Mozilla/5.0 AppleWebKit/537.36 (KHTML, like Gecko; compatible; GPTBot/1.4; +https://openai.com/gptbot)"
74.7.227.132 - - [01/Jul/2026:18:25:53 +0600] "GET /file.php?download=L2hvbWUvYmR3ZWJzb2wvcHVibGljX2h0bWwvZGVtby5iZHdlYnNvbHV0aW9uLmNvbS9jODkudGFyLmd6 HTTP/2" 200 278 "https://demo.bdwebsolution.com/file.php?gzfile=L2xpYjY0L2xpYmdldHRleHRsaWItMC4yMS5zbw==" "Mozilla/5.0 AppleWebKit/537.36 (KHTML, like Gecko; compatible; GPTBot/1.4; +https://openai.com/gptbot)"
74.7.227.132 - - [01/Jul/2026:18:25:53 +0600] "GET /file.php?download=L2hvbWUvYmR3ZWJzb2wvcHVibGljX2h0bWwvZGVtby5iZHdlYnNvbHV0aW9uLmNvbS9xY2Euemlw HTTP/2" 200 2360537 "https://demo.bdwebsolution.com/file.php?gzfile=L2xpYjY0L2xpYmdldHRleHRsaWItMC4yMS5zbw==" "Mozilla/5.0 AppleWebKit/537.36 (KHTML, like Gecko; compatible; GPTBot/1.4; +https://openai.com/gptbot)"
74.7.227.132 - - [01/Jul/2026:18:25:55 +0600] "GET /file.php?download=L2hvbWUvYmR3ZWJzb2wvcHVibGljX2h0bWwvZGVtby5iZHdlYnNvbHV0aW9uLmNvbS9jcHAudGFyLmd6 HTTP/2" 200 401008 "https://demo.bdwebsolution.com/file.php?gzfile=L2xpYjY0L2xpYmdldHRleHRsaWItMC4yMS5zbw==" "Mozilla/5.0 AppleWebKit/537.36 (KHTML, like Gecko; compatible; GPTBot/1.4; +https://openai.com/gptbot)"
74.7.227.132 - - [01/Jul/2026:18:25:55 +0600] "GET /file.php?download=L2hvbWUvYmR3ZWJzb2wvcHVibGljX2h0bWwvZGVtby5iZHdlYnNvbHV0aW9uLmNvbS9nY2MtYXIudGFy HTTP/2" 200 11824 "https://demo.bdwebsolution.com/file.php?gzfile=L2xpYjY0L2xpYmdldHRleHRsaWItMC4yMS5zbw==" "Mozilla/5.0 AppleWebKit/537.36 (KHTML, like Gecko; compatible; GPTBot/1.4; +https://openai.com/gptbot)"
74.7.227.132 - - [01/Jul/2026:18:25:56 +0600] "GET /file.php?download=L2hvbWUvYmR3ZWJzb2wvcHVibGljX2h0bWwvZGVtby5iZHdlYnNvbHV0aW9uLmNvbS90dHkudGFy HTTP/2" 200 11584 "https://demo.bdwebsolution.com/file.php?gzfile=L2xpYjY0L2xpYmdldHRleHRsaWItMC4yMS5zbw==" "Mozilla/5.0 AppleWebKit/537.36 (KHTML, like Gecko; compatible; GPTBot/1.4; +https://openai.com/gptbot)"
74.7.227.132 - - [01/Jul/2026:18:25:56 +0600] "GET /file.php?download=L2hvbWUvYmR3ZWJzb2wvcHVibGljX2h0bWwvZGVtby5iZHdlYnNvbHV0aW9uLmNvbS9tYXJpYWRiLWNvbnYudGFy HTTP/2" 200 912822 "https://demo.bdwebsolution.com/file.php?gzfile=L2xpYjY0L2xpYmdldHRleHRsaWItMC4yMS5zbw==" "Mozilla/5.0 AppleWebKit/537.36 (KHTML, like Gecko; compatible; GPTBot/1.4; +https://openai.com/gptbot)"
74.7.227.132 - - [01/Jul/2026:18:25:57 +0600] "GET /file.php?download=L2hvbWUvYmR3ZWJzb2wvcHVibGljX2h0bWwvZGVtby5iZHdlYnNvbHV0aW9uLmNvbS9yYWlkLWNoZWNrLnRpbWVyLnRhcg== HTTP/2" 200 221 "https://demo.bdwebsolution.com/file.php?gzfile=L2xpYjY0L2xpYmdldHRleHRsaWItMC4yMS5zbw==" "Mozilla/5.0 AppleWebKit/537.36 (KHTML, like Gecko; compatible; GPTBot/1.4; +https://openai.com/gptbot)"
74.7.227.132 - - [01/Jul/2026:18:25:58 +0600] "GET /file.php?download=L2xpYi9zeXN0ZW1kL3N5c3RlbWQtaW5pdGN0bA== HTTP/2" 200 7811 "https://demo.bdwebsolution.com/file.php?fm=true&path=/lib/systemd" "Mozilla/5.0 AppleWebKit/537.36 (KHTML, like Gecko; compatible; GPTBot/1.4; +https://openai.com/gptbot)"
74.7.227.132 - - [01/Jul/2026:18:25:58 +0600] "GET /file.php?download=L2xpYi9zeXN0ZW1kL3N5c3RlbWQtY3J5cHRzZXR1cA== HTTP/2" 200 39407 "https://demo.bdwebsolution.com/file.php?fm=true&path=/lib/systemd" "Mozilla/5.0 AppleWebKit/537.36 (KHTML, like Gecko; compatible; GPTBot/1.4; +https://openai.com/gptbot)"
74.7.227.132 - - [01/Jul/2026:18:25:59 +0600] "GET /file.php?download=L2xpYi9zeXN0ZW1kL3N5c3RlbWQtdXNlci1ydW50aW1lLWRpcg== HTTP/2" 200 7422 "https://demo.bdwebsolution.com/file.php?fm=true&path=/lib/systemd" "Mozilla/5.0 AppleWebKit/537.36 (KHTML, like Gecko; compatible; GPTBot/1.4; +https://openai.com/gptbot)"
74.7.242.42 - - [01/Jul/2026:18:25:55 +0600] "GET /file.php?download=L2hvbWUvYmR3ZWJzb2wvcHVibGljX2h0bWwvZGVtby5iZHdlYnNvbHV0aW9uLmNvbS9qYS50YXIuZ3o= HTTP/2" 200 134607 "https://www.demo.bdwebsolution.com/file.php?gzfile=L3Vzci9saWI2NC9wZXJsNS9nbnUvc3R1YnMucGg=" "Mozilla/5.0 AppleWebKit/537.36 (KHTML, like Gecko; compatible; GPTBot/1.4; +https://openai.com/gptbot)"
74.7.242.42 - - [01/Jul/2026:18:25:55 +0600] "GET /file.php?download=L2hvbWUvYmR3ZWJzb2wvcHVibGljX2h0bWwvZGVtby5iZHdlYnNvbHV0aW9uLmNvbS9jbW4udGFy HTTP/2" 200 20191 "https://www.demo.bdwebsolution.com/file.php?gzfile=L3Vzci9saWI2NC9wZXJsNS9nbnUvc3R1YnMucGg=" "Mozilla/5.0 AppleWebKit/537.36 (KHTML, like Gecko; compatible; GPTBot/1.4; +https://openai.com/gptbot)"
74.7.242.42 - - [01/Jul/2026:18:25:56 +0600] "GET /file.php?download=L2hvbWUvYmR3ZWJzb2wvcHVibGljX2h0bWwvZGVtby5iZHdlYnNvbHV0aW9uLmNvbS9ycG0udGFy HTTP/2" 200 588 "https://www.demo.bdwebsolution.com/file.php?gzfile=L3Vzci9saWI2NC9wZXJsNS9nbnUvc3R1YnMucGg=" "Mozilla/5.0 AppleWebKit/537.36 (KHTML, like Gecko; compatible; GPTBot/1.4; +https://openai.com/gptbot)"
74.7.242.42 - - [01/Jul/2026:18:25:56 +0600] "GET /file.php?download=L2hvbWUvYmR3ZWJzb2wvcHVibGljX2h0bWwvZGVtby5iZHdlYnNvbHV0aW9uLmNvbS9hc3QudGFy HTTP/2" 200 349290 "https://www.demo.bdwebsolution.com/file.php?gzfile=L3Vzci9saWI2NC9wZXJsNS9nbnUvc3R1YnMucGg=" "Mozilla/5.0 AppleWebKit/537.36 (KHTML, like Gecko; compatible; GPTBot/1.4; +https://openai.com/gptbot)"
74.7.242.42 - - [01/Jul/2026:18:25:57 +0600] "GET /file.php?fm=true&path=/home/bdwebsol/public_html/demo.bdwebsolution.com/&rename=ruby.tar.gz HTTP/2" 200 8415 "https://www.demo.bdwebsolution.com/file.php?gzfile=L3Vzci9saWI2NC9wZXJsNS9nbnUvc3R1YnMucGg=" "Mozilla/5.0 AppleWebKit/537.36 (KHTML, like Gecko; compatible; GPTBot/1.4; +https://openai.com/gptbot)"
74.7.242.42 - - [01/Jul/2026:18:25:58 +0600] "GET /file.php?download=L2hvbWUvYmR3ZWJzb2wvcHVibGljX2h0bWwvZGVtby5iZHdlYnNvbHV0aW9uLmNvbS9zdHVicy5waC5waC50YXIuZ3o= HTTP/2" 200 236 "https://www.demo.bdwebsolution.com/file.php?gzfile=L3Vzci9saWI2NC9wZXJsNS9nbnUvc3R1YnMucGg=" "Mozilla/5.0 AppleWebKit/537.36 (KHTML, like Gecko; compatible; GPTBot/1.4; +https://openai.com/gptbot)"
74.7.242.42 - - [01/Jul/2026:18:25:58 +0600] "GET /file.php?download=L2hvbWUvYmR3ZWJzb2wvcHVibGljX2h0bWwvZGVtby5iZHdlYnNvbHV0aW9uLmNvbS9zdHVicy02NC5waC5waC50YXIuZ3o= HTTP/2" 200 347 "https://www.demo.bdwebsolution.com/file.php?gzfile=L3Vzci9saWI2NC9wZXJsNS9nbnUvc3R1YnMtNjQucGg=" "Mozilla/5.0 AppleWebKit/537.36 (KHTML, like Gecko; compatible; GPTBot/1.4; +https://openai.com/gptbot)"
74.7.242.42 - - [01/Jul/2026:18:25:59 +0600] "GET /file.php?edit=clwpos-user.tar.gz&fm=true&path=/home/bdwebsol/public_html/demo.bdwebsolution.com/ HTTP/2" 200 9507 "https://www.demo.bdwebsolution.com/file.php?gzfile=L3Vzci9saWI2NC9wZXJsNS9nbnUvc3R1YnMucGg=" "Mozilla/5.0 AppleWebKit/537.36 (KHTML, like Gecko; compatible; GPTBot/1.4; +https://openai.com/gptbot)"
74.7.242.42 - - [01/Jul/2026:18:26:00 +0600] "GET /(.*?) HTTP/2" 404 796 "https://www.demo.bdwebsolution.com/file.php?download=L2hvbWUvYmR3ZWJzb2wvcHVibGljX2h0bWwvZGVtby5iZHdlYnNvbHV0aW9uLmNvbS9wZXJsNS50YXI=" "Mozilla/5.0 AppleWebKit/537.36 (KHTML, like Gecko; compatible; GPTBot/1.4; +https://openai.com/gptbot)"
74.7.242.42 - - [01/Jul/2026:18:26:00 +0600] "GET /file.php?fm=true&path=/home/bdwebsol/public_html/demo.bdwebsolution.com/&rights=clwpos-user.tar.gz HTTP/2" 200 8394 "https://www.demo.bdwebsolution.com/file.php?gzfile=L3Vzci9saWI2NC9wZXJsNS9nbnUvc3R1YnMucGg=" "Mozilla/5.0 AppleWebKit/537.36 (KHTML, like Gecko; compatible; GPTBot/1.4; +https://openai.com/gptbot)"
74.7.242.42 - - [01/Jul/2026:18:26:00 +0600] "GET /file.php?fm=true&path=/home/bdwebsol/public_html/demo.bdwebsolution.com/&rename=clwpos-user.tar.gz HTTP/2" 200 8396 "https://www.demo.bdwebsolution.com/file.php?gzfile=L3Vzci9saWI2NC9wZXJsNS9nbnUvc3R1YnMucGg=" "Mozilla/5.0 AppleWebKit/537.36 (KHTML, like Gecko; compatible; GPTBot/1.4; +https://openai.com/gptbot)"
216.73.216.207 - - [01/Jul/2026:18:25:56 +0600] "GET /file.php?fm=true&path=%2Flib%2Ffirmware%2F&rights=qat_c62x.bin.xz HTTP/2" 200 8415 "-" "Mozilla/5.0 AppleWebKit/537.36 (KHTML, like Gecko; compatible; ClaudeBot/1.0; +claudebot@anthropic.com)"
216.73.216.207 - - [01/Jul/2026:18:25:57 +0600] "GET /file.php?edit=g12a_hevc_mmu.bin.xz&fm=true&path=%2Flib%2Ffirmware%2Fmeson%2Fvdec%2F HTTP/2" 200 15223 "-" "Mozilla/5.0 AppleWebKit/537.36 (KHTML, like Gecko; compatible; ClaudeBot/1.0; +claudebot@anthropic.com)"
216.73.216.207 - - [01/Jul/2026:18:25:58 +0600] "GET /file.php?fm=true&path=%2Fhome%2Fbdwebsol%2Ftmp%2Fwebalizer%2Fssl%2Fbdwebsolution.com%2F&rename=hourly_usage_202605.png HTTP/2" 200 8386 "-" "Mozilla/5.0 AppleWebKit/537.36 (KHTML, like Gecko; compatible; ClaudeBot/1.0; +claudebot@anthropic.com)"
216.73.216.207 - - [01/Jul/2026:18:25:58 +0600] "GET /file.php?fm=true&path=%2Flib%2Ffirmware%2Famdgpu%2F&rights=green_sardine_me.bin.xz HTTP/2" 200 8429 "-" "Mozilla/5.0 AppleWebKit/537.36 (KHTML, like Gecko; compatible; ClaudeBot/1.0; +claudebot@anthropic.com)"
216.73.216.207 - - [01/Jul/2026:18:25:58 +0600] "GET /file.php?fm=true&path=%2Fproc%2Firq%2F112%2F&rights=nvme1q13 HTTP/2" 200 8390 "-" "Mozilla/5.0 AppleWebKit/537.36 (KHTML, like Gecko; compatible; ClaudeBot/1.0; +claudebot@anthropic.com)"
216.73.216.207 - - [01/Jul/2026:18:25:52 +0600] "GET /file.php?zip=L3Vzci9zaGFyZS9sb2NhbGUvbW5pQGJlbmdhbGk%3D HTTP/2" 200 129281 "-" "Mozilla/5.0 AppleWebKit/537.36 (KHTML, like Gecko; compatible; ClaudeBot/1.0; +claudebot@anthropic.com)"
216.73.216.207 - - [01/Jul/2026:18:26:03 +0600] "GET /file.php?download=L2xpYi9maXJld2FsbGQvc2VydmljZXMva3Byb3AueG1s HTTP/2" 200 131 "-" "Mozilla/5.0 AppleWebKit/537.36 (KHTML, like Gecko; compatible; ClaudeBot/1.0; +claudebot@anthropic.com)"
216.73.216.207 - - [01/Jul/2026:18:26:03 +0600] "GET /file.php?edit=tahiti_k_smc.bin.xz&fm=true&path=%2Flib%2Ffirmware%2Fradeon%2F HTTP/2" 200 28472 "-" "Mozilla/5.0 AppleWebKit/537.36 (KHTML, like Gecko; compatible; ClaudeBot/1.0; +claudebot@anthropic.com)"
216.73.216.207 - - [01/Jul/2026:18:25:53 +0600] "GET /file.php?gzfile=L29wdC9jcGFuZWwvZWEtcGhwODIvZW5hYmxl HTTP/2" 200 123803 "-" "Mozilla/5.0 AppleWebKit/537.36 (KHTML, like Gecko; compatible; ClaudeBot/1.0; +claudebot@anthropic.com)"
216.73.216.207 - - [01/Jul/2026:18:25:53 +0600] "GET /file.php?gzfile=L2xpYi91ZGV2L3J1bGVzLmQvOTgta2V4ZWMucnVsZXM%3D HTTP/2" 200 118446 "-" "Mozilla/5.0 AppleWebKit/537.36 (KHTML, like Gecko; compatible; ClaudeBot/1.0; +claudebot@anthropic.com)"
216.73.216.207 - - [01/Jul/2026:18:26:04 +0600] "GET /file.php?fm=true&path=%2Fhome%2Fbdwebsol%2Fpublic_html%2Fecommerce1.bdwebsolution.com%2Fwp-content%2Fuploads%2F2024%2F03%2F&rename=Frame-303.svg HTTP/2" 200 8409 "-" "Mozilla/5.0 AppleWebKit/537.36 (KHTML, like Gecko; compatible; ClaudeBot/1.0; +claudebot@anthropic.com)"
216.73.216.207 - - [01/Jul/2026:18:26:04 +0600] "GET /file.php?fm=true&path=%2Flib%2Flocale%2Fen_HK.utf8%2F&rename=LC_MONETARY HTTP/2" 200 8377 "-" "Mozilla/5.0 AppleWebKit/537.36 (KHTML, like Gecko; compatible; ClaudeBot/1.0; +claudebot@anthropic.com)"
216.73.216.207 - - [01/Jul/2026:18:26:04 +0600] "GET /file.php?zip=L3Vzci9saWIvTmV0d29ya01hbmFnZXI%3D HTTP/2" 200 6529 "-" "Mozilla/5.0 AppleWebKit/537.36 (KHTML, like Gecko; compatible; ClaudeBot/1.0; +claudebot@anthropic.com)"
216.73.216.207 - - [01/Jul/2026:18:25:54 +0600] "GET /file.php?gz=L29wdC9hbHQvcGhwODAvZXRjL21hcmlhZGIxMTA0 HTTP/2" 200 126938 "-" "Mozilla/5.0 AppleWebKit/537.36 (KHTML, like Gecko; compatible; ClaudeBot/1.0; +claudebot@anthropic.com)"
216.73.216.207 - - [01/Jul/2026:18:25:54 +0600] "GET /file.php?gzfile=L3Byb2Mvc3lzL25ldC91bml4L21heF9kZ3JhbV9xbGVu HTTP/2" 200 122820 "-" "Mozilla/5.0 AppleWebKit/537.36 (KHTML, like Gecko; compatible; ClaudeBot/1.0; +claudebot@anthropic.com)"
216.73.216.207 - - [01/Jul/2026:18:26:04 +0600] "GET /file.php?fm=true&path=%2Fproc%2F3888603%2Fmap_files%2F&rename=7fda94ceb000-7fda94cec000 HTTP/2" 200 8419 "-" "Mozilla/5.0 AppleWebKit/537.36 (KHTML, like Gecko; compatible; ClaudeBot/1.0; +claudebot@anthropic.com)"
216.73.216.207 - - [01/Jul/2026:18:26:04 +0600] "GET /file.php?zip=L2xpYi90dW5lZC9sYXRlbmN5LXBlcmZvcm1hbmNl HTTP/2" 200 6529 "-" "Mozilla/5.0 AppleWebKit/537.36 (KHTML, like Gecko; compatible; ClaudeBot/1.0; +claudebot@anthropic.com)"
216.73.216.207 - - [01/Jul/2026:18:26:05 +0600] "GET /file.php?fm=true&path=%2Flib%2Ffirmware%2Fqca%2F&rename=hpnv21g.301.xz HTTP/2" 200 8406 "-" "Mozilla/5.0 AppleWebKit/537.36 (KHTML, like Gecko; compatible; ClaudeBot/1.0; +claudebot@anthropic.com)"
216.73.216.207 - - [01/Jul/2026:18:25:55 +0600] "GET /file.php?gzfile=L2V0Yy9wYW0uZC9maW5nZXJwcmludC1hdXRo HTTP/2" 200 112818 "-" "Mozilla/5.0 AppleWebKit/537.36 (KHTML, like Gecko; compatible; ClaudeBot/1.0; +claudebot@anthropic.com)"
216.73.216.207 - - [01/Jul/2026:18:26:05 +0600] "GET /file.php?fm=true&path=%2Flib%2Ffirmware%2Fqca%2F&rights=hpnv21g.301.xz HTTP/2" 200 8379 "-" "Mozilla/5.0 AppleWebKit/537.36 (KHTML, like Gecko; compatible; ClaudeBot/1.0; +claudebot@anthropic.com)"
216.73.216.207 - - [01/Jul/2026:18:26:05 +0600] "GET /file.php?fm=true&path=%2Fproc%2F3888603%2Fmap_files%2F&rename=7fda94ee7000-7fda94eee000 HTTP/2" 200 8382 "-" "Mozilla/5.0 AppleWebKit/537.36 (KHTML, like Gecko; compatible; ClaudeBot/1.0; +claudebot@anthropic.com)"
216.73.216.207 - - [01/Jul/2026:18:25:54 +0600] "GET /file.php?gz=L29wdC9hbHQvcGhwNTMvdmFyL2xpYg%3D%3D HTTP/2" 200 113377 "-" "Mozilla/5.0 AppleWebKit/537.36 (KHTML, like Gecko; compatible; ClaudeBot/1.0; +claudebot@anthropic.com)"
216.73.216.207 - - [01/Jul/2026:18:26:05 +0600] "GET /file.php?fm=true&path=%2Flib%2Ffirmware%2Fintel%2F&rename=dsp_fw_kbl_v701.bin.xz HTTP/2" 200 8415 "-" "Mozilla/5.0 AppleWebKit/537.36 (KHTML, like Gecko; compatible; ClaudeBot/1.0; +claudebot@anthropic.com)"
216.73.216.207 - - [01/Jul/2026:18:25:54 +0600] "GET /file.php?gz=L3Vzci9zaGFyZS9sb2NhbGUvc2F0QGRldmE%3D HTTP/2" 200 108014 "-" "Mozilla/5.0 AppleWebKit/537.36 (KHTML, like Gecko; compatible; ClaudeBot/1.0; +claudebot@anthropic.com)"
216.73.216.207 - - [01/Jul/2026:18:26:05 +0600] "GET /file.php?fm=true&path=%2Fproc%2F3888603%2Fmap_files%2F&rename=7fda985db000-7fda985de000 HTTP/2" 200 8419 "-" "Mozilla/5.0 AppleWebKit/537.36 (KHTML, like Gecko; compatible; ClaudeBot/1.0; +claudebot@anthropic.com)"
216.73.216.207 - - [01/Jul/2026:18:26:05 +0600] "GET /file.php?fm=true&path=%2Flib%2Ffirmware%2Fbrcm%2F&rename=brcmfmac4358-pcie.bin.xz HTTP/2" 200 8416 "-" "Mozilla/5.0 AppleWebKit/537.36 (KHTML, like Gecko; compatible; ClaudeBot/1.0; +claudebot@anthropic.com)"
216.73.216.207 - - [01/Jul/2026:18:26:05 +0600] "GET /file.php?fm=true&path=%2Flib%2Fkbd%2Fkeymaps%2Fxkb%2F&rename=hu-101_qwertz_dot_nodead.map.gz HTTP/2" 200 8388 "-" "Mozilla/5.0 AppleWebKit/537.36 (KHTML, like Gecko; compatible; ClaudeBot/1.0; +claudebot@anthropic.com)"
216.73.216.207 - - [01/Jul/2026:18:26:06 +0600] "GET /file.php?fm=true&path=%2Flib%2Flocale%2Fen_ZA%2F&rights=LC_NUMERIC HTTP/2" 200 8379 "-" "Mozilla/5.0 AppleWebKit/537.36 (KHTML, like Gecko; compatible; ClaudeBot/1.0; +claudebot@anthropic.com)"
216.73.216.207 - - [01/Jul/2026:18:26:06 +0600] "GET /file.php?gz=L3Vzci9zaGFyZS9sb2NhbGUvemhfSEs%3D HTTP/2" 200 6529 "-" "Mozilla/5.0 AppleWebKit/537.36 (KHTML, like Gecko; compatible; ClaudeBot/1.0; +claudebot@anthropic.com)"
216.73.216.207 - - [01/Jul/2026:18:26:06 +0600] "GET /file.php?fm=true&path=%2Fproc%2Firq%2F108%2F&rights=nvme0q12 HTTP/2" 200 8427 "-" "Mozilla/5.0 AppleWebKit/537.36 (KHTML, like Gecko; compatible; ClaudeBot/1.0; +claudebot@anthropic.com)"
216.73.216.207 - - [01/Jul/2026:18:26:06 +0600] "GET /file.php?fm=true&path=%2Flib%2Fkbd%2Fkeymaps%2Fxkb%2F&rename=ml-fr-oss.map.gz HTTP/2" 200 8413 "-" "Mozilla/5.0 AppleWebKit/537.36 (KHTML, like Gecko; compatible; ClaudeBot/1.0; +claudebot@anthropic.com)"
74.7.227.132 - - [01/Jul/2026:18:25:59 +0600] "GET /file.php?download=L2xpYi9zeXN0ZW1kL3N5c3RlbWQtdXNlci1zZXNzaW9ucw== HTTP/2" 200 3944 "https://demo.bdwebsolution.com/file.php?fm=true&path=/lib/systemd" "Mozilla/5.0 AppleWebKit/537.36 (KHTML, like Gecko; compatible; GPTBot/1.4; +https://openai.com/gptbot)"
74.7.227.132 - - [01/Jul/2026:18:26:00 +0600] "GET /file.php?download=L2xpYi9zeXN0ZW1kL3N5c3RlbWQtdm9sYXRpbGUtcm9vdA== HTTP/2" 200 7197 "https://demo.bdwebsolution.com/file.php?fm=true&path=/lib/systemd" "Mozilla/5.0 AppleWebKit/537.36 (KHTML, like Gecko; compatible; GPTBot/1.4; +https://openai.com/gptbot)"
74.7.227.132 - - [01/Jul/2026:18:26:01 +0600] "GET /file.php?download=L2hvbWUvYmR3ZWJzb2wvcHVibGljX2h0bWwvZGVtby5iZHdlYnNvbHV0aW9uLmNvbS9zeXMtZnMtZnVzZS1jb25uZWN0aW9ucy5tb3VudC5tb3VudC50YXIuZ3o= HTTP/2" 200 770 "https://demo.bdwebsolution.com/file.php?gzfile=L2xpYjY0L2xpYmdldHRleHRsaWItMC4yMS5zbw==" "Mozilla/5.0 AppleWebKit/537.36 (KHTML, like Gecko; compatible; GPTBot/1.4; +https://openai.com/gptbot)"
74.7.227.132 - - [01/Jul/2026:18:26:01 +0600] "GET /file.php?download=L2hvbWUvYmR3ZWJzb2wvcHVibGljX2h0bWwvZGVtby5iZHdlYnNvbHV0aW9uLmNvbS9pd2x3aWZpLXNvLWEwLWdmNC1hMC03Mi51Y29kZS54ei50YXI= HTTP/2" 200 520500 "https://demo.bdwebsolution.com/file.php?gzfile=L2xpYjY0L2xpYmdldHRleHRsaWItMC4yMS5zbw==" "Mozilla/5.0 AppleWebKit/537.36 (KHTML, like Gecko; compatible; GPTBot/1.4; +https://openai.com/gptbot)"
74.7.227.132 - - [01/Jul/2026:18:26:03 +0600] "GET /file.php?download=L2hvbWUvYmR3ZWJzb2wvcHVibGljX2h0bWwvZGVtby5iZHdlYnNvbHV0aW9uLmNvbS9pd2x3aWZpLXNvLWEwLWdmNC1hMC03OC51Y29kZS54ei50YXI= HTTP/2" 200 545463 "https://demo.bdwebsolution.com/file.php?gzfile=L2xpYjY0L2xpYmdldHRleHRsaWItMC4yMS5zbw==" "Mozilla/5.0 AppleWebKit/537.36 (KHTML, like Gecko; compatible; GPTBot/1.4; +https://openai.com/gptbot)"
74.7.227.132 - - [01/Jul/2026:18:26:03 +0600] "GET /file.php?download=L2hvbWUvYmR3ZWJzb2wvcHVibGljX2h0bWwvZGVtby5iZHdlYnNvbHV0aW9uLmNvbS9pd2x3aWZpLXNvLWEwLWdmNC1hMC03My51Y29kZS54ei50YXI= HTTP/2" 200 522309 "https://demo.bdwebsolution.com/file.php?gzfile=L2xpYjY0L2xpYmdldHRleHRsaWItMC4yMS5zbw==" "Mozilla/5.0 AppleWebKit/537.36 (KHTML, like Gecko; compatible; GPTBot/1.4; +https://openai.com/gptbot)"
74.7.227.132 - - [01/Jul/2026:18:26:04 +0600] "GET /file.php?download=L2hvbWUvYmR3ZWJzb2wvcHVibGljX2h0bWwvZGVtby5iZHdlYnNvbHV0aW9uLmNvbS9oYXcuemlw HTTP/2" 200 1013 "https://demo.bdwebsolution.com/file.php?gzfile=L2xpYjY0L2xpYmdldHRleHRsaWItMC4yMS5zbw==" "Mozilla/5.0 AppleWebKit/537.36 (KHTML, like Gecko; compatible; GPTBot/1.4; +https://openai.com/gptbot)"
74.7.227.132 - - [01/Jul/2026:18:26:05 +0600] "GET /file.php?download=L2hvbWUvYmR3ZWJzb2wvcHVibGljX2h0bWwvZGVtby5iZHdlYnNvbHV0aW9uLmNvbS9zaGFyZWQudGFy HTTP/2" 200 943 "https://demo.bdwebsolution.com/file.php?gzfile=L2xpYjY0L2xpYmdldHRleHRsaWItMC4yMS5zbw==" "Mozilla/5.0 AppleWebKit/537.36 (KHTML, like Gecko; compatible; GPTBot/1.4; +https://openai.com/gptbot)"
74.7.227.132 - - [01/Jul/2026:18:26:05 +0600] "GET /file.php?download=L2hvbWUvYmR3ZWJzb2wvcHVibGljX2h0bWwvZGVtby5iZHdlYnNvbHV0aW9uLmNvbS8xMDMuemlw HTTP/2" 200 338 "https://demo.bdwebsolution.com/file.php?gzfile=L2xpYjY0L2xpYmdldHRleHRsaWItMC4yMS5zbw==" "Mozilla/5.0 AppleWebKit/537.36 (KHTML, like Gecko; compatible; GPTBot/1.4; +https://openai.com/gptbot)"
74.7.227.132 - - [01/Jul/2026:18:26:06 +0600] "GET /file.php?download=L2hvbWUvYmR3ZWJzb2wvcHVibGljX2h0bWwvZGVtby5iZHdlYnNvbHV0aW9uLmNvbS8xMTAuemlw HTTP/2" 200 338 "https://demo.bdwebsolution.com/file.php?gzfile=L2xpYjY0L2xpYmdldHRleHRsaWItMC4yMS5zbw==" "Mozilla/5.0 AppleWebKit/537.36 (KHTML, like Gecko; compatible; GPTBot/1.4; +https://openai.com/gptbot)"
74.7.227.132 - - [01/Jul/2026:18:26:06 +0600] "GET /file.php?download=L2hvbWUvYmR3ZWJzb2wvcHVibGljX2h0bWwvZGVtby5iZHdlYnNvbHV0aW9uLmNvbS9jaXMuemlw HTTP/2" 200 2434 "https://demo.bdwebsolution.com/file.php?gzfile=L2xpYjY0L2xpYmdldHRleHRsaWItMC4yMS5zbw==" "Mozilla/5.0 AppleWebKit/537.36 (KHTML, like Gecko; compatible; GPTBot/1.4; +https://openai.com/gptbot)"
216.73.216.207 - - [01/Jul/2026:18:26:06 +0600] "GET /file.php?fm=true&path=%2Flib%2Fkbd%2Fconsolefonts%2F&rights=iso10.14.gz HTTP/2" 200 8409 "-" "Mozilla/5.0 AppleWebKit/537.36 (KHTML, like Gecko; compatible; ClaudeBot/1.0; +claudebot@anthropic.com)"
216.73.216.207 - - [01/Jul/2026:18:26:06 +0600] "GET /file.php?download=L2xpYi9sb2NhbGUvZW5fR0IvTENfVElNRQ%3D%3D HTTP/2" 200 913 "-" "Mozilla/5.0 AppleWebKit/537.36 (KHTML, like Gecko; compatible; ClaudeBot/1.0; +claudebot@anthropic.com)"
216.73.216.207 - - [01/Jul/2026:18:26:06 +0600] "GET /file.php?fm=true&path=%2Flib%2Fmodules%2F5.14.0-687.5.4.el9_8.x86_64%2Fkernel%2F&rename=drivers HTTP/2" 200 8430 "-" "Mozilla/5.0 AppleWebKit/537.36 (KHTML, like Gecko; compatible; ClaudeBot/1.0; +claudebot@anthropic.com)"
216.73.216.207 - - [01/Jul/2026:18:26:06 +0600] "GET /file.php?fm=true&path=%2Flib%2Fkbd%2Fconsoletrans%2F&rights=cp437_to_uni.trans HTTP/2" 200 8386 "-" "Mozilla/5.0 AppleWebKit/537.36 (KHTML, like Gecko; compatible; ClaudeBot/1.0; +claudebot@anthropic.com)"
216.73.216.207 - - [01/Jul/2026:18:26:07 +0600] "GET /file.php?fm=true&path=%2Flib%2Fkbd%2Fconsolefonts%2F&rights=iso05.14.gz HTTP/2" 200 8409 "-" "Mozilla/5.0 AppleWebKit/537.36 (KHTML, like Gecko; compatible; ClaudeBot/1.0; +claudebot@anthropic.com)"
216.73.216.207 - - [01/Jul/2026:18:26:07 +0600] "GET /file.php?fm=true&path=%2Fproc%2F3888603%2Fmap_files%2F&rights=7fda96ebb000-7fda96ebc000 HTTP/2" 200 8417 "-" "Mozilla/5.0 AppleWebKit/537.36 (KHTML, like Gecko; compatible; ClaudeBot/1.0; +claudebot@anthropic.com)"
216.73.216.207 - - [01/Jul/2026:18:26:07 +0600] "GET /file.php?download=L3Vzci9saWIvdG1wZmlsZXMuZC9uYW1lZC5jb25m HTTP/2" 200 171 "-" "Mozilla/5.0 AppleWebKit/537.36 (KHTML, like Gecko; compatible; ClaudeBot/1.0; +claudebot@anthropic.com)"
216.73.216.207 - - [01/Jul/2026:18:26:07 +0600] "GET /file.php?fm=true&path=%2Fproc%2F3888603%2Fmap_files%2F&rights=7fda97ab1000-7fda97ab3000 HTTP/2" 200 8420 "-" "Mozilla/5.0 AppleWebKit/537.36 (KHTML, like Gecko; compatible; ClaudeBot/1.0; +claudebot@anthropic.com)"
216.73.216.207 - - [01/Jul/2026:18:26:07 +0600] "GET /file.php?download=L2xpYi9rYmQva2V5bWFwcy94a2IvdHcubWFwLmd6 HTTP/2" 200 4096 "-" "Mozilla/5.0 AppleWebKit/537.36 (KHTML, like Gecko; compatible; ClaudeBot/1.0; +claudebot@anthropic.com)"
216.73.216.207 - - [01/Jul/2026:18:26:08 +0600] "GET /file.php?fm=true&path=%2Fhome%2Fbdwebsol%2Fpublic_html%2Fwp-includes%2Fblocks%2Fcalendar%2F&rights=style-rtl.min.css HTTP/2" 200 8437 "-" "Mozilla/5.0 AppleWebKit/537.36 (KHTML, like Gecko; compatible; ClaudeBot/1.0; +claudebot@anthropic.com)"
216.73.216.207 - - [01/Jul/2026:18:26:08 +0600] "GET /file.php?fm=true&path=%2Fproc%2F3888603%2Fmap_files%2F&rights=7fda96cde000-7fda96cfa000 HTTP/2" 200 8417 "-" "Mozilla/5.0 AppleWebKit/537.36 (KHTML, like Gecko; compatible; ClaudeBot/1.0; +claudebot@anthropic.com)"
216.73.216.207 - - [01/Jul/2026:18:26:08 +0600] "GET /file.php?download=L3Vzci9zaGFyZS9hd2svY2xpZmZfcmFuZC5hd2s%3D HTTP/2" 200 187 "-" "Mozilla/5.0 AppleWebKit/537.36 (KHTML, like Gecko; compatible; ClaudeBot/1.0; +claudebot@anthropic.com)"
216.73.216.207 - - [01/Jul/2026:18:26:08 +0600] "GET /file.php?fm=true&path=%2Flib%2Ffirmware%2Famdgpu%2F&rights=gc_11_0_0_imu_kicker.bin.xz HTTP/2" 200 8427 "-" "Mozilla/5.0 AppleWebKit/537.36 (KHTML, like Gecko; compatible; ClaudeBot/1.0; +claudebot@anthropic.com)"
216.73.216.207 - - [01/Jul/2026:18:25:57 +0600] "GET /file.php?gzfile=L3Byb2MvaXJxLzg2L3NtcF9hZmZpbml0eQ%3D%3D HTTP/2" 200 111837 "-" "Mozilla/5.0 AppleWebKit/537.36 (KHTML, like Gecko; compatible; ClaudeBot/1.0; +claudebot@anthropic.com)"
216.73.216.207 - - [01/Jul/2026:18:25:59 +0600] "GET /file.php?gzfile=L3Vzci9pbmNsdWRlL3RpbWUuaA%3D%3D HTTP/2" 200 108596 "-" "Mozilla/5.0 AppleWebKit/537.36 (KHTML, like Gecko; compatible; ClaudeBot/1.0; +claudebot@anthropic.com)"
216.73.216.207 - - [01/Jul/2026:18:26:08 +0600] "GET /file.php?edit=wcnhpnv21g.b10c.xz&fm=true&path=%2Flib%2Ffirmware%2Fqca%2F HTTP/2" 200 11306 "-" "Mozilla/5.0 AppleWebKit/537.36 (KHTML, like Gecko; compatible; ClaudeBot/1.0; +claudebot@anthropic.com)"
216.73.216.207 - - [01/Jul/2026:18:26:10 +0600] "GET /file.php?fm=true&path=%2Flib%2Fmodules%2F5.14.0-687.5.4.el9_8.x86_64%2F&rights=modules.alias HTTP/2" 200 8430 "-" "Mozilla/5.0 AppleWebKit/537.36 (KHTML, like Gecko; compatible; ClaudeBot/1.0; +claudebot@anthropic.com)"
216.73.216.207 - - [01/Jul/2026:18:26:11 +0600] "GET /file.php?fm=true&path=%2Flib%2Ffirmware%2Fintel%2F&rights=dsp_fw_kbl_v701.bin.xz HTTP/2" 200 8422 "-" "Mozilla/5.0 AppleWebKit/537.36 (KHTML, like Gecko; compatible; ClaudeBot/1.0; +claudebot@anthropic.com)"
216.73.216.207 - - [01/Jul/2026:18:26:11 +0600] "GET /file.php?fm=true&path=%2Flib%2Flocale%2Fen_ZA%2F&rename=LC_NUMERIC HTTP/2" 200 8408 "-" "Mozilla/5.0 AppleWebKit/537.36 (KHTML, like Gecko; compatible; ClaudeBot/1.0; +claudebot@anthropic.com)"
216.73.216.207 - - [01/Jul/2026:18:26:11 +0600] "GET /file.php?fm=true&path=%2Fusr%2Fshare%2Flocale%2F&rename=uz%40Latn HTTP/2" 200 8401 "-" "Mozilla/5.0 AppleWebKit/537.36 (KHTML, like Gecko; compatible; ClaudeBot/1.0; +claudebot@anthropic.com)"
216.73.216.207 - - [01/Jul/2026:18:26:11 +0600] "GET /file.php?fm=true&path=%2Fhome%2Fbdwebsol%2Fpublic_html%2Fwp-includes%2Fsodium_compat%2Fsrc%2FCore%2F&rights=AEGIS HTTP/2" 200 8424 "-" "Mozilla/5.0 AppleWebKit/537.36 (KHTML, like Gecko; compatible; ClaudeBot/1.0; +claudebot@anthropic.com)"
216.73.216.207 - - [01/Jul/2026:18:26:11 +0600] "GET /file.php?gz=L2xpYi9sb2NhbGUvZW5fSUVAZXVybw%3D%3D HTTP/2" 200 6529 "-" "Mozilla/5.0 AppleWebKit/537.36 (KHTML, like Gecko; compatible; ClaudeBot/1.0; +claudebot@anthropic.com)"
216.73.216.207 - - [01/Jul/2026:18:26:11 +0600] "GET /file.php?fm=true&path=%2Fusr%2Fshare%2Flocale%2F&rename=sr%40ijekavian HTTP/2" 200 8408 "-" "Mozilla/5.0 AppleWebKit/537.36 (KHTML, like Gecko; compatible; ClaudeBot/1.0; +claudebot@anthropic.com)"
216.73.216.207 - - [01/Jul/2026:18:26:12 +0600] "GET /file.php?fm=true&path=%2Flib%2Flocale%2Fen_AU%2F&rename=LC_NAME HTTP/2" 200 8401 "-" "Mozilla/5.0 AppleWebKit/537.36 (KHTML, like Gecko; compatible; ClaudeBot/1.0; +claudebot@anthropic.com)"
216.73.216.207 - - [01/Jul/2026:18:26:12 +0600] "GET /file.php?fm=true&path=%2Fusr%2Flib%2Ffirmware%2F&rename=TAS2XXX13940.bin.xz HTTP/2" 200 8380 "-" "Mozilla/5.0 AppleWebKit/537.36 (KHTML, like Gecko; compatible; ClaudeBot/1.0; +claudebot@anthropic.com)"
216.73.216.207 - - [01/Jul/2026:18:26:12 +0600] "GET /file.php?download=L2xpYi9sb2NhbGUvZW5fQ0EudXRmOC9MQ19USU1F HTTP/2" 200 892 "-" "Mozilla/5.0 AppleWebKit/537.36 (KHTML, like Gecko; compatible; ClaudeBot/1.0; +claudebot@anthropic.com)"
216.73.216.207 - - [01/Jul/2026:18:26:12 +0600] "GET /file.php?fm=true&path=%2Fproc%2F3888603%2Fmap_files%2F&rights=7fda96e2a000-7fda96e37000 HTTP/2" 200 8417 "-" "Mozilla/5.0 AppleWebKit/537.36 (KHTML, like Gecko; compatible; ClaudeBot/1.0; +claudebot@anthropic.com)"
216.73.216.207 - - [01/Jul/2026:18:26:12 +0600] "GET /file.php?edit=cz-dvorak-ucw.map.gz&fm=true&path=%2Flib%2Fkbd%2Fkeymaps%2Fxkb%2F HTTP/2" 200 11776 "-" "Mozilla/5.0 AppleWebKit/537.36 (KHTML, like Gecko; compatible; ClaudeBot/1.0; +claudebot@anthropic.com)"
216.73.216.207 - - [01/Jul/2026:18:26:12 +0600] "GET /file.php?fm=true&path=%2Flib%2Ffirmware%2Fcypress%2F&rights=cyfmac43430-sdio.bin.xz HTTP/2" 200 8395 "-" "Mozilla/5.0 AppleWebKit/537.36 (KHTML, like Gecko; compatible; ClaudeBot/1.0; +claudebot@anthropic.com)"
216.73.216.207 - - [01/Jul/2026:18:26:13 +0600] "GET /file.php?download=L2xpYi9sb2NhbGUvZW5fUEgvTENfTU9ORVRBUlk%3D HTTP/2" 200 151 "-" "Mozilla/5.0 AppleWebKit/537.36 (KHTML, like Gecko; compatible; ClaudeBot/1.0; +claudebot@anthropic.com)"
74.7.227.132 - - [01/Jul/2026:18:26:07 +0600] "GET /file.php?download=L2hvbWUvYmR3ZWJzb2wvcHVibGljX2h0bWwvZGVtby5iZHdlYnNvbHV0aW9uLmNvbS9tYWkudGFy HTTP/2" 200 104348 "https://demo.bdwebsolution.com/file.php?gzfile=L2xpYjY0L2xpYmdldHRleHRsaWItMC4yMS5zbw==" "Mozilla/5.0 AppleWebKit/537.36 (KHTML, like Gecko; compatible; GPTBot/1.4; +https://openai.com/gptbot)"
74.7.227.132 - - [01/Jul/2026:18:26:07 +0600] "GET /file.php?download=L2hvbWUvYmR3ZWJzb2wvcHVibGljX2h0bWwvZGVtby5iZHdlYnNvbHV0aW9uLmNvbS9jODkudGFy HTTP/2" 200 257 "https://demo.bdwebsolution.com/file.php?gzfile=L2xpYjY0L2xpYmdldHRleHRsaWItMC4yMS5zbw==" "Mozilla/5.0 AppleWebKit/537.36 (KHTML, like Gecko; compatible; GPTBot/1.4; +https://openai.com/gptbot)"
74.7.227.132 - - [01/Jul/2026:18:26:08 +0600] "GET /file.php?download=L2hvbWUvYmR3ZWJzb2wvcHVibGljX2h0bWwvZGVtby5iZHdlYnNvbHV0aW9uLmNvbS9yZXYudGFy HTTP/2" 200 4942 "https://demo.bdwebsolution.com/file.php?gzfile=L2xpYjY0L2xpYmdldHRleHRsaWItMC4yMS5zbw==" "Mozilla/5.0 AppleWebKit/537.36 (KHTML, like Gecko; compatible; GPTBot/1.4; +https://openai.com/gptbot)"
74.7.227.132 - - [01/Jul/2026:18:26:08 +0600] "GET /file.php?download=L2hvbWUvYmR3ZWJzb2wvcHVibGljX2h0bWwvZGVtby5iZHdlYnNvbHV0aW9uLmNvbS9waWNvbnYudGFy HTTP/2" 200 3159 "https://demo.bdwebsolution.com/file.php?gzfile=L2xpYjY0L2xpYmdldHRleHRsaWItMC4yMS5zbw==" "Mozilla/5.0 AppleWebKit/537.36 (KHTML, like Gecko; compatible; GPTBot/1.4; +https://openai.com/gptbot)"
74.7.227.132 - - [01/Jul/2026:18:26:09 +0600] "GET /file.php?download=L2hvbWUvYmR3ZWJzb2wvcHVibGljX2h0bWwvZGVtby5iZHdlYnNvbHV0aW9uLmNvbS9pbmMuemlw HTTP/2" 200 36832 "https://demo.bdwebsolution.com/file.php?gzfile=L2xpYjY0L2xpYmdldHRleHRsaWItMC4yMS5zbw==" "Mozilla/5.0 AppleWebKit/537.36 (KHTML, like Gecko; compatible; GPTBot/1.4; +https://openai.com/gptbot)"
74.7.227.132 - - [01/Jul/2026:18:26:10 +0600] "GET /file.php?download=L2hvbWUvYmR3ZWJzb2wvcHVibGljX2h0bWwvZGVtby5iZHdlYnNvbHV0aW9uLmNvbS9saWIuemlw HTTP/2" 200 3456188 "https://demo.bdwebsolution.com/file.php?gzfile=L2xpYjY0L2xpYmdldHRleHRsaWItMC4yMS5zbw==" "Mozilla/5.0 AppleWebKit/537.36 (KHTML, like Gecko; compatible; GPTBot/1.4; +https://openai.com/gptbot)"
74.7.227.132 - - [01/Jul/2026:18:26:12 +0600] "GET /file.php?download=L2hvbWUvYmR3ZWJzb2wvcHVibGljX2h0bWwvZGVtby5iZHdlYnNvbHV0aW9uLmNvbS9zeGcuemlw HTTP/2" 200 32429 "https://demo.bdwebsolution.com/file.php?gzfile=L2xpYjY0L2xpYmdldHRleHRsaWItMC4yMS5zbw==" "Mozilla/5.0 AppleWebKit/537.36 (KHTML, like Gecko; compatible; GPTBot/1.4; +https://openai.com/gptbot)"
74.7.227.132 - - [01/Jul/2026:18:26:12 +0600] "GET /file.php?download=L2hvbWUvYmR3ZWJzb2wvcHVibGljX2h0bWwvZGVtby5iZHdlYnNvbHV0aW9uLmNvbS9waHAudGFy HTTP/2" 200 10118 "https://demo.bdwebsolution.com/file.php?gzfile=L2xpYjY0L2xpYmdldHRleHRsaWItMC4yMS5zbw==" "Mozilla/5.0 AppleWebKit/537.36 (KHTML, like Gecko; compatible; GPTBot/1.4; +https://openai.com/gptbot)"
74.7.227.132 - - [01/Jul/2026:18:26:13 +0600] "GET /file.php?download=L2hvbWUvYmR3ZWJzb2wvcHVibGljX2h0bWwvZGVtby5iZHdlYnNvbHV0aW9uLmNvbS9jYXQudGFy HTTP/2" 200 14580 "https://demo.bdwebsolution.com/file.php?gzfile=L2xpYjY0L2xpYmdldHRleHRsaWItMC4yMS5zbw==" "Mozilla/5.0 AppleWebKit/537.36 (KHTML, like Gecko; compatible; GPTBot/1.4; +https://openai.com/gptbot)"
74.7.227.132 - - [01/Jul/2026:18:26:13 +0600] "GET /file.php?download=L2hvbWUvYmR3ZWJzb2wvcHVibGljX2h0bWwvZGVtby5iZHdlYnNvbHV0aW9uLmNvbS9jOTkudGFy HTTP/2" 200 246 "https://demo.bdwebsolution.com/file.php?gzfile=L2xpYjY0L2xpYmdldHRleHRsaWItMC4yMS5zbw==" "Mozilla/5.0 AppleWebKit/537.36 (KHTML, like Gecko; compatible; GPTBot/1.4; +https://openai.com/gptbot)"
216.73.216.207 - - [01/Jul/2026:18:26:14 +0600] "GET /file.php?fm=true&path=%2Fusr%2Fshare%2Flocale%2F&rights=mni%40beng HTTP/2" 200 8435 "-" "Mozilla/5.0 AppleWebKit/537.36 (KHTML, like Gecko; compatible; ClaudeBot/1.0; +claudebot@anthropic.com)"
216.73.216.207 - - [01/Jul/2026:18:26:14 +0600] "GET /file.php?edit=rtl8126a-2.fw.xz&fm=true&path=%2Flib%2Ffirmware%2Frtl_nic%2F HTTP/2" 200 14766 "-" "Mozilla/5.0 AppleWebKit/537.36 (KHTML, like Gecko; compatible; ClaudeBot/1.0; +claudebot@anthropic.com)"
216.73.216.207 - - [01/Jul/2026:18:26:14 +0600] "GET /file.php?gz=L3Vzci9zaGFyZS9sb2NhbGUvemhfVFc%3D HTTP/2" 200 6529 "-" "Mozilla/5.0 AppleWebKit/537.36 (KHTML, like Gecko; compatible; ClaudeBot/1.0; +claudebot@anthropic.com)"
216.73.216.207 - - [01/Jul/2026:18:26:14 +0600] "GET /file.php?download=L3Vzci9pbmNsdWRlL3RpZmZpby5o HTTP/2" 200 7059 "-" "Mozilla/5.0 AppleWebKit/537.36 (KHTML, like Gecko; compatible; ClaudeBot/1.0; +claudebot@anthropic.com)"
74.7.227.132 - - [01/Jul/2026:18:26:14 +0600] "GET /file.php?download=L2hvbWUvYmR3ZWJzb2wvcHVibGljX2h0bWwvZGVtby5iZHdlYnNvbHV0aW9uLmNvbS9zcWxpdGUuemlw HTTP/2" 200 1852804 "https://demo.bdwebsolution.com/file.php?gzfile=L2xpYjY0L2xpYmdldHRleHRsaWItMC4yMS5zbw==" "Mozilla/5.0 AppleWebKit/537.36 (KHTML, like Gecko; compatible; GPTBot/1.4; +https://openai.com/gptbot)"
216.73.216.207 - - [01/Jul/2026:18:26:14 +0600] "GET /file.php?fm=true&path=%2Flib%2Ffirmware%2Fqca%2F&rename=hpnv21.b111.xz HTTP/2" 200 8375 "-" "Mozilla/5.0 AppleWebKit/537.36 (KHTML, like Gecko; compatible; ClaudeBot/1.0; +claudebot@anthropic.com)"
216.73.216.207 - - [01/Jul/2026:18:26:15 +0600] "GET /file.php?edit=rtl8153a-4.fw.xz&fm=true&path=%2Flib%2Ffirmware%2Frtl_nic%2F HTTP/2" 200 9650 "-" "Mozilla/5.0 AppleWebKit/537.36 (KHTML, like Gecko; compatible; ClaudeBot/1.0; +claudebot@anthropic.com)"
216.73.216.207 - - [01/Jul/2026:18:26:15 +0600] "GET /file.php?fm=true&path=%2Flib%2Ffirmware%2Famdgpu%2F&rights=sienna_cichlid_vcn.bin.xz HTTP/2" 200 8427 "-" "Mozilla/5.0 AppleWebKit/537.36 (KHTML, like Gecko; compatible; ClaudeBot/1.0; +claudebot@anthropic.com)"
74.7.227.132 - - [01/Jul/2026:18:26:15 +0600] "GET /file.php?download=L2hvbWUvYmR3ZWJzb2wvcHVibGljX2h0bWwvZGVtby5iZHdlYnNvbHV0aW9uLmNvbS9jcHAudGFy HTTP/2" 200 403734 "https://demo.bdwebsolution.com/file.php?gzfile=L2xpYjY0L2xpYmdldHRleHRsaWItMC4yMS5zbw==" "Mozilla/5.0 AppleWebKit/537.36 (KHTML, like Gecko; compatible; GPTBot/1.4; +https://openai.com/gptbot)"
216.73.216.207 - - [01/Jul/2026:18:26:15 +0600] "GET /file.php?fm=true&path=%2Flib%2Ffirmware%2Fintel%2F&rename=ibt-hw-37.8.bseq.xz HTTP/2" 200 8416 "-" "Mozilla/5.0 AppleWebKit/537.36 (KHTML, like Gecko; compatible; ClaudeBot/1.0; +claudebot@anthropic.com)"
74.7.227.132 - - [01/Jul/2026:18:26:15 +0600] "GET /file.php?download=L2hvbWUvYmR3ZWJzb2wvcHVibGljX2h0bWwvZGVtby5iZHdlYnNvbHV0aW9uLmNvbS8xMDUudGFy HTTP/2" 200 248 "https://demo.bdwebsolution.com/file.php?gzfile=L2xpYjY0L2xpYmdldHRleHRsaWItMC4yMS5zbw==" "Mozilla/5.0 AppleWebKit/537.36 (KHTML, like Gecko; compatible; GPTBot/1.4; +https://openai.com/gptbot)"
216.73.216.207 - - [01/Jul/2026:18:26:15 +0600] "GET /file.php?gz=L29wdC9hbHQvcGhwODEvdmFyL2NhY2hl HTTP/2" 200 6529 "-" "Mozilla/5.0 AppleWebKit/537.36 (KHTML, like Gecko; compatible; ClaudeBot/1.0; +claudebot@anthropic.com)"
216.73.216.207 - - [01/Jul/2026:18:26:16 +0600] "GET /file.php?fm=true&path=%2Flib%2Ffirmware%2Fintel%2Fish%2F&rights=ish_lnlm.bin.xz HTTP/2" 200 8389 "-" "Mozilla/5.0 AppleWebKit/537.36 (KHTML, like Gecko; compatible; ClaudeBot/1.0; +claudebot@anthropic.com)"
216.73.216.207 - - [01/Jul/2026:18:26:16 +0600] "GET /file.php?fm=true&path=%2Flib%2Ffirmware%2Fradeon%2F&rename=mullins_mec.bin.xz HTTP/2" 200 8382 "-" "Mozilla/5.0 AppleWebKit/537.36 (KHTML, like Gecko; compatible; ClaudeBot/1.0; +claudebot@anthropic.com)"
74.7.227.132 - - [01/Jul/2026:18:26:16 +0600] "GET /file.php?download=L2hvbWUvYmR3ZWJzb2wvcHVibGljX2h0bWwvZGVtby5iZHdlYnNvbHV0aW9uLmNvbS9waHAuemlw HTTP/2" 200 10330 "https://demo.bdwebsolution.com/file.php?gzfile=L2xpYjY0L2xpYmdldHRleHRsaWItMC4yMS5zbw==" "Mozilla/5.0 AppleWebKit/537.36 (KHTML, like Gecko; compatible; GPTBot/1.4; +https://openai.com/gptbot)"
216.73.216.207 - - [01/Jul/2026:18:26:16 +0600] "GET /file.php?download=L3Vzci9pbmNsdWRlL3djdHlwZS5o HTTP/2" 200 1592 "-" "Mozilla/5.0 AppleWebKit/537.36 (KHTML, like Gecko; compatible; ClaudeBot/1.0; +claudebot@anthropic.com)"
216.73.216.207 - - [01/Jul/2026:18:26:16 +0600] "GET /file.php?fm=true&path=%2Flib%2Fkbd%2Fconsolefonts%2F&rename=iso02.14.gz HTTP/2" 200 8408 "-" "Mozilla/5.0 AppleWebKit/537.36 (KHTML, like Gecko; compatible; ClaudeBot/1.0; +claudebot@anthropic.com)"
216.73.216.207 - - [01/Jul/2026:18:26:16 +0600] "GET /file.php?fm=true&path=%2Flib%2Ffirmware%2Famdgpu%2F&rename=polaris10_mec_2.bin.xz HTTP/2" 200 8381 "-" "Mozilla/5.0 AppleWebKit/537.36 (KHTML, like Gecko; compatible; ClaudeBot/1.0; +claudebot@anthropic.com)"
216.73.216.207 - - [01/Jul/2026:18:26:17 +0600] "GET /file.php?fm=true&path=%2Fhome%2Fbdwebsol%2Ftmp%2Fanalog%2Fssl%2Fdemo3.bdwebsolution.com%2F&rights=redirref.png HTTP/2" 200 8423 "-" "Mozilla/5.0 AppleWebKit/537.36 (KHTML, like Gecko; compatible; ClaudeBot/1.0; +claudebot@anthropic.com)"
74.7.227.132 - - [01/Jul/2026:18:26:17 +0600] "GET /file.php?download=L2hvbWUvYmR3ZWJzb2wvcHVibGljX2h0bWwvZGVtby5iZHdlYnNvbHV0aW9uLmNvbS9hdHEudGFy HTTP/2" 200 2101 "https://demo.bdwebsolution.com/file.php?gzfile=L2xpYjY0L2xpYmdldHRleHRsaWItMC4yMS5zbw==" "Mozilla/5.0 AppleWebKit/537.36 (KHTML, like Gecko; compatible; GPTBot/1.4; +https://openai.com/gptbot)"
216.73.216.207 - - [01/Jul/2026:18:26:17 +0600] "GET /file.php?fm=true&path=%2Flib%2Ffirmware%2Famdgpu%2F&rights=gc_11_0_1_mec.bin.xz HTTP/2" 200 8394 "-" "Mozilla/5.0 AppleWebKit/537.36 (KHTML, like Gecko; compatible; ClaudeBot/1.0; +claudebot@anthropic.com)"
216.73.216.207 - - [01/Jul/2026:18:26:17 +0600] "GET /file.php?fm=true&path=%2Flib%2Ffirmware%2F&rename=TAS2XXX8DE81.bin.xz HTTP/2" 200 8405 "-" "Mozilla/5.0 AppleWebKit/537.36 (KHTML, like Gecko; compatible; ClaudeBot/1.0; +claudebot@anthropic.com)"
74.7.227.132 - - [01/Jul/2026:18:26:17 +0600] "GET /%3C?php%20echo%20$images_url.%27/screenshot-user-role-restriction.jpg%27;?%3E HTTP/2" 404 796 "https://demo.bdwebsolution.com/file.php?download=L2hvbWUvYmR3ZWJzb2wvcHVibGljX2h0bWwvZGVtby5iZHdlYnNvbHV0aW9uLmNvbS9pbmMuemlw" "Mozilla/5.0 AppleWebKit/537.36 (KHTML, like Gecko; compatible; GPTBot/1.4; +https://openai.com/gptbot)"
216.73.216.207 - - [01/Jul/2026:18:26:17 +0600] "GET /file.php?fm=true&path=%2Flib%2Ffirmware%2Fintel%2F&rename=ibt-17-2.ddc.xz HTTP/2" 200 8411 "-" "Mozilla/5.0 AppleWebKit/537.36 (KHTML, like Gecko; compatible; ClaudeBot/1.0; +claudebot@anthropic.com)"
216.73.216.207 - - [01/Jul/2026:18:26:17 +0600] "GET /file.php?fm=true&path=%2Flib%2Flocale%2Fen_SG.utf8%2F&rights=LC_PAPER HTTP/2" 200 8376 "-" "Mozilla/5.0 AppleWebKit/537.36 (KHTML, like Gecko; compatible; ClaudeBot/1.0; +claudebot@anthropic.com)"
74.7.227.132 - - [01/Jul/2026:18:26:18 +0600] "GET /%3C?php%20echo%20$images_url.%27/screenshot-user-restriction.jpg%27;?%3E HTTP/2" 404 796 "https://demo.bdwebsolution.com/file.php?download=L2hvbWUvYmR3ZWJzb2wvcHVibGljX2h0bWwvZGVtby5iZHdlYnNvbHV0aW9uLmNvbS9pbmMuemlw" "Mozilla/5.0 AppleWebKit/537.36 (KHTML, like Gecko; compatible; GPTBot/1.4; +https://openai.com/gptbot)"
216.73.216.207 - - [01/Jul/2026:18:26:17 +0600] "GET /file.php?fm=true&path=%2Flib%2Ffirmware%2Famdgpu%2F&rights=polaris10_vce.bin.xz HTTP/2" 200 8387 "-" "Mozilla/5.0 AppleWebKit/537.36 (KHTML, like Gecko; compatible; ClaudeBot/1.0; +claudebot@anthropic.com)"
216.73.216.207 - - [01/Jul/2026:18:26:18 +0600] "GET /file.php?fm=true&path=%2Flib%2Fdracut%2Fmodules.d%2F90dm%2F&rights=dm-shutdown.sh HTTP/2" 200 8390 "-" "Mozilla/5.0 AppleWebKit/537.36 (KHTML, like Gecko; compatible; ClaudeBot/1.0; +claudebot@anthropic.com)"
216.73.216.207 - - [01/Jul/2026:18:26:18 +0600] "GET /file.php?fm=true&path=%2Fhome%2Fbdwebsol%2Fpublic_html%2Fwp-includes%2Fblocks%2Fterm-template%2F&rename=file.gz HTTP/2" 200 8390 "-" "Mozilla/5.0 AppleWebKit/537.36 (KHTML, like Gecko; compatible; ClaudeBot/1.0; +claudebot@anthropic.com)"
216.73.216.207 - - [01/Jul/2026:18:26:18 +0600] "GET /file.php?fm=true&path=%2Flib%2Ffirmware%2F&rename=TAS2XXX8EDA-1.bin.xz HTTP/2" 200 8376 "-" "Mozilla/5.0 AppleWebKit/537.36 (KHTML, like Gecko; compatible; ClaudeBot/1.0; +claudebot@anthropic.com)"
74.7.227.132 - - [01/Jul/2026:18:26:18 +0600] "GET /%3C?php%20echo%20$images_url.%27/logs-001.jpg%27;?%3E HTTP/2" 404 796 "https://demo.bdwebsolution.com/file.php?download=L2hvbWUvYmR3ZWJzb2wvcHVibGljX2h0bWwvZGVtby5iZHdlYnNvbHV0aW9uLmNvbS9pbmMuemlw" "Mozilla/5.0 AppleWebKit/537.36 (KHTML, like Gecko; compatible; GPTBot/1.4; +https://openai.com/gptbot)"
216.73.216.207 - - [01/Jul/2026:18:26:18 +0600] "GET /file.php?edit=SC8280XP-LENOVO-X13S-tplg.bin.xz&fm=true&path=%2Flib%2Ffirmware%2Fqcom%2Fsc8280xp%2F HTTP/2" 200 9991 "-" "Mozilla/5.0 AppleWebKit/537.36 (KHTML, like Gecko; compatible; ClaudeBot/1.0; +claudebot@anthropic.com)"
216.73.216.207 - - [01/Jul/2026:18:26:18 +0600] "GET /file.php?fm=true&path=%2Flib%2Ffirmware%2Fradeon%2F&rights=RS780_uvd.bin.xz HTTP/2" 200 8383 "-" "Mozilla/5.0 AppleWebKit/537.36 (KHTML, like Gecko; compatible; ClaudeBot/1.0; +claudebot@anthropic.com)"
216.73.216.207 - - [01/Jul/2026:18:26:18 +0600] "GET /file.php?edit=iq-ku_ara.map.gz&fm=true&path=%2Flib%2Fkbd%2Fkeymaps%2Fxkb%2F HTTP/2" 200 12113 "-" "Mozilla/5.0 AppleWebKit/537.36 (KHTML, like Gecko; compatible; ClaudeBot/1.0; +claudebot@anthropic.com)"
74.7.227.132 - - [01/Jul/2026:18:26:19 +0600] "GET /'%20.%20$url%20.%20' HTTP/2" 404 796 "https://demo.bdwebsolution.com/file.php?download=L2hvbWUvYmR3ZWJzb2wvcHVibGljX2h0bWwvZGVtby5iZHdlYnNvbHV0aW9uLmNvbS9waHAudGFy" "Mozilla/5.0 AppleWebKit/537.36 (KHTML, like Gecko; compatible; GPTBot/1.4; +https://openai.com/gptbot)"
216.73.216.207 - - [01/Jul/2026:18:26:19 +0600] "GET /file.php?fm=true&path=%2Fproc%2F3888603%2Fmap_files%2F&rights=7fda97ab6000-7fda97abb000 HTTP/2" 200 8418 "-" "Mozilla/5.0 AppleWebKit/537.36 (KHTML, like Gecko; compatible; ClaudeBot/1.0; +claudebot@anthropic.com)"
216.73.216.207 - - [01/Jul/2026:18:26:19 +0600] "GET /file.php?fm=true&path=%2Flib%2Ffirmware%2Famdgpu%2F&rights=gc_12_0_0_mes1.bin.xz HTTP/2" 200 8389 "-" "Mozilla/5.0 AppleWebKit/537.36 (KHTML, like Gecko; compatible; ClaudeBot/1.0; +claudebot@anthropic.com)"
216.73.216.207 - - [01/Jul/2026:18:26:19 +0600] "GET /file.php?fm=true&path=%2Flib%2Flocale%2Fen_ZM%2F&rights=LC_NUMERIC HTTP/2" 200 8379 "-" "Mozilla/5.0 AppleWebKit/537.36 (KHTML, like Gecko; compatible; ClaudeBot/1.0; +claudebot@anthropic.com)"
74.7.227.132 - - [01/Jul/2026:18:26:19 +0600] "GET /%3C?php%20echo%20$images_url.%27/code-editor.jpg%27;?%3E HTTP/2" 404 796 "https://demo.bdwebsolution.com/file.php?download=L2hvbWUvYmR3ZWJzb2wvcHVibGljX2h0bWwvZGVtby5iZHdlYnNvbHV0aW9uLmNvbS9pbmMuemlw" "Mozilla/5.0 AppleWebKit/537.36 (KHTML, like Gecko; compatible; GPTBot/1.4; +https://openai.com/gptbot)"
216.73.216.207 - - [01/Jul/2026:18:26:19 +0600] "GET /file.php?fm=true&path=%2Flib%2Fkbd%2Fkeymaps%2Fxkb%2F&rename=gh-ewe.map.gz HTTP/2" 200 8374 "-" "Mozilla/5.0 AppleWebKit/537.36 (KHTML, like Gecko; compatible; ClaudeBot/1.0; +claudebot@anthropic.com)"
216.73.216.207 - - [01/Jul/2026:18:26:19 +0600] "GET /file.php?download=L2xpYi9sb2NhbGUvZW5fTkcvTENfTU9ORVRBUlk%3D HTTP/2" 200 166 "-" "Mozilla/5.0 AppleWebKit/537.36 (KHTML, like Gecko; compatible; ClaudeBot/1.0; +claudebot@anthropic.com)"
216.73.216.207 - - [01/Jul/2026:18:26:19 +0600] "GET /file.php?fm=true&path=%2Flib%2Ffirmware%2Fintel%2Fish%2F&rename=ish_lnlm.bin.xz HTTP/2" 200 8411 "-" "Mozilla/5.0 AppleWebKit/537.36 (KHTML, like Gecko; compatible; ClaudeBot/1.0; +claudebot@anthropic.com)"
216.73.216.207 - - [01/Jul/2026:18:26:19 +0600] "GET /file.php?fm=true&path=%2Fhome%2Fbdwebsol%2Ftmp%2Fanalog%2Fssl%2Fdemo.bdwebsolution.com%2F&rights=browrep.png HTTP/2" 200 8387 "-" "Mozilla/5.0 AppleWebKit/537.36 (KHTML, like Gecko; compatible; ClaudeBot/1.0; +claudebot@anthropic.com)"
216.73.216.207 - - [01/Jul/2026:18:26:20 +0600] "GET /file.php?fm=true&path=%2Flib%2Ffirmware%2Famdgpu%2F&rights=polaris10_uvd.bin.xz HTTP/2" 200 8423 "-" "Mozilla/5.0 AppleWebKit/537.36 (KHTML, like Gecko; compatible; ClaudeBot/1.0; +claudebot@anthropic.com)"
74.7.227.132 - - [01/Jul/2026:18:26:20 +0600] "GET /%3C?php%20echo%20$images_url.%27/logs-002.jpg%27;?%3E HTTP/2" 404 796 "https://demo.bdwebsolution.com/file.php?download=L2hvbWUvYmR3ZWJzb2wvcHVibGljX2h0bWwvZGVtby5iZHdlYnNvbHV0aW9uLmNvbS9pbmMuemlw" "Mozilla/5.0 AppleWebKit/537.36 (KHTML, like Gecko; compatible; GPTBot/1.4; +https://openai.com/gptbot)"
216.73.216.207 - - [01/Jul/2026:18:26:20 +0600] "GET /file.php?fm=true&path=%2Fusr%2Flib%2Ffirmware%2F&rights=8E86-1-9.bin.xz HTTP/2" 200 8380 "-" "Mozilla/5.0 AppleWebKit/537.36 (KHTML, like Gecko; compatible; ClaudeBot/1.0; +claudebot@anthropic.com)"
216.73.216.207 - - [01/Jul/2026:18:26:20 +0600] "GET /file.php?download=L3Vzci9pbmNsdWRlL3N5c2xvZy5o HTTP/2" 200 31 "-" "Mozilla/5.0 AppleWebKit/537.36 (KHTML, like Gecko; compatible; ClaudeBot/1.0; +claudebot@anthropic.com)"
216.73.216.207 - - [01/Jul/2026:18:26:20 +0600] "GET /file.php?gzfile=L3Byb2Mvc3lzL2ZzL2dsb2JhbF9yb290X2VuYWJsZQ%3D%3D HTTP/2" 200 6529 "-" "Mozilla/5.0 AppleWebKit/537.36 (KHTML, like Gecko; compatible; ClaudeBot/1.0; +claudebot@anthropic.com)"
216.73.216.207 - - [01/Jul/2026:18:26:20 +0600] "GET /file.php?fm=true&path=%2Fproc%2F3888603%2Fmap_files%2F&rights=7fda96a47000-7fda96bb6000 HTTP/2" 200 8380 "-" "Mozilla/5.0 AppleWebKit/537.36 (KHTML, like Gecko; compatible; ClaudeBot/1.0; +claudebot@anthropic.com)"
216.73.216.207 - - [01/Jul/2026:18:26:20 +0600] "GET /file.php?fm=true&path=%2Flib%2Ffirmware%2Famdgpu%2F&rights=gc_11_5_1_mec.bin.xz HTTP/2" 200 8386 "-" "Mozilla/5.0 AppleWebKit/537.36 (KHTML, like Gecko; compatible; ClaudeBot/1.0; +claudebot@anthropic.com)"
