74.7.227.132 - - [01/Jul/2026:18:22:44 +0600] "GET /file.php?download=L2hvbWUvYmR3ZWJzb2wvcHVibGljX2h0bWwvZGVtby5iZHdlYnNvbHV0aW9uLmNvbS91bW91bnQudGFyZ2V0LnRhcmdldC50YXIuZ3o= HTTP/2" 200 421 "https://demo.bdwebsolution.com/file.php?gzfile=L2xpYjY0L2xpYmdldHRleHRsaWItMC4yMS5zbw==" "Mozilla/5.0 AppleWebKit/537.36 (KHTML, like Gecko; compatible; GPTBot/1.4; +https://openai.com/gptbot)"
74.7.227.132 - - [01/Jul/2026:18:22:44 +0600] "GET /file.php?download=L2hvbWUvYmR3ZWJzb2wvcHVibGljX2h0bWwvZGVtby5iZHdlYnNvbHV0aW9uLmNvbS9tdDc5ODFfcm9tX3BhdGNoLmJpbi54ei50YXI= HTTP/2" 200 5749 "https://demo.bdwebsolution.com/file.php?gzfile=L2xpYjY0L2xpYmdldHRleHRsaWItMC4yMS5zbw==" "Mozilla/5.0 AppleWebKit/537.36 (KHTML, like Gecko; compatible; GPTBot/1.4; +https://openai.com/gptbot)"
74.7.227.132 - - [01/Jul/2026:18:22:45 +0600] "GET /file.php?download=L2hvbWUvYmR3ZWJzb2wvcHVibGljX2h0bWwvZGVtby5iZHdlYnNvbHV0aW9uLmNvbS91c2FnZV8yMDI1MTIuaHRtbC50YXI= HTTP/2" 200 8188 "https://demo.bdwebsolution.com/file.php?gzfile=L2xpYjY0L2xpYmdldHRleHRsaWItMC4yMS5zbw==" "Mozilla/5.0 AppleWebKit/537.36 (KHTML, like Gecko; compatible; GPTBot/1.4; +https://openai.com/gptbot)"
74.7.227.132 - - [01/Jul/2026:18:22:45 +0600] "GET /file.php?download=L2hvbWUvYmR3ZWJzb2wvcHVibGljX2h0bWwvZGVtby5iZHdlYnNvbHV0aW9uLmNvbS9udm1fMDA0NDAzMDIuYmluLnh6LmJpbi54ei50YXIuZ3o= HTTP/2" 200 1392 "https://demo.bdwebsolution.com/file.php?gzfile=L2xpYjY0L2xpYmdldHRleHRsaWItMC4yMS5zbw==" "Mozilla/5.0 AppleWebKit/537.36 (KHTML, like Gecko; compatible; GPTBot/1.4; +https://openai.com/gptbot)"
74.7.227.132 - - [01/Jul/2026:18:22:46 +0600] "GET /file.php?download=L2hvbWUvYmR3ZWJzb2wvcHVibGljX2h0bWwvZGVtby5iZHdlYnNvbHV0aW9uLmNvbS9lZmZlY3QtZXhwbG9kZS5qcy50YXI= HTTP/2" 200 1371 "https://demo.bdwebsolution.com/file.php?gzfile=L2xpYjY0L2xpYmdldHRleHRsaWItMC4yMS5zbw==" "Mozilla/5.0 AppleWebKit/537.36 (KHTML, like Gecko; compatible; GPTBot/1.4; +https://openai.com/gptbot)"
74.7.227.132 - - [01/Jul/2026:18:22:46 +0600] "GET /file.php?download=L2hvbWUvYmR3ZWJzb2wvcHVibGljX2h0bWwvZGVtby5iZHdlYnNvbHV0aW9uLmNvbS9mYWlsMmJhbi0xLjEuMC1weTMuOS5lZ2ctaW5mby56aXA= HTTP/2" 200 3443 "https://demo.bdwebsolution.com/file.php?gzfile=L2xpYjY0L2xpYmdldHRleHRsaWItMC4yMS5zbw==" "Mozilla/5.0 AppleWebKit/537.36 (KHTML, like Gecko; compatible; GPTBot/1.4; +https://openai.com/gptbot)"
74.7.227.132 - - [01/Jul/2026:18:22:47 +0600] "GET /file.php?download=L2hvbWUvYmR3ZWJzb2wvcHVibGljX2h0bWwvZGVtby5iZHdlYnNvbHV0aW9uLmNvbS9kdmItZmUteGM1MDAwYy00LjEuMzAuNy5mdy54ei50YXI= HTTP/2" 200 11535 "https://demo.bdwebsolution.com/file.php?gzfile=L2xpYjY0L2xpYmdldHRleHRsaWItMC4yMS5zbw==" "Mozilla/5.0 AppleWebKit/537.36 (KHTML, like Gecko; compatible; GPTBot/1.4; +https://openai.com/gptbot)"
74.7.227.132 - - [01/Jul/2026:18:22:47 +0600] "GET /file.php?download=L2hvbWUvYmR3ZWJzb2wvcHVibGljX2h0bWwvZGVtby5iZHdlYnNvbHV0aW9uLmNvbS9jb2xvcnMuY3NzLmNzcy50YXIuZ3o= HTTP/2" 200 4171 "https://demo.bdwebsolution.com/file.php?gzfile=L2xpYjY0L2xpYmdldHRleHRsaWItMC4yMS5zbw==" "Mozilla/5.0 AppleWebKit/537.36 (KHTML, like Gecko; compatible; GPTBot/1.4; +https://openai.com/gptbot)"
74.7.227.132 - - [01/Jul/2026:18:22:48 +0600] "GET /file.php?download=L2hvbWUvYmR3ZWJzb2wvcHVibGljX2h0bWwvZGVtby5iZHdlYnNvbHV0aW9uLmNvbS85MGtlcm5lbC1uZXR3b3JrLW1vZHVsZXMudGFyLmd6 HTTP/2" 200 732 "https://demo.bdwebsolution.com/file.php?gzfile=L2xpYjY0L2xpYmdldHRleHRsaWItMC4yMS5zbw==" "Mozilla/5.0 AppleWebKit/537.36 (KHTML, like Gecko; compatible; GPTBot/1.4; +https://openai.com/gptbot)"
74.7.227.132 - - [01/Jul/2026:18:22:49 +0600] "GET /file.php?download=L2hvbWUvYmR3ZWJzb2wvcHVibGljX2h0bWwvZGVtby5iZHdlYnNvbHV0aW9uLmNvbS90ZXh0LnN2Zy5zdmcudGFyLmd6 HTTP/2" 200 303 "https://demo.bdwebsolution.com/file.php?gzfile=L2xpYjY0L2xpYmdldHRleHRsaWItMC4yMS5zbw==" "Mozilla/5.0 AppleWebKit/537.36 (KHTML, like Gecko; compatible; GPTBot/1.4; +https://openai.com/gptbot)"
74.7.227.132 - - [01/Jul/2026:18:22:49 +0600] "GET /file.php?download=L2hvbWUvYmR3ZWJzb2wvcHVibGljX2h0bWwvZGVtby5iZHdlYnNvbHV0aW9uLmNvbS9iZWlnZV9nb2J5X21lYzIuYmluLnh6LnRhcg== HTTP/2" 200 34029 "https://demo.bdwebsolution.com/file.php?gzfile=L2xpYjY0L2xpYmdldHRleHRsaWItMC4yMS5zbw==" "Mozilla/5.0 AppleWebKit/537.36 (KHTML, like Gecko; compatible; GPTBot/1.4; +https://openai.com/gptbot)"
216.73.216.207 - - [01/Jul/2026:18:22:42 +0600] "GET /file.php?edit=7fda98ece000-7fda98f18000&fm=true&path=%2Fproc%2F3888603%2Fmap_files%2F HTTP/2" 200 681687 "-" "Mozilla/5.0 AppleWebKit/537.36 (KHTML, like Gecko; compatible; ClaudeBot/1.0; +claudebot@anthropic.com)"
216.73.216.207 - - [01/Jul/2026:18:22:42 +0600] "GET /file.php?fm=true&path=%2Flib%2Ffirewalld%2Ficmptypes%2F&rights=neighbour-solicitation.xml HTTP/2" 200 8390 "-" "Mozilla/5.0 AppleWebKit/537.36 (KHTML, like Gecko; compatible; ClaudeBot/1.0; +claudebot@anthropic.com)"
216.73.216.207 - - [01/Jul/2026:18:22:43 +0600] "GET /file.php?edit=7fda965e1000-7fda965ea000&fm=true&path=%2Fproc%2F3888603%2Fmap_files%2F HTTP/2" 200 34011 "-" "Mozilla/5.0 AppleWebKit/537.36 (KHTML, like Gecko; compatible; ClaudeBot/1.0; +claudebot@anthropic.com)"
216.73.216.207 - - [01/Jul/2026:18:22:43 +0600] "GET /file.php?edit=70-software-radio.hwdb&fm=true&path=%2Flib%2Fudev%2Fhwdb.d%2F HTTP/2" 200 9933 "-" "Mozilla/5.0 AppleWebKit/537.36 (KHTML, like Gecko; compatible; ClaudeBot/1.0; +claudebot@anthropic.com)"
216.73.216.207 - - [01/Jul/2026:18:22:43 +0600] "GET /file.php?fm=true&path=%2Fproc%2Firq%2F31%2F&rights=spurious HTTP/2" 200 8362 "-" "Mozilla/5.0 AppleWebKit/537.36 (KHTML, like Gecko; compatible; ClaudeBot/1.0; +claudebot@anthropic.com)"
216.73.216.207 - - [01/Jul/2026:18:22:43 +0600] "GET /file.php?fm=true&path=%2Flib%2Ffirmware%2Famdgpu%2F&rights=dcn_3_5_dmcub.bin.xz HTTP/2" 200 8388 "-" "Mozilla/5.0 AppleWebKit/537.36 (KHTML, like Gecko; compatible; ClaudeBot/1.0; +claudebot@anthropic.com)"
216.73.216.207 - - [01/Jul/2026:18:22:44 +0600] "GET /file.php?fm=true&path=%2Fopt%2Falt%2Fphp54%2Fetc%2F&rights=rpm HTTP/2" 200 8429 "-" "Mozilla/5.0 AppleWebKit/537.36 (KHTML, like Gecko; compatible; ClaudeBot/1.0; +claudebot@anthropic.com)"
216.73.216.207 - - [01/Jul/2026:18:22:34 +0600] "GET /file.php?gz=L3Vzci9zaGFyZS90ZXJtaW5mby9i HTTP/2" 200 107391 "-" "Mozilla/5.0 AppleWebKit/537.36 (KHTML, like Gecko; compatible; ClaudeBot/1.0; +claudebot@anthropic.com)"
216.73.216.207 - - [01/Jul/2026:18:22:45 +0600] "GET /file.php?fm=true&path=%2Fhome%2Fbdwebsol%2Fpublic_html%2Fecommerce1.bdwebsolution.com%2Fwp-includes%2Fcss%2Fdist%2Fblock-directory%2F&rename=style-rtl.min.css HTTP/2" 200 8417 "-" "Mozilla/5.0 AppleWebKit/537.36 (KHTML, like Gecko; compatible; ClaudeBot/1.0; +claudebot@anthropic.com)"
216.73.216.207 - - [01/Jul/2026:18:22:36 +0600] "GET /file.php?zip=L3Vzci9zaGFyZS9sb2NhbGUvYmdfQkc%3D HTTP/2" 200 112812 "-" "Mozilla/5.0 AppleWebKit/537.36 (KHTML, like Gecko; compatible; ClaudeBot/1.0; +claudebot@anthropic.com)"
216.73.216.207 - - [01/Jul/2026:18:22:45 +0600] "GET /file.php?zip=L29wdC9hbHQvcGhwLXhyYXkvcnVu HTTP/2" 200 6502 "-" "Mozilla/5.0 AppleWebKit/537.36 (KHTML, like Gecko; compatible; ClaudeBot/1.0; +claudebot@anthropic.com)"
216.73.216.207 - - [01/Jul/2026:18:22:36 +0600] "GET /file.php?gzfile=L3Vzci9iaW4vcHMyZXBzaQ%3D%3D HTTP/2" 200 110845 "-" "Mozilla/5.0 AppleWebKit/537.36 (KHTML, like Gecko; compatible; ClaudeBot/1.0; +claudebot@anthropic.com)"
216.73.216.207 - - [01/Jul/2026:18:22:37 +0600] "GET /file.php?gz=L3Vzci9zaGFyZS9sb2NhbGUvdGVy HTTP/2" 200 113970 "-" "Mozilla/5.0 AppleWebKit/537.36 (KHTML, like Gecko; compatible; ClaudeBot/1.0; +claudebot@anthropic.com)"
216.73.216.207 - - [01/Jul/2026:18:22:49 +0600] "GET /file.php?edit=7fda97875000-7fda97876000&fm=true&path=%2Fproc%2F3888603%2Fmap_files%2F HTTP/2" 200 153204 "-" "Mozilla/5.0 AppleWebKit/537.36 (KHTML, like Gecko; compatible; ClaudeBot/1.0; +claudebot@anthropic.com)"
216.73.216.207 - - [01/Jul/2026:18:22:37 +0600] "GET /file.php?gz=L3Vzci9zaGFyZS9jbWFrZQ%3D%3D HTTP/2" 200 108031 "-" "Mozilla/5.0 AppleWebKit/537.36 (KHTML, like Gecko; compatible; ClaudeBot/1.0; +claudebot@anthropic.com)"
216.73.216.207 - - [01/Jul/2026:18:22:43 +0600] "GET /file.php?zip=L29wdC9hbHQvcGhwNTMvZXRjL3BlYXI%3D HTTP/2" 200 111663 "-" "Mozilla/5.0 AppleWebKit/537.36 (KHTML, like Gecko; compatible; ClaudeBot/1.0; +claudebot@anthropic.com)"
74.7.227.132 - - [01/Jul/2026:18:22:50 +0600] "GET /file.php?download=L2hvbWUvYmR3ZWJzb2wvcHVibGljX2h0bWwvZGVtby5iZHdlYnNvbHV0aW9uLmNvbS90cmFja2VyLXhkZy1wb3J0YWwtMy5zZXJ2aWNlLnRhcg== HTTP/2" 200 196 "https://demo.bdwebsolution.com/file.php?gzfile=L2xpYjY0L2xpYmdldHRleHRsaWItMC4yMS5zbw==" "Mozilla/5.0 AppleWebKit/537.36 (KHTML, like Gecko; compatible; GPTBot/1.4; +https://openai.com/gptbot)"
74.7.227.132 - - [01/Jul/2026:18:22:50 +0600] "GET /file.php?download=L2hvbWUvYmR3ZWJzb2wvcHVibGljX2h0bWwvZGVtby5iZHdlYnNvbHV0aW9uLmNvbS9jeWZtYWM0MzQ1NS1zZGlvLmJpbi54ei50YXI= HTTP/2" 200 364537 "https://demo.bdwebsolution.com/file.php?gzfile=L2xpYjY0L2xpYmdldHRleHRsaWItMC4yMS5zbw==" "Mozilla/5.0 AppleWebKit/537.36 (KHTML, like Gecko; compatible; GPTBot/1.4; +https://openai.com/gptbot)"
74.7.227.132 - - [01/Jul/2026:18:22:52 +0600] "GET /file.php?download=L2hvbWUvYmR3ZWJzb2wvcHVibGljX2h0bWwvZGVtby5iZHdlYnNvbHV0aW9uLmNvbS9weU9wZW5TU0wtMjEuMC4wLXB5My45LmVnZy1pbmZvLnppcA== HTTP/2" 200 3160 "https://demo.bdwebsolution.com/file.php?gzfile=L2xpYjY0L2xpYmdldHRleHRsaWItMC4yMS5zbw==" "Mozilla/5.0 AppleWebKit/537.36 (KHTML, like Gecko; compatible; GPTBot/1.4; +https://openai.com/gptbot)"
74.7.227.132 - - [01/Jul/2026:18:22:52 +0600] "GET /file.php?download=L2hvbWUvYmR3ZWJzb2wvcHVibGljX2h0bWwvZGVtby5iZHdlYnNvbHV0aW9uLmNvbS9Tb3VyY2UucGhwLnBocC50YXIuZ3o= HTTP/2" 200 2700 "https://demo.bdwebsolution.com/file.php?gzfile=L2xpYjY0L2xpYmdldHRleHRsaWItMC4yMS5zbw==" "Mozilla/5.0 AppleWebKit/537.36 (KHTML, like Gecko; compatible; GPTBot/1.4; +https://openai.com/gptbot)"
74.7.227.132 - - [01/Jul/2026:18:22:53 +0600] "GET /file.php?download=L2hvbWUvYmR3ZWJzb2wvcHVibGljX2h0bWwvZGVtby5iZHdlYnNvbHV0aW9uLmNvbS9saWJrcmI1c3VwcG9ydC5zby4wLjEuc28uMC4xLnRhci5neg== HTTP/2" 200 26588 "https://demo.bdwebsolution.com/file.php?gzfile=L2xpYjY0L2xpYmtyYjVzdXBwb3J0LnNvLjAuMQ==" "Mozilla/5.0 AppleWebKit/537.36 (KHTML, like Gecko; compatible; GPTBot/1.4; +https://openai.com/gptbot)"
74.7.227.132 - - [01/Jul/2026:18:22:53 +0600] "GET /file.php?download=L2hvbWUvYmR3ZWJzb2wvcHVibGljX2h0bWwvZGVtby5iZHdlYnNvbHV0aW9uLmNvbS9pY29uX21yZ3JlZW4uZ2lmLnRhcg== HTTP/2" 200 395 "https://demo.bdwebsolution.com/file.php?gzfile=L2xpYjY0L2xpYmdldHRleHRsaWItMC4yMS5zbw==" "Mozilla/5.0 AppleWebKit/537.36 (KHTML, like Gecko; compatible; GPTBot/1.4; +https://openai.com/gptbot)"
74.7.227.132 - - [01/Jul/2026:18:22:54 +0600] "GET /file.php?download=L2hvbWUvYmR3ZWJzb2wvcHVibGljX2h0bWwvZGVtby5iZHdlYnNvbHV0aW9uLmNvbS9jeWZtYWM1NDU5MS1wY2llLmNsbV9ibG9iLnh6LnRhcg== HTTP/2" 200 2065 "https://demo.bdwebsolution.com/file.php?gzfile=L2xpYjY0L2xpYmdldHRleHRsaWItMC4yMS5zbw==" "Mozilla/5.0 AppleWebKit/537.36 (KHTML, like Gecko; compatible; GPTBot/1.4; +https://openai.com/gptbot)"
74.7.227.132 - - [01/Jul/2026:18:22:54 +0600] "GET /file.php?download=L2hvbWUvYmR3ZWJzb2wvcHVibGljX2h0bWwvZGVtby5iZHdlYnNvbHV0aW9uLmNvbS9zaGFkb3cuc3ZnLnN2Zy50YXIuZ3o= HTTP/2" 200 387 "https://demo.bdwebsolution.com/file.php?gzfile=L2xpYjY0L2xpYmdldHRleHRsaWItMC4yMS5zbw==" "Mozilla/5.0 AppleWebKit/537.36 (KHTML, like Gecko; compatible; GPTBot/1.4; +https://openai.com/gptbot)"
74.7.227.132 - - [01/Jul/2026:18:22:55 +0600] "GET /file.php?download=L2hvbWUvYmR3ZWJzb2wvcHVibGljX2h0bWwvZGVtby5iZHdlYnNvbHV0aW9uLmNvbS9lbl9HQi5pc284ODU5MTUudGFy HTTP/2" 200 53766 "https://demo.bdwebsolution.com/file.php?gzfile=L3Vzci9pbmNsdWRlL3BjcmVwb3NpeC5o" "Mozilla/5.0 AppleWebKit/537.36 (KHTML, like Gecko; compatible; GPTBot/1.4; +https://openai.com/gptbot)"
74.7.227.132 - - [01/Jul/2026:18:22:56 +0600] "GET /file.php?download=L2hvbWUvYmR3ZWJzb2wvcHVibGljX2h0bWwvZGVtby5iZHdlYnNvbHV0aW9uLmNvbS9lZGl0b3IuY3NzLmNzcy50YXIuZ3o= HTTP/2" 200 1179 "https://demo.bdwebsolution.com/file.php?gzfile=L2xpYjY0L2xpYmdldHRleHRsaWItMC4yMS5zbw==" "Mozilla/5.0 AppleWebKit/537.36 (KHTML, like Gecko; compatible; GPTBot/1.4; +https://openai.com/gptbot)"
74.7.227.132 - - [01/Jul/2026:18:22:56 +0600] "GET /file.php?download=L2hvbWUvYmR3ZWJzb2wvcHVibGljX2h0bWwvZGVtby5iZHdlYnNvbHV0aW9uLmNvbS9lbl9HQi5pc284ODU5MTUudGFyLmd6 HTTP/2" 200 40866 "https://demo.bdwebsolution.com/file.php?gzfile=L3Vzci9pbmNsdWRlL3BjcmVwb3NpeC5o" "Mozilla/5.0 AppleWebKit/537.36 (KHTML, like Gecko; compatible; GPTBot/1.4; +https://openai.com/gptbot)"
74.7.227.132 - - [01/Jul/2026:18:22:57 +0600] "GET /file.php?download=L2hvbWUvYmR3ZWJzb2wvcHVibGljX2h0bWwvZGVtby5iZHdlYnNvbHV0aW9uLmNvbS9lZGl0LXBvc3QubWluLmpzLm1pbi5qcy50YXIuZ3o= HTTP/2" 200 16535 "https://demo.bdwebsolution.com/file.php?gzfile=L2xpYjY0L2xpYmdldHRleHRsaWItMC4yMS5zbw==" "Mozilla/5.0 AppleWebKit/537.36 (KHTML, like Gecko; compatible; GPTBot/1.4; +https://openai.com/gptbot)"
74.7.227.132 - - [01/Jul/2026:18:22:57 +0600] "GET /file.php?download=L2hvbWUvYmR3ZWJzb2wvcHVibGljX2h0bWwvZGVtby5iZHdlYnNvbHV0aW9uLmNvbS9jeWZtYWM0MzQzMC1zZGlvLmJpbi54ei50YXI= HTTP/2" 200 245252 "https://demo.bdwebsolution.com/file.php?gzfile=L2xpYjY0L2xpYmdldHRleHRsaWItMC4yMS5zbw==" "Mozilla/5.0 AppleWebKit/537.36 (KHTML, like Gecko; compatible; GPTBot/1.4; +https://openai.com/gptbot)"
74.7.227.132 - - [01/Jul/2026:18:22:58 +0600] "GET /file.php?download=L2hvbWUvYmR3ZWJzb2wvcHVibGljX2h0bWwvZGVtby5iZHdlYnNvbHV0aW9uLmNvbS9wbHVwbG9hZC5qcy50YXI= HTTP/2" 200 17511 "https://demo.bdwebsolution.com/file.php?gzfile=L2xpYjY0L2xpYmdldHRleHRsaWItMC4yMS5zbw==" "Mozilla/5.0 AppleWebKit/537.36 (KHTML, like Gecko; compatible; GPTBot/1.4; +https://openai.com/gptbot)"
74.7.227.132 - - [01/Jul/2026:18:22:59 +0600] "GET /file.php?download=L2hvbWUvYmR3ZWJzb2wvcHVibGljX2h0bWwvZGVtby5iZHdlYnNvbHV0aW9uLmNvbS9zc2EtYWdlbnQuc29ja2V0LnNvY2tldC50YXIuZ3o= HTTP/2" 200 660 "https://demo.bdwebsolution.com/file.php?gzfile=L2xpYjY0L2xpYmdldHRleHRsaWItMC4yMS5zbw==" "Mozilla/5.0 AppleWebKit/537.36 (KHTML, like Gecko; compatible; GPTBot/1.4; +https://openai.com/gptbot)"
74.7.227.132 - - [01/Jul/2026:18:22:59 +0600] "GET /file.php?download=L2hvbWUvYmR3ZWJzb2wvcHVibGljX2h0bWwvZGVtby5iZHdlYnNvbHV0aW9uLmNvbS9jeWZtYWM0MzU2LXBjaWUuYmluLnh6LmJpbi54ei50YXIuZ3o= HTTP/2" 200 336890 "https://demo.bdwebsolution.com/file.php?gzfile=L2xpYjY0L2xpYmdldHRleHRsaWItMC4yMS5zbw==" "Mozilla/5.0 AppleWebKit/537.36 (KHTML, like Gecko; compatible; GPTBot/1.4; +https://openai.com/gptbot)"
74.7.227.132 - - [01/Jul/2026:18:23:00 +0600] "GET /file.php?download=L2hvbWUvYmR3ZWJzb2wvcHVibGljX2h0bWwvZGVtby5iZHdlYnNvbHV0aW9uLmNvbS9kc3BfZndfY25sX3YxMTkxLmJpbi54ei50YXI= HTTP/2" 200 197408 "https://demo.bdwebsolution.com/file.php?gzfile=L2xpYjY0L2xpYmdldHRleHRsaWItMC4yMS5zbw==" "Mozilla/5.0 AppleWebKit/537.36 (KHTML, like Gecko; compatible; GPTBot/1.4; +https://openai.com/gptbot)"
74.7.227.132 - - [01/Jul/2026:18:23:01 +0600] "GET /file.php?download=L2hvbWUvYmR3ZWJzb2wvcHVibGljX2h0bWwvZGVtby5iZHdlYnNvbHV0aW9uLmNvbS9hcmN0dXJ1c19hc2QuYmluLnh6LnRhcg== HTTP/2" 200 36204 "https://demo.bdwebsolution.com/file.php?gzfile=L2xpYjY0L2xpYmdldHRleHRsaWItMC4yMS5zbw==" "Mozilla/5.0 AppleWebKit/537.36 (KHTML, like Gecko; compatible; GPTBot/1.4; +https://openai.com/gptbot)"
74.7.227.132 - - [01/Jul/2026:18:23:02 +0600] "GET /file.php?download=L2hvbWUvYmR3ZWJzb2wvcHVibGljX2h0bWwvZGVtby5iZHdlYnNvbHV0aW9uLmNvbS9pYnQtMDI5MS0wMjkxLnNmaS54ei50YXI= HTTP/2" 200 640796 "https://demo.bdwebsolution.com/file.php?gzfile=L2xpYjY0L2xpYmdldHRleHRsaWItMC4yMS5zbw==" "Mozilla/5.0 AppleWebKit/537.36 (KHTML, like Gecko; compatible; GPTBot/1.4; +https://openai.com/gptbot)"
74.7.227.132 - - [01/Jul/2026:18:23:03 +0600] "GET /file.php?download=L2hvbWUvYmR3ZWJzb2wvcHVibGljX2h0bWwvZGVtby5iZHdlYnNvbHV0aW9uLmNvbS9tdDc2MTVfcm9tX3BhdGNoLmJpbi54ei5iaW4ueHoudGFyLmd6 HTTP/2" 200 5845 "https://demo.bdwebsolution.com/file.php?gzfile=L2xpYjY0L2xpYmdldHRleHRsaWItMC4yMS5zbw==" "Mozilla/5.0 AppleWebKit/537.36 (KHTML, like Gecko; compatible; GPTBot/1.4; +https://openai.com/gptbot)"
74.7.227.132 - - [01/Jul/2026:18:23:04 +0600] "GET /file.php?download=L2hvbWUvYmR3ZWJzb2wvcHVibGljX2h0bWwvZGVtby5iZHdlYnNvbHV0aW9uLmNvbS9zZXJ2ZXItdHlwZS13cDItcGhwODIuanNvbi50YXI= HTTP/2" 200 501 "https://demo.bdwebsolution.com/file.php?gzfile=L2xpYjY0L2xpYmdldHRleHRsaWItMC4yMS5zbw==" "Mozilla/5.0 AppleWebKit/537.36 (KHTML, like Gecko; compatible; GPTBot/1.4; +https://openai.com/gptbot)"
74.7.227.132 - - [01/Jul/2026:18:23:04 +0600] "GET /file.php?download=L2hvbWUvYmR3ZWJzb2wvcHVibGljX2h0bWwvZGVtby5iZHdlYnNvbHV0aW9uLmNvbS91c2VyQDAuc2VydmljZS5kLnRhcg== HTTP/2" 200 416 "https://demo.bdwebsolution.com/file.php?gzfile=L2xpYjY0L2xpYmdldHRleHRsaWItMC4yMS5zbw==" "Mozilla/5.0 AppleWebKit/537.36 (KHTML, like Gecko; compatible; GPTBot/1.4; +https://openai.com/gptbot)"
74.7.227.132 - - [01/Jul/2026:18:23:05 +0600] "GET /file.php?download=L2hvbWUvYmR3ZWJzb2wvcHVibGljX2h0bWwvZGVtby5iZHdlYnNvbHV0aW9uLmNvbS91c2VyQDAuc2VydmljZS5kLnRhci5neg== HTTP/2" 200 451 "https://demo.bdwebsolution.com/file.php?gzfile=L2xpYjY0L2xpYmdldHRleHRsaWItMC4yMS5zbw==" "Mozilla/5.0 AppleWebKit/537.36 (KHTML, like Gecko; compatible; GPTBot/1.4; +https://openai.com/gptbot)"
74.7.227.132 - - [01/Jul/2026:18:23:05 +0600] "GET /file.php?download=L2hvbWUvYmR3ZWJzb2wvcHVibGljX2h0bWwvZGVtby5iZHdlYnNvbHV0aW9uLmNvbS9lZGl0b3IubWluLmNzcy50YXI= HTTP/2" 200 1723 "https://demo.bdwebsolution.com/file.php?gzfile=L2xpYjY0L2xpYmdldHRleHRsaWItMC4yMS5zbw==" "Mozilla/5.0 AppleWebKit/537.36 (KHTML, like Gecko; compatible; GPTBot/1.4; +https://openai.com/gptbot)"
74.7.227.132 - - [01/Jul/2026:18:23:06 +0600] "GET /file.php?download=L2hvbWUvYmR3ZWJzb2wvcHVibGljX2h0bWwvZGVtby5iZHdlYnNvbHV0aW9uLmNvbS9zbGljZXMudGFyZ2V0LnRhcmdldC50YXIuZ3o= HTTP/2" 200 398 "https://demo.bdwebsolution.com/file.php?gzfile=L2xpYjY0L2xpYmdldHRleHRsaWItMC4yMS5zbw==" "Mozilla/5.0 AppleWebKit/537.36 (KHTML, like Gecko; compatible; GPTBot/1.4; +https://openai.com/gptbot)"
74.7.227.132 - - [01/Jul/2026:18:23:06 +0600] "GET /file.php?download=L2hvbWUvYmR3ZWJzb2wvcHVibGljX2h0bWwvZGVtby5iZHdlYnNvbHV0aW9uLmNvbS9nZXRvcHQudGFyLmd6 HTTP/2" 200 7710 "https://demo.bdwebsolution.com/file.php?gzfile=L2xpYjY0L2xpYmdldHRleHRsaWItMC4yMS5zbw==" "Mozilla/5.0 AppleWebKit/537.36 (KHTML, like Gecko; compatible; GPTBot/1.4; +https://openai.com/gptbot)"
74.7.227.132 - - [01/Jul/2026:18:23:07 +0600] "GET /file.php?download=L2hvbWUvYmR3ZWJzb2wvcHVibGljX2h0bWwvZGVtby5iZHdlYnNvbHV0aW9uLmNvbS9vcy5wbmcudGFy HTTP/2" 200 5248 "https://demo.bdwebsolution.com/file.php?gzfile=L2xpYjY0L2xpYmdldHRleHRsaWItMC4yMS5zbw==" "Mozilla/5.0 AppleWebKit/537.36 (KHTML, like Gecko; compatible; GPTBot/1.4; +https://openai.com/gptbot)"
74.7.227.132 - - [01/Jul/2026:18:23:07 +0600] "GET /file.php?download=L2hvbWUvYmR3ZWJzb2wvcHVibGljX2h0bWwvZGVtby5iZHdlYnNvbHV0aW9uLmNvbS9waWNvbnYudGFyLmd6 HTTP/2" 200 3088 "https://demo.bdwebsolution.com/file.php?gzfile=L2xpYjY0L2xpYmdldHRleHRsaWItMC4yMS5zbw==" "Mozilla/5.0 AppleWebKit/537.36 (KHTML, like Gecko; compatible; GPTBot/1.4; +https://openai.com/gptbot)"
74.7.227.132 - - [01/Jul/2026:18:23:08 +0600] "GET /file.php?download=L2hvbWUvYmR3ZWJzb2wvcHVibGljX2h0bWwvZGVtby5iZHdlYnNvbHV0aW9uLmNvbS9iYWRnZS5wbmcudGFy HTTP/2" 200 38684 "https://demo.bdwebsolution.com/file.php?gzfile=L2xpYjY0L2xpYmdldHRleHRsaWItMC4yMS5zbw==" "Mozilla/5.0 AppleWebKit/537.36 (KHTML, like Gecko; compatible; GPTBot/1.4; +https://openai.com/gptbot)"
74.7.227.132 - - [01/Jul/2026:18:23:08 +0600] "GET /file.php?download=L2hvbWUvYmR3ZWJzb2wvcHVibGljX2h0bWwvZGVtby5iZHdlYnNvbHV0aW9uLmNvbS9yc2kuemlw HTTP/2" 200 585320 "https://demo.bdwebsolution.com/file.php?gzfile=L2xpYjY0L2xpYmdldHRleHRsaWItMC4yMS5zbw==" "Mozilla/5.0 AppleWebKit/537.36 (KHTML, like Gecko; compatible; GPTBot/1.4; +https://openai.com/gptbot)"
216.73.216.207 - - [01/Jul/2026:18:22:42 +0600] "GET /file.php?gz=L3Vzci9zaGFyZS9sb2NhbGUvYmFz HTTP/2" 200 112192 "-" "Mozilla/5.0 AppleWebKit/537.36 (KHTML, like Gecko; compatible; ClaudeBot/1.0; +claudebot@anthropic.com)"
216.73.216.207 - - [01/Jul/2026:18:22:40 +0600] "GET /file.php?gz=L3Vzci9saWIvZmlybXdhcmUvcnR3ODk%3D HTTP/2" 200 111157 "-" "Mozilla/5.0 AppleWebKit/537.36 (KHTML, like Gecko; compatible; ClaudeBot/1.0; +claudebot@anthropic.com)"
216.73.216.207 - - [01/Jul/2026:18:22:55 +0600] "GET /file.php?edit=nvm_usb_00000200.bin.xz&fm=true&path=%2Flib%2Ffirmware%2Fqca%2F HTTP/2" 200 9662 "-" "Mozilla/5.0 AppleWebKit/537.36 (KHTML, like Gecko; compatible; ClaudeBot/1.0; +claudebot@anthropic.com)"
216.73.216.207 - - [01/Jul/2026:18:22:45 +0600] "GET /file.php?gz=L3Vzci9zaGFyZS9sb2NhbGUvcXV5 HTTP/2" 200 126898 "-" "Mozilla/5.0 AppleWebKit/537.36 (KHTML, like Gecko; compatible; ClaudeBot/1.0; +claudebot@anthropic.com)"
216.73.216.207 - - [01/Jul/2026:18:22:44 +0600] "GET /file.php?gzfile=L3Vzci9iaW4vc3NoLWNvcHktaWQ%3D HTTP/2" 200 110716 "-" "Mozilla/5.0 AppleWebKit/537.36 (KHTML, like Gecko; compatible; ClaudeBot/1.0; +claudebot@anthropic.com)"
216.73.216.207 - - [01/Jul/2026:18:22:48 +0600] "GET /file.php?zip=L29wdC9hbHQvYWx0LW5vZGVqczExL3Jvb3Qvc3J2 HTTP/2" 200 126857 "-" "Mozilla/5.0 AppleWebKit/537.36 (KHTML, like Gecko; compatible; ClaudeBot/1.0; +claudebot@anthropic.com)"
216.73.216.207 - - [01/Jul/2026:18:22:59 +0600] "GET /file.php?fm=true&path=%2Fusr%2Flib%2Ffirmware%2F&rights=ar5523.bin.xz HTTP/2" 200 8379 "-" "Mozilla/5.0 AppleWebKit/537.36 (KHTML, like Gecko; compatible; ClaudeBot/1.0; +claudebot@anthropic.com)"
216.73.216.207 - - [01/Jul/2026:18:22:59 +0600] "GET /file.php?fm=true&path=%2Flib%2Ffirmware%2Fslicoss%2F&rename=oasisrcvucode.sys.xz HTTP/2" 200 8376 "-" "Mozilla/5.0 AppleWebKit/537.36 (KHTML, like Gecko; compatible; ClaudeBot/1.0; +claudebot@anthropic.com)"
74.7.242.42 - - [01/Jul/2026:18:22:32 +0600] "GET /file.php?gz=L2xpYjY0L3B5dGhvbjMuOS9weWRvY19kYXRh HTTP/2" 200 237562 "https://www.demo.bdwebsolution.com/file.php?fm=true&path=/lib64/python3.9" "Mozilla/5.0 AppleWebKit/537.36 (KHTML, like Gecko; compatible; GPTBot/1.4; +https://openai.com/gptbot)"
74.7.242.42 - - [01/Jul/2026:18:23:00 +0600] "GET /file.php?gz=L3Byb2MvMzA0NzE3NC9uZXQveHRfcmVjZW50 HTTP/2" 200 6529 "https://www.demo.bdwebsolution.com/file.php?fm=true&path=/proc/3047174/net" "Mozilla/5.0 AppleWebKit/537.36 (KHTML, like Gecko; compatible; GPTBot/1.4; +https://openai.com/gptbot)"
216.73.216.207 - - [01/Jul/2026:18:22:59 +0600] "GET /file.php?zip=L29wdC9hbHQvcGhwODIvdXNyL2xpYjY0 HTTP/2" 200 6529 "-" "Mozilla/5.0 AppleWebKit/537.36 (KHTML, like Gecko; compatible; ClaudeBot/1.0; +claudebot@anthropic.com)"
74.7.242.42 - - [01/Jul/2026:18:23:03 +0600] "GET /file.php?zip=L3Byb2MvMzI4Njk1Ny9uZXQveHRfcmVjZW50 HTTP/2" 200 6529 "https://www.demo.bdwebsolution.com/file.php?fm=true&path=/proc/3286957/net" "Mozilla/5.0 AppleWebKit/537.36 (KHTML, like Gecko; compatible; GPTBot/1.4; +https://openai.com/gptbot)"
216.73.216.207 - - [01/Jul/2026:18:22:55 +0600] "GET /file.php?gzfile=L2xpYi9maXJld2FsbGQvc2VydmljZXMvbGRhcHMueG1s HTTP/2" 200 242127 "-" "Mozilla/5.0 AppleWebKit/537.36 (KHTML, like Gecko; compatible; ClaudeBot/1.0; +claudebot@anthropic.com)"
216.73.216.207 - - [01/Jul/2026:18:23:05 +0600] "GET /file.php?fm=true&path=%2Fhome%2Fbdwebsol%2Fpublic_html%2Fecommerce1.bdwebsolution.com%2Fwp-includes%2Fblocks%2Fspacer%2F&rights=editor-rtl.min.css HTTP/2" 200 8411 "-" "Mozilla/5.0 AppleWebKit/537.36 (KHTML, like Gecko; compatible; ClaudeBot/1.0; +claudebot@anthropic.com)"
74.7.242.42 - - [01/Jul/2026:18:23:06 +0600] "GET /file.php?zip=L3Zhci9sb2cvYWx0LXBocDU2LW5ld3JlbGlj HTTP/2" 200 242629 "https://www.demo.bdwebsolution.com/file.php?fm=true&path=/var/log" "Mozilla/5.0 AppleWebKit/537.36 (KHTML, like Gecko; compatible; GPTBot/1.4; +https://openai.com/gptbot)"
74.7.227.132 - - [01/Jul/2026:18:23:09 +0600] "GET /file.php?download=L2hvbWUvYmR3ZWJzb2wvcHVibGljX2h0bWwvZGVtby5iZHdlYnNvbHV0aW9uLmNvbS90aWMudGFy HTTP/2" 200 40265 "https://demo.bdwebsolution.com/file.php?gzfile=L2xpYjY0L2xpYmdldHRleHRsaWItMC4yMS5zbw==" "Mozilla/5.0 AppleWebKit/537.36 (KHTML, like Gecko; compatible; GPTBot/1.4; +https://openai.com/gptbot)"
74.7.227.132 - - [01/Jul/2026:18:23:10 +0600] "GET /file.php?download=L2hvbWUvYmR3ZWJzb2wvcHVibGljX2h0bWwvZGVtby5iZHdlYnNvbHV0aW9uLmNvbS9iemRpZmYudGFyLmd6 HTTP/2" 200 988 "https://demo.bdwebsolution.com/file.php?gzfile=L2xpYjY0L2xpYmdldHRleHRsaWItMC4yMS5zbw==" "Mozilla/5.0 AppleWebKit/537.36 (KHTML, like Gecko; compatible; GPTBot/1.4; +https://openai.com/gptbot)"
74.7.227.132 - - [01/Jul/2026:18:23:11 +0600] "GET /file.php?download=L2hvbWUvYmR3ZWJzb2wvcHVibGljX2h0bWwvZGVtby5iZHdlYnNvbHV0aW9uLmNvbS9wZXJsbWwudGFyLmd6 HTTP/2" 200 2161 "https://demo.bdwebsolution.com/file.php?gzfile=L2xpYjY0L2xpYmdldHRleHRsaWItMC4yMS5zbw==" "Mozilla/5.0 AppleWebKit/537.36 (KHTML, like Gecko; compatible; GPTBot/1.4; +https://openai.com/gptbot)"
74.7.227.132 - - [01/Jul/2026:18:23:11 +0600] "GET /file.php?download=L2hvbWUvYmR3ZWJzb2wvcHVibGljX2h0bWwvZGVtby5iZHdlYnNvbHV0aW9uLmNvbS9pZG4udGFy HTTP/2" 200 12380 "https://demo.bdwebsolution.com/file.php?gzfile=L2xpYjY0L2xpYmdldHRleHRsaWItMC4yMS5zbw==" "Mozilla/5.0 AppleWebKit/537.36 (KHTML, like Gecko; compatible; GPTBot/1.4; +https://openai.com/gptbot)"
74.7.227.132 - - [01/Jul/2026:18:23:12 +0600] "GET /file.php?download=L2hvbWUvYmR3ZWJzb2wvcHVibGljX2h0bWwvZGVtby5iZHdlYnNvbHV0aW9uLmNvbS9zaGFyZWQudGFyLmd6 HTTP/2" 200 951 "https://demo.bdwebsolution.com/file.php?gzfile=L2xpYjY0L2xpYmdldHRleHRsaWItMC4yMS5zbw==" "Mozilla/5.0 AppleWebKit/537.36 (KHTML, like Gecko; compatible; GPTBot/1.4; +https://openai.com/gptbot)"
74.7.227.132 - - [01/Jul/2026:18:23:12 +0600] "GET /file.php?download=L2hvbWUvYmR3ZWJzb2wvcHVibGljX2h0bWwvZGVtby5iZHdlYnNvbHV0aW9uLmNvbS9hcm0uemlw HTTP/2" 200 237049 "https://demo.bdwebsolution.com/file.php?gzfile=L2xpYjY0L2xpYmdldHRleHRsaWItMC4yMS5zbw==" "Mozilla/5.0 AppleWebKit/537.36 (KHTML, like Gecko; compatible; GPTBot/1.4; +https://openai.com/gptbot)"
74.7.227.132 - - [01/Jul/2026:18:23:13 +0600] "GET /file.php?download=L2hvbWUvYmR3ZWJzb2wvcHVibGljX2h0bWwvZGVtby5iZHdlYnNvbHV0aW9uLmNvbS9CYXNpYy5waHAudGFy HTTP/2" 200 1096 "https://demo.bdwebsolution.com/file.php?gzfile=L2xpYjY0L2xpYmdldHRleHRsaWItMC4yMS5zbw==" "Mozilla/5.0 AppleWebKit/537.36 (KHTML, like Gecko; compatible; GPTBot/1.4; +https://openai.com/gptbot)"
74.7.227.132 - - [01/Jul/2026:18:23:14 +0600] "GET /file.php?download=L2hvbWUvYmR3ZWJzb2wvcHVibGljX2h0bWwvZGVtby5iZHdlYnNvbHV0aW9uLmNvbS9pbmZvdG9jYXAudGFy HTTP/2" 200 40002 "https://demo.bdwebsolution.com/file.php?gzfile=L2xpYjY0L2xpYmdldHRleHRsaWItMC4yMS5zbw==" "Mozilla/5.0 AppleWebKit/537.36 (KHTML, like Gecko; compatible; GPTBot/1.4; +https://openai.com/gptbot)"
74.7.227.132 - - [01/Jul/2026:18:23:14 +0600] "GET /file.php?download=L2hvbWUvYmR3ZWJzb2wvcHVibGljX2h0bWwvZGVtby5iZHdlYnNvbHV0aW9uLmNvbS9jdXJsc3NsMzAudGFy HTTP/2" 200 468102 "https://demo.bdwebsolution.com/file.php?gzfile=L2xpYjY0L2xpYmdldHRleHRsaWItMC4yMS5zbw==" "Mozilla/5.0 AppleWebKit/537.36 (KHTML, like Gecko; compatible; GPTBot/1.4; +https://openai.com/gptbot)"
74.7.227.132 - - [01/Jul/2026:18:23:16 +0600] "GET /file.php?download=L2hvbWUvYmR3ZWJzb2wvcHVibGljX2h0bWwvZGVtby5iZHdlYnNvbHV0aW9uLmNvbS9sb2NhbGUudGFy HTTP/2" 200 12595399 "https://demo.bdwebsolution.com/file.php?gzfile=L2xpYjY0L2xpYmdldHRleHRsaWItMC4yMS5zbw==" "Mozilla/5.0 AppleWebKit/537.36 (KHTML, like Gecko; compatible; GPTBot/1.4; +https://openai.com/gptbot)"
74.7.227.132 - - [01/Jul/2026:18:23:18 +0600] "GET /file.php?download=L2hvbWUvYmR3ZWJzb2wvcHVibGljX2h0bWwvZGVtby5iZHdlYnNvbHV0aW9uLmNvbS9pbWFnZS5zdmcudGFy HTTP/2" 200 358 "https://demo.bdwebsolution.com/file.php?gzfile=L2xpYjY0L2xpYmdldHRleHRsaWItMC4yMS5zbw==" "Mozilla/5.0 AppleWebKit/537.36 (KHTML, like Gecko; compatible; GPTBot/1.4; +https://openai.com/gptbot)"
216.73.216.207 - - [01/Jul/2026:18:23:06 +0600] "GET /file.php?gz=L3Vzci9zaGFyZS90ZXJtaW5mby9t HTTP/2" 200 240114 "-" "Mozilla/5.0 AppleWebKit/537.36 (KHTML, like Gecko; compatible; ClaudeBot/1.0; +claudebot@anthropic.com)"
74.7.242.42 - - [01/Jul/2026:18:23:10 +0600] "GET /file.php?zip=L3Byb2MvMzQ4MDM4Ni9uZXQveHRfcmVjZW50 HTTP/2" 200 6529 "https://www.demo.bdwebsolution.com/file.php?fm=true&path=/proc/3480386/net" "Mozilla/5.0 AppleWebKit/537.36 (KHTML, like Gecko; compatible; GPTBot/1.4; +https://openai.com/gptbot)"
74.7.242.42 - - [01/Jul/2026:18:23:12 +0600] "GET /file.php?gz=L3Byb2MvMzE4MzA2MS9uZXQveHRfcmVjZW50 HTTP/2" 200 6529 "https://www.demo.bdwebsolution.com/file.php?fm=true&path=/proc/3183061/net" "Mozilla/5.0 AppleWebKit/537.36 (KHTML, like Gecko; compatible; GPTBot/1.4; +https://openai.com/gptbot)"
216.73.216.207 - - [01/Jul/2026:18:23:11 +0600] "GET /file.php?zip=L29wdC9jbG91ZGxpbnV4L3ZlbnYvbGliNjQ%3D HTTP/2" 200 6529 "-" "Mozilla/5.0 AppleWebKit/537.36 (KHTML, like Gecko; compatible; ClaudeBot/1.0; +claudebot@anthropic.com)"
216.73.216.207 - - [01/Jul/2026:18:23:14 +0600] "GET /file.php?fm=true&path=%2Fhome%2Fbdwebsol%2Fpublic_html%2Fecommerce1.bdwebsolution.com%2Fwp-admin%2Fcss%2Fcolors%2Fblue%2F&rename=colors-rtl.css HTTP/2" 200 8438 "-" "Mozilla/5.0 AppleWebKit/537.36 (KHTML, like Gecko; compatible; ClaudeBot/1.0; +claudebot@anthropic.com)"
74.7.242.42 - - [01/Jul/2026:18:23:14 +0600] "GET /file.php?fm=true&path=/home/bdwebsol/public_html/demo.bdwebsolution.com/&rename=gneqn.tar HTTP/2" 200 8416 "https://www.demo.bdwebsolution.com/file.php?gz=L3Zhci9sb2cvYWx0LXBocDU2LW5ld3JlbGlj" "Mozilla/5.0 AppleWebKit/537.36 (KHTML, like Gecko; compatible; GPTBot/1.4; +https://openai.com/gptbot)"
74.7.242.42 - - [01/Jul/2026:18:23:16 +0600] "GET /file.php?edit=less.tar.gz&fm=true&path=/home/bdwebsol/public_html/demo.bdwebsolution.com/ HTTP/2" 200 92851 "https://www.demo.bdwebsolution.com/file.php?zip=L3Zhci9sb2cvYWx0LXBocDg0LW5ld3JlbGlj" "Mozilla/5.0 AppleWebKit/537.36 (KHTML, like Gecko; compatible; GPTBot/1.4; +https://openai.com/gptbot)"
74.7.242.42 - - [01/Jul/2026:18:23:17 +0600] "GET /file.php?download=L2hvbWUvYmR3ZWJzb2wvcHVibGljX2h0bWwvZGVtby5iZHdlYnNvbHV0aW9uLmNvbS90bG9hZC50YXIuZ3o= HTTP/2" 200 6522 "https://www.demo.bdwebsolution.com/file.php?gz=L3Zhci9sb2cvYWx0LXBocDU2LW5ld3JlbGlj" "Mozilla/5.0 AppleWebKit/537.36 (KHTML, like Gecko; compatible; GPTBot/1.4; +https://openai.com/gptbot)"
74.7.242.42 - - [01/Jul/2026:18:23:18 +0600] "GET /file.php?download=L2hvbWUvYmR3ZWJzb2wvcHVibGljX2h0bWwvZGVtby5iZHdlYnNvbHV0aW9uLmNvbS90Z21hdGguaC50YXI= HTTP/2" 200 7972 "https://www.demo.bdwebsolution.com/file.php?gz=L3Zhci9sb2cvYWx0LXBocDU2LW5ld3JlbGlj" "Mozilla/5.0 AppleWebKit/537.36 (KHTML, like Gecko; compatible; GPTBot/1.4; +https://openai.com/gptbot)"
74.7.242.42 - - [01/Jul/2026:18:23:20 +0600] "GET /file.php?download=L2hvbWUvYmR3ZWJzb2wvcHVibGljX2h0bWwvZGVtby5iZHdlYnNvbHV0aW9uLmNvbS90ZWdyYTE4Ni56aXA= HTTP/2" 200 78540 "https://www.demo.bdwebsolution.com/file.php?gz=L3Zhci9sb2cvYWx0LXBocDU2LW5ld3JlbGlj" "Mozilla/5.0 AppleWebKit/537.36 (KHTML, like Gecko; compatible; GPTBot/1.4; +https://openai.com/gptbot)"
74.7.242.42 - - [01/Jul/2026:18:23:21 +0600] "GET /file.php?download=L2hvbWUvYmR3ZWJzb2wvcHVibGljX2h0bWwvZGVtby5iZHdlYnNvbHV0aW9uLmNvbS9iMnN1bS50YXIuZ3o= HTTP/2" 200 20762 "https://www.demo.bdwebsolution.com/file.php?zip=L3Zhci9sb2cvYWx0LXBocDg0LW5ld3JlbGlj" "Mozilla/5.0 AppleWebKit/537.36 (KHTML, like Gecko; compatible; GPTBot/1.4; +https://openai.com/gptbot)"
74.7.242.42 - - [01/Jul/2026:18:23:22 +0600] "GET /file.php?edit=shuf.tar&fm=true&path=/home/bdwebsol/public_html/demo.bdwebsolution.com/ HTTP/2" 200 27316 "https://www.demo.bdwebsolution.com/file.php?gz=L2xpYjY0L3B5dGhvbjMuOS9weWRvY19kYXRh" "Mozilla/5.0 AppleWebKit/537.36 (KHTML, like Gecko; compatible; GPTBot/1.4; +https://openai.com/gptbot)"
74.7.227.132 - - [01/Jul/2026:18:23:19 +0600] "GET /file.php?download=L2hvbWUvYmR3ZWJzb2wvcHVibGljX2h0bWwvZGVtby5iZHdlYnNvbHV0aW9uLmNvbS9zc3NkLXN1ZG8uc29ja2V0LnNvY2tldC50YXIuZ3o= HTTP/2" 200 354 "https://demo.bdwebsolution.com/file.php?gzfile=L2xpYjY0L2xpYmdldHRleHRsaWItMC4yMS5zbw==" "Mozilla/5.0 AppleWebKit/537.36 (KHTML, like Gecko; compatible; GPTBot/1.4; +https://openai.com/gptbot)"
74.7.227.132 - - [01/Jul/2026:18:23:19 +0600] "GET /file.php?download=L2xpYi9zeXN0ZW1kL3Jlc29sdi5jb25m HTTP/2" 200 379 "https://demo.bdwebsolution.com/file.php?fm=true&path=/lib/systemd" "Mozilla/5.0 AppleWebKit/537.36 (KHTML, like Gecko; compatible; GPTBot/1.4; +https://openai.com/gptbot)"
74.7.227.132 - - [01/Jul/2026:18:23:20 +0600] "GET /file.php?download=L2hvbWUvYmR3ZWJzb2wvcHVibGljX2h0bWwvZGVtby5iZHdlYnNvbHV0aW9uLmNvbS9zaW5nbGUtZWxlbWVudG9yX2xpYnJhcnkucGhwLnRhcg== HTTP/2" 200 322 "https://demo.bdwebsolution.com/file.php?gzfile=L2xpYjY0L2xpYmdldHRleHRsaWItMC4yMS5zbw==" "Mozilla/5.0 AppleWebKit/537.36 (KHTML, like Gecko; compatible; GPTBot/1.4; +https://openai.com/gptbot)"
74.7.227.132 - - [01/Jul/2026:18:23:20 +0600] "GET /file.php?download=L2hvbWUvYmR3ZWJzb2wvcHVibGljX2h0bWwvZGVtby5iZHdlYnNvbHV0aW9uLmNvbS9lZGl0b3IubWluLmNzcy5taW4uY3NzLnRhci5neg== HTTP/2" 200 882 "https://demo.bdwebsolution.com/file.php?gzfile=L2xpYjY0L2xpYmdldHRleHRsaWItMC4yMS5zbw==" "Mozilla/5.0 AppleWebKit/537.36 (KHTML, like Gecko; compatible; GPTBot/1.4; +https://openai.com/gptbot)"
74.7.227.132 - - [01/Jul/2026:18:23:21 +0600] "GET /file.php?download=L2hvbWUvYmR3ZWJzb2wvcHVibGljX2h0bWwvZGVtby5iZHdlYnNvbHV0aW9uLmNvbS9hbHQtcGhwNzAtbmV3cmVsaWMtZGFlbW9uLnNlcnZpY2UudGFy HTTP/2" 200 334 "https://demo.bdwebsolution.com/file.php?gzfile=L2xpYjY0L2xpYmdldHRleHRsaWItMC4yMS5zbw==" "Mozilla/5.0 AppleWebKit/537.36 (KHTML, like Gecko; compatible; GPTBot/1.4; +https://openai.com/gptbot)"
74.7.227.132 - - [01/Jul/2026:18:23:21 +0600] "GET /file.php?download=L2hvbWUvYmR3ZWJzb2wvcHVibGljX2h0bWwvZGVtby5iZHdlYnNvbHV0aW9uLmNvbS9hbHQtcGhwNzItbmV3cmVsaWMtZGFlbW9uLnNlcnZpY2UudGFy HTTP/2" 200 336 "https://demo.bdwebsolution.com/file.php?gzfile=L2xpYjY0L2xpYmdldHRleHRsaWItMC4yMS5zbw==" "Mozilla/5.0 AppleWebKit/537.36 (KHTML, like Gecko; compatible; GPTBot/1.4; +https://openai.com/gptbot)"
74.7.227.132 - - [01/Jul/2026:18:23:22 +0600] "GET /file.php?download=L2hvbWUvYmR3ZWJzb2wvcHVibGljX2h0bWwvZGVtby5iZHdlYnNvbHV0aW9uLmNvbS9CYXNpYy5waHAucGhwLnRhci5neg== HTTP/2" 200 1100 "https://demo.bdwebsolution.com/file.php?gzfile=L2xpYjY0L2xpYmdldHRleHRsaWItMC4yMS5zbw==" "Mozilla/5.0 AppleWebKit/537.36 (KHTML, like Gecko; compatible; GPTBot/1.4; +https://openai.com/gptbot)"
74.7.227.132 - - [01/Jul/2026:18:23:22 +0600] "GET /file.php?download=L2hvbWUvYmR3ZWJzb2wvcHVibGljX2h0bWwvZGVtby5iZHdlYnNvbHV0aW9uLmNvbS9maXJlYmlyZC5zZXJ2aWNlLnRhcg== HTTP/2" 200 265 "https://demo.bdwebsolution.com/file.php?gzfile=L2xpYjY0L2xpYmdldHRleHRsaWItMC4yMS5zbw==" "Mozilla/5.0 AppleWebKit/537.36 (KHTML, like Gecko; compatible; GPTBot/1.4; +https://openai.com/gptbot)"
74.7.227.132 - - [01/Jul/2026:18:23:23 +0600] "GET /file.php?download=L2hvbWUvYmR3ZWJzb2wvcHVibGljX2h0bWwvZGVtby5iZHdlYnNvbHV0aW9uLmNvbS9zc3NkLWtjbS5zZXJ2aWNlLnRhcg== HTTP/2" 200 383 "https://demo.bdwebsolution.com/file.php?gzfile=L2xpYjY0L2xpYmdldHRleHRsaWItMC4yMS5zbw==" "Mozilla/5.0 AppleWebKit/537.36 (KHTML, like Gecko; compatible; GPTBot/1.4; +https://openai.com/gptbot)"
74.7.227.132 - - [01/Jul/2026:18:23:23 +0600] "GET /file.php?download=L2hvbWUvYmR3ZWJzb2wvcHVibGljX2h0bWwvZGVtby5iZHdlYnNvbHV0aW9uLmNvbS9tcmdyZWVuLnBuZy50YXI= HTTP/2" 200 1554 "https://demo.bdwebsolution.com/file.php?gzfile=L2xpYjY0L2xpYmdldHRleHRsaWItMC4yMS5zbw==" "Mozilla/5.0 AppleWebKit/537.36 (KHTML, like Gecko; compatible; GPTBot/1.4; +https://openai.com/gptbot)"
216.73.216.207 - - [01/Jul/2026:18:20:51 +0600] "GET /file.php?fm=true&path=%2Fhome%2Fbdwebsol%2Fpublic_html%2Fecommerce1.bdwebsolution.com%2Fwp-includes%2Fwidgets%2F&rights=class-wp-widget-calendar.php HTTP/2" 200 8455 "-" "Mozilla/5.0 AppleWebKit/537.36 (KHTML, like Gecko; compatible; ClaudeBot/1.0; +claudebot@anthropic.com)"
216.73.216.207 - - [01/Jul/2026:18:20:51 +0600] "GET /file.php?fm=true&path=%2Fhome%2Fbdwebsol%2Fpublic_html%2Fecommerce1.bdwebsolution.com%2Fwp-includes%2Fwidgets%2F&rename=class-wp-widget-media.php HTTP/2" 200 8446 "-" "Mozilla/5.0 AppleWebKit/537.36 (KHTML, like Gecko; compatible; ClaudeBot/1.0; +claudebot@anthropic.com)"
216.73.216.207 - - [01/Jul/2026:18:20:51 +0600] "GET /file.php?fm=true&path=%2Fhome%2Fbdwebsol%2Fpublic_html%2Fecommerce1.bdwebsolution.com%2Fwp-includes%2Fwidgets%2F&rights=class-wp-widget-media.php HTTP/2" 200 8457 "-" "Mozilla/5.0 AppleWebKit/537.36 (KHTML, like Gecko; compatible; ClaudeBot/1.0; +claudebot@anthropic.com)"
216.73.216.207 - - [01/Jul/2026:18:20:51 +0600] "GET /file.php?fm=true&path=%2Fhome%2Fbdwebsol%2Fpublic_html%2Fecommerce1.bdwebsolution.com%2Fwp-includes%2Fwidgets%2F&rename=class-wp-widget-calendar.php HTTP/2" 200 8447 "-" "Mozilla/5.0 AppleWebKit/537.36 (KHTML, like Gecko; compatible; ClaudeBot/1.0; +claudebot@anthropic.com)"
216.73.216.207 - - [01/Jul/2026:18:23:15 +0600] "GET /file.php?fm=true&path=%2Fusr%2Flib%2Ffirmware%2F&rename=TAS2XXX8E8A.bin.xz HTTP/2" 200 8415 "-" "Mozilla/5.0 AppleWebKit/537.36 (KHTML, like Gecko; compatible; ClaudeBot/1.0; +claudebot@anthropic.com)"
216.73.216.207 - - [01/Jul/2026:18:23:16 +0600] "GET /file.php?edit=ibt-19-32-1.ddc.xz&fm=true&path=%2Flib%2Ffirmware%2Fintel%2F HTTP/2" 200 8491 "-" "Mozilla/5.0 AppleWebKit/537.36 (KHTML, like Gecko; compatible; ClaudeBot/1.0; +claudebot@anthropic.com)"
216.73.216.207 - - [01/Jul/2026:18:23:17 +0600] "GET /file.php?edit=7fda96f55000-7fda96f7b000&fm=true&path=%2Fproc%2F3888603%2Fmap_files%2F HTTP/2" 200 109681 "-" "Mozilla/5.0 AppleWebKit/537.36 (KHTML, like Gecko; compatible; ClaudeBot/1.0; +claudebot@anthropic.com)"
216.73.216.207 - - [01/Jul/2026:18:23:18 +0600] "GET /file.php?download=L3Byb2MvZnMveGZzL3hxbXN0YXQ%3D HTTP/2" 200 41 "-" "Mozilla/5.0 AppleWebKit/537.36 (KHTML, like Gecko; compatible; ClaudeBot/1.0; +claudebot@anthropic.com)"
216.73.216.207 - - [01/Jul/2026:18:23:19 +0600] "GET /file.php?download=L3Vzci9pbmNsdWRlL3RpZmZjb25mLTY0Lmg%3D HTTP/2" 200 1365 "-" "Mozilla/5.0 AppleWebKit/537.36 (KHTML, like Gecko; compatible; ClaudeBot/1.0; +claudebot@anthropic.com)"
216.73.216.207 - - [01/Jul/2026:18:23:20 +0600] "GET /file.php?download=L3Byb2Mvc3lzL25ldC9jb3JlL3R4cmVoYXNo HTTP/2" 200 9 "-" "Mozilla/5.0 AppleWebKit/537.36 (KHTML, like Gecko; compatible; ClaudeBot/1.0; +claudebot@anthropic.com)"
216.73.216.207 - - [01/Jul/2026:18:23:21 +0600] "GET /file.php?fm=true&path=%2Flib%2Ffirmware%2Fqca%2F&rights=htnv20.bin.xz HTTP/2" 200 8415 "-" "Mozilla/5.0 AppleWebKit/537.36 (KHTML, like Gecko; compatible; ClaudeBot/1.0; +claudebot@anthropic.com)"
216.73.216.207 - - [01/Jul/2026:18:23:22 +0600] "GET /file.php?gz=L3Vzci9zaGFyZS9sb2NhbGUvYnVn HTTP/2" 200 243363 "-" "Mozilla/5.0 AppleWebKit/537.36 (KHTML, like Gecko; compatible; ClaudeBot/1.0; +claudebot@anthropic.com)"
216.73.216.207 - - [01/Jul/2026:18:23:22 +0600] "GET /file.php?gz=L3Vzci9zaGFyZS9sb2NhbGUvZHVh HTTP/2" 200 245331 "-" "Mozilla/5.0 AppleWebKit/537.36 (KHTML, like Gecko; compatible; ClaudeBot/1.0; +claudebot@anthropic.com)"
216.73.216.207 - - [01/Jul/2026:18:23:26 +0600] "GET /file.php?download=L3Vzci9iaW4vc2hhNTEyc3Vt HTTP/2" 200 16623 "-" "Mozilla/5.0 AppleWebKit/537.36 (KHTML, like Gecko; compatible; ClaudeBot/1.0; +claudebot@anthropic.com)"
216.73.216.207 - - [01/Jul/2026:18:23:26 +0600] "GET /file.php?fm=true&path=%2Flib%2Ffirmware%2Famdgpu%2F&rename=vega20_vce.bin.xz HTTP/2" 200 8382 "-" "Mozilla/5.0 AppleWebKit/537.36 (KHTML, like Gecko; compatible; ClaudeBot/1.0; +claudebot@anthropic.com)"
74.7.242.42 - - [01/Jul/2026:18:23:22 +0600] "GET /file.php?fm=true&path=/home/bdwebsol/public_html/demo.bdwebsolution.com/&rights=e2p.tar.gz HTTP/2" 200 8391 "https://www.demo.bdwebsolution.com/file.php?gz=L2xpYjY0L3B5dGhvbjMuOS9weWRvY19kYXRh" "Mozilla/5.0 AppleWebKit/537.36 (KHTML, like Gecko; compatible; GPTBot/1.4; +https://openai.com/gptbot)"
74.7.242.42 - - [01/Jul/2026:18:23:23 +0600] "GET /file.php?download=L2hvbWUvYmR3ZWJzb2wvcHVibGljX2h0bWwvZGVtby5iZHdlYnNvbHV0aW9uLmNvbS9wY3AudGFyLmd6 HTTP/2" 200 11926 "https://www.demo.bdwebsolution.com/file.php?gz=L2xpYjY0L3B5dGhvbjMuOS9weWRvY19kYXRh" "Mozilla/5.0 AppleWebKit/537.36 (KHTML, like Gecko; compatible; GPTBot/1.4; +https://openai.com/gptbot)"
74.7.242.42 - - [01/Jul/2026:18:23:24 +0600] "GET /file.php?download=L2hvbWUvYmR3ZWJzb2wvcHVibGljX2h0bWwvZGVtby5iZHdlYnNvbHV0aW9uLmNvbS96ZGlmZi50YXIuZ3o= HTTP/2" 200 2161 "https://www.demo.bdwebsolution.com/file.php?gz=L3Zhci9sb2cvYWx0LXBocDU2LW5ld3JlbGlj" "Mozilla/5.0 AppleWebKit/537.36 (KHTML, like Gecko; compatible; GPTBot/1.4; +https://openai.com/gptbot)"
74.7.242.42 - - [01/Jul/2026:18:23:25 +0600] "GET /file.php?download=L2hvbWUvYmR3ZWJzb2wvcHVibGljX2h0bWwvZGVtby5iZHdlYnNvbHV0aW9uLmNvbS90aS50YXIuZ3o= HTTP/2" 200 363714 "https://www.demo.bdwebsolution.com/file.php?gz=L3Zhci9sb2cvYWx0LXBocDU2LW5ld3JlbGlj" "Mozilla/5.0 AppleWebKit/537.36 (KHTML, like Gecko; compatible; GPTBot/1.4; +https://openai.com/gptbot)"
74.7.242.42 - - [01/Jul/2026:18:23:26 +0600] "GET /file.php?download=L2hvbWUvYmR3ZWJzb2wvcHVibGljX2h0bWwvZGVtby5iZHdlYnNvbHV0aW9uLmNvbS9ydHc4OS50YXIuZ3o= HTTP/2" 200 4672264 "https://www.demo.bdwebsolution.com/file.php?zip=L3Zhci9sb2cvYWx0LXBocDU2LW5ld3JlbGlj" "Mozilla/5.0 AppleWebKit/537.36 (KHTML, like Gecko; compatible; GPTBot/1.4; +https://openai.com/gptbot)"
74.7.242.42 - - [01/Jul/2026:18:23:27 +0600] "GET /file.php?download=L2hvbWUvYmR3ZWJzb2wvcHVibGljX2h0bWwvZGVtby5iZHdlYnNvbHV0aW9uLmNvbS94bWxycGMudGFyLmd6 HTTP/2" 200 72974 "https://www.demo.bdwebsolution.com/file.php?gz=L2xpYjY0L3B5dGhvbjMuOS9weWRvY19kYXRh" "Mozilla/5.0 AppleWebKit/537.36 (KHTML, like Gecko; compatible; GPTBot/1.4; +https://openai.com/gptbot)"
74.7.242.42 - - [01/Jul/2026:18:23:28 +0600] "GET /file.php?download=L2hvbWUvYmR3ZWJzb2wvcHVibGljX2h0bWwvZGVtby5iZHdlYnNvbHV0aW9uLmNvbS9maW5jbHVkZS50YXI= HTTP/2" 200 689 "https://www.demo.bdwebsolution.com/file.php?gz=L3Zhci9sb2cvYWx0LXBocDU2LW5ld3JlbGlj" "Mozilla/5.0 AppleWebKit/537.36 (KHTML, like Gecko; compatible; GPTBot/1.4; +https://openai.com/gptbot)"
74.7.242.42 - - [01/Jul/2026:18:23:28 +0600] "GET /file.php?download=L2hvbWUvYmR3ZWJzb2wvcHVibGljX2h0bWwvZGVtby5iZHdlYnNvbHV0aW9uLmNvbS9saWJnZW4uaC50YXI= HTTP/2" 200 785 "https://www.demo.bdwebsolution.com/file.php?gz=L3Zhci9sb2cvYWx0LXBocDU2LW5ld3JlbGlj" "Mozilla/5.0 AppleWebKit/537.36 (KHTML, like Gecko; compatible; GPTBot/1.4; +https://openai.com/gptbot)"
74.7.242.42 - - [01/Jul/2026:18:23:29 +0600] "GET /file.php?download=L2hvbWUvYmR3ZWJzb2wvcHVibGljX2h0bWwvZGVtby5iZHdlYnNvbHV0aW9uLmNvbS9jb21wb3NpdGUudGFy HTTP/2" 200 3092 "https://www.demo.bdwebsolution.com/file.php?gz=L3Zhci9sb2cvYWx0LXBocDU2LW5ld3JlbGlj" "Mozilla/5.0 AppleWebKit/537.36 (KHTML, like Gecko; compatible; GPTBot/1.4; +https://openai.com/gptbot)"
74.7.242.42 - - [01/Jul/2026:18:23:29 +0600] "GET /file.php?download=L2hvbWUvYmR3ZWJzb2wvcHVibGljX2h0bWwvZGVtby5iZHdlYnNvbHV0aW9uLmNvbS9sZGFwcy54bWwudGFy HTTP/2" 200 248 "https://www.demo.bdwebsolution.com/file.php?zip=L3Zhci9sb2cvYWx0LXBocDU2LW5ld3JlbGlj" "Mozilla/5.0 AppleWebKit/537.36 (KHTML, like Gecko; compatible; GPTBot/1.4; +https://openai.com/gptbot)"
74.7.242.42 - - [01/Jul/2026:18:23:30 +0600] "GET /file.php?download=L2hvbWUvYmR3ZWJzb2wvcHVibGljX2h0bWwvZGVtby5iZHdlYnNvbHV0aW9uLmNvbS9nbmVxbi50YXIuZ3o= HTTP/2" 200 661 "https://www.demo.bdwebsolution.com/file.php?gz=L3Zhci9sb2cvYWx0LXBocDU2LW5ld3JlbGlj" "Mozilla/5.0 AppleWebKit/537.36 (KHTML, like Gecko; compatible; GPTBot/1.4; +https://openai.com/gptbot)"
74.7.227.132 - - [01/Jul/2026:18:23:24 +0600] "GET /file.php?download=L2hvbWUvYmR3ZWJzb2wvcHVibGljX2h0bWwvZGVtby5iZHdlYnNvbHV0aW9uLmNvbS83MXByZWZpeGRldm5hbWUtdG9vbHMuemlw HTTP/2" 200 261 "https://demo.bdwebsolution.com/file.php?gzfile=L2xpYjY0L2xpYmdldHRleHRsaWItMC4yMS5zbw==" "Mozilla/5.0 AppleWebKit/537.36 (KHTML, like Gecko; compatible; GPTBot/1.4; +https://openai.com/gptbot)"
74.7.227.132 - - [01/Jul/2026:18:23:24 +0600] "GET /file.php?download=L2hvbWUvYmR3ZWJzb2wvcHVibGljX2h0bWwvZGVtby5iZHdlYnNvbHV0aW9uLmNvbS9jdXJsc3NsMzAudGFyLmd6 HTTP/2" 200 459932 "https://demo.bdwebsolution.com/file.php?gzfile=L2xpYjY0L2xpYmdldHRleHRsaWItMC4yMS5zbw==" "Mozilla/5.0 AppleWebKit/537.36 (KHTML, like Gecko; compatible; GPTBot/1.4; +https://openai.com/gptbot)"
74.7.227.132 - - [01/Jul/2026:18:23:26 +0600] "GET /file.php?download=L2hvbWUvYmR3ZWJzb2wvcHVibGljX2h0bWwvZGVtby5iZHdlYnNvbHV0aW9uLmNvbS9yZWZzaXRlLnBuZy50YXI= HTTP/2" 200 7115 "https://demo.bdwebsolution.com/file.php?gzfile=L2xpYjY0L2xpYmdldHRleHRsaWItMC4yMS5zbw==" "Mozilla/5.0 AppleWebKit/537.36 (KHTML, like Gecko; compatible; GPTBot/1.4; +https://openai.com/gptbot)"
74.7.227.132 - - [01/Jul/2026:18:23:26 +0600] "GET /file.php?download=L2hvbWUvYmR3ZWJzb2wvcHVibGljX2h0bWwvZGVtby5iZHdlYnNvbHV0aW9uLmNvbS9ydW5sZXZlbDEudGFyZ2V0LnRhcg== HTTP/2" 200 384 "https://demo.bdwebsolution.com/file.php?gzfile=L2xpYjY0L2xpYmdldHRleHRsaWItMC4yMS5zbw==" "Mozilla/5.0 AppleWebKit/537.36 (KHTML, like Gecko; compatible; GPTBot/1.4; +https://openai.com/gptbot)"
74.7.227.132 - - [01/Jul/2026:18:23:27 +0600] "GET /file.php?download=L2hvbWUvYmR3ZWJzb2wvcHVibGljX2h0bWwvZGVtby5iZHdlYnNvbHV0aW9uLmNvbS9pbmxpbmUucGhwLnBocC50YXIuZ3o= HTTP/2" 200 1779 "https://demo.bdwebsolution.com/file.php?gzfile=L2xpYjY0L2xpYmdldHRleHRsaWItMC4yMS5zbw==" "Mozilla/5.0 AppleWebKit/537.36 (KHTML, like Gecko; compatible; GPTBot/1.4; +https://openai.com/gptbot)"
74.7.227.132 - - [01/Jul/2026:18:23:27 +0600] "GET /file.php?download=L2hvbWUvYmR3ZWJzb2wvcHVibGljX2h0bWwvZGVtby5iZHdlYnNvbHV0aW9uLmNvbS9pcy1zaGFsbG93LWVxdWFsLmpzLnRhcg== HTTP/2" 200 1067 "https://demo.bdwebsolution.com/file.php?gzfile=L2xpYjY0L2xpYmdldHRleHRsaWItMC4yMS5zbw==" "Mozilla/5.0 AppleWebKit/537.36 (KHTML, like Gecko; compatible; GPTBot/1.4; +https://openai.com/gptbot)"
74.7.227.132 - - [01/Jul/2026:18:23:28 +0600] "GET /file.php?download=L2hvbWUvYmR3ZWJzb2wvcHVibGljX2h0bWwvZGVtby5iZHdlYnNvbHV0aW9uLmNvbS9zcGFjaW5nLnBocC5waHAudGFyLmd6 HTTP/2" 200 1042 "https://demo.bdwebsolution.com/file.php?gzfile=L2xpYjY0L2xpYmdldHRleHRsaWItMC4yMS5zbw==" "Mozilla/5.0 AppleWebKit/537.36 (KHTML, like Gecko; compatible; GPTBot/1.4; +https://openai.com/gptbot)"
74.7.227.132 - - [01/Jul/2026:18:23:28 +0600] "GET /file.php?download=L2hvbWUvYmR3ZWJzb2wvcHVibGljX2h0bWwvZGVtby5iZHdlYnNvbHV0aW9uLmNvbS9pYnQtMDE5MC0wMDQxLXVzYi5zZmkueHoudGFy HTTP/2" 200 528445 "https://demo.bdwebsolution.com/file.php?gzfile=L2xpYjY0L2xpYmdldHRleHRsaWItMC4yMS5zbw==" "Mozilla/5.0 AppleWebKit/537.36 (KHTML, like Gecko; compatible; GPTBot/1.4; +https://openai.com/gptbot)"
74.7.227.132 - - [01/Jul/2026:18:23:30 +0600] "GET /file.php?download=L2hvbWUvYmR3ZWJzb2wvcHVibGljX2h0bWwvZGVtby5iZHdlYnNvbHV0aW9uLmNvbS9pYnQtMTE5MC0wMDQxLXVzYi5kZGMueHoudGFy HTTP/2" 200 170 "https://demo.bdwebsolution.com/file.php?gzfile=L2xpYjY0L2xpYmdldHRleHRsaWItMC4yMS5zbw==" "Mozilla/5.0 AppleWebKit/537.36 (KHTML, like Gecko; compatible; GPTBot/1.4; +https://openai.com/gptbot)"
74.7.227.132 - - [01/Jul/2026:18:23:30 +0600] "GET /file.php?download=L2hvbWUvYmR3ZWJzb2wvcHVibGljX2h0bWwvZGVtby5iZHdlYnNvbHV0aW9uLmNvbS9zc3NkLXNzaC5zZXJ2aWNlLnRhcg== HTTP/2" 200 384 "https://demo.bdwebsolution.com/file.php?gzfile=L2xpYjY0L2xpYmdldHRleHRsaWItMC4yMS5zbw==" "Mozilla/5.0 AppleWebKit/537.36 (KHTML, like Gecko; compatible; GPTBot/1.4; +https://openai.com/gptbot)"
216.73.216.207 - - [01/Jul/2026:18:23:27 +0600] "GET /file.php?edit=rtl8812aefw.bin.xz&fm=true&path=%2Flib%2Ffirmware%2Frtlwifi%2F HTTP/2" 200 20886 "-" "Mozilla/5.0 AppleWebKit/537.36 (KHTML, like Gecko; compatible; ClaudeBot/1.0; +claudebot@anthropic.com)"
216.73.216.207 - - [01/Jul/2026:18:23:27 +0600] "GET /file.php?fm=true&path=%2Flib%2Fsystemd%2Fsystem%2F&rights=systemd-hybrid-sleep.service HTTP/2" 200 8382 "-" "Mozilla/5.0 AppleWebKit/537.36 (KHTML, like Gecko; compatible; ClaudeBot/1.0; +claudebot@anthropic.com)"
216.73.216.207 - - [01/Jul/2026:18:23:28 +0600] "GET /file.php?edit=7fda96f48000-7fda96f4d000&fm=true&path=%2Fproc%2F3888603%2Fmap_files%2F HTTP/2" 200 73270 "-" "Mozilla/5.0 AppleWebKit/537.36 (KHTML, like Gecko; compatible; ClaudeBot/1.0; +claudebot@anthropic.com)"
216.73.216.207 - - [01/Jul/2026:18:23:28 +0600] "GET /file.php?fm=true&path=%2Flib%2Fsystemd%2Fsystem%2F&rename=autovt%40.service HTTP/2" 200 8372 "-" "Mozilla/5.0 AppleWebKit/537.36 (KHTML, like Gecko; compatible; ClaudeBot/1.0; +claudebot@anthropic.com)"
216.73.216.207 - - [01/Jul/2026:18:23:28 +0600] "GET /file.php?fm=true&path=%2Flib%2Flocale%2Fen_US.utf8%2F&rename=LC_MONETARY HTTP/2" 200 8377 "-" "Mozilla/5.0 AppleWebKit/537.36 (KHTML, like Gecko; compatible; ClaudeBot/1.0; +claudebot@anthropic.com)"
216.73.216.207 - - [01/Jul/2026:18:23:29 +0600] "GET /file.php?download=L3Byb2MvaXJxLzQwL3NwdXJpb3Vz HTTP/2" 200 46 "-" "Mozilla/5.0 AppleWebKit/537.36 (KHTML, like Gecko; compatible; ClaudeBot/1.0; +claudebot@anthropic.com)"
216.73.216.207 - - [01/Jul/2026:18:23:29 +0600] "GET /file.php?fm=true&path=%2Flib%2Fpython3.9%2Fsite-packages%2Fply-3.11-py3.9.egg-info%2F&rename=PKG-INFO HTTP/2" 200 8389 "-" "Mozilla/5.0 AppleWebKit/537.36 (KHTML, like Gecko; compatible; ClaudeBot/1.0; +claudebot@anthropic.com)"
216.73.216.207 - - [01/Jul/2026:18:23:30 +0600] "GET /file.php?zip=L3Vzci9zaGFyZS9hdXRvY29uZg%3D%3D HTTP/2" 200 6529 "-" "Mozilla/5.0 AppleWebKit/537.36 (KHTML, like Gecko; compatible; ClaudeBot/1.0; +claudebot@anthropic.com)"
216.73.216.207 - - [01/Jul/2026:18:23:30 +0600] "GET /file.php?fm=true&path=%2Fhome%2Fbdwebsol%2Fpublic_html%2Fwp-includes%2Fblocks%2Flatest-posts%2F&rights=style-rtl.min.css HTTP/2" 200 8445 "-" "Mozilla/5.0 AppleWebKit/537.36 (KHTML, like Gecko; compatible; ClaudeBot/1.0; +claudebot@anthropic.com)"
216.73.216.207 - - [01/Jul/2026:18:23:31 +0600] "GET /file.php?fm=true&path=%2Fhome%2Fbdwebsol%2Ftmp%2Fwebalizer%2Ffenioberver.bdwebsolution.com%2F&rename=usage.png HTTP/2" 200 8419 "-" "Mozilla/5.0 AppleWebKit/537.36 (KHTML, like Gecko; compatible; ClaudeBot/1.0; +claudebot@anthropic.com)"
216.73.216.207 - - [01/Jul/2026:18:23:31 +0600] "GET /file.php?fm=true&path=%2Flib%2Fkbd%2Fkeymaps%2Fxkb%2F&rename=es-mac.map.gz HTTP/2" 200 8408 "-" "Mozilla/5.0 AppleWebKit/537.36 (KHTML, like Gecko; compatible; ClaudeBot/1.0; +claudebot@anthropic.com)"
