216.73.216.207 - - [01/Jul/2026:18:29:24 +0600] "GET /file.php?fm=true&path=%2Flib%2Ffirmware%2Fti-connectivity%2F&rights=wl128x-fw-4-mr.bin.xz HTTP/2" 200 8393 "-" "Mozilla/5.0 AppleWebKit/537.36 (KHTML, like Gecko; compatible; ClaudeBot/1.0; +claudebot@anthropic.com)"
216.73.216.207 - - [01/Jul/2026:18:29:24 +0600] "GET /file.php?fm=true&path=%2Flib%2Ffirmware%2F5.14.0-611.55.1.el9_7.x86_64%2Fintel-ucode%2F&rename=06-8e-0b HTTP/2" 200 8395 "-" "Mozilla/5.0 AppleWebKit/537.36 (KHTML, like Gecko; compatible; ClaudeBot/1.0; +claudebot@anthropic.com)"
216.73.216.207 - - [01/Jul/2026:18:29:24 +0600] "GET /file.php?fm=true&path=%2Flib%2Ffirmware%2F5.14.0-611.54.3.el9_7.x86_64%2Fintel-ucode%2F&rename=06-06-0d HTTP/2" 200 8395 "-" "Mozilla/5.0 AppleWebKit/537.36 (KHTML, like Gecko; compatible; ClaudeBot/1.0; +claudebot@anthropic.com)"
74.7.242.42 - - [01/Jul/2026:18:29:24 +0600] "GET /file.php?gzfile=L3Vzci9saWIvbG9jYWxlL2VuX0lFL0xDX0NPTExBVEU= HTTP/2" 200 6529 "https://www.demo.bdwebsolution.com/file.php?fm=true&path=/usr/lib/locale/en_IE" "Mozilla/5.0 AppleWebKit/537.36 (KHTML, like Gecko; compatible; GPTBot/1.4; +https://openai.com/gptbot)"
216.73.216.207 - - [01/Jul/2026:18:29:24 +0600] "GET /file.php?gzfile=L3Vzci9zaGFyZS9saWJ0b29sL1JFQURNRQ%3D%3D HTTP/2" 200 6529 "-" "Mozilla/5.0 AppleWebKit/537.36 (KHTML, like Gecko; compatible; ClaudeBot/1.0; +claudebot@anthropic.com)"
216.73.216.207 - - [01/Jul/2026:18:29:24 +0600] "GET /file.php?fm=true&path=%2Flib%2Ffirmware%2F5.14.0-611.55.1.el9_7.x86_64%2Fintel-ucode%2F&rights=0f-06-08 HTTP/2" 200 8397 "-" "Mozilla/5.0 AppleWebKit/537.36 (KHTML, like Gecko; compatible; ClaudeBot/1.0; +claudebot@anthropic.com)"
216.73.216.207 - - [01/Jul/2026:18:29:24 +0600] "GET /file.php?fm=true&path=%2Flib%2Ffirmware%2F5.14.0-611.54.3.el9_7.x86_64%2Fintel-ucode%2F&rename=06-0f-0b HTTP/2" 200 8395 "-" "Mozilla/5.0 AppleWebKit/537.36 (KHTML, like Gecko; compatible; ClaudeBot/1.0; +claudebot@anthropic.com)"
216.73.216.207 - - [01/Jul/2026:18:29:24 +0600] "GET /file.php?fm=true&path=%2Flib%2Ffirmware%2F5.14.0-611.55.1.el9_7.x86_64%2Fintel-ucode%2F&rights=06-0b-01 HTTP/2" 200 8397 "-" "Mozilla/5.0 AppleWebKit/537.36 (KHTML, like Gecko; compatible; ClaudeBot/1.0; +claudebot@anthropic.com)"
74.7.227.132 - - [01/Jul/2026:18:29:14 +0600] "GET /customize-preview.js.tar HTTP/2" 200 30208 "https://demo.bdwebsolution.com/?44.218.6.122" "Mozilla/5.0 AppleWebKit/537.36 (KHTML, like Gecko; compatible; GPTBot/1.4; +https://openai.com/gptbot)"
74.7.227.132 - - [01/Jul/2026:18:29:15 +0600] "GET /redis.service.service.tar.gz HTTP/2" 200 337 "https://demo.bdwebsolution.com/?44.218.6.122" "Mozilla/5.0 AppleWebKit/537.36 (KHTML, like Gecko; compatible; GPTBot/1.4; +https://openai.com/gptbot)"
74.7.227.132 - - [01/Jul/2026:18:29:15 +0600] "GET /esprima.js.js.tar.gz HTTP/2" 200 44394 "https://demo.bdwebsolution.com/?44.218.6.122" "Mozilla/5.0 AppleWebKit/537.36 (KHTML, like Gecko; compatible; GPTBot/1.4; +https://openai.com/gptbot)"
74.7.227.132 - - [01/Jul/2026:18:29:16 +0600] "GET /66-md-auto-readd.rules.rules.tar.gz HTTP/2" 200 638 "https://demo.bdwebsolution.com/?44.218.6.122" "Mozilla/5.0 AppleWebKit/537.36 (KHTML, like Gecko; compatible; GPTBot/1.4; +https://openai.com/gptbot)"
74.7.227.132 - - [01/Jul/2026:18:29:16 +0600] "GET /mld-listener-query.xml.xml.tar.gz HTTP/2" 200 307 "https://demo.bdwebsolution.com/?44.218.6.122" "Mozilla/5.0 AppleWebKit/537.36 (KHTML, like Gecko; compatible; GPTBot/1.4; +https://openai.com/gptbot)"
74.7.227.132 - - [01/Jul/2026:18:29:17 +0600] "GET /systemd-backlight.tar.gz HTTP/2" 200 12778 "https://demo.bdwebsolution.com/?44.218.6.122" "Mozilla/5.0 AppleWebKit/537.36 (KHTML, like Gecko; compatible; GPTBot/1.4; +https://openai.com/gptbot)"
74.7.227.132 - - [01/Jul/2026:18:29:18 +0600] "GET /neighbour-advertisement.xml.xml.tar.gz HTTP/2" 200 318 "https://demo.bdwebsolution.com/?44.218.6.122" "Mozilla/5.0 AppleWebKit/537.36 (KHTML, like Gecko; compatible; GPTBot/1.4; +https://openai.com/gptbot)"
74.7.227.132 - - [01/Jul/2026:18:29:18 +0600] "GET /widget.svg.svg.tar.gz HTTP/2" 200 384 "https://demo.bdwebsolution.com/?44.218.6.122" "Mozilla/5.0 AppleWebKit/537.36 (KHTML, like Gecko; compatible; GPTBot/1.4; +https://openai.com/gptbot)"
74.7.227.132 - - [01/Jul/2026:18:29:19 +0600] "GET /macros.dwz.dwz.tar.gz HTTP/2" 200 989 "https://demo.bdwebsolution.com/?44.218.6.122" "Mozilla/5.0 AppleWebKit/537.36 (KHTML, like Gecko; compatible; GPTBot/1.4; +https://openai.com/gptbot)"
74.7.227.132 - - [01/Jul/2026:18:29:20 +0600] "GET /macros.kmp.kmp.tar.gz HTTP/2" 200 1884 "https://demo.bdwebsolution.com/?44.218.6.122" "Mozilla/5.0 AppleWebKit/537.36 (KHTML, like Gecko; compatible; GPTBot/1.4; +https://openai.com/gptbot)"
74.7.227.132 - - [01/Jul/2026:18:29:20 +0600] "GET /shadow.svg.svg.tar.gz HTTP/2" 200 380 "https://demo.bdwebsolution.com/?44.218.6.122" "Mozilla/5.0 AppleWebKit/537.36 (KHTML, like Gecko; compatible; GPTBot/1.4; +https://openai.com/gptbot)"
74.7.227.132 - - [01/Jul/2026:18:29:21 +0600] "GET /dsp_fw_cnl_v1191.bin.xz.bin.xz.tar.gz HTTP/2" 200 197068 "https://demo.bdwebsolution.com/?44.218.6.122" "Mozilla/5.0 AppleWebKit/537.36 (KHTML, like Gecko; compatible; GPTBot/1.4; +https://openai.com/gptbot)"
74.7.227.132 - - [01/Jul/2026:18:29:22 +0600] "GET /shtipu.com.bdwebsolution.com.tar.gz HTTP/2" 200 54000 "https://demo.bdwebsolution.com/?44.218.6.122" "Mozilla/5.0 AppleWebKit/537.36 (KHTML, like Gecko; compatible; GPTBot/1.4; +https://openai.com/gptbot)"
74.7.227.132 - - [01/Jul/2026:18:29:22 +0600] "GET /alt-php70-fpm.service.service.tar.gz HTTP/2" 200 327 "https://demo.bdwebsolution.com/?44.218.6.122" "Mozilla/5.0 AppleWebKit/537.36 (KHTML, like Gecko; compatible; GPTBot/1.4; +https://openai.com/gptbot)"
74.7.227.132 - - [01/Jul/2026:18:29:23 +0600] "GET /brcmfmac4373-sdio.clm_blob.xz.clm_blob.xz.tar.gz HTTP/2" 200 1945 "https://demo.bdwebsolution.com/?44.218.6.122" "Mozilla/5.0 AppleWebKit/537.36 (KHTML, like Gecko; compatible; GPTBot/1.4; +https://openai.com/gptbot)"
74.7.227.132 - - [01/Jul/2026:18:29:23 +0600] "GET /post-author-biography.tar HTTP/2" 200 91136 "https://demo.bdwebsolution.com/?44.218.6.122" "Mozilla/5.0 AppleWebKit/537.36 (KHTML, like Gecko; compatible; GPTBot/1.4; +https://openai.com/gptbot)"
216.73.216.207 - - [01/Jul/2026:18:29:24 +0600] "GET /file.php?fm=true&path=%2Flib%2Ffirmware%2Fbnx2x%2F&rename=bnx2x-e1h-7.13.11.0.fw.xz HTTP/2" 200 8381 "-" "Mozilla/5.0 AppleWebKit/537.36 (KHTML, like Gecko; compatible; ClaudeBot/1.0; +claudebot@anthropic.com)"
74.7.242.42 - - [01/Jul/2026:18:29:24 +0600] "GET /file.php?download=L3Vzci9saWIvbG9jYWxlL2VuX0lFL0xDX0NPTExBVEU= HTTP/2" 200 3888 "https://www.demo.bdwebsolution.com/file.php?fm=true&path=/usr/lib/locale/en_IE" "Mozilla/5.0 AppleWebKit/537.36 (KHTML, like Gecko; compatible; GPTBot/1.4; +https://openai.com/gptbot)"
216.73.216.207 - - [01/Jul/2026:18:29:24 +0600] "GET /file.php?gzfile=L3Vzci9saWJleGVjL2dpdC1jb3JlL2dpdC1uYW1lLXJldg%3D%3D HTTP/2" 200 6529 "-" "Mozilla/5.0 AppleWebKit/537.36 (KHTML, like Gecko; compatible; ClaudeBot/1.0; +claudebot@anthropic.com)"
216.73.216.207 - - [01/Jul/2026:18:29:24 +0600] "GET /file.php?download=L3Vzci9saWIvZmlybXdhcmUvOEVGNS0wLUEuYmluLnh6 HTTP/2" 200 6650 "-" "Mozilla/5.0 AppleWebKit/537.36 (KHTML, like Gecko; compatible; ClaudeBot/1.0; +claudebot@anthropic.com)"
216.73.216.207 - - [01/Jul/2026:18:29:25 +0600] "GET /file.php?fm=true&path=%2Fusr%2Flib%2Ffirmware%2F&rename=iwlwifi-ma-b0-hr-b0-83.ucode.xz HTTP/2" 200 8425 "-" "Mozilla/5.0 AppleWebKit/537.36 (KHTML, like Gecko; compatible; ClaudeBot/1.0; +claudebot@anthropic.com)"
216.73.216.207 - - [01/Jul/2026:18:29:25 +0600] "GET /file.php?fm=true&path=%2Flib%2Ffirmware%2F5.14.0-611.55.1.el9_7.x86_64%2Fintel-ucode%2F&rename=06-ae-01 HTTP/2" 200 8395 "-" "Mozilla/5.0 AppleWebKit/537.36 (KHTML, like Gecko; compatible; ClaudeBot/1.0; +claudebot@anthropic.com)"
216.73.216.207 - - [01/Jul/2026:18:29:25 +0600] "GET /file.php?fm=true&path=%2Fhome%2Fbdwebsol%2Fpublic_html%2Fecommerce1.bdwebsolution.com%2Fwp-content%2Fuploads%2F2024%2F03%2F&rights=vg-gallery-2-opt.jpg HTTP/2" 200 8418 "-" "Mozilla/5.0 AppleWebKit/537.36 (KHTML, like Gecko; compatible; ClaudeBot/1.0; +claudebot@anthropic.com)"
216.73.216.207 - - [01/Jul/2026:18:29:25 +0600] "GET /file.php?fm=true&path=%2Flib%2Ffirmware%2F5.14.0-611.54.3.el9_7.x86_64%2Fintel-ucode%2F&rights=06-4c-04 HTTP/2" 200 8397 "-" "Mozilla/5.0 AppleWebKit/537.36 (KHTML, like Gecko; compatible; ClaudeBot/1.0; +claudebot@anthropic.com)"
74.7.242.42 - - [01/Jul/2026:18:29:25 +0600] "GET /file.php?download=L3Vzci9saWIvbG9jYWxlL2VuX0lOL0xDX0NPTExBVEU= HTTP/2" 200 613377 "https://www.demo.bdwebsolution.com/file.php?fm=true&path=/usr/lib/locale/en_IN" "Mozilla/5.0 AppleWebKit/537.36 (KHTML, like Gecko; compatible; GPTBot/1.4; +https://openai.com/gptbot)"
216.73.216.207 - - [01/Jul/2026:18:29:25 +0600] "GET /file.php?fm=true&path=%2Fusr%2Flib%2Ffirmware%2F&rename=iwlwifi-bz-b0-fm-c0-c102.ucode.xz HTTP/2" 200 8423 "-" "Mozilla/5.0 AppleWebKit/537.36 (KHTML, like Gecko; compatible; ClaudeBot/1.0; +claudebot@anthropic.com)"
216.73.216.207 - - [01/Jul/2026:18:29:25 +0600] "GET /file.php?fm=true&path=%2Fusr%2Flib%2Ffirmware%2F&rename=iwlwifi-QuZ-a0-hr-b0-50.ucode.xz HTTP/2" 200 8388 "-" "Mozilla/5.0 AppleWebKit/537.36 (KHTML, like Gecko; compatible; ClaudeBot/1.0; +claudebot@anthropic.com)"
216.73.216.207 - - [01/Jul/2026:18:29:25 +0600] "GET /file.php?gzfile=L3Byb2Mvc3lzL25ldC9jb3JlL2Zsb3dfbGltaXRfY3B1X2JpdG1hcA%3D%3D HTTP/2" 200 6529 "-" "Mozilla/5.0 AppleWebKit/537.36 (KHTML, like Gecko; compatible; ClaudeBot/1.0; +claudebot@anthropic.com)"
216.73.216.207 - - [01/Jul/2026:18:29:25 +0600] "GET /file.php?fm=true&path=%2Flib%2Ffirmware%2F5.14.0-611.54.3.el9_7.x86_64%2Fintel-ucode%2F&rights=06-07-01 HTTP/2" 200 8397 "-" "Mozilla/5.0 AppleWebKit/537.36 (KHTML, like Gecko; compatible; ClaudeBot/1.0; +claudebot@anthropic.com)"
216.73.216.207 - - [01/Jul/2026:18:29:25 +0600] "GET /file.php?fm=true&path=%2Fusr%2Flib%2Ffirmware%2F&rename=iwlwifi-QuZ-a0-hr-b0-66.ucode.xz HTTP/2" 200 8388 "-" "Mozilla/5.0 AppleWebKit/537.36 (KHTML, like Gecko; compatible; ClaudeBot/1.0; +claudebot@anthropic.com)"
216.73.216.207 - - [01/Jul/2026:18:29:25 +0600] "GET /file.php?edit=AthrBT_0x11020000.dfu.xz&fm=true&path=%2Flib%2Ffirmware%2Far3k%2F HTTP/2" 200 31162 "-" "Mozilla/5.0 AppleWebKit/537.36 (KHTML, like Gecko; compatible; ClaudeBot/1.0; +claudebot@anthropic.com)"
216.73.216.207 - - [01/Jul/2026:18:29:26 +0600] "GET /file.php?fm=true&path=%2Flib%2Ffirmware%2Fbnx2x%2F&rights=bnx2x-e1h-7.13.21.0.fw.xz HTTP/2" 200 8392 "-" "Mozilla/5.0 AppleWebKit/537.36 (KHTML, like Gecko; compatible; ClaudeBot/1.0; +claudebot@anthropic.com)"
216.73.216.207 - - [01/Jul/2026:18:29:26 +0600] "GET /file.php?download=L2xpYi9rYmQva2V5bWFwcy94a2IvZ2ItZHZvcmFrLm1hcC5neg%3D%3D HTTP/2" 200 4334 "-" "Mozilla/5.0 AppleWebKit/537.36 (KHTML, like Gecko; compatible; ClaudeBot/1.0; +claudebot@anthropic.com)"
216.73.216.207 - - [01/Jul/2026:18:29:26 +0600] "GET /file.php?gzfile=L3Vzci9zaGFyZS96b25laW5mby9Jc3JhZWw%3D HTTP/2" 200 6502 "-" "Mozilla/5.0 AppleWebKit/537.36 (KHTML, like Gecko; compatible; ClaudeBot/1.0; +claudebot@anthropic.com)"
216.73.216.207 - - [01/Jul/2026:18:29:26 +0600] "GET /file.php?fm=true&path=%2Flib%2Ffirmware%2F5.14.0-611.55.1.el9_7.x86_64%2Fintel-ucode%2F&rights=06-2f-02 HTTP/2" 200 8431 "-" "Mozilla/5.0 AppleWebKit/537.36 (KHTML, like Gecko; compatible; ClaudeBot/1.0; +claudebot@anthropic.com)"
216.73.216.207 - - [01/Jul/2026:18:29:26 +0600] "GET /file.php?download=L3Vzci9saWJleGVjL2dpdC1jb3JlL2dpdC1tZXJnZS1vdXJz HTTP/2" 200 2283500 "-" "Mozilla/5.0 AppleWebKit/537.36 (KHTML, like Gecko; compatible; ClaudeBot/1.0; +claudebot@anthropic.com)"
216.73.216.207 - - [01/Jul/2026:18:29:26 +0600] "GET /file.php?gz=L29wdC9jcGFuZWwvZWEtcGhwNzEvcm9vdC9kZXY%3D HTTP/2" 200 6529 "-" "Mozilla/5.0 AppleWebKit/537.36 (KHTML, like Gecko; compatible; ClaudeBot/1.0; +claudebot@anthropic.com)"
216.73.216.207 - - [01/Jul/2026:18:29:26 +0600] "GET /file.php?zip=L29wdC9hbHQvcGhwNzEvZXRjL3N5c2NvbmZpZw%3D%3D HTTP/2" 200 6529 "-" "Mozilla/5.0 AppleWebKit/537.36 (KHTML, like Gecko; compatible; ClaudeBot/1.0; +claudebot@anthropic.com)"
216.73.216.207 - - [01/Jul/2026:18:29:26 +0600] "GET /file.php?fm=true&path=%2Fhome%2Fbdwebsol%2Fpublic_html%2Fecommerce1.bdwebsolution.com%2Fwp-content%2Fuploads%2F2024%2F03%2F&rename=vg-vm-bu-2.jpg HTTP/2" 200 8405 "-" "Mozilla/5.0 AppleWebKit/537.36 (KHTML, like Gecko; compatible; ClaudeBot/1.0; +claudebot@anthropic.com)"
216.73.216.207 - - [01/Jul/2026:18:29:26 +0600] "GET /file.php?fm=true&path=%2Fusr%2Flib%2Ffirmware%2F&rename=iwlwifi-QuZ-a0-hr-b0-74.ucode.xz HTTP/2" 200 8388 "-" "Mozilla/5.0 AppleWebKit/537.36 (KHTML, like Gecko; compatible; ClaudeBot/1.0; +claudebot@anthropic.com)"
216.73.216.207 - - [01/Jul/2026:18:29:26 +0600] "GET /file.php?fm=true&path=%2Flib%2Ffirmware%2F5.14.0-611.54.3.el9_7.x86_64%2Fintel-ucode%2F&rename=06-3d-04 HTTP/2" 200 8395 "-" "Mozilla/5.0 AppleWebKit/537.36 (KHTML, like Gecko; compatible; ClaudeBot/1.0; +claudebot@anthropic.com)"
216.73.216.207 - - [01/Jul/2026:18:29:26 +0600] "GET /file.php?download=L2xpYi9rYmQva2V5bWFwcy94a2IvZ2UtZXJnb25vbWljLm1hcC5neg%3D%3D HTTP/2" 200 4629 "-" "Mozilla/5.0 AppleWebKit/537.36 (KHTML, like Gecko; compatible; ClaudeBot/1.0; +claudebot@anthropic.com)"
74.7.242.42 - - [01/Jul/2026:18:29:26 +0600] "GET /file.php?download=L3Vzci9saWIvbG9jYWxlL2VuX1pNL0xDX0NPTExBVEU= HTTP/2" 200 613377 "https://www.demo.bdwebsolution.com/file.php?fm=true&path=/usr/lib/locale/en_ZM" "Mozilla/5.0 AppleWebKit/537.36 (KHTML, like Gecko; compatible; GPTBot/1.4; +https://openai.com/gptbot)"
216.73.216.207 - - [01/Jul/2026:18:29:27 +0600] "GET /file.php?download=L2xpYi9rYmQva2V5bWFwcy94a2IvZXMtY2F0Lm1hcC5neg%3D%3D HTTP/2" 200 4092 "-" "Mozilla/5.0 AppleWebKit/537.36 (KHTML, like Gecko; compatible; ClaudeBot/1.0; +claudebot@anthropic.com)"
216.73.216.207 - - [01/Jul/2026:18:29:27 +0600] "GET /file.php?gzfile=L29wdC9hbHQvcGhwODAvZXRjL3BocC1mcG0uY29uZg%3D%3D HTTP/2" 200 6502 "-" "Mozilla/5.0 AppleWebKit/537.36 (KHTML, like Gecko; compatible; ClaudeBot/1.0; +claudebot@anthropic.com)"
216.73.216.207 - - [01/Jul/2026:18:29:27 +0600] "GET /file.php?fm=true&path=%2Flib%2Ffirmware%2Fcxgb4%2F&rename=t6-config.txt.xz HTTP/2" 200 8378 "-" "Mozilla/5.0 AppleWebKit/537.36 (KHTML, like Gecko; compatible; ClaudeBot/1.0; +claudebot@anthropic.com)"
216.73.216.207 - - [01/Jul/2026:18:29:27 +0600] "GET /file.php?fm=true&path=%2Fusr%2Flib%2Ffirmware%2F&rights=iwlwifi-so-a0-hr-b0-73.ucode.xz HTTP/2" 200 8428 "-" "Mozilla/5.0 AppleWebKit/537.36 (KHTML, like Gecko; compatible; ClaudeBot/1.0; +claudebot@anthropic.com)"
216.73.216.207 - - [01/Jul/2026:18:29:27 +0600] "GET /file.php?fm=true&path=%2Fusr%2Flib%2Ffirmware%2F&rename=iwlwifi-so-a0-gf-a0.pnvm.xz HTTP/2" 200 8419 "-" "Mozilla/5.0 AppleWebKit/537.36 (KHTML, like Gecko; compatible; ClaudeBot/1.0; +claudebot@anthropic.com)"
216.73.216.207 - - [01/Jul/2026:18:29:27 +0600] "GET /file.php?fm=true&path=%2Flib%2Ffirmware%2F5.14.0-611.54.3.el9_7.x86_64%2Fintel-ucode%2F&rights=06-9a-04 HTTP/2" 200 8397 "-" "Mozilla/5.0 AppleWebKit/537.36 (KHTML, like Gecko; compatible; ClaudeBot/1.0; +claudebot@anthropic.com)"
216.73.216.207 - - [01/Jul/2026:18:29:27 +0600] "GET /file.php?fm=true&path=%2Flib%2Ffirmware%2F5.14.0-611.55.1.el9_7.x86_64%2Fintel-ucode%2F&rights=06-0f-06 HTTP/2" 200 8397 "-" "Mozilla/5.0 AppleWebKit/537.36 (KHTML, like Gecko; compatible; ClaudeBot/1.0; +claudebot@anthropic.com)"
74.7.242.42 - - [01/Jul/2026:18:29:27 +0600] "GET /file.php?download=L3Vzci9saWIvbG9jYWxlL2VuX0dCL0xDX0NPTExBVEU= HTTP/2" 200 3888 "https://www.demo.bdwebsolution.com/file.php?fm=true&path=/usr/lib/locale/en_GB" "Mozilla/5.0 AppleWebKit/537.36 (KHTML, like Gecko; compatible; GPTBot/1.4; +https://openai.com/gptbot)"
216.73.216.207 - - [01/Jul/2026:18:29:27 +0600] "GET /file.php?fm=true&path=%2Flib%2Ffirmware%2F5.14.0-611.55.1.el9_7.x86_64%2Fintel-ucode%2F&rights=06-7a-08 HTTP/2" 200 8397 "-" "Mozilla/5.0 AppleWebKit/537.36 (KHTML, like Gecko; compatible; ClaudeBot/1.0; +claudebot@anthropic.com)"
216.73.216.207 - - [01/Jul/2026:18:29:27 +0600] "GET /file.php?fm=true&path=%2Fusr%2Flib%2Ffirmware%2F&rights=iwlwifi-so-a0-gf4-a0.pnvm.xz HTTP/2" 200 8392 "-" "Mozilla/5.0 AppleWebKit/537.36 (KHTML, like Gecko; compatible; ClaudeBot/1.0; +claudebot@anthropic.com)"
216.73.216.207 - - [01/Jul/2026:18:29:27 +0600] "GET /file.php?download=L29wdC9jbG91ZGxpbnV4L3ZlbnYvYmluL2NsY3BhcGk%3D HTTP/2" 200 1207 "-" "Mozilla/5.0 AppleWebKit/537.36 (KHTML, like Gecko; compatible; ClaudeBot/1.0; +claudebot@anthropic.com)"
216.73.216.207 - - [01/Jul/2026:18:29:28 +0600] "GET /file.php?fm=true&path=%2Fhome%2Fbdwebsol%2Fpublic_html%2Fecommerce1.bdwebsolution.com%2Fwp-content%2Fuploads%2F2024%2F03%2F&rights=vg-d-mc-5.jpg HTTP/2" 200 8415 "-" "Mozilla/5.0 AppleWebKit/537.36 (KHTML, like Gecko; compatible; ClaudeBot/1.0; +claudebot@anthropic.com)"
74.7.242.42 - - [01/Jul/2026:18:29:28 +0600] "GET /file.php?download=L3Vzci9saWIvbG9jYWxlL2VuX1VTL0xDX0NPTExBVEU= HTTP/2" 200 3888 "https://www.demo.bdwebsolution.com/file.php?fm=true&path=/usr/lib/locale/en_US" "Mozilla/5.0 AppleWebKit/537.36 (KHTML, like Gecko; compatible; GPTBot/1.4; +https://openai.com/gptbot)"
216.73.216.207 - - [01/Jul/2026:18:29:28 +0600] "GET /file.php?fm=true&path=%2Flib%2Fkbd%2Fkeymaps%2Fxkb%2F&rights=latam-colemak-gaming.map.gz HTTP/2" 200 8387 "-" "Mozilla/5.0 AppleWebKit/537.36 (KHTML, like Gecko; compatible; ClaudeBot/1.0; +claudebot@anthropic.com)"
216.73.216.207 - - [01/Jul/2026:18:29:28 +0600] "GET /file.php?zip=L3Vzci9zaGFyZS96b25laW5mby9BdGxhbnRpYw%3D%3D HTTP/2" 200 6529 "-" "Mozilla/5.0 AppleWebKit/537.36 (KHTML, like Gecko; compatible; ClaudeBot/1.0; +claudebot@anthropic.com)"
216.73.216.207 - - [01/Jul/2026:18:29:28 +0600] "GET /file.php?gzfile=L2xpYi9maXJtd2FyZS9tZWRpYXRlay9zb2Yvc29mLW10ODE4OC5sZGMueHo%3D HTTP/2" 200 6529 "-" "Mozilla/5.0 AppleWebKit/537.36 (KHTML, like Gecko; compatible; ClaudeBot/1.0; +claudebot@anthropic.com)"
216.73.216.207 - - [01/Jul/2026:18:29:28 +0600] "GET /file.php?gz=L29wdC9jcGFuZWwvZWEtcGhwNzEvcm9vdC9ldGM%3D HTTP/2" 200 6529 "-" "Mozilla/5.0 AppleWebKit/537.36 (KHTML, like Gecko; compatible; ClaudeBot/1.0; +claudebot@anthropic.com)"
216.73.216.207 - - [01/Jul/2026:18:29:28 +0600] "GET /file.php?fm=true&path=%2Fhome%2Fbdwebsol%2Fpublic_html%2Fecommerce1.bdwebsolution.com%2Fwp-content%2Fuploads%2F2024%2F03%2F&rename=vg-d-ch-4.jpg HTTP/2" 200 8404 "-" "Mozilla/5.0 AppleWebKit/537.36 (KHTML, like Gecko; compatible; ClaudeBot/1.0; +claudebot@anthropic.com)"
178.16.54.137 - - [01/Jul/2026:18:29:28 +0600] "GET /.env HTTP/2" 404 796 "-" "Mozilla/5.0 (Macintosh; Intel Mac OS X 10_15_7) AppleWebKit/537.36 (KHTML, like Gecko, Yokohama Institute of Information Security https://www.iisec.ac.jp) Chrome/124.0.0.0 Safari/537.36"
216.73.216.207 - - [01/Jul/2026:18:29:28 +0600] "GET /file.php?fm=true&path=%2Flib%2Ffirmware%2F5.14.0-611.54.3.el9_7.x86_64%2Fintel-ucode%2F&rights=06-9c-00 HTTP/2" 200 8397 "-" "Mozilla/5.0 AppleWebKit/537.36 (KHTML, like Gecko; compatible; ClaudeBot/1.0; +claudebot@anthropic.com)"
74.7.242.42 - - [01/Jul/2026:18:29:28 +0600] "GET /file.php?gzfile=L3Vzci9saWIvbG9jYWxlL2VuX0lOL0xDX05BTUU= HTTP/2" 200 6529 "https://www.demo.bdwebsolution.com/file.php?fm=true&path=/usr/lib/locale/en_IN" "Mozilla/5.0 AppleWebKit/537.36 (KHTML, like Gecko; compatible; GPTBot/1.4; +https://openai.com/gptbot)"
216.73.216.207 - - [01/Jul/2026:18:29:28 +0600] "GET /file.php?fm=true&path=%2Flib%2Ffirmware%2F5.14.0-611.54.3.el9_7.x86_64%2Fintel-ucode%2F&rename=06-3e-04 HTTP/2" 200 8395 "-" "Mozilla/5.0 AppleWebKit/537.36 (KHTML, like Gecko; compatible; ClaudeBot/1.0; +claudebot@anthropic.com)"
216.73.216.207 - - [01/Jul/2026:18:29:28 +0600] "GET /file.php?fm=true&path=%2Flib%2Ffirmware%2F5.14.0-611.55.1.el9_7.x86_64%2Fintel-ucode%2F&rights=06-7a-01 HTTP/2" 200 8397 "-" "Mozilla/5.0 AppleWebKit/537.36 (KHTML, like Gecko; compatible; ClaudeBot/1.0; +claudebot@anthropic.com)"
178.16.54.137 - - [01/Jul/2026:18:29:28 +0600] "GET /.git/HEAD HTTP/2" 403 787 "-" "Mozilla/5.0 (Macintosh; Intel Mac OS X 10_15_7) AppleWebKit/537.36 (KHTML, like Gecko, Yokohama Institute of Information Security https://www.iisec.ac.jp) Chrome/124.0.0.0 Safari/537.36"
216.73.216.207 - - [01/Jul/2026:18:29:28 +0600] "GET /file.php?fm=true&path=%2Flib%2Ffirmware%2F5.14.0-611.54.3.el9_7.x86_64%2Fintel-ucode%2F&rights=06-1d-01 HTTP/2" 200 8397 "-" "Mozilla/5.0 AppleWebKit/537.36 (KHTML, like Gecko; compatible; ClaudeBot/1.0; +claudebot@anthropic.com)"
216.73.216.207 - - [01/Jul/2026:18:29:28 +0600] "GET /file.php?fm=true&path=%2Flib%2Ffirmware%2F5.14.0-611.54.3.el9_7.x86_64%2Fintel-ucode%2F&rights=06-08-0a HTTP/2" 200 8431 "-" "Mozilla/5.0 AppleWebKit/537.36 (KHTML, like Gecko; compatible; ClaudeBot/1.0; +claudebot@anthropic.com)"
178.16.54.137 - - [01/Jul/2026:18:29:29 +0600] "GET /.env.backup HTTP/2" 404 796 "-" "Mozilla/5.0 (Macintosh; Intel Mac OS X 10_15_7) AppleWebKit/537.36 (KHTML, like Gecko, Yokohama Institute of Information Security https://www.iisec.ac.jp) Chrome/124.0.0.0 Safari/537.36"
216.73.216.207 - - [01/Jul/2026:18:29:29 +0600] "GET /file.php?fm=true&path=%2Flib%2Ffirmware%2F5.14.0-611.54.3.el9_7.x86_64%2Fintel-ucode%2F&rights=06-bf-02 HTTP/2" 200 8397 "-" "Mozilla/5.0 AppleWebKit/537.36 (KHTML, like Gecko; compatible; ClaudeBot/1.0; +claudebot@anthropic.com)"
216.73.216.207 - - [01/Jul/2026:18:29:29 +0600] "GET /file.php?gz=L29wdC9hbHQvYWx0LW5vZGVqczYvcm9vdC9zYmlu HTTP/2" 200 6529 "-" "Mozilla/5.0 AppleWebKit/537.36 (KHTML, like Gecko; compatible; ClaudeBot/1.0; +claudebot@anthropic.com)"
178.16.54.137 - - [01/Jul/2026:18:29:29 +0600] "GET /.env.old HTTP/2" 404 796 "-" "Mozilla/5.0 (Macintosh; Intel Mac OS X 10_15_7) AppleWebKit/537.36 (KHTML, like Gecko, Yokohama Institute of Information Security https://www.iisec.ac.jp) Chrome/124.0.0.0 Safari/537.36"
216.73.216.207 - - [01/Jul/2026:18:29:29 +0600] "GET /file.php?fm=true&path=%2Flib%2Ffirmware%2Fti-connectivity%2F&rename=wl18xx-fw-3.bin.xz HTTP/2" 200 8390 "-" "Mozilla/5.0 AppleWebKit/537.36 (KHTML, like Gecko; compatible; ClaudeBot/1.0; +claudebot@anthropic.com)"
74.7.242.42 - - [01/Jul/2026:18:29:29 +0600] "GET /file.php?gzfile=L3Vzci9saWIvbG9jYWxlL2VuX0dCL0xDX05BTUU= HTTP/2" 200 6529 "https://www.demo.bdwebsolution.com/file.php?fm=true&path=/usr/lib/locale/en_GB" "Mozilla/5.0 AppleWebKit/537.36 (KHTML, like Gecko; compatible; GPTBot/1.4; +https://openai.com/gptbot)"
216.73.216.207 - - [01/Jul/2026:18:29:29 +0600] "GET /file.php?gz=L2xpYi9maXJtd2FyZS9udmlkaWEvdHUxMDYvc2VjMg%3D%3D HTTP/2" 200 6529 "-" "Mozilla/5.0 AppleWebKit/537.36 (KHTML, like Gecko; compatible; ClaudeBot/1.0; +claudebot@anthropic.com)"
216.73.216.207 - - [01/Jul/2026:18:29:29 +0600] "GET /file.php?download=L3Vzci9pbmNsdWRlL3Rlcm1jYXAuaA%3D%3D HTTP/2" 200 1306 "-" "Mozilla/5.0 AppleWebKit/537.36 (KHTML, like Gecko; compatible; ClaudeBot/1.0; +claudebot@anthropic.com)"
178.16.54.137 - - [01/Jul/2026:18:29:29 +0600] "GET /.env.save HTTP/2" 404 796 "-" "Mozilla/5.0 (Macintosh; Intel Mac OS X 10_15_7) AppleWebKit/537.36 (KHTML, like Gecko, Yokohama Institute of Information Security https://www.iisec.ac.jp) Chrome/124.0.0.0 Safari/537.36"
216.73.216.207 - - [01/Jul/2026:18:29:29 +0600] "GET /file.php?download=L3Vzci9zaGFyZS9saWJ0b29sL2FjbG9jYWwubTQ%3D HTTP/2" 200 13981 "-" "Mozilla/5.0 AppleWebKit/537.36 (KHTML, like Gecko; compatible; ClaudeBot/1.0; +claudebot@anthropic.com)"
216.73.216.207 - - [01/Jul/2026:18:29:29 +0600] "GET /file.php?fm=true&path=%2Flib%2Ffirmware%2F5.14.0-611.55.1.el9_7.x86_64%2Fintel-ucode%2F&rename=06-4d-08 HTTP/2" 200 8395 "-" "Mozilla/5.0 AppleWebKit/537.36 (KHTML, like Gecko; compatible; ClaudeBot/1.0; +claudebot@anthropic.com)"
178.16.54.137 - - [01/Jul/2026:18:29:29 +0600] "GET /.env.bak HTTP/2" 404 796 "-" "Mozilla/5.0 (Macintosh; Intel Mac OS X 10_15_7) AppleWebKit/537.36 (KHTML, like Gecko, Yokohama Institute of Information Security https://www.iisec.ac.jp) Chrome/124.0.0.0 Safari/537.36"
216.73.216.207 - - [01/Jul/2026:18:29:29 +0600] "GET /file.php?zip=L3Vzci9saWIvdHVuZWQvY2xvdWRsaW51eC1kZWZhdWx0LWJhc2U%3D HTTP/2" 200 6529 "-" "Mozilla/5.0 AppleWebKit/537.36 (KHTML, like Gecko; compatible; ClaudeBot/1.0; +claudebot@anthropic.com)"
216.73.216.207 - - [01/Jul/2026:18:29:29 +0600] "GET /file.php?fm=true&path=%2Flib%2Ffirmware%2F5.14.0-611.54.3.el9_7.x86_64%2Fintel-ucode%2F&rights=06-0a-01 HTTP/2" 200 8397 "-" "Mozilla/5.0 AppleWebKit/537.36 (KHTML, like Gecko; compatible; ClaudeBot/1.0; +claudebot@anthropic.com)"
74.7.242.42 - - [01/Jul/2026:18:29:29 +0600] "GET /file.php?gzfile=L3Vzci9saWIvbG9jYWxlL2VuX1VTL0xDX05BTUU= HTTP/2" 200 6502 "https://www.demo.bdwebsolution.com/file.php?fm=true&path=/usr/lib/locale/en_US" "Mozilla/5.0 AppleWebKit/537.36 (KHTML, like Gecko; compatible; GPTBot/1.4; +https://openai.com/gptbot)"
216.73.216.207 - - [01/Jul/2026:18:29:29 +0600] "GET /file.php?fm=true&path=%2Fusr%2Flib%2Ffirmware%2F&rename=iwlwifi-Qu-b0-hr-b0-73.ucode.xz HTTP/2" 200 8383 "-" "Mozilla/5.0 AppleWebKit/537.36 (KHTML, like Gecko; compatible; ClaudeBot/1.0; +claudebot@anthropic.com)"
178.16.54.137 - - [01/Jul/2026:18:29:29 +0600] "GET /.env.prod HTTP/2" 404 796 "-" "Mozilla/5.0 (Macintosh; Intel Mac OS X 10_15_7) AppleWebKit/537.36 (KHTML, like Gecko, Yokohama Institute of Information Security https://www.iisec.ac.jp) Chrome/124.0.0.0 Safari/537.36"
216.73.216.207 - - [01/Jul/2026:18:29:29 +0600] "GET /file.php?fm=true&path=%2Flib%2Ffirmware%2Fti-connectivity%2F&rename=wl127x-fw-5-sr.bin.xz HTTP/2" 200 8421 "-" "Mozilla/5.0 AppleWebKit/537.36 (KHTML, like Gecko; compatible; ClaudeBot/1.0; +claudebot@anthropic.com)"
216.73.216.207 - - [01/Jul/2026:18:29:30 +0600] "GET /file.php?fm=true&path=%2Fusr%2Flib%2Ffirmware%2F&rename=iwlwifi-QuZ-a0-hr-b0-59.ucode.xz HTTP/2" 200 8388 "-" "Mozilla/5.0 AppleWebKit/537.36 (KHTML, like Gecko; compatible; ClaudeBot/1.0; +claudebot@anthropic.com)"
178.16.54.137 - - [01/Jul/2026:18:29:30 +0600] "GET /.env.production HTTP/2" 404 796 "-" "Mozilla/5.0 (Macintosh; Intel Mac OS X 10_15_7) AppleWebKit/537.36 (KHTML, like Gecko, Yokohama Institute of Information Security https://www.iisec.ac.jp) Chrome/124.0.0.0 Safari/537.36"
216.73.216.207 - - [01/Jul/2026:18:29:30 +0600] "GET /file.php?fm=true&path=%2Flib%2Ffirmware%2Frtl_nic%2F&rights=rtl8168g-1.fw.xz HTTP/2" 200 8422 "-" "Mozilla/5.0 AppleWebKit/537.36 (KHTML, like Gecko; compatible; ClaudeBot/1.0; +claudebot@anthropic.com)"
216.73.216.207 - - [01/Jul/2026:18:29:30 +0600] "GET /file.php?fm=true&path=%2Fusr%2Flib%2Ffirmware%2F&rights=iwlwifi-ma-b0-hr-b0-86.ucode.xz HTTP/2" 200 8393 "-" "Mozilla/5.0 AppleWebKit/537.36 (KHTML, like Gecko; compatible; ClaudeBot/1.0; +claudebot@anthropic.com)"
216.73.216.207 - - [01/Jul/2026:18:29:30 +0600] "GET /file.php?gzfile=L3Vzci9saWIvZmlybXdhcmUvdGlfMzQxMC5mdy54eg%3D%3D HTTP/2" 200 6529 "-" "Mozilla/5.0 AppleWebKit/537.36 (KHTML, like Gecko; compatible; ClaudeBot/1.0; +claudebot@anthropic.com)"
178.16.54.137 - - [01/Jul/2026:18:29:30 +0600] "GET /.env.staging HTTP/2" 404 796 "-" "Mozilla/5.0 (Macintosh; Intel Mac OS X 10_15_7) AppleWebKit/537.36 (KHTML, like Gecko, Yokohama Institute of Information Security https://www.iisec.ac.jp) Chrome/124.0.0.0 Safari/537.36"
74.7.242.42 - - [01/Jul/2026:18:29:30 +0600] "GET /file.php?gzfile=L3Vzci9saWIvbG9jYWxlL2VuX1pNL0xDX05BTUU= HTTP/2" 200 6502 "https://www.demo.bdwebsolution.com/file.php?fm=true&path=/usr/lib/locale/en_ZM" "Mozilla/5.0 AppleWebKit/537.36 (KHTML, like Gecko; compatible; GPTBot/1.4; +https://openai.com/gptbot)"
216.73.216.207 - - [01/Jul/2026:18:29:30 +0600] "GET /file.php?edit=ramps_0x11020000_40.dfu.xz&fm=true&path=%2Flib%2Ffirmware%2Far3k%2F HTTP/2" 200 9778 "-" "Mozilla/5.0 AppleWebKit/537.36 (KHTML, like Gecko; compatible; ClaudeBot/1.0; +claudebot@anthropic.com)"
216.73.216.207 - - [01/Jul/2026:18:29:30 +0600] "GET /file.php?fm=true&path=%2Flib%2Ffirmware%2F5.14.0-611.54.3.el9_7.x86_64%2Fintel-ucode%2F&rename=06-8e-0a HTTP/2" 200 8395 "-" "Mozilla/5.0 AppleWebKit/537.36 (KHTML, like Gecko; compatible; ClaudeBot/1.0; +claudebot@anthropic.com)"
178.16.54.137 - - [01/Jul/2026:18:29:30 +0600] "GET /.env.local HTTP/2" 404 796 "-" "Mozilla/5.0 (Macintosh; Intel Mac OS X 10_15_7) AppleWebKit/537.36 (KHTML, like Gecko, Yokohama Institute of Information Security https://www.iisec.ac.jp) Chrome/124.0.0.0 Safari/537.36"
216.73.216.207 - - [01/Jul/2026:18:29:30 +0600] "GET /file.php?download=L2xpYi9rYmQva2V5bWFwcy94a2IvZ2gtZXdlLm1hcC5neg%3D%3D HTTP/2" 200 3442 "-" "Mozilla/5.0 AppleWebKit/537.36 (KHTML, like Gecko; compatible; ClaudeBot/1.0; +claudebot@anthropic.com)"
216.73.216.207 - - [01/Jul/2026:18:29:30 +0600] "GET /file.php?fm=true&path=%2Flib%2Ffirmware%2F5.14.0-611.55.1.el9_7.x86_64%2Fintel-ucode%2F&rights=06-5f-01 HTTP/2" 200 8397 "-" "Mozilla/5.0 AppleWebKit/537.36 (KHTML, like Gecko; compatible; ClaudeBot/1.0; +claudebot@anthropic.com)"
216.73.216.207 - - [01/Jul/2026:18:29:30 +0600] "GET /file.php?fm=true&path=%2Fhome%2Fbdwebsol%2Fpublic_html%2Fecommerce1.bdwebsolution.com%2Fwp-content%2Fuploads%2F2024%2F03%2F&rights=vg-d-bt-3.jpg HTTP/2" 200 8416 "-" "Mozilla/5.0 AppleWebKit/537.36 (KHTML, like Gecko; compatible; ClaudeBot/1.0; +claudebot@anthropic.com)"
178.16.54.137 - - [01/Jul/2026:18:29:30 +0600] "GET /env HTTP/2" 404 796 "-" "Mozilla/5.0 (Macintosh; Intel Mac OS X 10_15_7) AppleWebKit/537.36 (KHTML, like Gecko, Yokohama Institute of Information Security https://www.iisec.ac.jp) Chrome/124.0.0.0 Safari/537.36"
74.7.242.42 - - [01/Jul/2026:18:29:30 +0600] "GET /file.php?gzfile=L3Vzci9saWIvbG9jYWxlL2VuX0lFL0xDX05BTUU= HTTP/2" 200 6529 "https://www.demo.bdwebsolution.com/file.php?fm=true&path=/usr/lib/locale/en_IE" "Mozilla/5.0 AppleWebKit/537.36 (KHTML, like Gecko; compatible; GPTBot/1.4; +https://openai.com/gptbot)"
216.73.216.207 - - [01/Jul/2026:18:29:31 +0600] "GET /file.php?gz=L29wdC9jcGFuZWwvZWEtcGhwNzMvcm9vdC9vcHQ%3D HTTP/2" 200 6502 "-" "Mozilla/5.0 AppleWebKit/537.36 (KHTML, like Gecko; compatible; ClaudeBot/1.0; +claudebot@anthropic.com)"
178.16.54.137 - - [01/Jul/2026:18:29:31 +0600] "GET /config/.env HTTP/2" 404 796 "-" "Mozilla/5.0 (Macintosh; Intel Mac OS X 10_15_7) AppleWebKit/537.36 (KHTML, like Gecko, Yokohama Institute of Information Security https://www.iisec.ac.jp) Chrome/124.0.0.0 Safari/537.36"
216.73.216.207 - - [01/Jul/2026:18:29:31 +0600] "GET /file.php?fm=true&path=%2Flib%2Fkbd%2Fkeymaps%2Fxkb%2F&rename=dz-qwerty-gb-deadkeys.map.gz HTTP/2" 200 8384 "-" "Mozilla/5.0 AppleWebKit/537.36 (KHTML, like Gecko; compatible; ClaudeBot/1.0; +claudebot@anthropic.com)"
216.73.216.207 - - [01/Jul/2026:18:29:31 +0600] "GET /file.php?gzfile=L3Vzci9saWJleGVjL2dpdC1jb3JlL2dpdC1tZXJnZS1zdWJ0cmVl HTTP/2" 200 6502 "-" "Mozilla/5.0 AppleWebKit/537.36 (KHTML, like Gecko; compatible; ClaudeBot/1.0; +claudebot@anthropic.com)"
178.16.54.137 - - [01/Jul/2026:18:29:31 +0600] "GET /app/.env HTTP/2" 404 796 "-" "Mozilla/5.0 (Macintosh; Intel Mac OS X 10_15_7) AppleWebKit/537.36 (KHTML, like Gecko, Yokohama Institute of Information Security https://www.iisec.ac.jp) Chrome/124.0.0.0 Safari/537.36"
216.73.216.207 - - [01/Jul/2026:18:29:31 +0600] "GET /file.php?download=L29wdC9jbG91ZGxpbnV4L3ZlbnYvYmluL2NhZ2Vmc2N0bF91c2VyLnB5 HTTP/2" 200 3854 "-" "Mozilla/5.0 AppleWebKit/537.36 (KHTML, like Gecko; compatible; ClaudeBot/1.0; +claudebot@anthropic.com)"
216.73.216.207 - - [01/Jul/2026:18:29:30 +0600] "GET /file.php?download=L3Vzci9saWJleGVjL2dpdC1jb3JlL2dpdC1jaGVja291dC0td29ya2Vy HTTP/2" 200 2284171 "-" "Mozilla/5.0 AppleWebKit/537.36 (KHTML, like Gecko; compatible; ClaudeBot/1.0; +claudebot@anthropic.com)"
216.73.216.207 - - [01/Jul/2026:18:29:31 +0600] "GET /file.php?fm=true&path=%2Flib%2Ffirmware%2Fcxgb4%2F&rename=t4fw-1.15.37.0.bin.xz HTTP/2" 200 8415 "-" "Mozilla/5.0 AppleWebKit/537.36 (KHTML, like Gecko; compatible; ClaudeBot/1.0; +claudebot@anthropic.com)"
74.7.242.42 - - [01/Jul/2026:18:29:31 +0600] "GET /file.php?fm=true&path=/lib64/perl5/CORE/&rename=embedvar.h HTTP/2" 200 8411 "https://www.demo.bdwebsolution.com/file.php?fm=true&path=/lib64/perl5/CORE" "Mozilla/5.0 AppleWebKit/537.36 (KHTML, like Gecko; compatible; GPTBot/1.4; +https://openai.com/gptbot)"
216.73.216.207 - - [01/Jul/2026:18:29:31 +0600] "GET /file.php?zip=L2xpYi9ub2RlX21vZHVsZXMvbnBtL25vZGVfbW9kdWxlcy9AZ2Fy HTTP/2" 200 6502 "-" "Mozilla/5.0 AppleWebKit/537.36 (KHTML, like Gecko; compatible; ClaudeBot/1.0; +claudebot@anthropic.com)"
216.73.216.207 - - [01/Jul/2026:18:29:31 +0600] "GET /file.php?fm=true&path=%2Flib%2Ffirmware%2F5.14.0-611.55.1.el9_7.x86_64%2Fintel-ucode%2F&rights=06-8f-08 HTTP/2" 200 8396 "-" "Mozilla/5.0 AppleWebKit/537.36 (KHTML, like Gecko; compatible; ClaudeBot/1.0; +claudebot@anthropic.com)"
216.73.216.207 - - [01/Jul/2026:18:29:31 +0600] "GET /file.php?fm=true&path=%2Fhome%2Fbdwebsol%2Fpublic_html%2Fecommerce1.bdwebsolution.com%2Fwp-content%2Fuploads%2F2026%2F06%2F&rights=apple-cider-vinegar-1.png HTTP/2" 200 8425 "-" "Mozilla/5.0 AppleWebKit/537.36 (KHTML, like Gecko; compatible; ClaudeBot/1.0; +claudebot@anthropic.com)"
216.73.216.207 - - [01/Jul/2026:18:29:31 +0600] "GET /file.php?fm=true&path=%2Flib%2Ffirmware%2F5.14.0-611.54.3.el9_7.x86_64%2Fintel-ucode%2F&rights=06-06-0a HTTP/2" 200 8397 "-" "Mozilla/5.0 AppleWebKit/537.36 (KHTML, like Gecko; compatible; ClaudeBot/1.0; +claudebot@anthropic.com)"
216.73.216.207 - - [01/Jul/2026:18:29:31 +0600] "GET /file.php?fm=true&path=%2Flib%2Ffirmware%2F5.14.0-611.55.1.el9_7.x86_64%2Fintel-ucode%2F&rename=06-0f-0d HTTP/2" 200 8395 "-" "Mozilla/5.0 AppleWebKit/537.36 (KHTML, like Gecko; compatible; ClaudeBot/1.0; +claudebot@anthropic.com)"
216.73.216.207 - - [01/Jul/2026:18:29:31 +0600] "GET /file.php?zip=L29wdC9hbHQvYWx0LW5vZGVqczIwL3Jvb3Qvc2Jpbg%3D%3D HTTP/2" 200 6529 "-" "Mozilla/5.0 AppleWebKit/537.36 (KHTML, like Gecko; compatible; ClaudeBot/1.0; +claudebot@anthropic.com)"
74.7.242.42 - - [01/Jul/2026:18:29:32 +0600] "GET /file.php?edit=systemd-pcrfs@.service&fm=true&path=/usr/lib/systemd/system/ HTTP/2" 200 8886 "https://www.demo.bdwebsolution.com/file.php?fm=true&path=/usr/lib/systemd/system" "Mozilla/5.0 AppleWebKit/537.36 (KHTML, like Gecko; compatible; GPTBot/1.4; +https://openai.com/gptbot)"
216.73.216.207 - - [01/Jul/2026:18:29:32 +0600] "GET /file.php?fm=true&path=%2Flib%2Ffirmware%2F5.14.0-611.55.1.el9_7.x86_64%2Fintel-ucode%2F&rights=06-a7-01 HTTP/2" 200 8397 "-" "Mozilla/5.0 AppleWebKit/537.36 (KHTML, like Gecko; compatible; ClaudeBot/1.0; +claudebot@anthropic.com)"
216.73.216.207 - - [01/Jul/2026:18:29:32 +0600] "GET /file.php?gz=L29wdC9hbHQvcGhwNzQvdXNyL2luY2x1ZGU%3D HTTP/2" 200 6529 "-" "Mozilla/5.0 AppleWebKit/537.36 (KHTML, like Gecko; compatible; ClaudeBot/1.0; +claudebot@anthropic.com)"
216.73.216.207 - - [01/Jul/2026:18:29:32 +0600] "GET /file.php?fm=true&path=%2Flib%2Ffirmware%2Frtl_nic%2F&rights=rtl8168h-1.fw.xz HTTP/2" 200 8384 "-" "Mozilla/5.0 AppleWebKit/537.36 (KHTML, like Gecko; compatible; ClaudeBot/1.0; +claudebot@anthropic.com)"
216.73.216.207 - - [01/Jul/2026:18:29:32 +0600] "GET /file.php?download=L3Vzci9zaGFyZS96b25laW5mby9Qb2xhbmQ%3D HTTP/2" 200 1457 "-" "Mozilla/5.0 AppleWebKit/537.36 (KHTML, like Gecko; compatible; ClaudeBot/1.0; +claudebot@anthropic.com)"
216.73.216.207 - - [01/Jul/2026:18:29:32 +0600] "GET /file.php?fm=true&path=%2Flib%2Ffirmware%2F5.14.0-611.54.3.el9_7.x86_64%2Fintel-ucode%2F&rights=06-5c-0a HTTP/2" 200 8397 "-" "Mozilla/5.0 AppleWebKit/537.36 (KHTML, like Gecko; compatible; ClaudeBot/1.0; +claudebot@anthropic.com)"
216.73.216.207 - - [01/Jul/2026:18:29:32 +0600] "GET /file.php?gzfile=L2xpYi9ycG0vcGxhdGZvcm0vYXJtdjdobmwtbGludXgvbWFjcm9z HTTP/2" 200 6529 "-" "Mozilla/5.0 AppleWebKit/537.36 (KHTML, like Gecko; compatible; ClaudeBot/1.0; +claudebot@anthropic.com)"
74.7.242.42 - - [01/Jul/2026:18:29:32 +0600] "GET /file.php?edit=systemd-rfkill.service&fm=true&path=/usr/lib/systemd/system/ HTTP/2" 200 8783 "https://www.demo.bdwebsolution.com/file.php?fm=true&path=/usr/lib/systemd/system" "Mozilla/5.0 AppleWebKit/537.36 (KHTML, like Gecko; compatible; GPTBot/1.4; +https://openai.com/gptbot)"
216.73.216.207 - - [01/Jul/2026:18:29:32 +0600] "GET /file.php?download=L3Vzci9zaGFyZS9saWJ0b29sL0NPUFlJTkcuTElC HTTP/2" 200 9372 "-" "Mozilla/5.0 AppleWebKit/537.36 (KHTML, like Gecko; compatible; ClaudeBot/1.0; +claudebot@anthropic.com)"
216.73.216.207 - - [01/Jul/2026:18:29:32 +0600] "GET /file.php?fm=true&path=%2Flib%2Ffirmware%2F5.14.0-611.55.1.el9_7.x86_64%2Fintel-ucode%2F&rights=06-8f-06 HTTP/2" 200 8397 "-" "Mozilla/5.0 AppleWebKit/537.36 (KHTML, like Gecko; compatible; ClaudeBot/1.0; +claudebot@anthropic.com)"
216.73.216.207 - - [01/Jul/2026:18:29:32 +0600] "GET /file.php?fm=true&path=%2Flib%2Ffirmware%2Fmeson%2Fvdec%2F&rename=gxl_hevc_mmu.bin.xz HTTP/2" 200 8382 "-" "Mozilla/5.0 AppleWebKit/537.36 (KHTML, like Gecko; compatible; ClaudeBot/1.0; +claudebot@anthropic.com)"
216.73.216.207 - - [01/Jul/2026:18:29:32 +0600] "GET /file.php?fm=true&path=%2Flib%2Ffirmware%2F5.14.0-611.54.3.el9_7.x86_64%2Fintel-ucode%2F&rename=06-8e-0b HTTP/2" 200 8395 "-" "Mozilla/5.0 AppleWebKit/537.36 (KHTML, like Gecko; compatible; ClaudeBot/1.0; +claudebot@anthropic.com)"
216.73.216.207 - - [01/Jul/2026:18:29:33 +0600] "GET /file.php?fm=true&path=%2Flib%2Ffirmware%2F5.14.0-611.54.3.el9_7.x86_64%2Fintel-ucode%2F&rights=0f-06-08 HTTP/2" 200 8397 "-" "Mozilla/5.0 AppleWebKit/537.36 (KHTML, like Gecko; compatible; ClaudeBot/1.0; +claudebot@anthropic.com)"
74.7.242.42 - - [01/Jul/2026:18:29:33 +0600] "GET /file.php?fm=true&path=/usr/lib/systemd/system/&rename=import-state.service HTTP/2" 200 8376 "https://www.demo.bdwebsolution.com/file.php?fm=true&path=/usr/lib/systemd/system" "Mozilla/5.0 AppleWebKit/537.36 (KHTML, like Gecko; compatible; GPTBot/1.4; +https://openai.com/gptbot)"
216.73.216.207 - - [01/Jul/2026:18:29:33 +0600] "GET /file.php?fm=true&path=%2Flib%2Ffirmware%2F5.14.0-611.54.3.el9_7.x86_64%2Fintel-ucode%2F&rights=06-0b-01 HTTP/2" 200 8397 "-" "Mozilla/5.0 AppleWebKit/537.36 (KHTML, like Gecko; compatible; ClaudeBot/1.0; +claudebot@anthropic.com)"
216.73.216.207 - - [01/Jul/2026:18:29:33 +0600] "GET /file.php?fm=true&path=%2Flib%2Fkbd%2Fkeymaps%2Fxkb%2F&rename=hu-102_qwertz_comma_dead.map.gz HTTP/2" 200 8389 "-" "Mozilla/5.0 AppleWebKit/537.36 (KHTML, like Gecko; compatible; ClaudeBot/1.0; +claudebot@anthropic.com)"
216.73.216.207 - - [01/Jul/2026:18:29:33 +0600] "GET /file.php?gzfile=L29wdC9jbG91ZGxpbnV4L3ZlbnYvYmluL3B5ZG9jc3R5bGU%3D HTTP/2" 200 6529 "-" "Mozilla/5.0 AppleWebKit/537.36 (KHTML, like Gecko; compatible; ClaudeBot/1.0; +claudebot@anthropic.com)"
216.73.216.207 - - [01/Jul/2026:18:29:33 +0600] "GET /file.php?fm=true&path=%2Fusr%2Flib%2Ffirmware%2F&rename=iwlwifi-bz-b0-fm-c0-94.ucode.xz HTTP/2" 200 8383 "-" "Mozilla/5.0 AppleWebKit/537.36 (KHTML, like Gecko; compatible; ClaudeBot/1.0; +claudebot@anthropic.com)"
216.73.216.207 - - [01/Jul/2026:18:29:33 +0600] "GET /file.php?fm=true&path=%2Flib%2Ffirmware%2F5.14.0-611.55.1.el9_7.x86_64%2Fintel-ucode%2F&rights=06-be-00 HTTP/2" 200 8397 "-" "Mozilla/5.0 AppleWebKit/537.36 (KHTML, like Gecko; compatible; ClaudeBot/1.0; +claudebot@anthropic.com)"
216.73.216.207 - - [01/Jul/2026:18:29:33 +0600] "GET /file.php?fm=true&path=%2Fusr%2Flib%2Ffirmware%2F&rename=iwlwifi-Qu-c0-hr-b0-73.ucode.xz HTTP/2" 200 8383 "-" "Mozilla/5.0 AppleWebKit/537.36 (KHTML, like Gecko; compatible; ClaudeBot/1.0; +claudebot@anthropic.com)"
216.73.216.207 - - [01/Jul/2026:18:29:33 +0600] "GET /file.php?fm=true&path=%2Flib%2Ffirmware%2F5.14.0-611.55.1.el9_7.x86_64%2Fintel-ucode%2F&rights=06-b7-01 HTTP/2" 200 8397 "-" "Mozilla/5.0 AppleWebKit/537.36 (KHTML, like Gecko; compatible; ClaudeBot/1.0; +claudebot@anthropic.com)"
216.73.216.207 - - [01/Jul/2026:18:29:33 +0600] "GET /file.php?fm=true&path=%2Flib%2Ffirmware%2F5.14.0-611.55.1.el9_7.x86_64%2Fintel-ucode%2F&rename=06-3e-06 HTTP/2" 200 8395 "-" "Mozilla/5.0 AppleWebKit/537.36 (KHTML, like Gecko; compatible; ClaudeBot/1.0; +claudebot@anthropic.com)"
74.7.242.42 - - [01/Jul/2026:18:29:33 +0600] "GET /file.php?edit=systemd-binfmt.service&fm=true&path=/usr/lib/systemd/system/ HTTP/2" 200 8943 "https://www.demo.bdwebsolution.com/file.php?fm=true&path=/usr/lib/systemd/system" "Mozilla/5.0 AppleWebKit/537.36 (KHTML, like Gecko; compatible; GPTBot/1.4; +https://openai.com/gptbot)"
216.73.216.207 - - [01/Jul/2026:18:29:33 +0600] "GET /file.php?fm=true&path=%2Fhome%2Fbdwebsol%2Fpublic_html%2Fecommerce1.bdwebsolution.com%2Fwp-content%2Fuploads%2F2024%2F03%2F&rights=brand-mowi.png HTTP/2" 200 8415 "-" "Mozilla/5.0 AppleWebKit/537.36 (KHTML, like Gecko; compatible; ClaudeBot/1.0; +claudebot@anthropic.com)"
216.73.216.207 - - [01/Jul/2026:18:29:33 +0600] "GET /file.php?fm=true&path=%2Flib%2Ffirmware%2F5.14.0-611.54.3.el9_7.x86_64%2Fintel-ucode%2F&rename=06-ae-01 HTTP/2" 200 8395 "-" "Mozilla/5.0 AppleWebKit/537.36 (KHTML, like Gecko; compatible; ClaudeBot/1.0; +claudebot@anthropic.com)"
216.73.216.207 - - [01/Jul/2026:18:29:34 +0600] "GET /file.php?fm=true&path=%2Fusr%2Flib%2Ffirmware%2F&rename=iwlwifi-bz-b0-fm-c0-c101.ucode.xz HTTP/2" 200 8385 "-" "Mozilla/5.0 AppleWebKit/537.36 (KHTML, like Gecko; compatible; ClaudeBot/1.0; +claudebot@anthropic.com)"
216.73.216.207 - - [01/Jul/2026:18:29:34 +0600] "GET /file.php?fm=true&path=%2Flib%2Ffirmware%2F5.14.0-611.55.1.el9_7.x86_64%2Fintel-ucode%2F&rights=06-ba-08 HTTP/2" 200 8397 "-" "Mozilla/5.0 AppleWebKit/537.36 (KHTML, like Gecko; compatible; ClaudeBot/1.0; +claudebot@anthropic.com)"
216.73.216.207 - - [01/Jul/2026:18:29:34 +0600] "GET /file.php?gz=L29wdC9hbHQvYWx0LW5vZGVqczgvcm9vdC9zeXM%3D HTTP/2" 200 6529 "-" "Mozilla/5.0 AppleWebKit/537.36 (KHTML, like Gecko; compatible; ClaudeBot/1.0; +claudebot@anthropic.com)"
74.7.227.132 - - [01/Jul/2026:18:29:24 +0600] "GET /ctime.awk.awk.tar.gz HTTP/2" 200 254 "https://demo.bdwebsolution.com/?44.218.6.122" "Mozilla/5.0 AppleWebKit/537.36 (KHTML, like Gecko; compatible; GPTBot/1.4; +https://openai.com/gptbot)"
74.7.227.132 - - [01/Jul/2026:18:29:25 +0600] "GET /firebird.service.service.tar.gz HTTP/2" 200 291 "https://demo.bdwebsolution.com/?44.218.6.122" "Mozilla/5.0 AppleWebKit/537.36 (KHTML, like Gecko; compatible; GPTBot/1.4; +https://openai.com/gptbot)"
74.7.227.132 - - [01/Jul/2026:18:29:26 +0600] "GET /brcmfmac43242a.bin.xz.bin.xz.tar.gz HTTP/2" 200 259315 "https://demo.bdwebsolution.com/?44.218.6.122" "Mozilla/5.0 AppleWebKit/537.36 (KHTML, like Gecko; compatible; GPTBot/1.4; +https://openai.com/gptbot)"
74.7.227.132 - - [01/Jul/2026:18:29:27 +0600] "GET /slider.js.js.tar.gz HTTP/2" 200 5104 "https://demo.bdwebsolution.com/?44.218.6.122" "Mozilla/5.0 AppleWebKit/537.36 (KHTML, like Gecko; compatible; GPTBot/1.4; +https://openai.com/gptbot)"
74.7.227.132 - - [01/Jul/2026:18:29:27 +0600] "GET /media-editor.min.js.tar HTTP/2" 200 12800 "https://demo.bdwebsolution.com/?44.218.6.122" "Mozilla/5.0 AppleWebKit/537.36 (KHTML, like Gecko; compatible; GPTBot/1.4; +https://openai.com/gptbot)"
74.7.227.132 - - [01/Jul/2026:18:29:28 +0600] "GET /code.png.png.tar.gz HTTP/2" 200 3477 "https://demo.bdwebsolution.com/?44.218.6.122" "Mozilla/5.0 AppleWebKit/537.36 (KHTML, like Gecko; compatible; GPTBot/1.4; +https://openai.com/gptbot)"
74.7.227.132 - - [01/Jul/2026:18:29:28 +0600] "GET /post-author-biography.tar.gz HTTP/2" 200 26066 "https://demo.bdwebsolution.com/?44.218.6.122" "Mozilla/5.0 AppleWebKit/537.36 (KHTML, like Gecko; compatible; GPTBot/1.4; +https://openai.com/gptbot)"
74.7.227.132 - - [01/Jul/2026:18:29:29 +0600] "GET /systemd-hibernate.service.tar HTTP/2" 200 2560 "https://demo.bdwebsolution.com/?44.218.6.122" "Mozilla/5.0 AppleWebKit/537.36 (KHTML, like Gecko; compatible; GPTBot/1.4; +https://openai.com/gptbot)"
74.7.227.132 - - [01/Jul/2026:18:29:30 +0600] "GET /navi10_me.bin.xz.bin.xz.tar.gz HTTP/2" 200 7762 "https://demo.bdwebsolution.com/?44.218.6.122" "Mozilla/5.0 AppleWebKit/537.36 (KHTML, like Gecko; compatible; GPTBot/1.4; +https://openai.com/gptbot)"
74.7.227.132 - - [01/Jul/2026:18:29:30 +0600] "GET /systemd-quotacheck.service.tar HTTP/2" 200 2560 "https://demo.bdwebsolution.com/?44.218.6.122" "Mozilla/5.0 AppleWebKit/537.36 (KHTML, like Gecko; compatible; GPTBot/1.4; +https://openai.com/gptbot)"
74.7.227.132 - - [01/Jul/2026:18:29:31 +0600] "GET /arcturus_asd.bin.xz.tar HTTP/2" 200 37888 "https://demo.bdwebsolution.com/?44.218.6.122" "Mozilla/5.0 AppleWebKit/537.36 (KHTML, like Gecko; compatible; GPTBot/1.4; +https://openai.com/gptbot)"
74.7.227.132 - - [01/Jul/2026:18:29:31 +0600] "GET /setuptools-53.0.0.dist-info.tar.gz HTTP/2" 200 3371 "https://demo.bdwebsolution.com/?44.218.6.122" "Mozilla/5.0 AppleWebKit/537.36 (KHTML, like Gecko; compatible; GPTBot/1.4; +https://openai.com/gptbot)"
74.7.227.132 - - [01/Jul/2026:18:29:32 +0600] "GET /modules.drm.drm.tar.gz HTTP/2" 200 228 "https://demo.bdwebsolution.com/?44.218.6.122" "Mozilla/5.0 AppleWebKit/537.36 (KHTML, like Gecko; compatible; GPTBot/1.4; +https://openai.com/gptbot)"
74.7.227.132 - - [01/Jul/2026:18:29:32 +0600] "GET /refsite.png.png.tar.gz HTTP/2" 200 2656 "https://demo.bdwebsolution.com/?44.218.6.122" "Mozilla/5.0 AppleWebKit/537.36 (KHTML, like Gecko; compatible; GPTBot/1.4; +https://openai.com/gptbot)"
74.7.227.132 - - [01/Jul/2026:18:29:33 +0600] "GET /ea-php73-php-fpm.service.tar HTTP/2" 200 2560 "https://demo.bdwebsolution.com/?44.218.6.122" "Mozilla/5.0 AppleWebKit/537.36 (KHTML, like Gecko; compatible; GPTBot/1.4; +https://openai.com/gptbot)"
74.7.227.132 - - [01/Jul/2026:18:29:34 +0600] "GET /ea-php56-php-fpm.service.tar HTTP/2" 200 2048 "https://demo.bdwebsolution.com/?44.218.6.122" "Mozilla/5.0 AppleWebKit/537.36 (KHTML, like Gecko; compatible; GPTBot/1.4; +https://openai.com/gptbot)"
74.7.242.42 - - [01/Jul/2026:18:29:34 +0600] "GET /file.php?fm=true&path=/usr/lib/systemd/system/&rename=systemd-halt.service HTTP/2" 200 8376 "https://www.demo.bdwebsolution.com/file.php?fm=true&path=/usr/lib/systemd/system" "Mozilla/5.0 AppleWebKit/537.36 (KHTML, like Gecko; compatible; GPTBot/1.4; +https://openai.com/gptbot)"
216.73.216.207 - - [01/Jul/2026:18:29:34 +0600] "GET /file.php?gz=L29wdC9hbHQvYWx0LW5vZGVqczgvcm9vdC9yb290 HTTP/2" 200 6502 "-" "Mozilla/5.0 AppleWebKit/537.36 (KHTML, like Gecko; compatible; ClaudeBot/1.0; +claudebot@anthropic.com)"
216.73.216.207 - - [01/Jul/2026:18:29:34 +0600] "GET /file.php?download=L2xpYi9ycG0vcGxhdGZvcm0vbWlwcy1saW51eC9tYWNyb3M%3D HTTP/2" 200 1237 "-" "Mozilla/5.0 AppleWebKit/537.36 (KHTML, like Gecko; compatible; ClaudeBot/1.0; +claudebot@anthropic.com)"
216.73.216.207 - - [01/Jul/2026:18:29:34 +0600] "GET /file.php?fm=true&path=%2Flib%2Ffirmware%2F5.14.0-611.55.1.el9_7.x86_64%2Fintel-ucode%2F&rights=06-0e-08 HTTP/2" 200 8431 "-" "Mozilla/5.0 AppleWebKit/537.36 (KHTML, like Gecko; compatible; ClaudeBot/1.0; +claudebot@anthropic.com)"
216.73.216.207 - - [01/Jul/2026:18:29:34 +0600] "GET /file.php?fm=true&path=%2Flib%2Ffirmware%2Fti-connectivity%2F&rights=wl128x-fw-plt-3.bin.xz HTTP/2" 200 8395 "-" "Mozilla/5.0 AppleWebKit/537.36 (KHTML, like Gecko; compatible; ClaudeBot/1.0; +claudebot@anthropic.com)"
216.73.216.207 - - [01/Jul/2026:18:29:34 +0600] "GET /file.php?gzfile=L2xpYi9sb2NhbGUvZW5fSUwvTENfTUVBU1VSRU1FTlQ%3D HTTP/2" 200 6529 "-" "Mozilla/5.0 AppleWebKit/537.36 (KHTML, like Gecko; compatible; ClaudeBot/1.0; +claudebot@anthropic.com)"
216.73.216.207 - - [01/Jul/2026:18:29:34 +0600] "GET /file.php?zip=L29wdC9hbHQvYWx0LW5vZGVqczYvcm9vdC9zcnY%3D HTTP/2" 200 6529 "-" "Mozilla/5.0 AppleWebKit/537.36 (KHTML, like Gecko; compatible; ClaudeBot/1.0; +claudebot@anthropic.com)"
74.7.242.42 - - [01/Jul/2026:18:29:34 +0600] "GET /file.php?fm=true&path=/usr/lib/systemd/system/&rights=import-state.service HTTP/2" 200 8422 "https://www.demo.bdwebsolution.com/file.php?fm=true&path=/usr/lib/systemd/system" "Mozilla/5.0 AppleWebKit/537.36 (KHTML, like Gecko; compatible; GPTBot/1.4; +https://openai.com/gptbot)"
216.73.216.207 - - [01/Jul/2026:18:29:34 +0600] "GET /file.php?download=L3Byb2Mvc3lzL25ldC9jb3JlL25ldGRldl9idWRnZXRfdXNlY3M%3D HTTP/2" 200 12 "-" "Mozilla/5.0 AppleWebKit/537.36 (KHTML, like Gecko; compatible; ClaudeBot/1.0; +claudebot@anthropic.com)"
216.73.216.207 - - [01/Jul/2026:18:29:34 +0600] "GET /file.php?fm=true&path=%2Flib%2Ffirmware%2F5.14.0-611.54.3.el9_7.x86_64%2Fintel-ucode%2F&rights=06-2f-02 HTTP/2" 200 8397 "-" "Mozilla/5.0 AppleWebKit/537.36 (KHTML, like Gecko; compatible; ClaudeBot/1.0; +claudebot@anthropic.com)"
216.73.216.207 - - [01/Jul/2026:18:29:35 +0600] "GET /file.php?fm=true&path=%2Flib%2Ffirmware%2F5.14.0-611.55.1.el9_7.x86_64%2Fintel-ucode%2F&rename=06-bf-05 HTTP/2" 200 8395 "-" "Mozilla/5.0 AppleWebKit/537.36 (KHTML, like Gecko; compatible; ClaudeBot/1.0; +claudebot@anthropic.com)"
216.73.216.207 - - [01/Jul/2026:18:29:35 +0600] "GET /file.php?fm=true&path=%2Flib%2Ffirmware%2F5.14.0-611.55.1.el9_7.x86_64%2Fintel-ucode%2F&rights=06-7e-05 HTTP/2" 200 8397 "-" "Mozilla/5.0 AppleWebKit/537.36 (KHTML, like Gecko; compatible; ClaudeBot/1.0; +claudebot@anthropic.com)"
216.73.216.207 - - [01/Jul/2026:18:29:35 +0600] "GET /file.php?fm=true&path=%2Flib%2Ffirmware%2F5.14.0-611.55.1.el9_7.x86_64%2Fintel-ucode%2F&rights=06-0f-07 HTTP/2" 200 8397 "-" "Mozilla/5.0 AppleWebKit/537.36 (KHTML, like Gecko; compatible; ClaudeBot/1.0; +claudebot@anthropic.com)"
216.73.216.207 - - [01/Jul/2026:18:29:35 +0600] "GET /file.php?gzfile=L29wdC9hbHQvcGhwNzAvZXRjL3BocC5pbmkucnBtbmV3 HTTP/2" 200 6529 "-" "Mozilla/5.0 AppleWebKit/537.36 (KHTML, like Gecko; compatible; ClaudeBot/1.0; +claudebot@anthropic.com)"
74.7.242.42 - - [01/Jul/2026:18:29:35 +0600] "GET /file.php?fm=true&path=/usr/lib/systemd/system/&rename=htcacheclean.service HTTP/2" 200 8377 "https://www.demo.bdwebsolution.com/file.php?fm=true&path=/usr/lib/systemd/system" "Mozilla/5.0 AppleWebKit/537.36 (KHTML, like Gecko; compatible; GPTBot/1.4; +https://openai.com/gptbot)"
