216.73.216.207 - - [01/Jul/2026:18:17:37 +0600] "GET /file.php?gzfile=L3Byb2MvNjE2MjAvb29tX3Njb3Jl HTTP/2" 200 6529 "-" "Mozilla/5.0 AppleWebKit/537.36 (KHTML, like Gecko; compatible; ClaudeBot/1.0; +claudebot@anthropic.com)"
216.73.216.207 - - [01/Jul/2026:18:17:37 +0600] "GET /file.php?edit=es.map.gz&fm=true&path=%2Flib%2Fkbd%2Fkeymaps%2Fxkb%2F HTTP/2" 200 12181 "-" "Mozilla/5.0 AppleWebKit/537.36 (KHTML, like Gecko; compatible; ClaudeBot/1.0; +claudebot@anthropic.com)"
216.73.216.207 - - [01/Jul/2026:18:17:37 +0600] "GET /file.php?zip=L3Vzci9pbmNsdWRlL2xpYnBuZzE2 HTTP/2" 200 6529 "-" "Mozilla/5.0 AppleWebKit/537.36 (KHTML, like Gecko; compatible; ClaudeBot/1.0; +claudebot@anthropic.com)"
216.73.216.207 - - [01/Jul/2026:18:17:37 +0600] "GET /file.php?gzfile=L3Byb2MvaXJxLzg0L25vZGU%3D HTTP/2" 200 6529 "-" "Mozilla/5.0 AppleWebKit/537.36 (KHTML, like Gecko; compatible; ClaudeBot/1.0; +claudebot@anthropic.com)"
216.73.216.207 - - [01/Jul/2026:18:17:37 +0600] "GET /file.php?edit=TAS2XXX3EE00.bin.xz&fm=true&path=%2Fusr%2Flib%2Ffirmware%2F HTTP/2" 200 14855 "-" "Mozilla/5.0 AppleWebKit/537.36 (KHTML, like Gecko; compatible; ClaudeBot/1.0; +claudebot@anthropic.com)"
74.7.242.42 - - [01/Jul/2026:18:17:37 +0600] "GET /file.php?download=L2hvbWUvYmR3ZWJzb2wvcHVibGljX2h0bWwvZGVtby5iZHdlYnNvbHV0aW9uLmNvbS9jYXJkMC50YXI= HTTP/2" 200 1164 "https://www.demo.bdwebsolution.com/file.php?gz=L29wdC9hbHQvbmV0LXNubXAxMS91c3IvYmlu" "Mozilla/5.0 AppleWebKit/537.36 (KHTML, like Gecko; compatible; GPTBot/1.4; +https://openai.com/gptbot)"
216.73.216.207 - - [01/Jul/2026:18:17:37 +0600] "GET /file.php?edit=d101m_ucode.bin.xz&fm=true&path=%2Flib%2Ffirmware%2Fe100%2F HTTP/2" 200 8911 "-" "Mozilla/5.0 AppleWebKit/537.36 (KHTML, like Gecko; compatible; ClaudeBot/1.0; +claudebot@anthropic.com)"
216.73.216.207 - - [01/Jul/2026:18:17:37 +0600] "GET /file.php?fm=true&path=%2Fhome%2Fbdwebsol%2Fpublic_html%2Fecommerce1.bdwebsolution.com%2Fwp-includes%2Fcss%2Fdist%2Fpatterns%2F&rename=style.min.css HTTP/2" 200 8439 "-" "Mozilla/5.0 AppleWebKit/537.36 (KHTML, like Gecko; compatible; ClaudeBot/1.0; +claudebot@anthropic.com)"
216.73.216.207 - - [01/Jul/2026:18:17:37 +0600] "GET /file.php?edit=TAS2XXX13941.bin.xz&fm=true&path=%2Fusr%2Flib%2Ffirmware%2F HTTP/2" 200 14867 "-" "Mozilla/5.0 AppleWebKit/537.36 (KHTML, like Gecko; compatible; ClaudeBot/1.0; +claudebot@anthropic.com)"
216.73.216.207 - - [01/Jul/2026:18:17:37 +0600] "GET /file.php?fm=true&path=%2Fhome%2Fbdwebsol%2Fpublic_html%2Fecommerce1.bdwebsolution.com%2Fwp-includes%2FRequests%2Fsrc%2FResponse%2F&rename=Headers.php HTTP/2" 200 8406 "-" "Mozilla/5.0 AppleWebKit/537.36 (KHTML, like Gecko; compatible; ClaudeBot/1.0; +claudebot@anthropic.com)"
216.73.216.207 - - [01/Jul/2026:18:17:38 +0600] "GET /file.php?fm=true&path=%2Fhome%2Fbdwebsol%2Fpublic_html%2Fwp-includes%2Fjs%2Ftinymce%2Fplugins%2F&rename=wptextpattern HTTP/2" 200 8422 "-" "Mozilla/5.0 AppleWebKit/537.36 (KHTML, like Gecko; compatible; ClaudeBot/1.0; +claudebot@anthropic.com)"
216.73.216.207 - - [01/Jul/2026:18:17:38 +0600] "GET /file.php?fm=true&path=%2Flib%2Fsystemd%2Fsystem%2F&rename=rhnsd.service HTTP/2" 200 8405 "-" "Mozilla/5.0 AppleWebKit/537.36 (KHTML, like Gecko; compatible; ClaudeBot/1.0; +claudebot@anthropic.com)"
216.73.216.207 - - [01/Jul/2026:18:17:38 +0600] "GET /file.php?fm=true&path=%2Flib%2Fpython3.9%2Fsite-packages%2Fchardet%2F&rights=mbcharsetprober.py HTTP/2" 200 8431 "-" "Mozilla/5.0 AppleWebKit/537.36 (KHTML, like Gecko; compatible; ClaudeBot/1.0; +claudebot@anthropic.com)"
74.7.242.42 - - [01/Jul/2026:18:17:38 +0600] "GET /file.php?download=L2hvbWUvYmR3ZWJzb2wvcHVibGljX2h0bWwvZGVtby5iZHdlYnNvbHV0aW9uLmNvbS9zcGxpdC50YXI= HTTP/2" 200 23714 "https://www.demo.bdwebsolution.com/file.php?gz=L3Zhci9sb2cvYWx0LXBocDU1LW5ld3JlbGlj" "Mozilla/5.0 AppleWebKit/537.36 (KHTML, like Gecko; compatible; GPTBot/1.4; +https://openai.com/gptbot)"
216.73.216.207 - - [01/Jul/2026:18:17:38 +0600] "GET /file.php?edit=si.map.gz&fm=true&path=%2Flib%2Fkbd%2Fkeymaps%2Fxkb%2F HTTP/2" 200 12148 "-" "Mozilla/5.0 AppleWebKit/537.36 (KHTML, like Gecko; compatible; ClaudeBot/1.0; +claudebot@anthropic.com)"
216.73.216.207 - - [01/Jul/2026:18:17:38 +0600] "GET /file.php?edit=us-mac.map.gz&fm=true&path=%2Flib%2Fkbd%2Fkeymaps%2Fxkb%2F HTTP/2" 200 12198 "-" "Mozilla/5.0 AppleWebKit/537.36 (KHTML, like Gecko; compatible; ClaudeBot/1.0; +claudebot@anthropic.com)"
216.73.216.207 - - [01/Jul/2026:18:17:38 +0600] "GET /file.php?fm=true&path=%2Fproc%2Firq%2F15%2F&rights=effective_affinity_list HTTP/2" 200 8413 "-" "Mozilla/5.0 AppleWebKit/537.36 (KHTML, like Gecko; compatible; ClaudeBot/1.0; +claudebot@anthropic.com)"
216.73.216.207 - - [01/Jul/2026:18:17:38 +0600] "GET /file.php?fm=true&path=%2Flib%2Fsystemd%2Fsystem%2F&rename=fwupd-refresh.service HTTP/2" 200 8405 "-" "Mozilla/5.0 AppleWebKit/537.36 (KHTML, like Gecko; compatible; ClaudeBot/1.0; +claudebot@anthropic.com)"
216.73.216.207 - - [01/Jul/2026:18:17:38 +0600] "GET /file.php?fm=true&path=%2Flib%2Ffirmware%2F&rights=rtl_bt HTTP/2" 200 8430 "-" "Mozilla/5.0 AppleWebKit/537.36 (KHTML, like Gecko; compatible; ClaudeBot/1.0; +claudebot@anthropic.com)"
74.7.242.42 - - [01/Jul/2026:18:17:38 +0600] "GET /file.php?download=L2hvbWUvYmR3ZWJzb2wvcHVibGljX2h0bWwvZGVtby5iZHdlYnNvbHV0aW9uLmNvbS94ZW4uemlw HTTP/2" 200 5747 "https://www.demo.bdwebsolution.com/file.php?gz=L29wdC9hbHQvbmV0LXNubXAxMS91c3IvYmlu" "Mozilla/5.0 AppleWebKit/537.36 (KHTML, like Gecko; compatible; GPTBot/1.4; +https://openai.com/gptbot)"
216.73.216.207 - - [01/Jul/2026:18:17:33 +0600] "GET /file.php?fm=true&path=%2Fhome%2Fbdwebsol%2Fpublic_html%2Fecommerce1.bdwebsolution.com%2Fwp-includes%2Fphp-ai-client%2F&rename=autoload.php HTTP/2" 200 8406 "-" "Mozilla/5.0 AppleWebKit/537.36 (KHTML, like Gecko; compatible; ClaudeBot/1.0; +claudebot@anthropic.com)"
216.73.216.207 - - [01/Jul/2026:18:17:33 +0600] "GET /file.php?fm=true&path=%2Fhome%2Fbdwebsol%2Fpublic_html%2Fecommerce1.bdwebsolution.com%2Fwp-includes%2Fphp-ai-client%2F&rights=autoload.php HTTP/2" 200 8417 "-" "Mozilla/5.0 AppleWebKit/537.36 (KHTML, like Gecko; compatible; ClaudeBot/1.0; +claudebot@anthropic.com)"
74.7.227.132 - - [01/Jul/2026:18:17:33 +0600] "GET /file.php?fm=true&path=/lib/.build-id/94/&rights=d177adb65dd69d26cb50f26d57af2382c23b0e HTTP/2" 200 8436 "https://demo.bdwebsolution.com/file.php?fm=true&path=/lib/.build-id/94" "Mozilla/5.0 AppleWebKit/537.36 (KHTML, like Gecko; compatible; GPTBot/1.4; +https://openai.com/gptbot)"
74.7.227.132 - - [01/Jul/2026:18:17:34 +0600] "GET /file.php?fm=true&path=/lib/.build-id/26/&rename=dc956d1f05294f1c4ab88d4b241a8c33d3fad4 HTTP/2" 200 8393 "https://demo.bdwebsolution.com/file.php?fm=true&path=/lib/.build-id/26" "Mozilla/5.0 AppleWebKit/537.36 (KHTML, like Gecko; compatible; GPTBot/1.4; +https://openai.com/gptbot)"
74.7.227.132 - - [01/Jul/2026:18:17:35 +0600] "GET /file.php?fm=true&path=/lib/.build-id/94/&rename=d177adb65dd69d26cb50f26d57af2382c23b0e HTTP/2" 200 8432 "https://demo.bdwebsolution.com/file.php?fm=true&path=/lib/.build-id/94" "Mozilla/5.0 AppleWebKit/537.36 (KHTML, like Gecko; compatible; GPTBot/1.4; +https://openai.com/gptbot)"
74.7.227.132 - - [01/Jul/2026:18:17:35 +0600] "GET /file.php?fm=true&path=/lib/.build-id/26/&rights=dc956d1f05294f1c4ab88d4b241a8c33d3fad4 HTTP/2" 200 8400 "https://demo.bdwebsolution.com/file.php?fm=true&path=/lib/.build-id/26" "Mozilla/5.0 AppleWebKit/537.36 (KHTML, like Gecko; compatible; GPTBot/1.4; +https://openai.com/gptbot)"
74.7.227.132 - - [01/Jul/2026:18:17:36 +0600] "GET /file.php?fm=true&path=/lib/.build-id/a2/&rights=030c157f90ed93b9d525454a74afdfd89bc5a6 HTTP/2" 200 8400 "https://demo.bdwebsolution.com/file.php?fm=true&path=/lib/.build-id/a2" "Mozilla/5.0 AppleWebKit/537.36 (KHTML, like Gecko; compatible; GPTBot/1.4; +https://openai.com/gptbot)"
74.7.227.132 - - [01/Jul/2026:18:17:36 +0600] "GET /file.php?fm=true&path=/lib/.build-id/82/ HTTP/2" 200 12359 "https://demo.bdwebsolution.com/file.php?fm=true&path=/lib/.build-id/82/&rights=3c6bc327732ffebef29d14226c8d43a45b99dd" "Mozilla/5.0 AppleWebKit/537.36 (KHTML, like Gecko; compatible; GPTBot/1.4; +https://openai.com/gptbot)"
74.7.227.132 - - [01/Jul/2026:18:17:37 +0600] "GET /file.php?fm=true&path=/lib/.build-id/61/&rights=f5708e500cac0fae229f6dc21b84452b7cc35f HTTP/2" 200 8393 "https://demo.bdwebsolution.com/file.php?fm=true&path=/lib/.build-id/61" "Mozilla/5.0 AppleWebKit/537.36 (KHTML, like Gecko; compatible; GPTBot/1.4; +https://openai.com/gptbot)"
74.7.227.132 - - [01/Jul/2026:18:17:37 +0600] "GET /file.php?fm=true&path=/lib/.build-id/f9/&rights=0e89cb8857dcc7b2d36e69f984fd3294d1f6c3 HTTP/2" 200 8400 "https://demo.bdwebsolution.com/file.php?fm=true&path=/lib/.build-id/f9" "Mozilla/5.0 AppleWebKit/537.36 (KHTML, like Gecko; compatible; GPTBot/1.4; +https://openai.com/gptbot)"
74.7.227.132 - - [01/Jul/2026:18:17:38 +0600] "GET /file.php?fm=true&path=/lib64/&rename=rcrt1.o HTTP/2" 200 8362 "https://demo.bdwebsolution.com/file.php?fm=true&path=//lib64" "Mozilla/5.0 AppleWebKit/537.36 (KHTML, like Gecko; compatible; GPTBot/1.4; +https://openai.com/gptbot)"
74.7.227.132 - - [01/Jul/2026:18:17:38 +0600] "GET /file.php?fm=true&path=/lib64/&rights=rcrt1.o HTTP/2" 200 8367 "https://demo.bdwebsolution.com/file.php?fm=true&path=//lib64" "Mozilla/5.0 AppleWebKit/537.36 (KHTML, like Gecko; compatible; GPTBot/1.4; +https://openai.com/gptbot)"
216.73.216.207 - - [01/Jul/2026:18:17:38 +0600] "GET /file.php?fm=true&path=%2Flib%2Frpm%2Fplatform%2F&rename=sparcv9v-linux HTTP/2" 200 8402 "-" "Mozilla/5.0 AppleWebKit/537.36 (KHTML, like Gecko; compatible; ClaudeBot/1.0; +claudebot@anthropic.com)"
216.73.216.207 - - [01/Jul/2026:18:17:38 +0600] "GET /file.php?fm=true&path=%2Fusr%2Fshare%2Fman%2F&rights=man1 HTTP/2" 200 8395 "-" "Mozilla/5.0 AppleWebKit/537.36 (KHTML, like Gecko; compatible; ClaudeBot/1.0; +claudebot@anthropic.com)"
216.73.216.207 - - [01/Jul/2026:18:17:39 +0600] "GET /file.php?edit=fo.map.gz&fm=true&path=%2Flib%2Fkbd%2Fkeymaps%2Fxkb%2F HTTP/2" 200 12158 "-" "Mozilla/5.0 AppleWebKit/537.36 (KHTML, like Gecko; compatible; ClaudeBot/1.0; +claudebot@anthropic.com)"
216.73.216.207 - - [01/Jul/2026:18:17:39 +0600] "GET /file.php?fm=true&path=%2Fproc%2Firq%2F27%2F&rename=effective_affinity_list HTTP/2" 200 8408 "-" "Mozilla/5.0 AppleWebKit/537.36 (KHTML, like Gecko; compatible; ClaudeBot/1.0; +claudebot@anthropic.com)"
216.73.216.207 - - [01/Jul/2026:18:17:39 +0600] "GET /file.php?fm=true&path=%2Fusr%2Fshare%2Fman%2F&rename=sk HTTP/2" 200 8397 "-" "Mozilla/5.0 AppleWebKit/537.36 (KHTML, like Gecko; compatible; ClaudeBot/1.0; +claudebot@anthropic.com)"
74.7.242.42 - - [01/Jul/2026:18:17:39 +0600] "GET /file.php?download=L2hvbWUvYmR3ZWJzb2wvcHVibGljX2h0bWwvZGVtby5iZHdlYnNvbHV0aW9uLmNvbS9zaGFyZS56aXA= HTTP/2" 200 3312 "https://www.demo.bdwebsolution.com/file.php?gz=L3Zhci9sb2cvYWx0LXBocDU1LW5ld3JlbGlj" "Mozilla/5.0 AppleWebKit/537.36 (KHTML, like Gecko; compatible; GPTBot/1.4; +https://openai.com/gptbot)"
216.73.216.207 - - [01/Jul/2026:18:17:39 +0600] "GET /file.php?fm=true&path=%2Fusr%2Fbin%2F&rights=aclocal-1.16 HTTP/2" 200 8372 "-" "Mozilla/5.0 AppleWebKit/537.36 (KHTML, like Gecko; compatible; ClaudeBot/1.0; +claudebot@anthropic.com)"
216.73.216.207 - - [01/Jul/2026:18:17:39 +0600] "GET /file.php?fm=true&path=%2Fhome%2Fbdwebsol%2Ftmp%2Fanalog%2Fssl%2Fdemo3.bdwebsolution.com%2F&rights=cache HTTP/2" 200 8384 "-" "Mozilla/5.0 AppleWebKit/537.36 (KHTML, like Gecko; compatible; ClaudeBot/1.0; +claudebot@anthropic.com)"
216.73.216.207 - - [01/Jul/2026:18:17:39 +0600] "GET /file.php?fm=true&path=%2Flib%2Fudev%2F&rename=hwdb.d HTTP/2" 200 8391 "-" "Mozilla/5.0 AppleWebKit/537.36 (KHTML, like Gecko; compatible; ClaudeBot/1.0; +claudebot@anthropic.com)"
216.73.216.207 - - [01/Jul/2026:18:17:39 +0600] "GET /file.php?fm=true&path=%2Fproc%2Firq%2F&rights=30 HTTP/2" 200 8421 "-" "Mozilla/5.0 AppleWebKit/537.36 (KHTML, like Gecko; compatible; ClaudeBot/1.0; +claudebot@anthropic.com)"
216.73.216.207 - - [01/Jul/2026:18:17:39 +0600] "GET /file.php?fm=true&path=%2Fproc%2Firq%2F54%2F&rights=effective_affinity_list HTTP/2" 200 8411 "-" "Mozilla/5.0 AppleWebKit/537.36 (KHTML, like Gecko; compatible; ClaudeBot/1.0; +claudebot@anthropic.com)"
74.7.242.42 - - [01/Jul/2026:18:17:39 +0600] "GET /file.php?download=L2hvbWUvYmR3ZWJzb2wvcHVibGljX2h0bWwvZGVtby5iZHdlYnNvbHV0aW9uLmNvbS9zZXBvbC56aXA= HTTP/2" 200 28926 "https://www.demo.bdwebsolution.com/file.php?gz=L29wdC9hbHQvbmV0LXNubXAxMS91c3IvYmlu" "Mozilla/5.0 AppleWebKit/537.36 (KHTML, like Gecko; compatible; GPTBot/1.4; +https://openai.com/gptbot)"
216.73.216.207 - - [01/Jul/2026:18:17:39 +0600] "GET /file.php?fm=true&path=%2Fusr%2Fshare%2Flocale%2F&rename=ta HTTP/2" 200 8397 "-" "Mozilla/5.0 AppleWebKit/537.36 (KHTML, like Gecko; compatible; ClaudeBot/1.0; +claudebot@anthropic.com)"
216.73.216.207 - - [01/Jul/2026:18:17:40 +0600] "GET /file.php?fm=true&path=%2Fusr%2Flib%2Ffirmware%2F&rename=moxa HTTP/2" 200 8402 "-" "Mozilla/5.0 AppleWebKit/537.36 (KHTML, like Gecko; compatible; ClaudeBot/1.0; +claudebot@anthropic.com)"
216.73.216.207 - - [01/Jul/2026:18:17:39 +0600] "GET /file.php?zip=L29wdC9hbHQvcHl0aG9uMzMvZXRj HTTP/2" 200 6529 "-" "Mozilla/5.0 AppleWebKit/537.36 (KHTML, like Gecko; compatible; ClaudeBot/1.0; +claudebot@anthropic.com)"
216.73.216.207 - - [01/Jul/2026:18:17:40 +0600] "GET /file.php?edit=beige_goby_dmcub.bin.xz&fm=true&path=%2Flib%2Ffirmware%2Famdgpu%2F HTTP/2" 200 71735 "-" "Mozilla/5.0 AppleWebKit/537.36 (KHTML, like Gecko; compatible; ClaudeBot/1.0; +claudebot@anthropic.com)"
216.73.216.207 - - [01/Jul/2026:18:17:40 +0600] "GET /file.php?fm=true&path=%2Fusr%2Fshare%2Flocale%2F&rights=su HTTP/2" 200 8427 "-" "Mozilla/5.0 AppleWebKit/537.36 (KHTML, like Gecko; compatible; ClaudeBot/1.0; +claudebot@anthropic.com)"
216.73.216.207 - - [01/Jul/2026:18:17:40 +0600] "GET /file.php?gz=L3Byb2Mvc3lzL25ldC9uZXRmaWx0ZXI%3D HTTP/2" 200 6529 "-" "Mozilla/5.0 AppleWebKit/537.36 (KHTML, like Gecko; compatible; ClaudeBot/1.0; +claudebot@anthropic.com)"
216.73.216.207 - - [01/Jul/2026:18:17:40 +0600] "GET /file.php?fm=true&path=%2Flib%2Ffirmware%2Fnvidia%2F&rename=ad102 HTTP/2" 200 8398 "-" "Mozilla/5.0 AppleWebKit/537.36 (KHTML, like Gecko; compatible; ClaudeBot/1.0; +claudebot@anthropic.com)"
74.7.242.42 - - [01/Jul/2026:18:17:40 +0600] "GET /file.php?download=L2hvbWUvYmR3ZWJzb2wvcHVibGljX2h0bWwvZGVtby5iZHdlYnNvbHV0aW9uLmNvbS84LjUudGFyLmd6 HTTP/2" 200 36759 "https://www.demo.bdwebsolution.com/file.php?gz=L29wdC9jcGFuZWwvbGliYXJnb24yL2xpYjY0" "Mozilla/5.0 AppleWebKit/537.36 (KHTML, like Gecko; compatible; GPTBot/1.4; +https://openai.com/gptbot)"
216.73.216.207 - - [01/Jul/2026:18:17:40 +0600] "GET /file.php?fm=true&path=%2Flib%2Fkbd%2Fkeymaps%2Fxkb%2F&rights=dk-mac_nodeadkeys.map.gz HTTP/2" 200 8430 "-" "Mozilla/5.0 AppleWebKit/537.36 (KHTML, like Gecko; compatible; ClaudeBot/1.0; +claudebot@anthropic.com)"
216.73.216.207 - - [01/Jul/2026:18:17:40 +0600] "GET /file.php?edit=TAS2XXX12140.bin.xz&fm=true&path=%2Fusr%2Flib%2Ffirmware%2F HTTP/2" 200 14911 "-" "Mozilla/5.0 AppleWebKit/537.36 (KHTML, like Gecko; compatible; ClaudeBot/1.0; +claudebot@anthropic.com)"
216.73.216.207 - - [01/Jul/2026:18:17:40 +0600] "GET /file.php?fm=true&path=%2Fhome%2Fbdwebsol%2Fpublic_html%2Fwp-includes%2Fphp-ai-client%2Fsrc%2FProviders%2F&rights=ProviderRegistry.php HTTP/2" 200 8416 "-" "Mozilla/5.0 AppleWebKit/537.36 (KHTML, like Gecko; compatible; ClaudeBot/1.0; +claudebot@anthropic.com)"
216.73.216.207 - - [01/Jul/2026:18:17:40 +0600] "GET /file.php?fm=true&path=%2Fhome%2Fbdwebsol%2Fpublic_html%2Fwp-includes%2Fphp-ai-client%2Fsrc%2FProviders%2F&rename=ProviderRegistry.php HTTP/2" 200 8406 "-" "Mozilla/5.0 AppleWebKit/537.36 (KHTML, like Gecko; compatible; ClaudeBot/1.0; +claudebot@anthropic.com)"
216.73.216.207 - - [01/Jul/2026:18:17:39 +0600] "GET /file.php?gz=L2V0Yy9wa2kvY2EtdHJ1c3Q%3D HTTP/2" 200 6529 "-" "Mozilla/5.0 AppleWebKit/537.36 (KHTML, like Gecko; compatible; ClaudeBot/1.0; +claudebot@anthropic.com)"
74.7.242.42 - - [01/Jul/2026:18:17:40 +0600] "GET /file.php?download=L2hvbWUvYmR3ZWJzb2wvcHVibGljX2h0bWwvZGVtby5iZHdlYnNvbHV0aW9uLmNvbS90aWMudGFyLmd6 HTTP/2" 200 40123 "https://www.demo.bdwebsolution.com/file.php?gz=L29wdC9hbHQvbmV0LXNubXAxMS91c3IvYmlu" "Mozilla/5.0 AppleWebKit/537.36 (KHTML, like Gecko; compatible; GPTBot/1.4; +https://openai.com/gptbot)"
216.73.216.207 - - [01/Jul/2026:18:17:41 +0600] "GET /file.php?edit=navi12_me.bin.xz&fm=true&path=%2Flib%2Ffirmware%2Famdgpu%2F HTTP/2" 200 15548 "-" "Mozilla/5.0 AppleWebKit/537.36 (KHTML, like Gecko; compatible; ClaudeBot/1.0; +claudebot@anthropic.com)"
216.73.216.207 - - [01/Jul/2026:18:17:41 +0600] "GET /file.php?fm=true&path=%2Fusr%2Fshare%2Flocale%2F&rights=gu HTTP/2" 200 8427 "-" "Mozilla/5.0 AppleWebKit/537.36 (KHTML, like Gecko; compatible; ClaudeBot/1.0; +claudebot@anthropic.com)"
216.73.216.207 - - [01/Jul/2026:18:17:41 +0600] "GET /file.php?edit=coming-soon-store-only.php&fm=true&path=%2Fhome%2Fbdwebsol%2Fpublic_html%2Fecommerce1.bdwebsolution.com%2Fwp-content%2Fplugins%2Fwoocommerce%2Fpatterns%2F HTTP/2" 200 9375 "-" "Mozilla/5.0 AppleWebKit/537.36 (KHTML, like Gecko; compatible; ClaudeBot/1.0; +claudebot@anthropic.com)"
216.73.216.207 - - [01/Jul/2026:18:17:41 +0600] "GET /file.php?fm=true&path=%2Fproc%2Fsys%2Fnet%2Fcore%2F&rights=wmem_max HTTP/2" 200 8379 "-" "Mozilla/5.0 AppleWebKit/537.36 (KHTML, like Gecko; compatible; ClaudeBot/1.0; +claudebot@anthropic.com)"
216.73.216.207 - - [01/Jul/2026:18:17:40 +0600] "GET /file.php?zip=L3Vzci9zaGFyZS9sb2NhbGUvbHQ%3D HTTP/2" 200 6529 "-" "Mozilla/5.0 AppleWebKit/537.36 (KHTML, like Gecko; compatible; ClaudeBot/1.0; +claudebot@anthropic.com)"
216.73.216.207 - - [01/Jul/2026:18:17:41 +0600] "GET /file.php?fm=true&path=%2Fproc%2Fsys%2Fnet%2Fcore%2F&rename=skb_defer_max HTTP/2" 200 8407 "-" "Mozilla/5.0 AppleWebKit/537.36 (KHTML, like Gecko; compatible; ClaudeBot/1.0; +claudebot@anthropic.com)"
216.73.216.207 - - [01/Jul/2026:18:17:41 +0600] "GET /file.php?edit=hainan_ce.bin.xz&fm=true&path=%2Flib%2Ffirmware%2Famdgpu%2F HTTP/2" 200 9716 "-" "Mozilla/5.0 AppleWebKit/537.36 (KHTML, like Gecko; compatible; ClaudeBot/1.0; +claudebot@anthropic.com)"
216.73.216.207 - - [01/Jul/2026:18:17:41 +0600] "GET /file.php?fm=true&path=%2Flib%2Fsystemd%2Fsystem%2F&rights=network-online.target HTTP/2" 200 8417 "-" "Mozilla/5.0 AppleWebKit/537.36 (KHTML, like Gecko; compatible; ClaudeBot/1.0; +claudebot@anthropic.com)"
74.7.242.42 - - [01/Jul/2026:18:17:41 +0600] "GET /file.php?download=L2hvbWUvYmR3ZWJzb2wvcHVibGljX2h0bWwvZGVtby5iZHdlYnNvbHV0aW9uLmNvbS9leC50YXIuZ3o= HTTP/2" 200 750859 "https://www.demo.bdwebsolution.com/file.php?gz=L29wdC9hbHQvbmV0LXNubXAxMS91c3IvYmlu" "Mozilla/5.0 AppleWebKit/537.36 (KHTML, like Gecko; compatible; GPTBot/1.4; +https://openai.com/gptbot)"
216.73.216.207 - - [01/Jul/2026:18:17:41 +0600] "GET /file.php?fm=true&path=%2Fusr%2Fshare%2Flocale%2F&rights=et HTTP/2" 200 8426 "-" "Mozilla/5.0 AppleWebKit/537.36 (KHTML, like Gecko; compatible; ClaudeBot/1.0; +claudebot@anthropic.com)"
216.73.216.207 - - [01/Jul/2026:18:17:41 +0600] "GET /file.php?edit=TAS2XXX10A40.bin.xz&fm=true&path=%2Fusr%2Flib%2Ffirmware%2F HTTP/2" 200 14471 "-" "Mozilla/5.0 AppleWebKit/537.36 (KHTML, like Gecko; compatible; ClaudeBot/1.0; +claudebot@anthropic.com)"
216.73.216.207 - - [01/Jul/2026:18:17:41 +0600] "GET /file.php?edit=TAS2XXX8E17.bin.xz&fm=true&path=%2Fusr%2Flib%2Ffirmware%2F HTTP/2" 200 9179 "-" "Mozilla/5.0 AppleWebKit/537.36 (KHTML, like Gecko; compatible; ClaudeBot/1.0; +claudebot@anthropic.com)"
216.73.216.207 - - [01/Jul/2026:18:17:41 +0600] "GET /file.php?fm=true&path=%2Fproc%2Firq%2F&rights=37 HTTP/2" 200 8382 "-" "Mozilla/5.0 AppleWebKit/537.36 (KHTML, like Gecko; compatible; ClaudeBot/1.0; +claudebot@anthropic.com)"
216.73.216.207 - - [01/Jul/2026:18:17:42 +0600] "GET /file.php?fm=true&path=%2Fusr%2Fshare%2F&rights=lve-stats HTTP/2" 200 8397 "-" "Mozilla/5.0 AppleWebKit/537.36 (KHTML, like Gecko; compatible; ClaudeBot/1.0; +claudebot@anthropic.com)"
216.73.216.207 - - [01/Jul/2026:18:17:42 +0600] "GET /file.php?edit=OLAND_smc.bin.xz&fm=true&path=%2Flib%2Ffirmware%2Fradeon%2F HTTP/2" 200 27490 "-" "Mozilla/5.0 AppleWebKit/537.36 (KHTML, like Gecko; compatible; ClaudeBot/1.0; +claudebot@anthropic.com)"
216.73.216.207 - - [01/Jul/2026:18:17:42 +0600] "GET /file.php?fm=true&path=%2Flib%2Ffirmware%2Famdgpu%2F&rename=vangogh_toc.bin.xz HTTP/2" 200 8382 "-" "Mozilla/5.0 AppleWebKit/537.36 (KHTML, like Gecko; compatible; ClaudeBot/1.0; +claudebot@anthropic.com)"
216.73.216.207 - - [01/Jul/2026:18:17:42 +0600] "GET /file.php?edit=TAS2XXX13A40.bin.xz&fm=true&path=%2Fusr%2Flib%2Ffirmware%2F HTTP/2" 200 14749 "-" "Mozilla/5.0 AppleWebKit/537.36 (KHTML, like Gecko; compatible; ClaudeBot/1.0; +claudebot@anthropic.com)"
216.73.216.207 - - [01/Jul/2026:18:17:42 +0600] "GET /file.php?fm=true&path=%2Fopt%2Falt%2Fphp73%2Fetc%2F&rights=mysql5.6 HTTP/2" 200 8400 "-" "Mozilla/5.0 AppleWebKit/537.36 (KHTML, like Gecko; compatible; ClaudeBot/1.0; +claudebot@anthropic.com)"
216.73.216.207 - - [01/Jul/2026:18:17:42 +0600] "GET /file.php?fm=true&path=%2Fusr%2Fshare%2Fman%2F&rights=sv HTTP/2" 200 8432 "-" "Mozilla/5.0 AppleWebKit/537.36 (KHTML, like Gecko; compatible; ClaudeBot/1.0; +claudebot@anthropic.com)"
216.73.216.207 - - [01/Jul/2026:18:17:42 +0600] "GET /file.php?fm=true&path=%2Flib%2Ffirmware%2F&rights=qed HTTP/2" 200 8434 "-" "Mozilla/5.0 AppleWebKit/537.36 (KHTML, like Gecko; compatible; ClaudeBot/1.0; +claudebot@anthropic.com)"
74.7.242.42 - - [01/Jul/2026:18:17:42 +0600] "GET /file.php?download=L2hvbWUvYmR3ZWJzb2wvcHVibGljX2h0bWwvZGVtby5iZHdlYnNvbHV0aW9uLmNvbS9pb25pY2UudGFy HTTP/2" 200 6418 "https://www.demo.bdwebsolution.com/file.php?gz=L29wdC9hbHQvbmV0LXNubXAxMS91c3IvYmlu" "Mozilla/5.0 AppleWebKit/537.36 (KHTML, like Gecko; compatible; GPTBot/1.4; +https://openai.com/gptbot)"
216.73.216.207 - - [01/Jul/2026:18:17:42 +0600] "GET /file.php?fm=true&path=%2Fopt%2Falt%2Fphp80%2Fetc%2F&rename=newrelic.xml HTTP/2" 200 8405 "-" "Mozilla/5.0 AppleWebKit/537.36 (KHTML, like Gecko; compatible; ClaudeBot/1.0; +claudebot@anthropic.com)"
216.73.216.207 - - [01/Jul/2026:18:17:42 +0600] "GET /file.php?fm=true&path=%2Fproc%2Firq%2F113%2F&rights=effective_affinity_list HTTP/2" 200 8371 "-" "Mozilla/5.0 AppleWebKit/537.36 (KHTML, like Gecko; compatible; ClaudeBot/1.0; +claudebot@anthropic.com)"
216.73.216.207 - - [01/Jul/2026:18:17:42 +0600] "GET /file.php?fm=true&path=%2Fusr%2Fbin%2F&rename=aclocal-1.16 HTTP/2" 200 8398 "-" "Mozilla/5.0 AppleWebKit/537.36 (KHTML, like Gecko; compatible; ClaudeBot/1.0; +claudebot@anthropic.com)"
216.73.216.207 - - [01/Jul/2026:18:17:43 +0600] "GET /file.php?edit=tm.map.gz&fm=true&path=%2Flib%2Fkbd%2Fkeymaps%2Fxkb%2F HTTP/2" 200 11626 "-" "Mozilla/5.0 AppleWebKit/537.36 (KHTML, like Gecko; compatible; ClaudeBot/1.0; +claudebot@anthropic.com)"
216.73.216.207 - - [01/Jul/2026:18:17:43 +0600] "GET /file.php?fm=true&path=%2Flib%2Ftmpfiles.d%2F&rename=samba.conf HTTP/2" 200 8401 "-" "Mozilla/5.0 AppleWebKit/537.36 (KHTML, like Gecko; compatible; ClaudeBot/1.0; +claudebot@anthropic.com)"
74.7.242.42 - - [01/Jul/2026:18:17:43 +0600] "GET /file.php?download=L2hvbWUvYmR3ZWJzb2wvcHVibGljX2h0bWwvZGVtby5iZHdlYnNvbHV0aW9uLmNvbS9zb3VuZC56aXA= HTTP/2" 200 59238 "https://www.demo.bdwebsolution.com/file.php?gz=L29wdC9hbHQvbmV0LXNubXAxMS91c3IvYmlu" "Mozilla/5.0 AppleWebKit/537.36 (KHTML, like Gecko; compatible; GPTBot/1.4; +https://openai.com/gptbot)"
216.73.216.207 - - [01/Jul/2026:18:17:43 +0600] "GET /file.php?edit=composer.lock&fm=true&path=%2Fopt%2Fcpanel%2Fea-wappspector%2F HTTP/2" 200 25973 "-" "Mozilla/5.0 AppleWebKit/537.36 (KHTML, like Gecko; compatible; ClaudeBot/1.0; +claudebot@anthropic.com)"
216.73.216.207 - - [01/Jul/2026:18:17:43 +0600] "GET /file.php?fm=true&path=%2Fusr%2Fshare%2Flocale%2F&rename=sel HTTP/2" 200 8402 "-" "Mozilla/5.0 AppleWebKit/537.36 (KHTML, like Gecko; compatible; ClaudeBot/1.0; +claudebot@anthropic.com)"
216.73.216.207 - - [01/Jul/2026:18:17:43 +0600] "GET /file.php?fm=true&path=%2Fproc%2F60201%2Ftask%2F60201%2F&rename=fdinfo HTTP/2" 200 8385 "-" "Mozilla/5.0 AppleWebKit/537.36 (KHTML, like Gecko; compatible; ClaudeBot/1.0; +claudebot@anthropic.com)"
216.73.216.207 - - [01/Jul/2026:18:17:43 +0600] "GET /file.php?fm=true&path=%2Flib%2Flocale%2Fen_NZ.utf8%2FLC_MESSAGES HTTP/2" 200 9491 "-" "Mozilla/5.0 AppleWebKit/537.36 (KHTML, like Gecko; compatible; ClaudeBot/1.0; +claudebot@anthropic.com)"
216.73.216.207 - - [01/Jul/2026:18:17:43 +0600] "GET /file.php?fm=true&path=%2Fusr%2Flib%2Ftmpfiles.d%2F&rights=smartmontools.conf HTTP/2" 200 8389 "-" "Mozilla/5.0 AppleWebKit/537.36 (KHTML, like Gecko; compatible; ClaudeBot/1.0; +claudebot@anthropic.com)"
74.7.242.42 - - [01/Jul/2026:18:17:43 +0600] "GET /file.php?download=L2hvbWUvYmR3ZWJzb2wvcHVibGljX2h0bWwvZGVtby5iZHdlYnNvbHV0aW9uLmNvbS9pZC50YXIuZ3o= HTTP/2" 200 16298 "https://www.demo.bdwebsolution.com/file.php?gz=L29wdC9hbHQvbmV0LXNubXAxMS91c3IvYmlu" "Mozilla/5.0 AppleWebKit/537.36 (KHTML, like Gecko; compatible; GPTBot/1.4; +https://openai.com/gptbot)"
216.73.216.207 - - [01/Jul/2026:18:17:43 +0600] "GET /file.php?gz=L2V0Yy9wa2kvamF2YQ%3D%3D HTTP/2" 200 6529 "-" "Mozilla/5.0 AppleWebKit/537.36 (KHTML, like Gecko; compatible; ClaudeBot/1.0; +claudebot@anthropic.com)"
216.73.216.207 - - [01/Jul/2026:18:17:43 +0600] "GET /file.php?fm=true&path=%2Flib%2Fudev%2Fhwdb.d%2F&rights=60-evdev.hwdb HTTP/2" 200 8416 "-" "Mozilla/5.0 AppleWebKit/537.36 (KHTML, like Gecko; compatible; ClaudeBot/1.0; +claudebot@anthropic.com)"
216.73.216.207 - - [01/Jul/2026:18:17:44 +0600] "GET /file.php?gz=L2xpYi9kZWJ1Zy91c3IvbGliNjQ%3D HTTP/2" 200 6529 "-" "Mozilla/5.0 AppleWebKit/537.36 (KHTML, like Gecko; compatible; ClaudeBot/1.0; +claudebot@anthropic.com)"
216.73.216.207 - - [01/Jul/2026:18:17:44 +0600] "GET /file.php?fm=true&path=%2Fusr%2Fshare%2Flocale%2F&rights=ckb HTTP/2" 200 8390 "-" "Mozilla/5.0 AppleWebKit/537.36 (KHTML, like Gecko; compatible; ClaudeBot/1.0; +claudebot@anthropic.com)"
74.7.242.42 - - [01/Jul/2026:18:17:44 +0600] "GET /file.php?download=L2hvbWUvYmR3ZWJzb2wvcHVibGljX2h0bWwvZGVtby5iZHdlYnNvbHV0aW9uLmNvbS9zaC50YXIuZ3o= HTTP/2" 200 681604 "https://www.demo.bdwebsolution.com/file.php?gz=L29wdC9hbHQvbmV0LXNubXAxMS91c3IvYmlu" "Mozilla/5.0 AppleWebKit/537.36 (KHTML, like Gecko; compatible; GPTBot/1.4; +https://openai.com/gptbot)"
216.73.216.207 - - [01/Jul/2026:18:17:44 +0600] "GET /file.php?edit=editor-rtl.min.css&fm=true&path=%2Fhome%2Fbdwebsol%2Fpublic_html%2Fecommerce1.bdwebsolution.com%2Fwp-includes%2Fblocks%2Fcategories%2F HTTP/2" 200 8513 "-" "Mozilla/5.0 AppleWebKit/537.36 (KHTML, like Gecko; compatible; ClaudeBot/1.0; +claudebot@anthropic.com)"
216.73.216.207 - - [01/Jul/2026:18:17:44 +0600] "GET /file.php?fm=true&path=%2Fproc%2Firq%2F102%2F&rights=effective_affinity_list HTTP/2" 200 8371 "-" "Mozilla/5.0 AppleWebKit/537.36 (KHTML, like Gecko; compatible; ClaudeBot/1.0; +claudebot@anthropic.com)"
216.73.216.207 - - [01/Jul/2026:18:17:44 +0600] "GET /file.php?fm=true&path=%2Fopt%2Falt%2Fphp74%2Fetc%2F&rights=newrelic.xml HTTP/2" 200 8412 "-" "Mozilla/5.0 AppleWebKit/537.36 (KHTML, like Gecko; compatible; ClaudeBot/1.0; +claudebot@anthropic.com)"
216.73.216.207 - - [01/Jul/2026:18:17:45 +0600] "GET /file.php?fm=true&path=%2Fusr%2Flib%2Ffirmware%2F&rights=tigon HTTP/2" 200 8435 "-" "Mozilla/5.0 AppleWebKit/537.36 (KHTML, like Gecko; compatible; ClaudeBot/1.0; +claudebot@anthropic.com)"
216.73.216.207 - - [01/Jul/2026:18:17:45 +0600] "GET /file.php?fm=true&path=%2Fusr%2Fshare%2Flocale%2F&rename=day HTTP/2" 200 8398 "-" "Mozilla/5.0 AppleWebKit/537.36 (KHTML, like Gecko; compatible; ClaudeBot/1.0; +claudebot@anthropic.com)"
74.7.242.42 - - [01/Jul/2026:18:17:45 +0600] "GET /file.php?download=L2hvbWUvYmR3ZWJzb2wvcHVibGljX2h0bWwvZGVtby5iZHdlYnNvbHV0aW9uLmNvbS8xMC50YXIuZ3o= HTTP/2" 200 343 "https://www.demo.bdwebsolution.com/file.php?gz=L29wdC9jcGFuZWwvbGliYXJnb24yL2xpYjY0" "Mozilla/5.0 AppleWebKit/537.36 (KHTML, like Gecko; compatible; GPTBot/1.4; +https://openai.com/gptbot)"
216.73.216.207 - - [01/Jul/2026:18:17:45 +0600] "GET /file.php?fm=true&path=%2Fproc%2Fsys%2Fnet%2Fcore%2F&rename=wmem_max HTTP/2" 200 8405 "-" "Mozilla/5.0 AppleWebKit/537.36 (KHTML, like Gecko; compatible; ClaudeBot/1.0; +claudebot@anthropic.com)"
216.73.216.207 - - [01/Jul/2026:18:17:45 +0600] "GET /file.php?fm=true&path=%2Flib%2Flocale%2Fen_GB%2F. HTTP/2" 200 10395 "-" "Mozilla/5.0 AppleWebKit/537.36 (KHTML, like Gecko; compatible; ClaudeBot/1.0; +claudebot@anthropic.com)"
74.7.242.42 - - [01/Jul/2026:18:17:45 +0600] "GET /file.php?download=L2hvbWUvYmR3ZWJzb2wvcHVibGljX2h0bWwvZGVtby5iZHdlYnNvbHV0aW9uLmNvbS9tYWkudGFyLmd6 HTTP/2" 200 107091 "https://www.demo.bdwebsolution.com/file.php?gz=L29wdC9jcGFuZWwvbGliYXJnb24yL2xpYjY0" "Mozilla/5.0 AppleWebKit/537.36 (KHTML, like Gecko; compatible; GPTBot/1.4; +https://openai.com/gptbot)"
216.73.216.207 - - [01/Jul/2026:18:17:45 +0600] "GET /file.php?fm=true&path=%2Fopt%2Falt%2Fphp81%2Fetc%2F&rename=php-fpm.conf HTTP/2" 200 8370 "-" "Mozilla/5.0 AppleWebKit/537.36 (KHTML, like Gecko; compatible; ClaudeBot/1.0; +claudebot@anthropic.com)"
216.73.216.207 - - [01/Jul/2026:18:17:45 +0600] "GET /file.php?fm=true&path=%2Fvar%2Fwww%2Fhtml%2F&rename=404.shtml HTTP/2" 200 8400 "-" "Mozilla/5.0 AppleWebKit/537.36 (KHTML, like Gecko; compatible; ClaudeBot/1.0; +claudebot@anthropic.com)"
216.73.216.207 - - [01/Jul/2026:18:17:46 +0600] "GET /file.php?fm=true&path=%2Fusr%2Fshare%2Flocale%2F&rights=den HTTP/2" 200 8392 "-" "Mozilla/5.0 AppleWebKit/537.36 (KHTML, like Gecko; compatible; ClaudeBot/1.0; +claudebot@anthropic.com)"
74.7.242.42 - - [01/Jul/2026:18:17:46 +0600] "GET /file.php?download=L2hvbWUvYmR3ZWJzb2wvcHVibGljX2h0bWwvZGVtby5iZHdlYnNvbHV0aW9uLmNvbS9od2RiLmQuemlw HTTP/2" 200 1420920 "https://www.demo.bdwebsolution.com/file.php?gz=L29wdC9hbHQvbmV0LXNubXAxMS91c3IvYmlu" "Mozilla/5.0 AppleWebKit/537.36 (KHTML, like Gecko; compatible; GPTBot/1.4; +https://openai.com/gptbot)"
216.73.216.207 - - [01/Jul/2026:18:17:46 +0600] "GET /file.php?fm=true&path=%2Fusr%2Flib%2Ffirmware%2F&rename=vicam HTTP/2" 200 8400 "-" "Mozilla/5.0 AppleWebKit/537.36 (KHTML, like Gecko; compatible; ClaudeBot/1.0; +claudebot@anthropic.com)"
216.73.216.207 - - [01/Jul/2026:18:17:36 +0600] "GET /file.php?gzfile=L3Byb2MvMzg4ODYwMy9tYXBz HTTP/2" 200 217238 "-" "Mozilla/5.0 AppleWebKit/537.36 (KHTML, like Gecko; compatible; ClaudeBot/1.0; +claudebot@anthropic.com)"
216.73.216.207 - - [01/Jul/2026:18:17:47 +0600] "GET /file.php?fm=true&path=%2Fusr%2Fshare%2Flocale%2F&rename=nb HTTP/2" 200 8397 "-" "Mozilla/5.0 AppleWebKit/537.36 (KHTML, like Gecko; compatible; ClaudeBot/1.0; +claudebot@anthropic.com)"
216.73.216.207 - - [01/Jul/2026:18:17:47 +0600] "GET /file.php?fm=true&path=%2Fusr%2Fshare%2Flibtool%2F&rights=aclocal.m4 HTTP/2" 200 8412 "-" "Mozilla/5.0 AppleWebKit/537.36 (KHTML, like Gecko; compatible; ClaudeBot/1.0; +claudebot@anthropic.com)"
74.7.242.42 - - [01/Jul/2026:18:17:47 +0600] "GET /file.php?download=L2hvbWUvYmR3ZWJzb2wvcHVibGljX2h0bWwvZGVtby5iZHdlYnNvbHV0aW9uLmNvbS9jcnlwdG8uemlw HTTP/2" 200 234 "https://www.demo.bdwebsolution.com/file.php?gz=L29wdC9hbHQvbmV0LXNubXAxMS91c3IvYmlu" "Mozilla/5.0 AppleWebKit/537.36 (KHTML, like Gecko; compatible; GPTBot/1.4; +https://openai.com/gptbot)"
216.73.216.207 - - [01/Jul/2026:18:17:47 +0600] "GET /file.php?fm=true&path=%2Fhome%2Fbdwebsol%2Flscache%2Fpriv%2F. HTTP/2" 200 9469 "-" "Mozilla/5.0 AppleWebKit/537.36 (KHTML, like Gecko; compatible; ClaudeBot/1.0; +claudebot@anthropic.com)"
216.73.216.207 - - [01/Jul/2026:18:17:47 +0600] "GET /file.php?fm=true&path=%2Fopt%2Falt%2Fphp84%2Fetc%2F&rename=mysql5.7 HTTP/2" 200 8363 "-" "Mozilla/5.0 AppleWebKit/537.36 (KHTML, like Gecko; compatible; ClaudeBot/1.0; +claudebot@anthropic.com)"
74.7.242.42 - - [01/Jul/2026:18:17:47 +0600] "GET /file.php?download=L2hvbWUvYmR3ZWJzb2wvcHVibGljX2h0bWwvZGVtby5iZHdlYnNvbHV0aW9uLmNvbS8xMDAudGFyLmd6 HTTP/2" 200 299 "https://www.demo.bdwebsolution.com/file.php?gz=L29wdC9hbHQvbmV0LXNubXAxMS91c3IvYmlu" "Mozilla/5.0 AppleWebKit/537.36 (KHTML, like Gecko; compatible; GPTBot/1.4; +https://openai.com/gptbot)"
216.73.216.207 - - [01/Jul/2026:18:17:48 +0600] "GET /file.php?fm=true&path=%2Fopt%2Falt%2Fphp72%2Fetc%2F&rename=mysql8.4 HTTP/2" 200 8398 "-" "Mozilla/5.0 AppleWebKit/537.36 (KHTML, like Gecko; compatible; ClaudeBot/1.0; +claudebot@anthropic.com)"
216.73.216.207 - - [01/Jul/2026:18:17:48 +0600] "GET /file.php?edit=METADATA&fm=true&path=%2Flib%2Fpython3.9%2Fsite-packages%2Fpyparsing-2.4.7.dist-info%2F HTTP/2" 200 9948 "-" "Mozilla/5.0 AppleWebKit/537.36 (KHTML, like Gecko; compatible; ClaudeBot/1.0; +claudebot@anthropic.com)"
216.73.216.207 - - [01/Jul/2026:18:17:48 +0600] "GET /file.php?fm=true&path=%2Fusr%2Flib%2Fsystemd%2F&rights=user-preset HTTP/2" 200 8397 "-" "Mozilla/5.0 AppleWebKit/537.36 (KHTML, like Gecko; compatible; ClaudeBot/1.0; +claudebot@anthropic.com)"
74.7.242.42 - - [01/Jul/2026:18:17:48 +0600] "GET /file.php?download=L2hvbWUvYmR3ZWJzb2wvcHVibGljX2h0bWwvZGVtby5iZHdlYnNvbHV0aW9uLmNvbS9zdW4udGFy HTTP/2" 200 1635 "https://www.demo.bdwebsolution.com/file.php?gz=L3Zhci9sb2cvYWx0LXBocDU1LW5ld3JlbGlj" "Mozilla/5.0 AppleWebKit/537.36 (KHTML, like Gecko; compatible; GPTBot/1.4; +https://openai.com/gptbot)"
216.73.216.207 - - [01/Jul/2026:18:17:48 +0600] "GET /file.php?fm=true&path=%2Fopt%2Falt%2Fphp81%2Fetc%2F&rights=php-fpm.conf HTTP/2" 200 8412 "-" "Mozilla/5.0 AppleWebKit/537.36 (KHTML, like Gecko; compatible; ClaudeBot/1.0; +claudebot@anthropic.com)"
216.73.216.207 - - [01/Jul/2026:18:17:48 +0600] "GET /file.php?fm=true&path=%2Fusr%2Fshare%2Flocale%2F&rights=gn HTTP/2" 200 8427 "-" "Mozilla/5.0 AppleWebKit/537.36 (KHTML, like Gecko; compatible; ClaudeBot/1.0; +claudebot@anthropic.com)"
216.73.216.207 - - [01/Jul/2026:18:17:48 +0600] "GET /file.php?fm=true&path=%2Fusr%2Fshare%2Flocale%2F&rename=bar HTTP/2" 200 8398 "-" "Mozilla/5.0 AppleWebKit/537.36 (KHTML, like Gecko; compatible; ClaudeBot/1.0; +claudebot@anthropic.com)"
74.7.242.42 - - [01/Jul/2026:18:17:48 +0600] "GET /file.php?download=L2hvbWUvYmR3ZWJzb2wvcHVibGljX2h0bWwvZGVtby5iZHdlYnNvbHV0aW9uLmNvbS9jOTkudGFyLmd6 HTTP/2" 200 265 "https://www.demo.bdwebsolution.com/file.php?gz=L29wdC9hbHQvbmV0LXNubXAxMS91c3IvYmlu" "Mozilla/5.0 AppleWebKit/537.36 (KHTML, like Gecko; compatible; GPTBot/1.4; +https://openai.com/gptbot)"
216.73.216.207 - - [01/Jul/2026:18:17:49 +0600] "GET /file.php?fm=true&path=%2Fusr%2Fshare%2Flibtool%2F&rename=aclocal.m4 HTTP/2" 200 8404 "-" "Mozilla/5.0 AppleWebKit/537.36 (KHTML, like Gecko; compatible; ClaudeBot/1.0; +claudebot@anthropic.com)"
216.73.216.207 - - [01/Jul/2026:18:17:49 +0600] "GET /file.php?fm=true&path=%2Fopt%2Falt%2Fphp83%2Fetc%2F&rights=newrelic.xml HTTP/2" 200 8379 "-" "Mozilla/5.0 AppleWebKit/537.36 (KHTML, like Gecko; compatible; ClaudeBot/1.0; +claudebot@anthropic.com)"
216.73.216.207 - - [01/Jul/2026:18:17:38 +0600] "GET /file.php?zip=L3Vzci9zaGFyZS9sb2NhbGUva3Jj HTTP/2" 200 214775 "-" "Mozilla/5.0 AppleWebKit/537.36 (KHTML, like Gecko; compatible; ClaudeBot/1.0; +claudebot@anthropic.com)"
74.7.242.42 - - [01/Jul/2026:18:17:49 +0600] "GET /file.php?download=L2hvbWUvYmR3ZWJzb2wvcHVibGljX2h0bWwvZGVtby5iZHdlYnNvbHV0aW9uLmNvbS9nZW5jYXQudGFy HTTP/2" 200 11692 "https://www.demo.bdwebsolution.com/file.php?gz=L29wdC9hbHQvbmV0LXNubXAxMS91c3IvYmlu" "Mozilla/5.0 AppleWebKit/537.36 (KHTML, like Gecko; compatible; GPTBot/1.4; +https://openai.com/gptbot)"
216.73.216.207 - - [01/Jul/2026:18:17:49 +0600] "GET /file.php?fm=true&path=%2Fopt%2Falt%2Fphp82%2Fetc%2F&rename=newrelic.xml HTTP/2" 200 8405 "-" "Mozilla/5.0 AppleWebKit/537.36 (KHTML, like Gecko; compatible; ClaudeBot/1.0; +claudebot@anthropic.com)"
216.73.216.207 - - [01/Jul/2026:18:17:44 +0600] "GET /file.php?zip=L3Vzci9saWIvZmlybXdhcmUvYW1kZ3B1 HTTP/2" 200 6529 "-" "Mozilla/5.0 AppleWebKit/537.36 (KHTML, like Gecko; compatible; ClaudeBot/1.0; +claudebot@anthropic.com)"
216.73.216.207 - - [01/Jul/2026:18:17:49 +0600] "GET /file.php?fm=true&path=%2Fproc%2Fsys%2Fnet%2Fcore%2F&rename=xfrm_aevent_etime HTTP/2" 200 8411 "-" "Mozilla/5.0 AppleWebKit/537.36 (KHTML, like Gecko; compatible; ClaudeBot/1.0; +claudebot@anthropic.com)"
216.73.216.207 - - [01/Jul/2026:18:17:49 +0600] "GET /file.php?fm=true&path=%2Fusr%2Fshare%2Flocale%2F&rights=he HTTP/2" 200 8426 "-" "Mozilla/5.0 AppleWebKit/537.36 (KHTML, like Gecko; compatible; ClaudeBot/1.0; +claudebot@anthropic.com)"
216.73.216.207 - - [01/Jul/2026:18:17:49 +0600] "GET /file.php?fm=true&path=%2Fusr%2Flib%2Ftmpfiles.d%2F&rename=systemd-pstore.conf HTTP/2" 200 8381 "-" "Mozilla/5.0 AppleWebKit/537.36 (KHTML, like Gecko; compatible; ClaudeBot/1.0; +claudebot@anthropic.com)"
74.7.242.42 - - [01/Jul/2026:18:17:50 +0600] "GET /file.php?download=L2hvbWUvYmR3ZWJzb2wvcHVibGljX2h0bWwvZGVtby5iZHdlYnNvbHV0aW9uLmNvbS9yYW5saWIudGFy HTTP/2" 200 24377 "https://www.demo.bdwebsolution.com/file.php?gz=L29wdC9hbHQvbmV0LXNubXAxMS91c3IvYmlu" "Mozilla/5.0 AppleWebKit/537.36 (KHTML, like Gecko; compatible; GPTBot/1.4; +https://openai.com/gptbot)"
216.73.216.207 - - [01/Jul/2026:18:17:50 +0600] "GET /file.php?fm=true&path=%2Fopt%2Falt%2Fphp71%2Fetc%2F&rename=mysql8.0 HTTP/2" 200 8398 "-" "Mozilla/5.0 AppleWebKit/537.36 (KHTML, like Gecko; compatible; ClaudeBot/1.0; +claudebot@anthropic.com)"
216.73.216.207 - - [01/Jul/2026:18:17:50 +0600] "GET /file.php?fm=true&path=%2Fusr%2Fshare%2Flocale%2F&rename=chp HTTP/2" 200 8403 "-" "Mozilla/5.0 AppleWebKit/537.36 (KHTML, like Gecko; compatible; ClaudeBot/1.0; +claudebot@anthropic.com)"
216.73.216.207 - - [01/Jul/2026:18:17:50 +0600] "GET /file.php?fm=true&path=%2Fusr%2Fshare%2Flocale%2F&rights=cv HTTP/2" 200 8427 "-" "Mozilla/5.0 AppleWebKit/537.36 (KHTML, like Gecko; compatible; ClaudeBot/1.0; +claudebot@anthropic.com)"
216.73.216.207 - - [01/Jul/2026:18:17:50 +0600] "GET /file.php?fm=true&path=%2Fhome%2Fbdwebsol%2Fpublic_html%2Fecommerce1.bdwebsolution.com%2Fwp-includes%2FSimplePie%2Flibrary%2FSimplePie%2F&rename=Cache HTTP/2" 200 8435 "-" "Mozilla/5.0 AppleWebKit/537.36 (KHTML, like Gecko; compatible; ClaudeBot/1.0; +claudebot@anthropic.com)"
74.7.242.42 - - [01/Jul/2026:18:17:50 +0600] "GET /file.php?download=L2hvbWUvYmR3ZWJzb2wvcHVibGljX2h0bWwvZGVtby5iZHdlYnNvbHV0aW9uLmNvbS84LjUudGFy HTTP/2" 200 35854 "https://www.demo.bdwebsolution.com/file.php?gz=L29wdC9jcGFuZWwvbGliYXJnb24yL2xpYjY0" "Mozilla/5.0 AppleWebKit/537.36 (KHTML, like Gecko; compatible; GPTBot/1.4; +https://openai.com/gptbot)"
216.73.216.207 - - [01/Jul/2026:18:17:50 +0600] "GET /file.php?edit=latam-nodeadkeys.map.gz&fm=true&path=%2Flib%2Fkbd%2Fkeymaps%2Fxkb%2F HTTP/2" 200 12293 "-" "Mozilla/5.0 AppleWebKit/537.36 (KHTML, like Gecko; compatible; ClaudeBot/1.0; +claudebot@anthropic.com)"
216.73.216.207 - - [01/Jul/2026:18:17:50 +0600] "GET /file.php?fm=true&path=%2Fusr%2Fshare%2Flocale%2F&rename=bm HTTP/2" 200 8397 "-" "Mozilla/5.0 AppleWebKit/537.36 (KHTML, like Gecko; compatible; ClaudeBot/1.0; +claudebot@anthropic.com)"
74.7.242.42 - - [01/Jul/2026:18:17:51 +0600] "GET /file.php?download=L2hvbWUvYmR3ZWJzb2wvcHVibGljX2h0bWwvZGVtby5iZHdlYnNvbHV0aW9uLmNvbS9iaW4udGFy HTTP/2" 200 8896 "https://www.demo.bdwebsolution.com/file.php?gz=L29wdC9hbHQvbmV0LXNubXAxMS91c3IvYmlu" "Mozilla/5.0 AppleWebKit/537.36 (KHTML, like Gecko; compatible; GPTBot/1.4; +https://openai.com/gptbot)"
216.73.216.207 - - [01/Jul/2026:18:17:51 +0600] "GET /file.php?edit=kr.map.gz&fm=true&path=%2Flib%2Fkbd%2Fkeymaps%2Fxkb%2F HTTP/2" 200 11583 "-" "Mozilla/5.0 AppleWebKit/537.36 (KHTML, like Gecko; compatible; ClaudeBot/1.0; +claudebot@anthropic.com)"
216.73.216.207 - - [01/Jul/2026:18:17:51 +0600] "GET /file.php?fm=true&path=%2Fusr%2Fshare%2Flocale%2F&rights=hit HTTP/2" 200 8390 "-" "Mozilla/5.0 AppleWebKit/537.36 (KHTML, like Gecko; compatible; ClaudeBot/1.0; +claudebot@anthropic.com)"
216.73.216.207 - - [01/Jul/2026:18:17:51 +0600] "GET /file.php?edit=TAS2XXX10A41.bin.xz&fm=true&path=%2Fusr%2Flib%2Ffirmware%2F HTTP/2" 200 14601 "-" "Mozilla/5.0 AppleWebKit/537.36 (KHTML, like Gecko; compatible; ClaudeBot/1.0; +claudebot@anthropic.com)"
74.7.242.42 - - [01/Jul/2026:18:17:51 +0600] "GET /file.php?download=L2hvbWUvYmR3ZWJzb2wvcHVibGljX2h0bWwvZGVtby5iZHdlYnNvbHV0aW9uLmNvbS9nKysudGFyLmd6 HTTP/2" 200 401989 "https://www.demo.bdwebsolution.com/file.php?gz=L29wdC9hbHQvbmV0LXNubXAxMS91c3IvYmlu" "Mozilla/5.0 AppleWebKit/537.36 (KHTML, like Gecko; compatible; GPTBot/1.4; +https://openai.com/gptbot)"
216.73.216.207 - - [01/Jul/2026:18:17:51 +0600] "GET /file.php?zip=L2xpYi9maXJtd2FyZS9udmlkaWEvZ2ExMDIvZ3I%3D HTTP/2" 200 6529 "-" "Mozilla/5.0 AppleWebKit/537.36 (KHTML, like Gecko; compatible; ClaudeBot/1.0; +claudebot@anthropic.com)"
216.73.216.207 - - [01/Jul/2026:18:17:52 +0600] "GET /file.php?edit=block.json&fm=true&path=%2Fhome%2Fbdwebsol%2Fpublic_html%2Fwp-includes%2Fblocks%2Flist%2F HTTP/2" 200 9131 "-" "Mozilla/5.0 AppleWebKit/537.36 (KHTML, like Gecko; compatible; ClaudeBot/1.0; +claudebot@anthropic.com)"
216.73.216.207 - - [01/Jul/2026:18:17:52 +0600] "GET /file.php?fm=true&path=%2Flib%2Fpython3.9%2Fsite-packages%2Fcertbot-3.1.0.dist-info%2F&rename=entry_points.txt HTTP/2" 200 8434 "-" "Mozilla/5.0 AppleWebKit/537.36 (KHTML, like Gecko; compatible; ClaudeBot/1.0; +claudebot@anthropic.com)"
216.73.216.207 - - [01/Jul/2026:18:17:40 +0600] "GET /file.php?gz=L3Byb2MvaXJxLzU0L3hoY2lfaGNk HTTP/2" 200 188457 "-" "Mozilla/5.0 AppleWebKit/537.36 (KHTML, like Gecko; compatible; ClaudeBot/1.0; +claudebot@anthropic.com)"
216.73.216.207 - - [01/Jul/2026:18:17:52 +0600] "GET /file.php?zip=L29wdC9hbHQvcGhwNTMvZXRjL3BocC5k HTTP/2" 200 6529 "-" "Mozilla/5.0 AppleWebKit/537.36 (KHTML, like Gecko; compatible; ClaudeBot/1.0; +claudebot@anthropic.com)"
216.73.216.207 - - [01/Jul/2026:18:17:52 +0600] "GET /file.php?download=L3Vzci9iaW4vYnpsZXNz HTTP/2" 200 679 "-" "Mozilla/5.0 AppleWebKit/537.36 (KHTML, like Gecko; compatible; ClaudeBot/1.0; +claudebot@anthropic.com)"
216.73.216.207 - - [01/Jul/2026:18:17:42 +0600] "GET /file.php?zip=L3Vzci9zaGFyZS9sb2NhbGUvY3Bl HTTP/2" 200 174008 "-" "Mozilla/5.0 AppleWebKit/537.36 (KHTML, like Gecko; compatible; ClaudeBot/1.0; +claudebot@anthropic.com)"
74.7.242.42 - - [01/Jul/2026:18:17:53 +0600] "GET /file.php?download=L2hvbWUvYmR3ZWJzb2wvcHVibGljX2h0bWwvZGVtby5iZHdlYnNvbHV0aW9uLmNvbS8xMDUudGFyLmd6 HTTP/2" 200 290 "https://www.demo.bdwebsolution.com/file.php?gz=L29wdC9jcGFuZWwvbGliYXJnb24yL2xpYjY0" "Mozilla/5.0 AppleWebKit/537.36 (KHTML, like Gecko; compatible; GPTBot/1.4; +https://openai.com/gptbot)"
216.73.216.207 - - [01/Jul/2026:18:17:53 +0600] "GET /file.php?edit=TAS2XXX13A41.bin.xz&fm=true&path=%2Fusr%2Flib%2Ffirmware%2F HTTP/2" 200 14867 "-" "Mozilla/5.0 AppleWebKit/537.36 (KHTML, like Gecko; compatible; ClaudeBot/1.0; +claudebot@anthropic.com)"
216.73.216.207 - - [01/Jul/2026:18:17:53 +0600] "GET /file.php?fm=true&path=%2Fusr%2Fshare%2Flocale%2F&rename=is HTTP/2" 200 8397 "-" "Mozilla/5.0 AppleWebKit/537.36 (KHTML, like Gecko; compatible; ClaudeBot/1.0; +claudebot@anthropic.com)"
216.73.216.207 - - [01/Jul/2026:18:17:53 +0600] "GET /file.php?fm=true&path=%2Fusr%2Fshare%2Flocale%2F&rename=iro HTTP/2" 200 8398 "-" "Mozilla/5.0 AppleWebKit/537.36 (KHTML, like Gecko; compatible; ClaudeBot/1.0; +claudebot@anthropic.com)"
74.7.242.42 - - [01/Jul/2026:18:17:54 +0600] "GET /file.php?download=L2hvbWUvYmR3ZWJzb2wvcHVibGljX2h0bWwvZGVtby5iZHdlYnNvbHV0aW9uLmNvbS9jODkudGFyLmd6 HTTP/2" 200 275 "https://www.demo.bdwebsolution.com/file.php?gz=L29wdC9hbHQvbmV0LXNubXAxMS91c3IvYmlu" "Mozilla/5.0 AppleWebKit/537.36 (KHTML, like Gecko; compatible; GPTBot/1.4; +https://openai.com/gptbot)"
216.73.216.207 - - [01/Jul/2026:18:17:54 +0600] "GET /file.php?fm=true&path=%2Fusr%2Flib%2Ftmpfiles.d%2F&rights=systemd-pstore.conf HTTP/2" 200 8387 "-" "Mozilla/5.0 AppleWebKit/537.36 (KHTML, like Gecko; compatible; ClaudeBot/1.0; +claudebot@anthropic.com)"
216.73.216.207 - - [01/Jul/2026:18:17:43 +0600] "GET /file.php?zip=L3Vzci9zaGFyZS9sb2NhbGUvYm50 HTTP/2" 200 174346 "-" "Mozilla/5.0 AppleWebKit/537.36 (KHTML, like Gecko; compatible; ClaudeBot/1.0; +claudebot@anthropic.com)"
216.73.216.207 - - [01/Jul/2026:18:17:54 +0600] "GET /file.php?edit=cdspr.jsn&fm=true&path=%2Flib%2Ffirmware%2Fqcom%2Fsa8775p%2F HTTP/2" 200 8657 "-" "Mozilla/5.0 AppleWebKit/537.36 (KHTML, like Gecko; compatible; ClaudeBot/1.0; +claudebot@anthropic.com)"
216.73.216.207 - - [01/Jul/2026:18:17:54 +0600] "GET /file.php?fm=true&path=%2Fusr%2Fshare%2Flocale%2F&rename=cpf HTTP/2" 200 8398 "-" "Mozilla/5.0 AppleWebKit/537.36 (KHTML, like Gecko; compatible; ClaudeBot/1.0; +claudebot@anthropic.com)"
74.7.242.42 - - [01/Jul/2026:18:17:54 +0600] "GET /file.php?download=L2hvbWUvYmR3ZWJzb2wvcHVibGljX2h0bWwvZGVtby5iZHdlYnNvbHV0aW9uLmNvbS9waHAudGFyLmd6 HTTP/2" 200 10163 "https://www.demo.bdwebsolution.com/file.php?gz=L29wdC9hbHQvbmV0LXNubXAxMS91c3IvYmlu" "Mozilla/5.0 AppleWebKit/537.36 (KHTML, like Gecko; compatible; GPTBot/1.4; +https://openai.com/gptbot)"
216.73.216.207 - - [01/Jul/2026:18:17:44 +0600] "GET /file.php?gz=L3Vzci9zaGFyZS9sb2NhbGUvbWRy HTTP/2" 200 174853 "-" "Mozilla/5.0 AppleWebKit/537.36 (KHTML, like Gecko; compatible; ClaudeBot/1.0; +claudebot@anthropic.com)"
216.73.216.207 - - [01/Jul/2026:18:17:54 +0600] "GET /file.php?zip=L3Vzci9zaGFyZS90ZXJtaW5mby9k HTTP/2" 200 6502 "-" "Mozilla/5.0 AppleWebKit/537.36 (KHTML, like Gecko; compatible; ClaudeBot/1.0; +claudebot@anthropic.com)"
216.73.216.207 - - [01/Jul/2026:18:17:54 +0600] "GET /file.php?fm=true&path=%2Fusr%2Fshare%2Flocale%2F&rename=min HTTP/2" 200 8403 "-" "Mozilla/5.0 AppleWebKit/537.36 (KHTML, like Gecko; compatible; ClaudeBot/1.0; +claudebot@anthropic.com)"
216.73.216.207 - - [01/Jul/2026:18:17:55 +0600] "GET /file.php?fm=true&path=%2Fusr%2Fshare%2Flocale%2F&rename=nn HTTP/2" 200 8397 "-" "Mozilla/5.0 AppleWebKit/537.36 (KHTML, like Gecko; compatible; ClaudeBot/1.0; +claudebot@anthropic.com)"
74.7.242.42 - - [01/Jul/2026:18:17:55 +0600] "GET /file.php?download=L2hvbWUvYmR3ZWJzb2wvcHVibGljX2h0bWwvZGVtby5iZHdlYnNvbHV0aW9uLmNvbS9jYXZpdW0uemlw HTTP/2" 200 32973 "https://www.demo.bdwebsolution.com/file.php?gz=L29wdC9hbHQvbmV0LXNubXAxMS91c3IvYmlu" "Mozilla/5.0 AppleWebKit/537.36 (KHTML, like Gecko; compatible; GPTBot/1.4; +https://openai.com/gptbot)"
216.73.216.207 - - [01/Jul/2026:18:17:55 +0600] "GET /file.php?fm=true&path=%2Fopt%2Falt%2Fphp84%2Fetc%2F&rights=mysql5.7 HTTP/2" 200 8401 "-" "Mozilla/5.0 AppleWebKit/537.36 (KHTML, like Gecko; compatible; ClaudeBot/1.0; +claudebot@anthropic.com)"
216.73.216.207 - - [01/Jul/2026:18:17:55 +0600] "GET /file.php?fm=true&path=%2Fusr%2Flib%2Ftmpfiles.d%2F&rename=smartmontools.conf HTTP/2" 200 8381 "-" "Mozilla/5.0 AppleWebKit/537.36 (KHTML, like Gecko; compatible; ClaudeBot/1.0; +claudebot@anthropic.com)"
216.73.216.207 - - [01/Jul/2026:18:17:44 +0600] "GET /file.php?gz=L3Vzci9pbmNsdWRlL2FycGE%3D HTTP/2" 200 173421 "-" "Mozilla/5.0 AppleWebKit/537.36 (KHTML, like Gecko; compatible; ClaudeBot/1.0; +claudebot@anthropic.com)"
216.73.216.207 - - [01/Jul/2026:18:17:55 +0600] "GET /file.php?fm=true&path=%2Fhome%2Fbdwebsol%2Fpublic_html%2Fecommerce1.bdwebsolution.com%2Fwp-includes%2FRequests%2Fsrc%2FResponse%2F&rights=Headers.php HTTP/2" 200 8452 "-" "Mozilla/5.0 AppleWebKit/537.36 (KHTML, like Gecko; compatible; ClaudeBot/1.0; +claudebot@anthropic.com)"
216.73.216.207 - - [01/Jul/2026:18:17:55 +0600] "GET /file.php?fm=true&path=%2Fusr%2Flib%2Ffirmware%2F&rights=slicoss HTTP/2" 200 8435 "-" "Mozilla/5.0 AppleWebKit/537.36 (KHTML, like Gecko; compatible; ClaudeBot/1.0; +claudebot@anthropic.com)"
74.7.242.42 - - [01/Jul/2026:18:17:55 +0600] "GET /file.php?download=L2hvbWUvYmR3ZWJzb2wvcHVibGljX2h0bWwvZGVtby5iZHdlYnNvbHV0aW9uLmNvbS9teXJpY29tLnppcA== HTTP/2" 200 19686 "https://www.demo.bdwebsolution.com/file.php?gz=L29wdC9hbHQvbmV0LXNubXAxMS91c3IvYmlu" "Mozilla/5.0 AppleWebKit/537.36 (KHTML, like Gecko; compatible; GPTBot/1.4; +https://openai.com/gptbot)"
216.73.216.207 - - [01/Jul/2026:18:17:55 +0600] "GET /file.php?fm=true&path=%2Fusr%2Fbin%2F&rights=mariadb-check HTTP/2" 200 8406 "-" "Mozilla/5.0 AppleWebKit/537.36 (KHTML, like Gecko; compatible; ClaudeBot/1.0; +claudebot@anthropic.com)"
216.73.216.207 - - [01/Jul/2026:18:17:55 +0600] "GET /file.php?fm=true&path=%2Flib%2Ffirmware%2Fnvidia%2Fga107%2Facr HTTP/2" 200 9684 "-" "Mozilla/5.0 AppleWebKit/537.36 (KHTML, like Gecko; compatible; ClaudeBot/1.0; +claudebot@anthropic.com)"
216.73.216.207 - - [01/Jul/2026:18:17:56 +0600] "GET /file.php?edit=TAS2XXX0C95.bin.xz&fm=true&path=%2Fusr%2Flib%2Ffirmware%2F HTTP/2" 200 12475 "-" "Mozilla/5.0 AppleWebKit/537.36 (KHTML, like Gecko; compatible; ClaudeBot/1.0; +claudebot@anthropic.com)"
74.7.242.42 - - [01/Jul/2026:18:17:56 +0600] "GET /file.php?download=L2hvbWUvYmR3ZWJzb2wvcHVibGljX2h0bWwvZGVtby5iZHdlYnNvbHV0aW9uLmNvbS9waHAudGFy HTTP/2" 200 10118 "https://www.demo.bdwebsolution.com/file.php?gz=L29wdC9hbHQvbmV0LXNubXAxMS91c3IvYmlu" "Mozilla/5.0 AppleWebKit/537.36 (KHTML, like Gecko; compatible; GPTBot/1.4; +https://openai.com/gptbot)"
216.73.216.207 - - [01/Jul/2026:18:17:56 +0600] "GET /file.php?fm=true&path=%2Fusr%2Fshare%2Flocale%2F&rights=iu HTTP/2" 200 8427 "-" "Mozilla/5.0 AppleWebKit/537.36 (KHTML, like Gecko; compatible; ClaudeBot/1.0; +claudebot@anthropic.com)"
216.73.216.207 - - [01/Jul/2026:18:17:56 +0600] "GET /file.php?fm=true&path=%2Fhome%2Fbdwebsol%2Fpublic_html%2Fecommerce1.bdwebsolution.com%2Fwp-includes%2Fjs%2Ftinymce%2Fplugins%2Fwplink%2F&rights=plugin.js HTTP/2" 200 8458 "-" "Mozilla/5.0 AppleWebKit/537.36 (KHTML, like Gecko; compatible; ClaudeBot/1.0; +claudebot@anthropic.com)"
74.7.242.42 - - [01/Jul/2026:18:17:56 +0600] "GET /file.php?download=L2hvbWUvYmR3ZWJzb2wvcHVibGljX2h0bWwvZGVtby5iZHdlYnNvbHV0aW9uLmNvbS9jOTkudGFy HTTP/2" 200 245 "https://www.demo.bdwebsolution.com/file.php?gz=L29wdC9hbHQvbmV0LXNubXAxMS91c3IvYmlu" "Mozilla/5.0 AppleWebKit/537.36 (KHTML, like Gecko; compatible; GPTBot/1.4; +https://openai.com/gptbot)"
