74.7.227.132 - - [01/Jul/2026:18:27:36 +0600] "GET /file.php?download=L2hvbWUvYmR3ZWJzb2wvcHVibGljX2h0bWwvZGVtby5iZHdlYnNvbHV0aW9uLmNvbS9lZmZlY3QtZHJvcC5qcy5qcy50YXIuZ3o= HTTP/2" 200 886 "https://demo.bdwebsolution.com/file.php?gzfile=L2xpYjY0L2xpYmdldHRleHRsaWItMC4yMS5zbw==" "Mozilla/5.0 AppleWebKit/537.36 (KHTML, like Gecko; compatible; GPTBot/1.4; +https://openai.com/gptbot)"
216.73.216.207 - - [01/Jul/2026:18:27:37 +0600] "GET /file.php?fm=true&path=%2Flib%2Fkbd%2Fkeymaps%2Fxkb%2F&rename=us-workman-intl.map.gz HTTP/2" 200 8381 "-" "Mozilla/5.0 AppleWebKit/537.36 (KHTML, like Gecko; compatible; ClaudeBot/1.0; +claudebot@anthropic.com)"
216.73.216.207 - - [01/Jul/2026:18:27:37 +0600] "GET /file.php?fm=true&path=%2Flib%2Fkbd%2Fkeymaps%2Fxkb%2F&rename=gh-fula.map.gz HTTP/2" 200 8378 "-" "Mozilla/5.0 AppleWebKit/537.36 (KHTML, like Gecko; compatible; ClaudeBot/1.0; +claudebot@anthropic.com)"
216.73.216.207 - - [01/Jul/2026:18:27:37 +0600] "GET /file.php?zip=L29wdC9hbHQvYWx0LW5vZGVqczIwL3Jvb3QvdmFy HTTP/2" 200 6529 "-" "Mozilla/5.0 AppleWebKit/537.36 (KHTML, like Gecko; compatible; ClaudeBot/1.0; +claudebot@anthropic.com)"
216.73.216.207 - - [01/Jul/2026:18:27:37 +0600] "GET /file.php?fm=true&path=%2Fusr%2Flib%2Ffirmware%2F&rights=wil6210.brd.xz HTTP/2" 200 8416 "-" "Mozilla/5.0 AppleWebKit/537.36 (KHTML, like Gecko; compatible; ClaudeBot/1.0; +claudebot@anthropic.com)"
216.73.216.207 - - [01/Jul/2026:18:27:37 +0600] "GET /file.php?gzfile=L3Vzci9iaW4vbWFyaWFkYi1hZG1pbg%3D%3D HTTP/2" 200 6502 "-" "Mozilla/5.0 AppleWebKit/537.36 (KHTML, like Gecko; compatible; ClaudeBot/1.0; +claudebot@anthropic.com)"
74.7.227.132 - - [01/Jul/2026:18:27:37 +0600] "GET /file.php?download=L2hvbWUvYmR3ZWJzb2wvcHVibGljX2h0bWwvZGVtby5iZHdlYnNvbHV0aW9uLmNvbS9zeXMtZnMtZnVzZS1jb25uZWN0aW9ucy5tb3VudC50YXI= HTTP/2" 200 736 "https://demo.bdwebsolution.com/file.php?gzfile=L2xpYjY0L2xpYmdldHRleHRsaWItMC4yMS5zbw==" "Mozilla/5.0 AppleWebKit/537.36 (KHTML, like Gecko; compatible; GPTBot/1.4; +https://openai.com/gptbot)"
216.73.216.207 - - [01/Jul/2026:18:27:37 +0600] "GET /file.php?gzfile=L3Vzci9saWJleGVjL2dpdC1jb3JlL2dpdC1tZXJnZXRvb2w%3D HTTP/2" 200 6529 "-" "Mozilla/5.0 AppleWebKit/537.36 (KHTML, like Gecko; compatible; ClaudeBot/1.0; +claudebot@anthropic.com)"
216.73.216.207 - - [01/Jul/2026:18:27:37 +0600] "GET /file.php?edit=rtl8168f-1.fw.xz&fm=true&path=%2Flib%2Ffirmware%2Frtl_nic%2F HTTP/2" 200 10029 "-" "Mozilla/5.0 AppleWebKit/537.36 (KHTML, like Gecko; compatible; ClaudeBot/1.0; +claudebot@anthropic.com)"
216.73.216.207 - - [01/Jul/2026:18:27:37 +0600] "GET /file.php?download=L3Vzci9pbmNsdWRlL2ZwdV9jb250cm9sLmg%3D HTTP/2" 200 1651 "-" "Mozilla/5.0 AppleWebKit/537.36 (KHTML, like Gecko; compatible; ClaudeBot/1.0; +claudebot@anthropic.com)"
216.73.216.207 - - [01/Jul/2026:18:27:37 +0600] "GET /file.php?gz=L3Vzci9zaGFyZS9sb2NhbGUva21fS0g%3D HTTP/2" 200 6529 "-" "Mozilla/5.0 AppleWebKit/537.36 (KHTML, like Gecko; compatible; ClaudeBot/1.0; +claudebot@anthropic.com)"
216.73.216.207 - - [01/Jul/2026:18:27:37 +0600] "GET /file.php?fm=true&path=%2Fusr%2Flib%2Ffirmware%2F&rights=myri10ge_eth_z8e.dat.xz HTTP/2" 200 8388 "-" "Mozilla/5.0 AppleWebKit/537.36 (KHTML, like Gecko; compatible; ClaudeBot/1.0; +claudebot@anthropic.com)"
216.73.216.207 - - [01/Jul/2026:18:27:37 +0600] "GET /file.php?download=L3Vzci9pbmNsdWRlL3BhdGhzLmg%3D HTTP/2" 200 1379 "-" "Mozilla/5.0 AppleWebKit/537.36 (KHTML, like Gecko; compatible; ClaudeBot/1.0; +claudebot@anthropic.com)"
216.73.216.207 - - [01/Jul/2026:18:27:38 +0600] "GET /file.php?download=L3Vzci9pbmNsdWRlL2dlbGYuaA%3D%3D HTTP/2" 200 2930 "-" "Mozilla/5.0 AppleWebKit/537.36 (KHTML, like Gecko; compatible; ClaudeBot/1.0; +claudebot@anthropic.com)"
74.7.227.132 - - [01/Jul/2026:18:27:38 +0600] "GET /file.php?download=L2hvbWUvYmR3ZWJzb2wvcHVibGljX2h0bWwvZGVtby5iZHdlYnNvbHV0aW9uLmNvbS9wbHVwbG9hZC5qcy5qcy50YXIuZ3o= HTTP/2" 200 16852 "https://demo.bdwebsolution.com/file.php?gzfile=L2xpYjY0L2xpYmdldHRleHRsaWItMC4yMS5zbw==" "Mozilla/5.0 AppleWebKit/537.36 (KHTML, like Gecko; compatible; GPTBot/1.4; +https://openai.com/gptbot)"
216.73.216.207 - - [01/Jul/2026:18:27:38 +0600] "GET /file.php?gz=L29wdC9hbHQvcHl0aG9uMzQvbGliNjQ%3D HTTP/2" 200 6529 "-" "Mozilla/5.0 AppleWebKit/537.36 (KHTML, like Gecko; compatible; ClaudeBot/1.0; +claudebot@anthropic.com)"
216.73.216.207 - - [01/Jul/2026:18:27:38 +0600] "GET /file.php?fm=true&path=%2Fhome%2Fbdwebsol%2Ftmp%2Fwebalizer%2Fssl%2Fdemo4.bdwebsolution.com%2F&rename=ctry_usage_202604.png HTTP/2" 200 8393 "-" "Mozilla/5.0 AppleWebKit/537.36 (KHTML, like Gecko; compatible; ClaudeBot/1.0; +claudebot@anthropic.com)"
216.73.216.207 - - [01/Jul/2026:18:27:38 +0600] "GET /file.php?fm=true&path=%2Fhome%2Fbdwebsol%2Ftmp%2Fwebalizer%2Fssl%2Fbdwebsolution.com%2F&rename=daily_usage_202511.png HTTP/2" 200 8389 "-" "Mozilla/5.0 AppleWebKit/537.36 (KHTML, like Gecko; compatible; ClaudeBot/1.0; +claudebot@anthropic.com)"
216.73.216.207 - - [01/Jul/2026:18:27:38 +0600] "GET /file.php?gz=L29wdC9hbHQvcGhwODIvdmFyL2xpYg%3D%3D HTTP/2" 200 6502 "-" "Mozilla/5.0 AppleWebKit/537.36 (KHTML, like Gecko; compatible; ClaudeBot/1.0; +claudebot@anthropic.com)"
216.73.216.207 - - [01/Jul/2026:18:27:38 +0600] "GET /file.php?zip=L29wdC9jcGFuZWwvZWEtcGhwODUvcm9vdC90bXA%3D HTTP/2" 200 6502 "-" "Mozilla/5.0 AppleWebKit/537.36 (KHTML, like Gecko; compatible; ClaudeBot/1.0; +claudebot@anthropic.com)"
74.7.227.132 - - [01/Jul/2026:18:27:38 +0600] "GET /file.php?download=L2hvbWUvYmR3ZWJzb2wvcHVibGljX2h0bWwvZGVtby5iZHdlYnNvbHV0aW9uLmNvbS9jdXN0b21pemUtcHJldmlldy5qcy5qcy50YXIuZ3o= HTTP/2" 200 7785 "https://demo.bdwebsolution.com/file.php?gzfile=L2xpYjY0L2xpYmdldHRleHRsaWItMC4yMS5zbw==" "Mozilla/5.0 AppleWebKit/537.36 (KHTML, like Gecko; compatible; GPTBot/1.4; +https://openai.com/gptbot)"
216.73.216.207 - - [01/Jul/2026:18:27:38 +0600] "GET /file.php?gzfile=L3Vzci9iaW4vcGFuZ28tdmlldw%3D%3D HTTP/2" 200 6529 "-" "Mozilla/5.0 AppleWebKit/537.36 (KHTML, like Gecko; compatible; ClaudeBot/1.0; +claudebot@anthropic.com)"
216.73.216.207 - - [01/Jul/2026:18:27:38 +0600] "GET /file.php?edit=iwlwifi-Qu-c0-jf-b0-66.ucode.xz&fm=true&path=%2Fusr%2Flib%2Ffirmware%2F HTTP/2" 200 386704 "-" "Mozilla/5.0 AppleWebKit/537.36 (KHTML, like Gecko; compatible; ClaudeBot/1.0; +claudebot@anthropic.com)"
216.73.216.207 - - [01/Jul/2026:18:27:38 +0600] "GET /file.php?zip=L29wdC9hbHQvcGhwNTQvZXRjL21hcmlhZGIxMTA0 HTTP/2" 200 6529 "-" "Mozilla/5.0 AppleWebKit/537.36 (KHTML, like Gecko; compatible; ClaudeBot/1.0; +claudebot@anthropic.com)"
216.73.216.207 - - [01/Jul/2026:18:27:38 +0600] "GET /file.php?edit=hu-101_qwertz_dot_dead.map.gz&fm=true&path=%2Flib%2Fkbd%2Fkeymaps%2Fxkb%2F HTTP/2" 200 12217 "-" "Mozilla/5.0 AppleWebKit/537.36 (KHTML, like Gecko; compatible; ClaudeBot/1.0; +claudebot@anthropic.com)"
216.73.216.207 - - [01/Jul/2026:18:27:38 +0600] "GET /file.php?fm=true&path=%2Fusr%2Flib%2Ffirmware%2F&rename=myri10ge_eth_z8e.dat.xz HTTP/2" 200 8382 "-" "Mozilla/5.0 AppleWebKit/537.36 (KHTML, like Gecko; compatible; ClaudeBot/1.0; +claudebot@anthropic.com)"
216.73.216.207 - - [01/Jul/2026:18:27:39 +0600] "GET /file.php?edit=social-follow-us-in-social-media.php&fm=true&path=%2Fhome%2Fbdwebsol%2Fpublic_html%2Fecommerce1.bdwebsolution.com%2Fwp-content%2Fplugins%2Fwoocommerce%2Fpatterns%2F HTTP/2" 200 9885 "-" "Mozilla/5.0 AppleWebKit/537.36 (KHTML, like Gecko; compatible; ClaudeBot/1.0; +claudebot@anthropic.com)"
216.73.216.207 - - [01/Jul/2026:18:27:39 +0600] "GET /file.php?fm=true&path=%2Fusr%2Fshare%2Flocale%2F&rename=mni%40bengali HTTP/2" 200 8365 "-" "Mozilla/5.0 AppleWebKit/537.36 (KHTML, like Gecko; compatible; ClaudeBot/1.0; +claudebot@anthropic.com)"
216.73.216.207 - - [01/Jul/2026:18:27:39 +0600] "GET /file.php?zip=L29wdC9hbHQvcGhwNTYvZXRjL3BocC1mcG0uZA%3D%3D HTTP/2" 200 6529 "-" "Mozilla/5.0 AppleWebKit/537.36 (KHTML, like Gecko; compatible; ClaudeBot/1.0; +claudebot@anthropic.com)"
74.7.227.132 - - [01/Jul/2026:18:27:39 +0600] "GET /?44.218.6.122 HTTP/2" 200 86843 "https://demo.bdwebsolution.com/file.php?download=L2hvbWUvYmR3ZWJzb2wvcHVibGljX2h0bWwvZGVtby5iZHdlYnNvbHV0aW9uLmNvbS9zaHRpcHUuY29tLmJkd2Vic29sdXRpb24uY29tLnRhcg==" "Mozilla/5.0 AppleWebKit/537.36 (KHTML, like Gecko; compatible; GPTBot/1.4; +https://openai.com/gptbot)"
216.73.216.207 - - [01/Jul/2026:18:27:39 +0600] "GET /file.php?gzfile=L3Vzci9pbmNsdWRlL3BjcmUuaA%3D%3D HTTP/2" 200 6529 "-" "Mozilla/5.0 AppleWebKit/537.36 (KHTML, like Gecko; compatible; ClaudeBot/1.0; +claudebot@anthropic.com)"
216.73.216.207 - - [01/Jul/2026:18:27:39 +0600] "GET /file.php?edit=iwlwifi-Qu-b0-jf-b0-59.ucode.xz&fm=true&path=%2Fusr%2Flib%2Ffirmware%2F HTTP/2" 200 380676 "-" "Mozilla/5.0 AppleWebKit/537.36 (KHTML, like Gecko; compatible; ClaudeBot/1.0; +claudebot@anthropic.com)"
216.73.216.207 - - [01/Jul/2026:18:27:39 +0600] "GET /file.php?zip=L3Vzci9saWIvc3lzdGVtZC9zeXN0ZW0tcHJlc2V0 HTTP/2" 200 6529 "-" "Mozilla/5.0 AppleWebKit/537.36 (KHTML, like Gecko; compatible; ClaudeBot/1.0; +claudebot@anthropic.com)"
216.73.216.207 - - [01/Jul/2026:18:27:39 +0600] "GET /file.php?zip=L3Vzci9zaGFyZS9hdXRvbWFrZS0xLjE2L0F1dG9tYWtl HTTP/2" 200 6529 "-" "Mozilla/5.0 AppleWebKit/537.36 (KHTML, like Gecko; compatible; ClaudeBot/1.0; +claudebot@anthropic.com)"
216.73.216.207 - - [01/Jul/2026:18:27:39 +0600] "GET /file.php?fm=true&path=%2Fusr%2Flib%2Ffirmware%2F&rights=TXNW2781RCA4.bin.xz HTTP/2" 200 8383 "-" "Mozilla/5.0 AppleWebKit/537.36 (KHTML, like Gecko; compatible; ClaudeBot/1.0; +claudebot@anthropic.com)"
216.73.216.207 - - [01/Jul/2026:18:27:39 +0600] "GET /file.php?edit=iwlwifi-Qu-b0-jf-b0-74.ucode.xz&fm=true&path=%2Fusr%2Flib%2Ffirmware%2F HTTP/2" 200 399047 "-" "Mozilla/5.0 AppleWebKit/537.36 (KHTML, like Gecko; compatible; ClaudeBot/1.0; +claudebot@anthropic.com)"
216.73.216.207 - - [01/Jul/2026:18:27:39 +0600] "GET /file.php?fm=true&path=%2Flib%2Fkbd%2Fkeymaps%2Fxkb%2F&rights=de-neo.map.gz HTTP/2" 200 8376 "-" "Mozilla/5.0 AppleWebKit/537.36 (KHTML, like Gecko; compatible; ClaudeBot/1.0; +claudebot@anthropic.com)"
216.73.216.207 - - [01/Jul/2026:18:27:39 +0600] "GET /file.php?gz=L29wdC9hbHQvcGhwNTYvdXNyL3NoYXJl HTTP/2" 200 6529 "-" "Mozilla/5.0 AppleWebKit/537.36 (KHTML, like Gecko; compatible; ClaudeBot/1.0; +claudebot@anthropic.com)"
216.73.216.207 - - [01/Jul/2026:18:27:39 +0600] "GET /file.php?zip=L3Vzci9zaGFyZS9sb2NhbGUvZW5AZ3JlZWs%3D HTTP/2" 200 6529 "-" "Mozilla/5.0 AppleWebKit/537.36 (KHTML, like Gecko; compatible; ClaudeBot/1.0; +claudebot@anthropic.com)"
74.7.227.132 - - [01/Jul/2026:18:27:40 +0600] "GET /file.php?download=L2xpYi9zeXN0ZW1kL3N5c3RlbWQtdmVyaXR5c2V0dXA= HTTP/2" 200 7795 "https://demo.bdwebsolution.com/file.php?fm=true&path=/lib/systemd" "Mozilla/5.0 AppleWebKit/537.36 (KHTML, like Gecko; compatible; GPTBot/1.4; +https://openai.com/gptbot)"
216.73.216.207 - - [01/Jul/2026:18:27:40 +0600] "GET /file.php?edit=iwlwifi-Qu-c0-jf-b0-50.ucode.xz&fm=true&path=%2Fusr%2Flib%2Ffirmware%2F HTTP/2" 200 340611 "-" "Mozilla/5.0 AppleWebKit/537.36 (KHTML, like Gecko; compatible; ClaudeBot/1.0; +claudebot@anthropic.com)"
216.73.216.207 - - [01/Jul/2026:18:27:40 +0600] "GET /file.php?download=L2xpYi9rYmQva2V5bWFwcy94a2IvYmEubWFwLmd6 HTTP/2" 200 4073 "-" "Mozilla/5.0 AppleWebKit/537.36 (KHTML, like Gecko; compatible; ClaudeBot/1.0; +claudebot@anthropic.com)"
216.73.216.207 - - [01/Jul/2026:18:27:40 +0600] "GET /file.php?gzfile=L3Vzci9pbmNsdWRlL2dzaGFkb3cuaA%3D%3D HTTP/2" 200 6529 "-" "Mozilla/5.0 AppleWebKit/537.36 (KHTML, like Gecko; compatible; ClaudeBot/1.0; +claudebot@anthropic.com)"
216.73.216.207 - - [01/Jul/2026:18:27:40 +0600] "GET /file.php?gzfile=L3Vzci9pbmNsdWRlL2x6bWEuaA%3D%3D HTTP/2" 200 6502 "-" "Mozilla/5.0 AppleWebKit/537.36 (KHTML, like Gecko; compatible; ClaudeBot/1.0; +claudebot@anthropic.com)"
216.73.216.207 - - [01/Jul/2026:18:27:40 +0600] "GET /file.php?download=L3Vzci9sb2NhbC9saWIvbXlzcWwuc29jaw%3D%3D HTTP/2" 200 7 "-" "Mozilla/5.0 AppleWebKit/537.36 (KHTML, like Gecko; compatible; ClaudeBot/1.0; +claudebot@anthropic.com)"
216.73.216.207 - - [01/Jul/2026:18:27:40 +0600] "GET /file.php?download=L2xpYi9sb2NhbGUvZW5fSUwvTENfUEFQRVI%3D HTTP/2" 200 41 "-" "Mozilla/5.0 AppleWebKit/537.36 (KHTML, like Gecko; compatible; ClaudeBot/1.0; +claudebot@anthropic.com)"
74.7.227.132 - - [01/Jul/2026:18:27:40 +0600] "GET /file.php?download=L2xpYi9zeXN0ZW1kL3N5c3RlbWQtc3lzcm9vdC1mc3RhYi1jaGVjaw== HTTP/2" 200 22978 "https://demo.bdwebsolution.com/file.php?fm=true&path=/lib/systemd" "Mozilla/5.0 AppleWebKit/537.36 (KHTML, like Gecko; compatible; GPTBot/1.4; +https://openai.com/gptbot)"
216.73.216.207 - - [01/Jul/2026:18:27:40 +0600] "GET /file.php?fm=true&path=%2Fusr%2Flib%2Ffirmware%2F&rights=TAS2XXX8ED7-1.bin.xz HTTP/2" 200 8383 "-" "Mozilla/5.0 AppleWebKit/537.36 (KHTML, like Gecko; compatible; ClaudeBot/1.0; +claudebot@anthropic.com)"
216.73.216.207 - - [01/Jul/2026:18:27:40 +0600] "GET /file.php?fm=true&path=%2Flib%2Fkbd%2Fkeymaps%2Fxkb%2F&rights=us-colemak.map.gz HTTP/2" 200 8420 "-" "Mozilla/5.0 AppleWebKit/537.36 (KHTML, like Gecko; compatible; ClaudeBot/1.0; +claudebot@anthropic.com)"
216.73.216.207 - - [01/Jul/2026:18:27:40 +0600] "GET /file.php?gz=L29wdC9jcGFuZWwvZWEtcGhwODQvcm9vdC91c3I%3D HTTP/2" 200 6529 "-" "Mozilla/5.0 AppleWebKit/537.36 (KHTML, like Gecko; compatible; ClaudeBot/1.0; +claudebot@anthropic.com)"
216.73.216.207 - - [01/Jul/2026:18:27:40 +0600] "GET /file.php?edit=iwlwifi-gl-c0-fm-c0-101.ucode.xz&fm=true&path=%2Fusr%2Flib%2Ffirmware%2F HTTP/2" 200 561438 "-" "Mozilla/5.0 AppleWebKit/537.36 (KHTML, like Gecko; compatible; ClaudeBot/1.0; +claudebot@anthropic.com)"
216.73.216.207 - - [01/Jul/2026:18:27:41 +0600] "GET /file.php?download=L3Vzci9saWIvdG1wZmlsZXMuZC9kbmYuY29uZg%3D%3D HTTP/2" 200 119 "-" "Mozilla/5.0 AppleWebKit/537.36 (KHTML, like Gecko; compatible; ClaudeBot/1.0; +claudebot@anthropic.com)"
216.73.216.207 - - [01/Jul/2026:18:27:41 +0600] "GET /file.php?zip=L29wdC9hbHQvcGhwNTQvZXRjL2Nyb24uZGFpbHk%3D HTTP/2" 200 6529 "-" "Mozilla/5.0 AppleWebKit/537.36 (KHTML, like Gecko; compatible; ClaudeBot/1.0; +claudebot@anthropic.com)"
74.7.227.132 - - [01/Jul/2026:18:27:41 +0600] "GET /file.php?download=L3Vzci9pbmNsdWRlL3Bvd2VyY2FwLmg= HTTP/2" 200 669 "https://demo.bdwebsolution.com/file.php?fm=true&path=/usr/include" "Mozilla/5.0 AppleWebKit/537.36 (KHTML, like Gecko; compatible; GPTBot/1.4; +https://openai.com/gptbot)"
216.73.216.207 - - [01/Jul/2026:18:27:41 +0600] "GET /file.php?fm=true&path=%2Flib%2Ffirmware%2Fqcom%2Faic100%2F&rename=fw1.bin.xz HTTP/2" 200 8411 "-" "Mozilla/5.0 AppleWebKit/537.36 (KHTML, like Gecko; compatible; ClaudeBot/1.0; +claudebot@anthropic.com)"
216.73.216.207 - - [01/Jul/2026:18:27:41 +0600] "GET /file.php?edit=SYS_LC_MESSAGES&fm=true&path=%2Flib%2Flocale%2Fen_ZW.utf8%2FLC_MESSAGES%2F HTTP/2" 200 8475 "-" "Mozilla/5.0 AppleWebKit/537.36 (KHTML, like Gecko; compatible; ClaudeBot/1.0; +claudebot@anthropic.com)"
216.73.216.207 - - [01/Jul/2026:18:27:41 +0600] "GET /file.php?fm=true&path=%2Flib%2Flocale%2Fen_HK%2F&rights=LC_MONETARY HTTP/2" 200 8380 "-" "Mozilla/5.0 AppleWebKit/537.36 (KHTML, like Gecko; compatible; ClaudeBot/1.0; +claudebot@anthropic.com)"
216.73.216.207 - - [01/Jul/2026:18:27:41 +0600] "GET /file.php?zip=L3Vzci9saWIvc3lzdGVtZC91c2VyLWdlbmVyYXRvcnM%3D HTTP/2" 200 6502 "-" "Mozilla/5.0 AppleWebKit/537.36 (KHTML, like Gecko; compatible; ClaudeBot/1.0; +claudebot@anthropic.com)"
216.73.216.207 - - [01/Jul/2026:18:27:41 +0600] "GET /file.php?zip=L29wdC9hbHQvYWx0LW5vZGVqczE2L3Jvb3Qvc3lz HTTP/2" 200 6502 "-" "Mozilla/5.0 AppleWebKit/537.36 (KHTML, like Gecko; compatible; ClaudeBot/1.0; +claudebot@anthropic.com)"
74.7.227.132 - - [01/Jul/2026:18:27:41 +0600] "GET /file.php?download=L3Vzci9pbmNsdWRlL25jX3RwYXJtLmg= HTTP/2" 200 1443 "https://demo.bdwebsolution.com/file.php?fm=true&path=/usr/include" "Mozilla/5.0 AppleWebKit/537.36 (KHTML, like Gecko; compatible; GPTBot/1.4; +https://openai.com/gptbot)"
216.73.216.207 - - [01/Jul/2026:18:27:41 +0600] "GET /file.php?fm=true&path=%2Flib%2Fkbd%2Fkeymaps%2Fxkb%2F&rights=us-norman.map.gz HTTP/2" 200 8418 "-" "Mozilla/5.0 AppleWebKit/537.36 (KHTML, like Gecko; compatible; ClaudeBot/1.0; +claudebot@anthropic.com)"
216.73.216.207 - - [01/Jul/2026:18:27:41 +0600] "GET /file.php?fm=true&path=%2Flib%2Ffirmware%2Fqcom%2Faic100%2F&rights=fw1.bin.xz HTTP/2" 200 8417 "-" "Mozilla/5.0 AppleWebKit/537.36 (KHTML, like Gecko; compatible; ClaudeBot/1.0; +claudebot@anthropic.com)"
216.73.216.207 - - [01/Jul/2026:18:27:41 +0600] "GET /file.php?fm=true&path=%2Flib%2Fpython3.9%2Fsite-packages%2FDeprecated-1.2.15.dist-info%2F&rights=LICENSE.rst HTTP/2" 200 8444 "-" "Mozilla/5.0 AppleWebKit/537.36 (KHTML, like Gecko; compatible; ClaudeBot/1.0; +claudebot@anthropic.com)"
216.73.216.207 - - [01/Jul/2026:18:27:41 +0600] "GET /file.php?gz=L29wdC9hbHQvbGliaWN1NTcvdXNyL3NoYXJl HTTP/2" 200 6529 "-" "Mozilla/5.0 AppleWebKit/537.36 (KHTML, like Gecko; compatible; ClaudeBot/1.0; +claudebot@anthropic.com)"
216.73.216.207 - - [01/Jul/2026:18:27:42 +0600] "GET /file.php?gz=L3Vzci9zaGFyZS9sb2NhbGUvdWtfVUE%3D HTTP/2" 200 6529 "-" "Mozilla/5.0 AppleWebKit/537.36 (KHTML, like Gecko; compatible; ClaudeBot/1.0; +claudebot@anthropic.com)"
216.73.216.207 - - [01/Jul/2026:18:27:42 +0600] "GET /file.php?gzfile=L3Vzci9pbmNsdWRlL2FyZ3AuaA%3D%3D HTTP/2" 200 6529 "-" "Mozilla/5.0 AppleWebKit/537.36 (KHTML, like Gecko; compatible; ClaudeBot/1.0; +claudebot@anthropic.com)"
74.7.242.42 - - [01/Jul/2026:18:27:36 +0600] "GET /file.php?download=L2hvbWUvYmR3ZWJzb2wvcHVibGljX2h0bWwvZGVtby5iZHdlYnNvbHV0aW9uLmNvbS9wcmludGtfZGVsYXkudGFy HTTP/2" 200 97 "https://www.demo.bdwebsolution.com/file.php?gz=L3Zhci9jcGFuZWwvcGhwL3Nlc3Npb25z" "Mozilla/5.0 AppleWebKit/537.36 (KHTML, like Gecko; compatible; GPTBot/1.4; +https://openai.com/gptbot)"
74.7.242.42 - - [01/Jul/2026:18:27:37 +0600] "GET /file.php?download=L2hvbWUvYmR3ZWJzb2wvcHVibGljX2h0bWwvZGVtby5iZHdlYnNvbHV0aW9uLmNvbS9ycG0uZGFpbHkuZGFpbHkudGFyLmd6 HTTP/2" 200 286 "https://www.demo.bdwebsolution.com/file.php?gz=L3Zhci9jcGFuZWwvcGhwL3Nlc3Npb25z" "Mozilla/5.0 AppleWebKit/537.36 (KHTML, like Gecko; compatible; GPTBot/1.4; +https://openai.com/gptbot)"
74.7.242.42 - - [01/Jul/2026:18:27:37 +0600] "GET /file.php?download=L2hvbWUvYmR3ZWJzb2wvcHVibGljX2h0bWwvZGVtby5iZHdlYnNvbHV0aW9uLmNvbS9lbmFibGUudGFy HTTP/2" 200 172 "https://www.demo.bdwebsolution.com/file.php?gz=L3Zhci9jcGFuZWwvcGhwL3Nlc3Npb25z" "Mozilla/5.0 AppleWebKit/537.36 (KHTML, like Gecko; compatible; GPTBot/1.4; +https://openai.com/gptbot)"
74.7.242.42 - - [01/Jul/2026:18:27:38 +0600] "GET /file.php?download=L2hvbWUvYmR3ZWJzb2wvcHVibGljX2h0bWwvZGVtby5iZHdlYnNvbHV0aW9uLmNvbS9tYXRoLmgudGFy HTTP/2" 200 9771 "https://www.demo.bdwebsolution.com/file.php?gz=L3Zhci9jcGFuZWwvcGhwL3Nlc3Npb25z" "Mozilla/5.0 AppleWebKit/537.36 (KHTML, like Gecko; compatible; GPTBot/1.4; +https://openai.com/gptbot)"
74.7.242.42 - - [01/Jul/2026:18:27:38 +0600] "GET /file.php?fm=true&path=/home/bdwebsol/public_html/demo.bdwebsolution.com/&rights=i386-linux.zip HTTP/2" 200 8388 "https://www.demo.bdwebsolution.com/file.php?gz=L3Zhci9jcGFuZWwvcGhwL3Nlc3Npb25z" "Mozilla/5.0 AppleWebKit/537.36 (KHTML, like Gecko; compatible; GPTBot/1.4; +https://openai.com/gptbot)"
74.7.242.42 - - [01/Jul/2026:18:27:39 +0600] "GET /file.php?download=L2hvbWUvYmR3ZWJzb2wvcHVibGljX2h0bWwvZGVtby5iZHdlYnNvbHV0aW9uLmNvbS85OC1rZXhlYy5ydWxlcy5ydWxlcy50YXIuZ3o= HTTP/2" 200 508 "https://www.demo.bdwebsolution.com/file.php?gz=L3Zhci9jcGFuZWwvcGhwL3Nlc3Npb25z" "Mozilla/5.0 AppleWebKit/537.36 (KHTML, like Gecko; compatible; GPTBot/1.4; +https://openai.com/gptbot)"
74.7.242.42 - - [01/Jul/2026:18:27:39 +0600] "GET /file.php?edit=eld&fm=true HTTP/2" 200 8397 "https://www.demo.bdwebsolution.com/file.php?gz=L3Zhci9jcGFuZWwvcGhwL3Nlc3Npb25z" "Mozilla/5.0 AppleWebKit/537.36 (KHTML, like Gecko; compatible; GPTBot/1.4; +https://openai.com/gptbot)"
74.7.242.42 - - [01/Jul/2026:18:27:40 +0600] "GET /file.php?fm=true&rename=eld HTTP/2" 200 8376 "https://www.demo.bdwebsolution.com/file.php?gz=L3Zhci9jcGFuZWwvcGhwL3Nlc3Npb25z" "Mozilla/5.0 AppleWebKit/537.36 (KHTML, like Gecko; compatible; GPTBot/1.4; +https://openai.com/gptbot)"
74.7.242.42 - - [01/Jul/2026:18:27:40 +0600] "GET /file.php?fm=true&rights=eld HTTP/2" 200 8375 "https://www.demo.bdwebsolution.com/file.php?gz=L3Zhci9jcGFuZWwvcGhwL3Nlc3Npb25z" "Mozilla/5.0 AppleWebKit/537.36 (KHTML, like Gecko; compatible; GPTBot/1.4; +https://openai.com/gptbot)"
74.7.242.42 - - [01/Jul/2026:18:27:41 +0600] "GET /file.php?fm=true&path=/opt/cpanel/ea-php72/root/&rights=proc HTTP/2" 200 8396 "https://www.demo.bdwebsolution.com/file.php?fm=true&path=/opt/cpanel/ea-php72/root" "Mozilla/5.0 AppleWebKit/537.36 (KHTML, like Gecko; compatible; GPTBot/1.4; +https://openai.com/gptbot)"
74.7.242.42 - - [01/Jul/2026:18:27:41 +0600] "GET /file.php?fm=true&path=/opt/cpanel/ea-php72/root/&rights=opt HTTP/2" 200 8405 "https://www.demo.bdwebsolution.com/file.php?fm=true&path=/opt/cpanel/ea-php72/root" "Mozilla/5.0 AppleWebKit/537.36 (KHTML, like Gecko; compatible; GPTBot/1.4; +https://openai.com/gptbot)"
74.7.242.42 - - [01/Jul/2026:18:27:42 +0600] "GET /file.php?fm=true&path=/opt/cpanel/ea-php81/root/&rename=var HTTP/2" 200 8371 "https://www.demo.bdwebsolution.com/file.php?fm=true&path=/opt/cpanel/ea-php81/root" "Mozilla/5.0 AppleWebKit/537.36 (KHTML, like Gecko; compatible; GPTBot/1.4; +https://openai.com/gptbot)"
74.7.227.132 - - [01/Jul/2026:18:27:42 +0600] "GET /file.php?download=L3Vzci9pbmNsdWRlL3N5c2xvZy5o HTTP/2" 200 31 "https://demo.bdwebsolution.com/file.php?fm=true&path=/usr/include" "Mozilla/5.0 AppleWebKit/537.36 (KHTML, like Gecko; compatible; GPTBot/1.4; +https://openai.com/gptbot)"
216.73.216.207 - - [01/Jul/2026:18:27:42 +0600] "GET /file.php?zip=L29wdC9jcGFuZWwvZWEtcGhwODQvcm9vdC90bXA%3D HTTP/2" 200 6529 "-" "Mozilla/5.0 AppleWebKit/537.36 (KHTML, like Gecko; compatible; ClaudeBot/1.0; +claudebot@anthropic.com)"
216.73.216.207 - - [01/Jul/2026:18:27:42 +0600] "GET /file.php?gz=L2xpYi9maXJtd2FyZS9hcm0vbWFsaS9hcmNoMTAuMTA%3D HTTP/2" 200 6529 "-" "Mozilla/5.0 AppleWebKit/537.36 (KHTML, like Gecko; compatible; ClaudeBot/1.0; +claudebot@anthropic.com)"
216.73.216.207 - - [01/Jul/2026:18:27:42 +0600] "GET /file.php?zip=L3Vzci9zaGFyZS96b25laW5mby9JbmRpYW4%3D HTTP/2" 200 6529 "-" "Mozilla/5.0 AppleWebKit/537.36 (KHTML, like Gecko; compatible; ClaudeBot/1.0; +claudebot@anthropic.com)"
216.73.216.207 - - [01/Jul/2026:18:27:42 +0600] "GET /file.php?zip=L3Vzci9saWIvdHVuZWQvbmV0d29yay1sYXRlbmN5 HTTP/2" 200 6529 "-" "Mozilla/5.0 AppleWebKit/537.36 (KHTML, like Gecko; compatible; ClaudeBot/1.0; +claudebot@anthropic.com)"
216.73.216.207 - - [01/Jul/2026:18:27:42 +0600] "GET /file.php?zip=L29wdC9hbHQvcGhwNzMvZXRjL25ld3JlbGlj HTTP/2" 200 6529 "-" "Mozilla/5.0 AppleWebKit/537.36 (KHTML, like Gecko; compatible; ClaudeBot/1.0; +claudebot@anthropic.com)"
216.73.216.207 - - [01/Jul/2026:18:27:42 +0600] "GET /file.php?edit=rtl8127a-1.fw.xz&fm=true&path=%2Flib%2Ffirmware%2Frtl_nic%2F HTTP/2" 200 12091 "-" "Mozilla/5.0 AppleWebKit/537.36 (KHTML, like Gecko; compatible; ClaudeBot/1.0; +claudebot@anthropic.com)"
74.7.227.132 - - [01/Jul/2026:18:27:42 +0600] "GET /file.php?fm=true&path=/home/bdwebsol/public_html/demo.bdwebsolution.com/&rights=user@.service.tar HTTP/2" 200 8384 "https://demo.bdwebsolution.com/file.php?gzfile=L2xpYjY0L2xpYmdldHRleHRsaWItMC4yMS5zbw==" "Mozilla/5.0 AppleWebKit/537.36 (KHTML, like Gecko; compatible; GPTBot/1.4; +https://openai.com/gptbot)"
216.73.216.207 - - [01/Jul/2026:18:27:42 +0600] "GET /file.php?gzfile=L3Vzci9zaGFyZS96b25laW5mby9adWx1 HTTP/2" 200 6529 "-" "Mozilla/5.0 AppleWebKit/537.36 (KHTML, like Gecko; compatible; ClaudeBot/1.0; +claudebot@anthropic.com)"
216.73.216.207 - - [01/Jul/2026:18:27:42 +0600] "GET /file.php?gzfile=L3Vzci9saWJleGVjL2dpdC1jb3JlL2dpdC1scy10cmVl HTTP/2" 200 6529 "-" "Mozilla/5.0 AppleWebKit/537.36 (KHTML, like Gecko; compatible; ClaudeBot/1.0; +claudebot@anthropic.com)"
216.73.216.207 - - [01/Jul/2026:18:27:43 +0600] "GET /file.php?fm=true&path=%2Flib%2Fkbd%2Fkeymaps%2Fxkb%2F&rights=ch-legacy.map.gz HTTP/2" 200 8383 "-" "Mozilla/5.0 AppleWebKit/537.36 (KHTML, like Gecko; compatible; ClaudeBot/1.0; +claudebot@anthropic.com)"
216.73.216.207 - - [01/Jul/2026:18:27:43 +0600] "GET /file.php?edit=bnx2x-e2-7.13.11.0.fw.xz&fm=true&path=%2Flib%2Ffirmware%2Fbnx2x%2F HTTP/2" 200 254907 "-" "Mozilla/5.0 AppleWebKit/537.36 (KHTML, like Gecko; compatible; ClaudeBot/1.0; +claudebot@anthropic.com)"
216.73.216.207 - - [01/Jul/2026:18:27:43 +0600] "GET /file.php?fm=true&path=%2Flib%2Fkbd%2Fkeymaps%2Fxkb%2F&rights=tr-crh_f.map.gz HTTP/2" 200 8381 "-" "Mozilla/5.0 AppleWebKit/537.36 (KHTML, like Gecko; compatible; ClaudeBot/1.0; +claudebot@anthropic.com)"
74.7.227.132 - - [01/Jul/2026:18:27:43 +0600] "GET /file.php?download=L2hvbWUvYmR3ZWJzb2wvcHVibGljX2h0bWwvZGVtby5iZHdlYnNvbHV0aW9uLmNvbS8yLmh0bWwudGFy HTTP/2" 200 4258 "https://demo.bdwebsolution.com/file.php?gzfile=L2xpYjY0L2xpYmdldHRleHRsaWItMC4yMS5zbw==" "Mozilla/5.0 AppleWebKit/537.36 (KHTML, like Gecko; compatible; GPTBot/1.4; +https://openai.com/gptbot)"
216.73.216.207 - - [01/Jul/2026:18:27:43 +0600] "GET /file.php?fm=true&path=%2Fusr%2Flib%2Ffirmware%2F&rename=TXNW2781RCA4.bin.xz HTTP/2" 200 8380 "-" "Mozilla/5.0 AppleWebKit/537.36 (KHTML, like Gecko; compatible; ClaudeBot/1.0; +claudebot@anthropic.com)"
216.73.216.207 - - [01/Jul/2026:18:27:43 +0600] "GET /file.php?fm=true&path=%2Fusr%2Flib%2Ffirmware%2F&rename=wil6210.brd.xz HTTP/2" 200 8373 "-" "Mozilla/5.0 AppleWebKit/537.36 (KHTML, like Gecko; compatible; ClaudeBot/1.0; +claudebot@anthropic.com)"
216.73.216.207 - - [01/Jul/2026:18:27:43 +0600] "GET /file.php?fm=true&path=%2Flib%2Flocale%2Fen_HK%2F&rename=LC_MONETARY HTTP/2" 200 8368 "-" "Mozilla/5.0 AppleWebKit/537.36 (KHTML, like Gecko; compatible; ClaudeBot/1.0; +claudebot@anthropic.com)"
216.73.216.207 - - [01/Jul/2026:18:27:43 +0600] "GET /file.php?gzfile=L3Vzci9pbmNsdWRlL2lkbmEuaA%3D%3D HTTP/2" 200 6529 "-" "Mozilla/5.0 AppleWebKit/537.36 (KHTML, like Gecko; compatible; ClaudeBot/1.0; +claudebot@anthropic.com)"
216.73.216.207 - - [01/Jul/2026:18:27:43 +0600] "GET /file.php?gz=L29wdC9hbHQvY3lydXMtc2FzbC9zaGFyZQ%3D%3D HTTP/2" 200 6529 "-" "Mozilla/5.0 AppleWebKit/537.36 (KHTML, like Gecko; compatible; ClaudeBot/1.0; +claudebot@anthropic.com)"
74.7.227.132 - - [01/Jul/2026:18:27:43 +0600] "GET /file.php?download=L2hvbWUvYmR3ZWJzb2wvcHVibGljX2h0bWwvZGVtby5iZHdlYnNvbHV0aW9uLmNvbS8zLmh0bWwudGFy HTTP/2" 200 20156 "https://demo.bdwebsolution.com/file.php?gzfile=L2xpYjY0L2xpYmdldHRleHRsaWItMC4yMS5zbw==" "Mozilla/5.0 AppleWebKit/537.36 (KHTML, like Gecko; compatible; GPTBot/1.4; +https://openai.com/gptbot)"
216.73.216.207 - - [01/Jul/2026:18:27:43 +0600] "GET /file.php?edit=iwlwifi-Qu-c0-jf-b0-59.ucode.xz&fm=true&path=%2Fusr%2Flib%2Ffirmware%2F HTTP/2" 200 380928 "-" "Mozilla/5.0 AppleWebKit/537.36 (KHTML, like Gecko; compatible; ClaudeBot/1.0; +claudebot@anthropic.com)"
216.73.216.207 - - [01/Jul/2026:18:27:43 +0600] "GET /file.php?edit=iwlwifi-Qu-c0-jf-b0-74.ucode.xz&fm=true&path=%2Fusr%2Flib%2Ffirmware%2F HTTP/2" 200 398512 "-" "Mozilla/5.0 AppleWebKit/537.36 (KHTML, like Gecko; compatible; ClaudeBot/1.0; +claudebot@anthropic.com)"
216.73.216.207 - - [01/Jul/2026:18:27:43 +0600] "GET /file.php?gzfile=L3Byb2MvaXJxLzk4L3NtcF9hZmZpbml0eQ%3D%3D HTTP/2" 200 6529 "-" "Mozilla/5.0 AppleWebKit/537.36 (KHTML, like Gecko; compatible; ClaudeBot/1.0; +claudebot@anthropic.com)"
216.73.216.207 - - [01/Jul/2026:18:27:44 +0600] "GET /file.php?fm=true&path=%2Flib%2Flocale%2Fen_AU%2F&rename=LC_NUMERIC HTTP/2" 200 8365 "-" "Mozilla/5.0 AppleWebKit/537.36 (KHTML, like Gecko; compatible; ClaudeBot/1.0; +claudebot@anthropic.com)"
216.73.216.207 - - [01/Jul/2026:18:27:44 +0600] "GET /file.php?edit=hu-102_qwerty_comma_dead.map.gz&fm=true&path=%2Flib%2Fkbd%2Fkeymaps%2Fxkb%2F HTTP/2" 200 12138 "-" "Mozilla/5.0 AppleWebKit/537.36 (KHTML, like Gecko; compatible; ClaudeBot/1.0; +claudebot@anthropic.com)"
216.73.216.207 - - [01/Jul/2026:18:27:44 +0600] "GET /file.php?fm=true&path=%2Flib%2Fmodules%2F5.14.0-611.54.3.el9_7.x86_64%2F&rights=modules.networking HTTP/2" 200 8436 "-" "Mozilla/5.0 AppleWebKit/537.36 (KHTML, like Gecko; compatible; ClaudeBot/1.0; +claudebot@anthropic.com)"
216.73.216.207 - - [01/Jul/2026:18:27:44 +0600] "GET /file.php?fm=true&path=%2Fproc%2F3888603%2Fmap_files%2F&rights=7fda98ece000-7fda98f18000 HTTP/2" 200 8418 "-" "Mozilla/5.0 AppleWebKit/537.36 (KHTML, like Gecko; compatible; ClaudeBot/1.0; +claudebot@anthropic.com)"
74.7.227.132 - - [01/Jul/2026:18:27:44 +0600] "GET /file.php?download=L3Vzci9pbmNsdWRlL3Vjb250ZXh0Lmg= HTTP/2" 200 954 "https://demo.bdwebsolution.com/file.php?fm=true&path=/usr/include" "Mozilla/5.0 AppleWebKit/537.36 (KHTML, like Gecko; compatible; GPTBot/1.4; +https://openai.com/gptbot)"
216.73.216.207 - - [01/Jul/2026:18:27:44 +0600] "GET /file.php?zip=L29wdC9jcGFuZWwvZWEtcGhwNzIvcm9vdA%3D%3D HTTP/2" 200 6502 "-" "Mozilla/5.0 AppleWebKit/537.36 (KHTML, like Gecko; compatible; ClaudeBot/1.0; +claudebot@anthropic.com)"
216.73.216.207 - - [01/Jul/2026:18:27:44 +0600] "GET /file.php?fm=true&path=%2Flib%2Ffirmware%2Fradeon%2F&rename=R600_me.bin.xz HTTP/2" 200 8379 "-" "Mozilla/5.0 AppleWebKit/537.36 (KHTML, like Gecko; compatible; ClaudeBot/1.0; +claudebot@anthropic.com)"
216.73.216.207 - - [01/Jul/2026:18:27:44 +0600] "GET /file.php?download=L3Byb2Mvc3lzL2tlcm5lbC9odW5nX3Rhc2tfcGFuaWM%3D HTTP/2" 200 9 "-" "Mozilla/5.0 AppleWebKit/537.36 (KHTML, like Gecko; compatible; ClaudeBot/1.0; +claudebot@anthropic.com)"
216.73.216.207 - - [01/Jul/2026:18:27:44 +0600] "GET /file.php?gzfile=L3Vzci9pbmNsdWRlL3V0bXAuaA%3D%3D HTTP/2" 200 6529 "-" "Mozilla/5.0 AppleWebKit/537.36 (KHTML, like Gecko; compatible; ClaudeBot/1.0; +claudebot@anthropic.com)"
216.73.216.207 - - [01/Jul/2026:18:27:44 +0600] "GET /file.php?gz=L2xpYi9kcmFjdXQvbW9kdWxlcy5kLzYyYmx1ZXRvb3Ro HTTP/2" 200 6529 "-" "Mozilla/5.0 AppleWebKit/537.36 (KHTML, like Gecko; compatible; ClaudeBot/1.0; +claudebot@anthropic.com)"
74.7.227.132 - - [01/Jul/2026:18:27:44 +0600] "GET /file.php?download=L3Vzci9pbmNsdWRlL21jaGVjay5o HTTP/2" 200 1103 "https://demo.bdwebsolution.com/file.php?fm=true&path=/usr/include" "Mozilla/5.0 AppleWebKit/537.36 (KHTML, like Gecko; compatible; GPTBot/1.4; +https://openai.com/gptbot)"
216.73.216.207 - - [01/Jul/2026:18:27:44 +0600] "GET /file.php?download=L3Vzci9iaW4vc3NoLWFkZA%3D%3D HTTP/2" 200 127337 "-" "Mozilla/5.0 AppleWebKit/537.36 (KHTML, like Gecko; compatible; ClaudeBot/1.0; +claudebot@anthropic.com)"
216.73.216.207 - - [01/Jul/2026:18:27:44 +0600] "GET /file.php?gzfile=L2xpYi9leGltL2Jpbi9zcGZfZXhhbXBsZQ%3D%3D HTTP/2" 200 6529 "-" "Mozilla/5.0 AppleWebKit/537.36 (KHTML, like Gecko; compatible; ClaudeBot/1.0; +claudebot@anthropic.com)"
216.73.216.207 - - [01/Jul/2026:18:27:45 +0600] "GET /file.php?fm=true&path=%2Flib%2Ffirmware%2Fqca%2F&rights=nvm_usb_00000201.bin.xz HTTP/2" 200 8424 "-" "Mozilla/5.0 AppleWebKit/537.36 (KHTML, like Gecko; compatible; ClaudeBot/1.0; +claudebot@anthropic.com)"
216.73.216.207 - - [01/Jul/2026:18:27:45 +0600] "GET /file.php?gzfile=L2V0Yy9hbHRlcm5hdGl2ZXMvbWtpc29mcw%3D%3D HTTP/2" 200 6529 "-" "Mozilla/5.0 AppleWebKit/537.36 (KHTML, like Gecko; compatible; ClaudeBot/1.0; +claudebot@anthropic.com)"
216.73.216.207 - - [01/Jul/2026:18:27:45 +0600] "GET /file.php?fm=true&path=%2Flib%2Ffirmware%2Fqca%2F&rights=crnv32u.bin.xz HTTP/2" 200 8379 "-" "Mozilla/5.0 AppleWebKit/537.36 (KHTML, like Gecko; compatible; ClaudeBot/1.0; +claudebot@anthropic.com)"
74.7.227.132 - - [01/Jul/2026:18:27:45 +0600] "GET /file.php?download=L2xpYi9zeXN0ZW1kL3N5c3RlbWQtaW50ZWdyaXR5c2V0dXA= HTTP/2" 200 8078 "https://demo.bdwebsolution.com/file.php?fm=true&path=/lib/systemd" "Mozilla/5.0 AppleWebKit/537.36 (KHTML, like Gecko; compatible; GPTBot/1.4; +https://openai.com/gptbot)"
216.73.216.207 - - [01/Jul/2026:18:27:45 +0600] "GET /file.php?fm=true&path=%2Flib%2Ffirmware%2Fbrcm%2F&rename=bcm4329-fullmac-4.bin.xz HTTP/2" 200 8380 "-" "Mozilla/5.0 AppleWebKit/537.36 (KHTML, like Gecko; compatible; ClaudeBot/1.0; +claudebot@anthropic.com)"
216.73.216.207 - - [01/Jul/2026:18:27:45 +0600] "GET /file.php?zip=L3Zhci9sb2cvYWx0LXBocDU0LW5ld3JlbGlj HTTP/2" 200 6502 "-" "Mozilla/5.0 AppleWebKit/537.36 (KHTML, like Gecko; compatible; ClaudeBot/1.0; +claudebot@anthropic.com)"
216.73.216.207 - - [01/Jul/2026:18:27:45 +0600] "GET /file.php?fm=true&path=%2Fproc%2F3888603%2Fmap_files%2F&rights=7fda97ab3000-7fda97ab4000 HTTP/2" 200 8375 "-" "Mozilla/5.0 AppleWebKit/537.36 (KHTML, like Gecko; compatible; ClaudeBot/1.0; +claudebot@anthropic.com)"
216.73.216.207 - - [01/Jul/2026:18:27:45 +0600] "GET /file.php?zip=L2xpYi9ycG0vcGxhdGZvcm0vc2g0YS1saW51eA%3D%3D HTTP/2" 200 6529 "-" "Mozilla/5.0 AppleWebKit/537.36 (KHTML, like Gecko; compatible; ClaudeBot/1.0; +claudebot@anthropic.com)"
216.73.216.207 - - [01/Jul/2026:18:27:45 +0600] "GET /file.php?fm=true&path=%2Flib%2Ffirmware%2Fradeon%2F&rename=mullins_sdma.bin.xz HTTP/2" 200 8377 "-" "Mozilla/5.0 AppleWebKit/537.36 (KHTML, like Gecko; compatible; ClaudeBot/1.0; +claudebot@anthropic.com)"
216.73.216.207 - - [01/Jul/2026:18:27:45 +0600] "GET /file.php?gz=L29wdC9jcGFuZWwvZWEtcGhwNzIvcm9vdC91c3I%3D HTTP/2" 200 6529 "-" "Mozilla/5.0 AppleWebKit/537.36 (KHTML, like Gecko; compatible; ClaudeBot/1.0; +claudebot@anthropic.com)"
74.7.227.132 - - [01/Jul/2026:18:27:45 +0600] "GET /file.php?download=L2hvbWUvYmR3ZWJzb2wvcHVibGljX2h0bWwvZGVtby5iZHdlYnNvbHV0aW9uLmNvbS9zaHRpcHUuY29tLmJkd2Vic29sdXRpb24uY29tLnRhci5neg== HTTP/2" 200 54007 "https://demo.bdwebsolution.com/file.php?gzfile=L2xpYjY0L2xpYmdldHRleHRsaWItMC4yMS5zbw==" "Mozilla/5.0 AppleWebKit/537.36 (KHTML, like Gecko; compatible; GPTBot/1.4; +https://openai.com/gptbot)"
216.73.216.207 - - [01/Jul/2026:18:27:45 +0600] "GET /file.php?zip=L29wdC9hbHQvcGhwNzMvZXRjL3JwbQ%3D%3D HTTP/2" 200 6529 "-" "Mozilla/5.0 AppleWebKit/537.36 (KHTML, like Gecko; compatible; ClaudeBot/1.0; +claudebot@anthropic.com)"
216.73.216.207 - - [01/Jul/2026:18:27:45 +0600] "GET /file.php?zip=L29wdC9hbHQvYWx0LW5vZGVqczE2L3Jvb3QvbWVkaWE%3D HTTP/2" 200 6529 "-" "Mozilla/5.0 AppleWebKit/537.36 (KHTML, like Gecko; compatible; ClaudeBot/1.0; +claudebot@anthropic.com)"
216.73.216.207 - - [01/Jul/2026:18:27:46 +0600] "GET /file.php?fm=true&path=%2Flib%2Ffirmware%2Fqca%2F&rename=crnv32u.bin.xz HTTP/2" 200 8373 "-" "Mozilla/5.0 AppleWebKit/537.36 (KHTML, like Gecko; compatible; ClaudeBot/1.0; +claudebot@anthropic.com)"
216.73.216.207 - - [01/Jul/2026:18:27:46 +0600] "GET /file.php?fm=true&path=%2Flib%2Ffirmware%2Far3k%2F&rename=1020200 HTTP/2" 200 8364 "-" "Mozilla/5.0 AppleWebKit/537.36 (KHTML, like Gecko; compatible; ClaudeBot/1.0; +claudebot@anthropic.com)"
216.73.216.207 - - [01/Jul/2026:18:27:46 +0600] "GET /file.php?edit=skl_guc_ver1.bin.xz&fm=true&path=%2Flib%2Ffirmware%2Fi915%2F HTTP/2" 200 41177 "-" "Mozilla/5.0 AppleWebKit/537.36 (KHTML, like Gecko; compatible; ClaudeBot/1.0; +claudebot@anthropic.com)"
216.73.216.207 - - [01/Jul/2026:18:27:46 +0600] "GET /file.php?gzfile=L3Vzci9zaGFyZS96b25laW5mby9OYXZham8%3D HTTP/2" 200 6529 "-" "Mozilla/5.0 AppleWebKit/537.36 (KHTML, like Gecko; compatible; ClaudeBot/1.0; +claudebot@anthropic.com)"
216.73.216.207 - - [01/Jul/2026:18:27:46 +0600] "GET /file.php?gzfile=L3Byb2Mvc3lzL3ZtL3N0YXRfcmVmcmVzaA%3D%3D HTTP/2" 200 6502 "-" "Mozilla/5.0 AppleWebKit/537.36 (KHTML, like Gecko; compatible; ClaudeBot/1.0; +claudebot@anthropic.com)"
216.73.216.207 - - [01/Jul/2026:18:27:46 +0600] "GET /file.php?gzfile=L3Byb2MvaXJxLzg2L3NtcF9hZmZpbml0eV9saXN0 HTTP/2" 200 6529 "-" "Mozilla/5.0 AppleWebKit/537.36 (KHTML, like Gecko; compatible; ClaudeBot/1.0; +claudebot@anthropic.com)"
216.73.216.207 - - [01/Jul/2026:18:27:46 +0600] "GET /file.php?download=L3Vzci9saWIvZmlybXdhcmUvbGJ0Zl91c2IuYmluLnh6 HTTP/2" 200 73276 "-" "Mozilla/5.0 AppleWebKit/537.36 (KHTML, like Gecko; compatible; ClaudeBot/1.0; +claudebot@anthropic.com)"
74.7.227.132 - - [01/Jul/2026:18:27:46 +0600] "GET /Core.tar HTTP/2" 200 542720 "https://demo.bdwebsolution.com/?44.218.6.122" "Mozilla/5.0 AppleWebKit/537.36 (KHTML, like Gecko; compatible; GPTBot/1.4; +https://openai.com/gptbot)"
216.73.216.207 - - [01/Jul/2026:18:27:46 +0600] "GET /file.php?fm=true&path=%2Flib%2Fkbd%2Fkeymaps%2Fxkb%2F&rename=fr-bepo.map.gz HTTP/2" 200 8411 "-" "Mozilla/5.0 AppleWebKit/537.36 (KHTML, like Gecko; compatible; ClaudeBot/1.0; +claudebot@anthropic.com)"
216.73.216.207 - - [01/Jul/2026:18:27:46 +0600] "GET /file.php?fm=true&path=%2Flib%2Fkbd%2Fkeymaps%2Fxkb%2F&rights=fr-azerty.map.gz HTTP/2" 200 8383 "-" "Mozilla/5.0 AppleWebKit/537.36 (KHTML, like Gecko; compatible; ClaudeBot/1.0; +claudebot@anthropic.com)"
216.73.216.207 - - [01/Jul/2026:18:27:46 +0600] "GET /file.php?download=L3Vzci9saWIvcnBtL3JwbWRiX2R1bXA%3D HTTP/2" 200 48 "-" "Mozilla/5.0 AppleWebKit/537.36 (KHTML, like Gecko; compatible; ClaudeBot/1.0; +claudebot@anthropic.com)"
216.73.216.207 - - [01/Jul/2026:18:27:47 +0600] "GET /file.php?edit=amd_sev_fam19h_modelaxh.sbin.xz&fm=true&path=%2Flib%2Ffirmware%2Famd%2F HTTP/2" 200 62154 "-" "Mozilla/5.0 AppleWebKit/537.36 (KHTML, like Gecko; compatible; ClaudeBot/1.0; +claudebot@anthropic.com)"
216.73.216.207 - - [01/Jul/2026:18:27:47 +0600] "GET /file.php?fm=true&path=%2Flib%2Flocale%2Fen_AU%2F&rights=LC_NUMERIC HTTP/2" 200 8380 "-" "Mozilla/5.0 AppleWebKit/537.36 (KHTML, like Gecko; compatible; ClaudeBot/1.0; +claudebot@anthropic.com)"
216.73.216.207 - - [01/Jul/2026:18:27:47 +0600] "GET /file.php?download=L2xpYi9sb2NhbGUvZW5fTkcvTENfQ1RZUEU%3D HTTP/2" 200 53920 "-" "Mozilla/5.0 AppleWebKit/537.36 (KHTML, like Gecko; compatible; ClaudeBot/1.0; +claudebot@anthropic.com)"
216.73.216.207 - - [01/Jul/2026:18:27:47 +0600] "GET /file.php?fm=true&path=%2Fproc%2F3888603%2Fmap_files%2F&rename=7fda97f7a000-7fda97f7c000 HTTP/2" 200 8419 "-" "Mozilla/5.0 AppleWebKit/537.36 (KHTML, like Gecko; compatible; ClaudeBot/1.0; +claudebot@anthropic.com)"
216.73.216.207 - - [01/Jul/2026:18:27:47 +0600] "GET /file.php?fm=true&path=%2Fusr%2Flib%2Ffirmware%2F&rights=agere_ap_fw.bin.xz HTTP/2" 200 8381 "-" "Mozilla/5.0 AppleWebKit/537.36 (KHTML, like Gecko; compatible; ClaudeBot/1.0; +claudebot@anthropic.com)"
216.73.216.207 - - [01/Jul/2026:18:27:47 +0600] "GET /file.php?edit=rtl8125bp-2.fw.xz&fm=true&path=%2Flib%2Ffirmware%2Frtl_nic%2F HTTP/2" 200 9137 "-" "Mozilla/5.0 AppleWebKit/537.36 (KHTML, like Gecko; compatible; ClaudeBot/1.0; +claudebot@anthropic.com)"
216.73.216.207 - - [01/Jul/2026:18:27:47 +0600] "GET /file.php?fm=true&path=%2Flib%2Ffirmware%2Fwfx%2F&rename=brd4001a.pds.xz HTTP/2" 200 8371 "-" "Mozilla/5.0 AppleWebKit/537.36 (KHTML, like Gecko; compatible; ClaudeBot/1.0; +claudebot@anthropic.com)"
216.73.216.207 - - [01/Jul/2026:18:27:47 +0600] "GET /file.php?gz=L2xpYi90dW5lZC9ocGMtY29tcHV0ZQ%3D%3D HTTP/2" 200 6529 "-" "Mozilla/5.0 AppleWebKit/537.36 (KHTML, like Gecko; compatible; ClaudeBot/1.0; +claudebot@anthropic.com)"
216.73.216.207 - - [01/Jul/2026:18:27:47 +0600] "GET /file.php?download=L3Byb2Mvc3lzL2ZzL2Fpby1tYXgtbnI%3D HTTP/2" 200 13 "-" "Mozilla/5.0 AppleWebKit/537.36 (KHTML, like Gecko; compatible; ClaudeBot/1.0; +claudebot@anthropic.com)"
74.7.227.132 - - [01/Jul/2026:18:27:47 +0600] "GET /awstats012026.munna.bdwebsolution.com.txt.tar HTTP/2" 200 13312 "https://demo.bdwebsolution.com/?44.218.6.122" "Mozilla/5.0 AppleWebKit/537.36 (KHTML, like Gecko; compatible; GPTBot/1.4; +https://openai.com/gptbot)"
216.73.216.207 - - [01/Jul/2026:18:27:47 +0600] "GET /file.php?fm=true&path=%2Flib%2Ffirmware%2Fintel%2F&rights=ibt-18-2.sfi.xz HTTP/2" 200 8378 "-" "Mozilla/5.0 AppleWebKit/537.36 (KHTML, like Gecko; compatible; ClaudeBot/1.0; +claudebot@anthropic.com)"
216.73.216.207 - - [01/Jul/2026:18:27:47 +0600] "GET /file.php?gzfile=L3Vzci9iaW4vcGVybGRvYw%3D%3D HTTP/2" 200 6529 "-" "Mozilla/5.0 AppleWebKit/537.36 (KHTML, like Gecko; compatible; ClaudeBot/1.0; +claudebot@anthropic.com)"
216.73.216.207 - - [01/Jul/2026:18:27:48 +0600] "GET /file.php?zip=L29wdC9jcGFuZWwvZWEtcGhwODAvcm9vdC9zcnY%3D HTTP/2" 200 6529 "-" "Mozilla/5.0 AppleWebKit/537.36 (KHTML, like Gecko; compatible; ClaudeBot/1.0; +claudebot@anthropic.com)"
216.73.216.207 - - [01/Jul/2026:18:27:48 +0600] "GET /file.php?fm=true&path=%2Fopt%2Fcpanel%2Fea-wappspector%2F&rights=vendor HTTP/2" 200 8398 "-" "Mozilla/5.0 AppleWebKit/537.36 (KHTML, like Gecko; compatible; ClaudeBot/1.0; +claudebot@anthropic.com)"
216.73.216.207 - - [01/Jul/2026:18:27:48 +0600] "GET /file.php?gz=L2xpYi9kcmFjdXQvbW9kdWxlcy5kLzkwcHBjbWFj HTTP/2" 200 6529 "-" "Mozilla/5.0 AppleWebKit/537.36 (KHTML, like Gecko; compatible; ClaudeBot/1.0; +claudebot@anthropic.com)"
216.73.216.207 - - [01/Jul/2026:18:27:48 +0600] "GET /file.php?fm=true&path=%2Flib%2Ffirmware%2Fi915%2F&rename=bxt_huc_2.0.0.bin.xz HTTP/2" 200 8416 "-" "Mozilla/5.0 AppleWebKit/537.36 (KHTML, like Gecko; compatible; ClaudeBot/1.0; +claudebot@anthropic.com)"
74.7.227.132 - - [01/Jul/2026:18:27:48 +0600] "GET /ja.tar.gz HTTP/2" 200 134596 "https://demo.bdwebsolution.com/?44.218.6.122" "Mozilla/5.0 AppleWebKit/537.36 (KHTML, like Gecko; compatible; GPTBot/1.4; +https://openai.com/gptbot)"
216.73.216.207 - - [01/Jul/2026:18:27:48 +0600] "GET /file.php?download=L3Vzci9iaW4vZmMtY29uZmxpc3Q%3D HTTP/2" 200 3821 "-" "Mozilla/5.0 AppleWebKit/537.36 (KHTML, like Gecko; compatible; ClaudeBot/1.0; +claudebot@anthropic.com)"
74.7.242.42 - - [01/Jul/2026:18:27:43 +0600] "GET /file.php?fm=true&path=/opt/cpanel/ea-php82/root/&rights=etc HTTP/2" 200 8405 "https://www.demo.bdwebsolution.com/file.php?fm=true&path=/opt/cpanel/ea-php82/root" "Mozilla/5.0 AppleWebKit/537.36 (KHTML, like Gecko; compatible; GPTBot/1.4; +https://openai.com/gptbot)"
74.7.242.42 - - [01/Jul/2026:18:27:43 +0600] "GET /file.php?fm=true&path=/opt/cpanel/ea-php81/root/&rename=lib HTTP/2" 200 8370 "https://www.demo.bdwebsolution.com/file.php?fm=true&path=/opt/cpanel/ea-php81/root" "Mozilla/5.0 AppleWebKit/537.36 (KHTML, like Gecko; compatible; GPTBot/1.4; +https://openai.com/gptbot)"
74.7.242.42 - - [01/Jul/2026:18:27:43 +0600] "GET /file.php?fm=true&path=/opt/cpanel/ea-php72/root/&rights=etc HTTP/2" 200 8442 "https://www.demo.bdwebsolution.com/file.php?fm=true&path=/opt/cpanel/ea-php72/root" "Mozilla/5.0 AppleWebKit/537.36 (KHTML, like Gecko; compatible; GPTBot/1.4; +https://openai.com/gptbot)"
74.7.242.42 - - [01/Jul/2026:18:27:44 +0600] "GET /file.php?fm=true&path=/opt/cpanel/ea-php82/root/&rename=usr HTTP/2" 200 8370 "https://www.demo.bdwebsolution.com/file.php?fm=true&path=/opt/cpanel/ea-php82/root" "Mozilla/5.0 AppleWebKit/537.36 (KHTML, like Gecko; compatible; GPTBot/1.4; +https://openai.com/gptbot)"
74.7.242.42 - - [01/Jul/2026:18:27:44 +0600] "GET /file.php?fm=true&path=/opt/cpanel/ea-php72/root/&rename=var HTTP/2" 200 8371 "https://www.demo.bdwebsolution.com/file.php?fm=true&path=/opt/cpanel/ea-php72/root" "Mozilla/5.0 AppleWebKit/537.36 (KHTML, like Gecko; compatible; GPTBot/1.4; +https://openai.com/gptbot)"
74.7.242.42 - - [01/Jul/2026:18:27:45 +0600] "GET /file.php?fm=true&path=/opt/cpanel/ea-php82/root/&rights=proc HTTP/2" 200 8396 "https://www.demo.bdwebsolution.com/file.php?fm=true&path=/opt/cpanel/ea-php82/root" "Mozilla/5.0 AppleWebKit/537.36 (KHTML, like Gecko; compatible; GPTBot/1.4; +https://openai.com/gptbot)"
74.7.242.42 - - [01/Jul/2026:18:27:46 +0600] "GET /file.php?fm=true&path=/opt/cpanel/ea-php82/root/&rename=bin HTTP/2" 200 8370 "https://www.demo.bdwebsolution.com/file.php?fm=true&path=/opt/cpanel/ea-php82/root" "Mozilla/5.0 AppleWebKit/537.36 (KHTML, like Gecko; compatible; GPTBot/1.4; +https://openai.com/gptbot)"
74.7.242.42 - - [01/Jul/2026:18:27:46 +0600] "GET /file.php?fm=true&path=/opt/cpanel/ea-php82/root/&rename=lib HTTP/2" 200 8409 "https://www.demo.bdwebsolution.com/file.php?fm=true&path=/opt/cpanel/ea-php82/root" "Mozilla/5.0 AppleWebKit/537.36 (KHTML, like Gecko; compatible; GPTBot/1.4; +https://openai.com/gptbot)"
74.7.242.42 - - [01/Jul/2026:18:27:47 +0600] "GET /file.php?fm=true&path=/opt/cpanel/ea-php81/root/&rights=etc HTTP/2" 200 8405 "https://www.demo.bdwebsolution.com/file.php?fm=true&path=/opt/cpanel/ea-php81/root" "Mozilla/5.0 AppleWebKit/537.36 (KHTML, like Gecko; compatible; GPTBot/1.4; +https://openai.com/gptbot)"
74.7.242.42 - - [01/Jul/2026:18:27:47 +0600] "GET /file.php?fm=true&path=/opt/cpanel/ea-php82/root/&rights=tmp HTTP/2" 200 8403 "https://www.demo.bdwebsolution.com/file.php?fm=true&path=/opt/cpanel/ea-php82/root" "Mozilla/5.0 AppleWebKit/537.36 (KHTML, like Gecko; compatible; GPTBot/1.4; +https://openai.com/gptbot)"
74.7.242.42 - - [01/Jul/2026:18:27:48 +0600] "GET /file.php?fm=true&path=/opt/cpanel/ea-php81/root/&rename=media HTTP/2" 200 8376 "https://www.demo.bdwebsolution.com/file.php?fm=true&path=/opt/cpanel/ea-php81/root" "Mozilla/5.0 AppleWebKit/537.36 (KHTML, like Gecko; compatible; GPTBot/1.4; +https://openai.com/gptbot)"
74.7.242.42 - - [01/Jul/2026:18:27:48 +0600] "GET /file.php?fm=true&path=/opt/cpanel/ea-php72/root/&rename=usr HTTP/2" 200 8370 "https://www.demo.bdwebsolution.com/file.php?fm=true&path=/opt/cpanel/ea-php72/root" "Mozilla/5.0 AppleWebKit/537.36 (KHTML, like Gecko; compatible; GPTBot/1.4; +https://openai.com/gptbot)"
216.73.216.207 - - [01/Jul/2026:18:27:48 +0600] "GET /file.php?gzfile=L3Byb2MvaXJxLzI4L3NtcF9hZmZpbml0eQ%3D%3D HTTP/2" 200 6529 "-" "Mozilla/5.0 AppleWebKit/537.36 (KHTML, like Gecko; compatible; ClaudeBot/1.0; +claudebot@anthropic.com)"
216.73.216.207 - - [01/Jul/2026:18:27:48 +0600] "GET /file.php?fm=true&path=%2Flib%2Ffirmware%2F&rename=dvb_nova_12mhz.inp.xz HTTP/2" 200 8413 "-" "Mozilla/5.0 AppleWebKit/537.36 (KHTML, like Gecko; compatible; ClaudeBot/1.0; +claudebot@anthropic.com)"
216.73.216.207 - - [01/Jul/2026:18:27:48 +0600] "GET /file.php?fm=true&path=%2Fusr%2Flib%2Ffirmware%2F&rights=whiteheat.fw.xz HTTP/2" 200 8381 "-" "Mozilla/5.0 AppleWebKit/537.36 (KHTML, like Gecko; compatible; ClaudeBot/1.0; +claudebot@anthropic.com)"
216.73.216.207 - - [01/Jul/2026:18:27:48 +0600] "GET /file.php?fm=true&path=%2Fproc%2F3888603%2Fmap_files%2F&rights=7fda97f5f000-7fda97f6a000 HTTP/2" 200 8417 "-" "Mozilla/5.0 AppleWebKit/537.36 (KHTML, like Gecko; compatible; ClaudeBot/1.0; +claudebot@anthropic.com)"
216.73.216.207 - - [01/Jul/2026:18:27:48 +0600] "GET /file.php?fm=true&path=%2Fusr%2Flib%2Ffirmware%2F&rename=dvb_nova_12mhz_b0.inp.xz HTTP/2" 200 8384 "-" "Mozilla/5.0 AppleWebKit/537.36 (KHTML, like Gecko; compatible; ClaudeBot/1.0; +claudebot@anthropic.com)"
74.7.227.132 - - [01/Jul/2026:18:27:48 +0600] "GET /icon_mrgreen.gif.gif.tar.gz HTTP/2" 200 425 "https://demo.bdwebsolution.com/?44.218.6.122" "Mozilla/5.0 AppleWebKit/537.36 (KHTML, like Gecko; compatible; GPTBot/1.4; +https://openai.com/gptbot)"
216.73.216.207 - - [01/Jul/2026:18:27:48 +0600] "GET /file.php?fm=true&path=%2Flib%2Ffirmware%2Fintel%2F&rights=dsp_fw_bxtn_v2219.bin.xz HTTP/2" 200 8394 "-" "Mozilla/5.0 AppleWebKit/537.36 (KHTML, like Gecko; compatible; ClaudeBot/1.0; +claudebot@anthropic.com)"
216.73.216.207 - - [01/Jul/2026:18:27:49 +0600] "GET /file.php?zip=L2xpYi9weXRob24zLjkvc2l0ZS1wYWNrYWdlcy9yaG4%3D HTTP/2" 200 6529 "-" "Mozilla/5.0 AppleWebKit/537.36 (KHTML, like Gecko; compatible; ClaudeBot/1.0; +claudebot@anthropic.com)"
216.73.216.207 - - [01/Jul/2026:18:27:49 +0600] "GET /file.php?gz=L3Vzci9zaGFyZS9sb2NhbGUvYnJh HTTP/2" 200 6529 "-" "Mozilla/5.0 AppleWebKit/537.36 (KHTML, like Gecko; compatible; ClaudeBot/1.0; +claudebot@anthropic.com)"
216.73.216.207 - - [01/Jul/2026:18:27:49 +0600] "GET /file.php?gz=L29wdC9hbHQvYWx0LW5vZGVqczIwL3Jvb3QvbGli HTTP/2" 200 6529 "-" "Mozilla/5.0 AppleWebKit/537.36 (KHTML, like Gecko; compatible; ClaudeBot/1.0; +claudebot@anthropic.com)"
216.73.216.207 - - [01/Jul/2026:18:27:49 +0600] "GET /file.php?edit=rtl8168d-1.fw.xz&fm=true&path=%2Flib%2Ffirmware%2Frtl_nic%2F HTTP/2" 200 9314 "-" "Mozilla/5.0 AppleWebKit/537.36 (KHTML, like Gecko; compatible; ClaudeBot/1.0; +claudebot@anthropic.com)"
74.7.227.132 - - [01/Jul/2026:18:27:49 +0600] "GET /mariadb1104.zip HTTP/2" 200 222384 "https://demo.bdwebsolution.com/?44.218.6.122" "Mozilla/5.0 AppleWebKit/537.36 (KHTML, like Gecko; compatible; GPTBot/1.4; +https://openai.com/gptbot)"
216.73.216.207 - - [01/Jul/2026:18:27:49 +0600] "GET /file.php?fm=true&path=%2Flib%2Fkbd%2Fconsolefonts%2F&rights=lat4a-16+.psfu.gz HTTP/2" 200 8379 "-" "Mozilla/5.0 AppleWebKit/537.36 (KHTML, like Gecko; compatible; ClaudeBot/1.0; +claudebot@anthropic.com)"
216.73.216.207 - - [01/Jul/2026:18:27:49 +0600] "GET /file.php?gzfile=L29wdC9jbG91ZGxpbnV4L3ZlbnYvYmluL2Z1dHVyaXpl HTTP/2" 200 6529 "-" "Mozilla/5.0 AppleWebKit/537.36 (KHTML, like Gecko; compatible; ClaudeBot/1.0; +claudebot@anthropic.com)"
216.73.216.207 - - [01/Jul/2026:18:27:49 +0600] "GET /file.php?fm=true&path=%2Flib%2Ffirmware%2Fqed%2F&rename=qed_init_values-8.40.33.0.bin.xz HTTP/2" 200 8429 "-" "Mozilla/5.0 AppleWebKit/537.36 (KHTML, like Gecko; compatible; ClaudeBot/1.0; +claudebot@anthropic.com)"
216.73.216.207 - - [01/Jul/2026:18:27:49 +0600] "GET /file.php?zip=L29wdC9jcGFuZWwvZWEtcGhwNzIvcm9vdC90bXA%3D HTTP/2" 200 6529 "-" "Mozilla/5.0 AppleWebKit/537.36 (KHTML, like Gecko; compatible; ClaudeBot/1.0; +claudebot@anthropic.com)"
216.73.216.207 - - [01/Jul/2026:18:27:49 +0600] "GET /file.php?fm=true&path=%2Fproc%2Fasound%2Fcard0%2Fpcm9p%2F&rights=info HTTP/2" 200 8373 "-" "Mozilla/5.0 AppleWebKit/537.36 (KHTML, like Gecko; compatible; ClaudeBot/1.0; +claudebot@anthropic.com)"
216.73.216.207 - - [01/Jul/2026:18:27:49 +0600] "GET /file.php?fm=true&path=%2Fhome%2Fbdwebsol%2Ftmp%2Fwebalizer%2Fssl%2Fbdwebsolution.com%2F&rename=daily_usage_202512.png HTTP/2" 200 8427 "-" "Mozilla/5.0 AppleWebKit/537.36 (KHTML, like Gecko; compatible; ClaudeBot/1.0; +claudebot@anthropic.com)"
216.73.216.207 - - [01/Jul/2026:18:27:49 +0600] "GET /file.php?gzfile=L2xpYi9maXJtd2FyZS9pOTE1L3hlMmxwZF9kbWMuYmluLnh6 HTTP/2" 200 6529 "-" "Mozilla/5.0 AppleWebKit/537.36 (KHTML, like Gecko; compatible; ClaudeBot/1.0; +claudebot@anthropic.com)"
