216.73.216.207 - - [01/Jul/2026:18:28:58 +0600] "GET /file.php?fm=true&path=%2Flib%2Ffirmware%2F5.14.0-611.55.1.el9_7.x86_64%2Fintel-ucode%2F&rights=06-96-01 HTTP/2" 200 8431 "-" "Mozilla/5.0 AppleWebKit/537.36 (KHTML, like Gecko; compatible; ClaudeBot/1.0; +claudebot@anthropic.com)"
216.73.216.207 - - [01/Jul/2026:18:28:58 +0600] "GET /file.php?gzfile=L3Vzci9saWIvZmlybXdhcmUvOEVGNi0yLUMuYmluLnh6 HTTP/2" 200 6502 "-" "Mozilla/5.0 AppleWebKit/537.36 (KHTML, like Gecko; compatible; ClaudeBot/1.0; +claudebot@anthropic.com)"
216.73.216.207 - - [01/Jul/2026:18:28:58 +0600] "GET /file.php?fm=true&path=%2Flib%2Ffirmware%2F5.14.0-611.54.3.el9_7.x86_64%2Fintel-ucode%2F&rights=0f-04-01 HTTP/2" 200 8431 "-" "Mozilla/5.0 AppleWebKit/537.36 (KHTML, like Gecko; compatible; ClaudeBot/1.0; +claudebot@anthropic.com)"
216.73.216.207 - - [01/Jul/2026:18:28:58 +0600] "GET /file.php?fm=true&path=%2Flib%2Ffirmware%2F5.14.0-611.54.3.el9_7.x86_64%2Fintel-ucode%2F&rename=06-4c-04 HTTP/2" 200 8434 "-" "Mozilla/5.0 AppleWebKit/537.36 (KHTML, like Gecko; compatible; ClaudeBot/1.0; +claudebot@anthropic.com)"
216.73.216.207 - - [01/Jul/2026:18:28:58 +0600] "GET /file.php?fm=true&path=%2Fusr%2Flib%2Ffirmware%2F&rights=iwlwifi-bz-b0-hr-b0-100.ucode.xz HTTP/2" 200 8395 "-" "Mozilla/5.0 AppleWebKit/537.36 (KHTML, like Gecko; compatible; ClaudeBot/1.0; +claudebot@anthropic.com)"
216.73.216.207 - - [01/Jul/2026:18:28:58 +0600] "GET /file.php?fm=true&path=%2Flib%2Ffirmware%2F5.14.0-611.54.3.el9_7.x86_64%2Fintel-ucode%2F&rights=06-3c-03 HTTP/2" 200 8397 "-" "Mozilla/5.0 AppleWebKit/537.36 (KHTML, like Gecko; compatible; ClaudeBot/1.0; +claudebot@anthropic.com)"
216.73.216.207 - - [01/Jul/2026:18:28:58 +0600] "GET /file.php?fm=true&path=%2Flib%2Ffirmware%2F5.14.0-611.54.3.el9_7.x86_64%2Fintel-ucode%2F&rights=0f-02-06 HTTP/2" 200 8397 "-" "Mozilla/5.0 AppleWebKit/537.36 (KHTML, like Gecko; compatible; ClaudeBot/1.0; +claudebot@anthropic.com)"
216.73.216.207 - - [01/Jul/2026:18:28:58 +0600] "GET /file.php?fm=true&path=%2Fhome%2Fbdwebsol%2Fpublic_html%2Fecommerce1.bdwebsolution.com%2Fwp-content%2Fuploads%2F2024%2F03%2F&rename=vg-vm-dm-3.jpg HTTP/2" 200 8405 "-" "Mozilla/5.0 AppleWebKit/537.36 (KHTML, like Gecko; compatible; ClaudeBot/1.0; +claudebot@anthropic.com)"
216.73.216.207 - - [01/Jul/2026:18:28:58 +0600] "GET /file.php?fm=true&path=%2Flib%2Ffirmware%2F5.14.0-611.54.3.el9_7.x86_64%2Fintel-ucode%2F&rights=06-55-06 HTTP/2" 200 8397 "-" "Mozilla/5.0 AppleWebKit/537.36 (KHTML, like Gecko; compatible; ClaudeBot/1.0; +claudebot@anthropic.com)"
74.7.242.42 - - [01/Jul/2026:18:28:58 +0600] "GET /file.php?fm=true&path=/usr/lib/locale/en_IN HTTP/2" 200 10490 "https://www.demo.bdwebsolution.com/file.php?fm=true&path=/usr/lib/locale" "Mozilla/5.0 AppleWebKit/537.36 (KHTML, like Gecko; compatible; GPTBot/1.4; +https://openai.com/gptbot)"
216.73.216.207 - - [01/Jul/2026:18:28:58 +0600] "GET /file.php?fm=true&path=%2Flib%2Ffirmware%2F5.14.0-611.54.3.el9_7.x86_64%2Fintel-ucode%2F&rights=06-3f-02 HTTP/2" 200 8397 "-" "Mozilla/5.0 AppleWebKit/537.36 (KHTML, like Gecko; compatible; ClaudeBot/1.0; +claudebot@anthropic.com)"
216.73.216.207 - - [01/Jul/2026:18:28:58 +0600] "GET /file.php?gzfile=L2xpYi9weXRob24zLjkvc2l0ZS1wYWNrYWdlcy9weWd0a2NvbXBhdC9fX2luaXRfXy5weQ%3D%3D HTTP/2" 200 6502 "-" "Mozilla/5.0 AppleWebKit/537.36 (KHTML, like Gecko; compatible; ClaudeBot/1.0; +claudebot@anthropic.com)"
216.73.216.207 - - [01/Jul/2026:18:28:58 +0600] "GET /file.php?fm=true&path=%2Fhome%2Fbdwebsol%2Fpublic_html%2Fecommerce1.bdwebsolution.com%2Fwp-content%2Fuploads%2F2024%2F03%2F&rename=brand-lightlife.png HTTP/2" 200 8453 "-" "Mozilla/5.0 AppleWebKit/537.36 (KHTML, like Gecko; compatible; ClaudeBot/1.0; +claudebot@anthropic.com)"
216.73.216.207 - - [01/Jul/2026:18:28:59 +0600] "GET /file.php?fm=true&path=%2Flib%2Ffirmware%2F5.14.0-611.55.1.el9_7.x86_64%2Fintel-ucode%2F&rights=06-4c-03 HTTP/2" 200 8397 "-" "Mozilla/5.0 AppleWebKit/537.36 (KHTML, like Gecko; compatible; ClaudeBot/1.0; +claudebot@anthropic.com)"
74.7.242.42 - - [01/Jul/2026:18:28:59 +0600] "GET /file.php?fm=true&path=/usr/lib/locale/en_GB HTTP/2" 200 10500 "https://www.demo.bdwebsolution.com/file.php?fm=true&path=/usr/lib/locale" "Mozilla/5.0 AppleWebKit/537.36 (KHTML, like Gecko; compatible; GPTBot/1.4; +https://openai.com/gptbot)"
216.73.216.207 - - [01/Jul/2026:18:28:59 +0600] "GET /file.php?fm=true&path=%2Flib%2Ffirmware%2F5.14.0-611.55.1.el9_7.x86_64%2Fintel-ucode%2F&rights=06-9e-09 HTTP/2" 200 8397 "-" "Mozilla/5.0 AppleWebKit/537.36 (KHTML, like Gecko; compatible; ClaudeBot/1.0; +claudebot@anthropic.com)"
216.73.216.207 - - [01/Jul/2026:18:28:59 +0600] "GET /file.php?download=L2xpYi9rYmQva2V5bWFwcy94a2Ivbm8td2lua2V5cy5tYXAuZ3o%3D HTTP/2" 200 3947 "-" "Mozilla/5.0 AppleWebKit/537.36 (KHTML, like Gecko; compatible; ClaudeBot/1.0; +claudebot@anthropic.com)"
216.73.216.207 - - [01/Jul/2026:18:28:59 +0600] "GET /file.php?fm=true&path=%2Flib%2Ffirmware%2F5.14.0-611.54.3.el9_7.x86_64%2Fintel-ucode%2F&rights=06-06-00 HTTP/2" 200 8397 "-" "Mozilla/5.0 AppleWebKit/537.36 (KHTML, like Gecko; compatible; ClaudeBot/1.0; +claudebot@anthropic.com)"
74.7.242.42 - - [01/Jul/2026:18:28:59 +0600] "GET /file.php?fm=true&path=/usr/lib/locale/en_IE HTTP/2" 200 10501 "https://www.demo.bdwebsolution.com/file.php?fm=true&path=/usr/lib/locale" "Mozilla/5.0 AppleWebKit/537.36 (KHTML, like Gecko; compatible; GPTBot/1.4; +https://openai.com/gptbot)"
216.73.216.207 - - [01/Jul/2026:18:28:59 +0600] "GET /file.php?gzfile=L29wdC9jbG91ZGxpbnV4L3ZlbnYvYmluL2dldF9vYmpncmFwaA%3D%3D HTTP/2" 200 6529 "-" "Mozilla/5.0 AppleWebKit/537.36 (KHTML, like Gecko; compatible; ClaudeBot/1.0; +claudebot@anthropic.com)"
216.73.216.207 - - [01/Jul/2026:18:28:59 +0600] "GET /file.php?download=L3Byb2Mvc3lzL2ZzL21xdWV1ZS9tc2dzaXplX21heA%3D%3D HTTP/2" 200 15 "-" "Mozilla/5.0 AppleWebKit/537.36 (KHTML, like Gecko; compatible; ClaudeBot/1.0; +claudebot@anthropic.com)"
216.73.216.207 - - [01/Jul/2026:18:28:59 +0600] "GET /file.php?gzfile=L3Vzci9saWJleGVjL3V0ZW1wdGVyL3V0ZW1wdGVy HTTP/2" 200 6529 "-" "Mozilla/5.0 AppleWebKit/537.36 (KHTML, like Gecko; compatible; ClaudeBot/1.0; +claudebot@anthropic.com)"
216.73.216.207 - - [01/Jul/2026:18:28:59 +0600] "GET /file.php?fm=true&path=%2Flib%2Ffirmware%2F5.14.0-611.55.1.el9_7.x86_64%2Fintel-ucode%2F&rename=06-0f-06 HTTP/2" 200 8395 "-" "Mozilla/5.0 AppleWebKit/537.36 (KHTML, like Gecko; compatible; ClaudeBot/1.0; +claudebot@anthropic.com)"
216.73.216.207 - - [01/Jul/2026:18:28:59 +0600] "GET /file.php?gzfile=L29wdC9hbHQvcGhwODIvZXRjL3BlYXIuY29uZg%3D%3D HTTP/2" 200 6529 "-" "Mozilla/5.0 AppleWebKit/537.36 (KHTML, like Gecko; compatible; ClaudeBot/1.0; +claudebot@anthropic.com)"
216.73.216.207 - - [01/Jul/2026:18:28:59 +0600] "GET /file.php?gz=L29wdC9hbHQvYWx0LW5vZGVqczE0L3Jvb3QvdXNy HTTP/2" 200 6529 "-" "Mozilla/5.0 AppleWebKit/537.36 (KHTML, like Gecko; compatible; ClaudeBot/1.0; +claudebot@anthropic.com)"
216.73.216.207 - - [01/Jul/2026:18:29:00 +0600] "GET /file.php?fm=true&path=%2Fhome%2Fbdwebsol%2Fpublic_html%2Fecommerce1.bdwebsolution.com%2Fwp-content%2Fuploads%2F2024%2F03%2F&rights=vg-d-eg-2.jpg HTTP/2" 200 8416 "-" "Mozilla/5.0 AppleWebKit/537.36 (KHTML, like Gecko; compatible; ClaudeBot/1.0; +claudebot@anthropic.com)"
216.73.216.207 - - [01/Jul/2026:18:29:00 +0600] "GET /file.php?fm=true&path=%2Flib%2Ffirmware%2Fti-connectivity%2F&rename=wl128x-fw-5-mr.bin.xz HTTP/2" 200 8421 "-" "Mozilla/5.0 AppleWebKit/537.36 (KHTML, like Gecko; compatible; ClaudeBot/1.0; +claudebot@anthropic.com)"
74.7.242.42 - - [01/Jul/2026:18:29:00 +0600] "GET /file.php?fm=true&path=/usr/lib/locale/en_ZM HTTP/2" 200 10499 "https://www.demo.bdwebsolution.com/file.php?fm=true&path=/usr/lib/locale" "Mozilla/5.0 AppleWebKit/537.36 (KHTML, like Gecko; compatible; GPTBot/1.4; +https://openai.com/gptbot)"
216.73.216.207 - - [01/Jul/2026:18:29:00 +0600] "GET /file.php?download=L2xpYi9sb2NhbGUvZW5fSEsvTENfTUVBU1VSRU1FTlQ%3D HTTP/2" 200 32 "-" "Mozilla/5.0 AppleWebKit/537.36 (KHTML, like Gecko; compatible; ClaudeBot/1.0; +claudebot@anthropic.com)"
216.73.216.207 - - [01/Jul/2026:18:28:59 +0600] "GET /file.php?download=L3Vzci9saWJleGVjL2dpdC1jb3JlL2dpdC1tZXJnZS1maWxl HTTP/2" 200 2283539 "-" "Mozilla/5.0 AppleWebKit/537.36 (KHTML, like Gecko; compatible; ClaudeBot/1.0; +claudebot@anthropic.com)"
216.73.216.207 - - [01/Jul/2026:18:29:00 +0600] "GET /file.php?fm=true&path=%2Flib%2Ffirmware%2F5.14.0-611.54.3.el9_7.x86_64%2Fintel-ucode%2F&rights=06-17-0a HTTP/2" 200 8397 "-" "Mozilla/5.0 AppleWebKit/537.36 (KHTML, like Gecko; compatible; ClaudeBot/1.0; +claudebot@anthropic.com)"
74.7.242.42 - - [01/Jul/2026:18:29:00 +0600] "GET /file.php?edit=513f3ac7babe9778c0885efedb09c1f611cef5.2&fm=true&path=/lib/.build-id/3c/ HTTP/2" 200 19563 "https://www.demo.bdwebsolution.com/file.php?fm=true&path=/lib/.build-id/3c" "Mozilla/5.0 AppleWebKit/537.36 (KHTML, like Gecko; compatible; GPTBot/1.4; +https://openai.com/gptbot)"
216.73.216.207 - - [01/Jul/2026:18:29:00 +0600] "GET /file.php?gzfile=L2xpYi9maXJtd2FyZS90aS1jb25uZWN0aXZpdHkvVElJbml0XzYuMi4zMS5idHMueHo%3D HTTP/2" 200 6502 "-" "Mozilla/5.0 AppleWebKit/537.36 (KHTML, like Gecko; compatible; ClaudeBot/1.0; +claudebot@anthropic.com)"
216.73.216.207 - - [01/Jul/2026:18:29:00 +0600] "GET /file.php?fm=true&path=%2Flib%2Ffirmware%2F5.14.0-611.55.1.el9_7.x86_64%2Fintel-ucode%2F&rename=06-7a-08 HTTP/2" 200 8395 "-" "Mozilla/5.0 AppleWebKit/537.36 (KHTML, like Gecko; compatible; ClaudeBot/1.0; +claudebot@anthropic.com)"
216.73.216.207 - - [01/Jul/2026:18:29:00 +0600] "GET /file.php?fm=true&path=%2Flib%2Ffirmware%2F5.14.0-611.55.1.el9_7.x86_64%2Fintel-ucode%2F&rights=06-46-01 HTTP/2" 200 8397 "-" "Mozilla/5.0 AppleWebKit/537.36 (KHTML, like Gecko; compatible; ClaudeBot/1.0; +claudebot@anthropic.com)"
216.73.216.207 - - [01/Jul/2026:18:29:00 +0600] "GET /file.php?fm=true&path=%2Flib%2Ffirmware%2F5.14.0-611.55.1.el9_7.x86_64%2Fintel-ucode%2F&rights=06-45-01 HTTP/2" 200 8431 "-" "Mozilla/5.0 AppleWebKit/537.36 (KHTML, like Gecko; compatible; ClaudeBot/1.0; +claudebot@anthropic.com)"
216.73.216.207 - - [01/Jul/2026:18:29:01 +0600] "GET /file.php?gz=L3Vzci9zaGFyZS9sb2NhbGUvbmwudXMtYXNjaWk%3D HTTP/2" 200 6529 "-" "Mozilla/5.0 AppleWebKit/537.36 (KHTML, like Gecko; compatible; ClaudeBot/1.0; +claudebot@anthropic.com)"
216.73.216.207 - - [01/Jul/2026:18:29:01 +0600] "GET /file.php?fm=true&path=%2Flib%2Ffirmware%2F5.14.0-611.55.1.el9_7.x86_64%2Fintel-ucode%2F&rename=06-2f-02 HTTP/2" 200 8433 "-" "Mozilla/5.0 AppleWebKit/537.36 (KHTML, like Gecko; compatible; ClaudeBot/1.0; +claudebot@anthropic.com)"
216.73.216.207 - - [01/Jul/2026:18:29:01 +0600] "GET /file.php?fm=true&path=%2Flib%2Ffirmware%2F5.14.0-611.55.1.el9_7.x86_64%2Fintel-ucode%2F&rights=0f-06-05 HTTP/2" 200 8397 "-" "Mozilla/5.0 AppleWebKit/537.36 (KHTML, like Gecko; compatible; ClaudeBot/1.0; +claudebot@anthropic.com)"
216.73.216.207 - - [01/Jul/2026:18:29:01 +0600] "GET /file.php?download=L3Vzci9zaGFyZS96b25laW5mby9NU1Q3TURU HTTP/2" 200 1330 "-" "Mozilla/5.0 AppleWebKit/537.36 (KHTML, like Gecko; compatible; ClaudeBot/1.0; +claudebot@anthropic.com)"
216.73.216.207 - - [01/Jul/2026:18:29:01 +0600] "GET /file.php?fm=true&path=%2Flib%2Ffirmware%2F5.14.0-611.54.3.el9_7.x86_64%2Fintel-ucode%2F&rename=06-9a-04 HTTP/2" 200 8395 "-" "Mozilla/5.0 AppleWebKit/537.36 (KHTML, like Gecko; compatible; ClaudeBot/1.0; +claudebot@anthropic.com)"
74.7.242.42 - - [01/Jul/2026:18:29:01 +0600] "GET /file.php?edit=9917f3db82329f04f8dc2ab5cbfa90c9e9e4bb.1&fm=true&path=/lib/.build-id/8a/ HTTP/2" 200 8417 "https://www.demo.bdwebsolution.com/file.php?fm=true&path=/lib/.build-id/8a" "Mozilla/5.0 AppleWebKit/537.36 (KHTML, like Gecko; compatible; GPTBot/1.4; +https://openai.com/gptbot)"
216.73.216.207 - - [01/Jul/2026:18:29:01 +0600] "GET /file.php?fm=true&path=%2Flib%2Ffirmware%2F5.14.0-611.55.1.el9_7.x86_64%2Fintel-ucode%2F&rights=0f-04-0a HTTP/2" 200 8397 "-" "Mozilla/5.0 AppleWebKit/537.36 (KHTML, like Gecko; compatible; ClaudeBot/1.0; +claudebot@anthropic.com)"
216.73.216.207 - - [01/Jul/2026:18:29:01 +0600] "GET /file.php?fm=true&path=%2Flib%2Ffirmware%2F5.14.0-611.54.3.el9_7.x86_64%2Fintel-ucode%2F&rights=06-a6-00 HTTP/2" 200 8397 "-" "Mozilla/5.0 AppleWebKit/537.36 (KHTML, like Gecko; compatible; ClaudeBot/1.0; +claudebot@anthropic.com)"
216.73.216.207 - - [01/Jul/2026:18:29:01 +0600] "GET /file.php?fm=true&path=%2Flib%2Ffirmware%2F5.14.0-611.55.1.el9_7.x86_64%2Fintel-ucode%2F&rights=06-0a-00 HTTP/2" 200 8397 "-" "Mozilla/5.0 AppleWebKit/537.36 (KHTML, like Gecko; compatible; ClaudeBot/1.0; +claudebot@anthropic.com)"
216.73.216.207 - - [01/Jul/2026:18:29:01 +0600] "GET /file.php?gzfile=L3Vzci9saWIvZmlybXdhcmUvOEU4Ny0yLTkuYmluLnh6 HTTP/2" 200 6529 "-" "Mozilla/5.0 AppleWebKit/537.36 (KHTML, like Gecko; compatible; ClaudeBot/1.0; +claudebot@anthropic.com)"
216.73.216.207 - - [01/Jul/2026:18:29:01 +0600] "GET /file.php?fm=true&path=%2Flib%2Ffirmware%2F5.14.0-611.54.3.el9_7.x86_64%2Fintel-ucode%2F&rename=06-9c-00 HTTP/2" 200 8395 "-" "Mozilla/5.0 AppleWebKit/537.36 (KHTML, like Gecko; compatible; ClaudeBot/1.0; +claudebot@anthropic.com)"
74.7.242.42 - - [01/Jul/2026:18:29:01 +0600] "GET /file.php?edit=7fc43c110f68d6afbb28fd64b3bde6f8fb4e53.1&fm=true&path=/lib/.build-id/f5/ HTTP/2" 200 8417 "https://www.demo.bdwebsolution.com/file.php?fm=true&path=/lib/.build-id/f5" "Mozilla/5.0 AppleWebKit/537.36 (KHTML, like Gecko; compatible; GPTBot/1.4; +https://openai.com/gptbot)"
216.73.216.207 - - [01/Jul/2026:18:29:01 +0600] "GET /file.php?gzfile=L3Vzci9saWJleGVjL2dldGNvbmYvWEJTNV9MUDY0X09GRjY0 HTTP/2" 200 6502 "-" "Mozilla/5.0 AppleWebKit/537.36 (KHTML, like Gecko; compatible; ClaudeBot/1.0; +claudebot@anthropic.com)"
216.73.216.207 - - [01/Jul/2026:18:29:02 +0600] "GET /file.php?gzfile=L2xpYi9sb2NhbGUvZW5fVVMuaXNvODg1OTE1L0xDX0NUWVBF HTTP/2" 200 6529 "-" "Mozilla/5.0 AppleWebKit/537.36 (KHTML, like Gecko; compatible; ClaudeBot/1.0; +claudebot@anthropic.com)"
216.73.216.207 - - [01/Jul/2026:18:29:02 +0600] "GET /file.php?fm=true&path=%2Flib%2Ffirmware%2F5.14.0-611.55.1.el9_7.x86_64%2Fintel-ucode%2F&rights=0f-00-07 HTTP/2" 200 8396 "-" "Mozilla/5.0 AppleWebKit/537.36 (KHTML, like Gecko; compatible; ClaudeBot/1.0; +claudebot@anthropic.com)"
216.73.216.207 - - [01/Jul/2026:18:29:02 +0600] "GET /file.php?gzfile=L3Vzci9saWIvc3lzdGVtZC9zeXN0ZW1kLXZlcml0eXNldHVw HTTP/2" 200 6529 "-" "Mozilla/5.0 AppleWebKit/537.36 (KHTML, like Gecko; compatible; ClaudeBot/1.0; +claudebot@anthropic.com)"
216.73.216.207 - - [01/Jul/2026:18:29:02 +0600] "GET /file.php?fm=true&path=%2Flib%2Ffirmware%2F5.14.0-611.54.3.el9_7.x86_64%2Fintel-ucode%2F&rename=06-08-0a HTTP/2" 200 8395 "-" "Mozilla/5.0 AppleWebKit/537.36 (KHTML, like Gecko; compatible; ClaudeBot/1.0; +claudebot@anthropic.com)"
216.73.216.207 - - [01/Jul/2026:18:29:02 +0600] "GET /file.php?fm=true&path=%2Flib%2Ffirmware%2F5.14.0-611.54.3.el9_7.x86_64%2Fintel-ucode%2F&rename=06-0a-01 HTTP/2" 200 8395 "-" "Mozilla/5.0 AppleWebKit/537.36 (KHTML, like Gecko; compatible; ClaudeBot/1.0; +claudebot@anthropic.com)"
216.73.216.207 - - [01/Jul/2026:18:29:02 +0600] "GET /file.php?fm=true&path=%2Flib%2Ffirmware%2F5.14.0-611.54.3.el9_7.x86_64%2Fintel-ucode%2F&rights=06-47-01 HTTP/2" 200 8397 "-" "Mozilla/5.0 AppleWebKit/537.36 (KHTML, like Gecko; compatible; ClaudeBot/1.0; +claudebot@anthropic.com)"
74.7.242.42 - - [01/Jul/2026:18:29:02 +0600] "GET /file.php?edit=4c48492d690ec9ed44dcaad8bed71d66a756f2.1&fm=true&path=/lib/.build-id/cb/ HTTP/2" 200 93679 "https://www.demo.bdwebsolution.com/file.php?fm=true&path=/lib/.build-id/cb" "Mozilla/5.0 AppleWebKit/537.36 (KHTML, like Gecko; compatible; GPTBot/1.4; +https://openai.com/gptbot)"
216.73.216.207 - - [01/Jul/2026:18:29:02 +0600] "GET /file.php?fm=true&path=%2Flib%2Ffirmware%2F5.14.0-611.55.1.el9_7.x86_64%2Fintel-ucode%2F&rename=06-7a-01 HTTP/2" 200 8395 "-" "Mozilla/5.0 AppleWebKit/537.36 (KHTML, like Gecko; compatible; ClaudeBot/1.0; +claudebot@anthropic.com)"
216.73.216.207 - - [01/Jul/2026:18:29:02 +0600] "GET /file.php?fm=true&path=%2Flib%2Ffirmware%2F5.14.0-611.55.1.el9_7.x86_64%2Fintel-ucode%2F&rights=06-9a-03 HTTP/2" 200 8397 "-" "Mozilla/5.0 AppleWebKit/537.36 (KHTML, like Gecko; compatible; ClaudeBot/1.0; +claudebot@anthropic.com)"
216.73.216.207 - - [01/Jul/2026:18:29:02 +0600] "GET /file.php?gzfile=L2xpYi9maXJtd2FyZS9udmlkaWEvZ2syMGEvc3dfYnVuZGxlX2luaXQuYmluLnh6 HTTP/2" 200 6529 "-" "Mozilla/5.0 AppleWebKit/537.36 (KHTML, like Gecko; compatible; ClaudeBot/1.0; +claudebot@anthropic.com)"
216.73.216.207 - - [01/Jul/2026:18:29:02 +0600] "GET /file.php?fm=true&path=%2Fhome%2Fbdwebsol%2Fpublic_html%2Fecommerce1.bdwebsolution.com%2Fwp-content%2Fuploads%2F2024%2F03%2F&rights=brand-union-coffee.png HTTP/2" 200 8419 "-" "Mozilla/5.0 AppleWebKit/537.36 (KHTML, like Gecko; compatible; ClaudeBot/1.0; +claudebot@anthropic.com)"
216.73.216.207 - - [01/Jul/2026:18:29:03 +0600] "GET /file.php?fm=true&path=%2Flib%2Ffirmware%2F5.14.0-611.54.3.el9_7.x86_64%2Fintel-ucode%2F&rights=06-af-03 HTTP/2" 200 8397 "-" "Mozilla/5.0 AppleWebKit/537.36 (KHTML, like Gecko; compatible; ClaudeBot/1.0; +claudebot@anthropic.com)"
216.73.216.207 - - [01/Jul/2026:18:29:03 +0600] "GET /file.php?gz=L29wdC9hbHQvYWx0LW5vZGVqczE2L3Jvb3Qvcm9vdA%3D%3D HTTP/2" 200 6529 "-" "Mozilla/5.0 AppleWebKit/537.36 (KHTML, like Gecko; compatible; ClaudeBot/1.0; +claudebot@anthropic.com)"
216.73.216.207 - - [01/Jul/2026:18:29:03 +0600] "GET /file.php?gz=L29wdC9hbHQvcGhwNzEvZXRjL21hcmlhZGIxMDI%3D HTTP/2" 200 6529 "-" "Mozilla/5.0 AppleWebKit/537.36 (KHTML, like Gecko; compatible; ClaudeBot/1.0; +claudebot@anthropic.com)"
216.73.216.207 - - [01/Jul/2026:18:29:03 +0600] "GET /file.php?fm=true&path=%2Flib%2Ffirmware%2F5.14.0-611.54.3.el9_7.x86_64%2Fintel-ucode%2F&rights=06-6a-06 HTTP/2" 200 8431 "-" "Mozilla/5.0 AppleWebKit/537.36 (KHTML, like Gecko; compatible; ClaudeBot/1.0; +claudebot@anthropic.com)"
216.73.216.207 - - [01/Jul/2026:18:29:03 +0600] "GET /file.php?gz=L29wdC9hbHQvYWx0LW5vZGVqczkvcm9vdC9wcm9j HTTP/2" 200 6529 "-" "Mozilla/5.0 AppleWebKit/537.36 (KHTML, like Gecko; compatible; ClaudeBot/1.0; +claudebot@anthropic.com)"
216.73.216.207 - - [01/Jul/2026:18:29:03 +0600] "GET /file.php?fm=true&path=%2Flib%2Ffirmware%2F5.14.0-611.55.1.el9_7.x86_64%2Fintel-ucode%2F&rights=06-a5-05 HTTP/2" 200 8397 "-" "Mozilla/5.0 AppleWebKit/537.36 (KHTML, like Gecko; compatible; ClaudeBot/1.0; +claudebot@anthropic.com)"
216.73.216.207 - - [01/Jul/2026:18:29:03 +0600] "GET /file.php?fm=true&path=%2Flib%2Ffirmware%2F5.14.0-611.54.3.el9_7.x86_64%2Fintel-ucode%2F&rename=06-1d-01 HTTP/2" 200 8395 "-" "Mozilla/5.0 AppleWebKit/537.36 (KHTML, like Gecko; compatible; ClaudeBot/1.0; +claudebot@anthropic.com)"
74.7.242.42 - - [01/Jul/2026:18:29:03 +0600] "GET /file.php?fm=true&path=/usr/lib64/perl5/auto/&rights=Opcode HTTP/2" 200 8403 "https://www.demo.bdwebsolution.com/file.php?fm=true&path=/usr/lib64/perl5/auto" "Mozilla/5.0 AppleWebKit/537.36 (KHTML, like Gecko; compatible; GPTBot/1.4; +https://openai.com/gptbot)"
216.73.216.207 - - [01/Jul/2026:18:29:03 +0600] "GET /file.php?fm=true&path=%2Flib%2Ffirmware%2F5.14.0-611.55.1.el9_7.x86_64%2Fintel-ucode%2F&rights=06-1e-05 HTTP/2" 200 8431 "-" "Mozilla/5.0 AppleWebKit/537.36 (KHTML, like Gecko; compatible; ClaudeBot/1.0; +claudebot@anthropic.com)"
216.73.216.207 - - [01/Jul/2026:18:29:03 +0600] "GET /file.php?fm=true&path=%2Flib%2Ffirmware%2F5.14.0-611.54.3.el9_7.x86_64%2Fintel-ucode%2F&rename=06-5c-0a HTTP/2" 200 8434 "-" "Mozilla/5.0 AppleWebKit/537.36 (KHTML, like Gecko; compatible; ClaudeBot/1.0; +claudebot@anthropic.com)"
74.7.227.132 - - [01/Jul/2026:18:28:53 +0600] "GET /timers.target.target.tar.gz HTTP/2" 200 403 "https://demo.bdwebsolution.com/?44.218.6.122" "Mozilla/5.0 AppleWebKit/537.36 (KHTML, like Gecko; compatible; GPTBot/1.4; +https://openai.com/gptbot)"
74.7.227.132 - - [01/Jul/2026:18:28:53 +0600] "GET /reboot.target.target.tar.gz HTTP/2" 200 477 "https://demo.bdwebsolution.com/?44.218.6.122" "Mozilla/5.0 AppleWebKit/537.36 (KHTML, like Gecko; compatible; GPTBot/1.4; +https://openai.com/gptbot)"
74.7.227.132 - - [01/Jul/2026:18:28:54 +0600] "GET /effective_affinity_list.tar HTTP/2" 200 2048 "https://demo.bdwebsolution.com/?44.218.6.122" "Mozilla/5.0 AppleWebKit/537.36 (KHTML, like Gecko; compatible; GPTBot/1.4; +https://openai.com/gptbot)"
74.7.227.132 - - [01/Jul/2026:18:28:55 +0600] "GET /idn.tar.gz HTTP/2" 200 12507 "https://demo.bdwebsolution.com/?44.218.6.122" "Mozilla/5.0 AppleWebKit/537.36 (KHTML, like Gecko; compatible; GPTBot/1.4; +https://openai.com/gptbot)"
74.7.227.132 - - [01/Jul/2026:18:28:55 +0600] "GET /beige_goby_mec2.bin.xz.bin.xz.tar.gz HTTP/2" 200 34115 "https://demo.bdwebsolution.com/?44.218.6.122" "Mozilla/5.0 AppleWebKit/537.36 (KHTML, like Gecko; compatible; GPTBot/1.4; +https://openai.com/gptbot)"
74.7.227.132 - - [01/Jul/2026:18:28:56 +0600] "GET /priority-queue.min.js.tar HTTP/2" 200 5120 "https://demo.bdwebsolution.com/?44.218.6.122" "Mozilla/5.0 AppleWebKit/537.36 (KHTML, like Gecko; compatible; GPTBot/1.4; +https://openai.com/gptbot)"
74.7.227.132 - - [01/Jul/2026:18:28:57 +0600] "GET /uartuart9098_bt_v1.bin.xz.bin.xz.tar.gz HTTP/2" 200 120656 "https://demo.bdwebsolution.com/?44.218.6.122" "Mozilla/5.0 AppleWebKit/537.36 (KHTML, like Gecko; compatible; GPTBot/1.4; +https://openai.com/gptbot)"
74.7.227.132 - - [01/Jul/2026:18:28:58 +0600] "GET /green_sardine_mec2.bin.xz.bin.xz.tar.gz HTTP/2" 200 27632 "https://demo.bdwebsolution.com/?44.218.6.122" "Mozilla/5.0 AppleWebKit/537.36 (KHTML, like Gecko; compatible; GPTBot/1.4; +https://openai.com/gptbot)"
74.7.227.132 - - [01/Jul/2026:18:28:58 +0600] "GET /mt7615_rom_patch.bin.xz.bin.xz.tar.gz HTTP/2" 200 5838 "https://demo.bdwebsolution.com/?44.218.6.122" "Mozilla/5.0 AppleWebKit/537.36 (KHTML, like Gecko; compatible; GPTBot/1.4; +https://openai.com/gptbot)"
74.7.227.132 - - [01/Jul/2026:18:28:59 +0600] "GET /mt7981_rom_patch.bin.xz.bin.xz.tar.gz HTTP/2" 200 5781 "https://demo.bdwebsolution.com/?44.218.6.122" "Mozilla/5.0 AppleWebKit/537.36 (KHTML, like Gecko; compatible; GPTBot/1.4; +https://openai.com/gptbot)"
74.7.227.132 - - [01/Jul/2026:18:28:59 +0600] "GET /rdisc.service.service.tar.gz HTTP/2" 200 483 "https://demo.bdwebsolution.com/?44.218.6.122" "Mozilla/5.0 AppleWebKit/537.36 (KHTML, like Gecko; compatible; GPTBot/1.4; +https://openai.com/gptbot)"
74.7.227.132 - - [01/Jul/2026:18:29:00 +0600] "GET /dns_cache.db.db.tar.gz HTTP/2" 200 1182 "https://demo.bdwebsolution.com/?44.218.6.122" "Mozilla/5.0 AppleWebKit/537.36 (KHTML, like Gecko; compatible; GPTBot/1.4; +https://openai.com/gptbot)"
74.7.227.132 - - [01/Jul/2026:18:29:01 +0600] "GET /ldconfig.service.service.tar.gz HTTP/2" 200 561 "https://demo.bdwebsolution.com/?44.218.6.122" "Mozilla/5.0 AppleWebKit/537.36 (KHTML, like Gecko; compatible; GPTBot/1.4; +https://openai.com/gptbot)"
74.7.227.132 - - [01/Jul/2026:18:29:01 +0600] "GET /cpupower.service.service.tar.gz HTTP/2" 200 307 "https://demo.bdwebsolution.com/?44.218.6.122" "Mozilla/5.0 AppleWebKit/537.36 (KHTML, like Gecko; compatible; GPTBot/1.4; +https://openai.com/gptbot)"
74.7.227.132 - - [01/Jul/2026:18:29:02 +0600] "GET /libgettextlib-0.21.so.21.so.tar.gz HTTP/2" 200 110094 "https://demo.bdwebsolution.com/?44.218.6.122" "Mozilla/5.0 AppleWebKit/537.36 (KHTML, like Gecko; compatible; GPTBot/1.4; +https://openai.com/gptbot)"
74.7.227.132 - - [01/Jul/2026:18:29:03 +0600] "GET /gpg-error.tar.gz HTTP/2" 200 12914 "https://demo.bdwebsolution.com/?44.218.6.122" "Mozilla/5.0 AppleWebKit/537.36 (KHTML, like Gecko; compatible; GPTBot/1.4; +https://openai.com/gptbot)"
216.73.216.207 - - [01/Jul/2026:18:29:03 +0600] "GET /file.php?gzfile=L3Vzci9saWIvZmlybXdhcmUvVEFTMlhYWDM4QTcuYmluLnh6 HTTP/2" 200 6529 "-" "Mozilla/5.0 AppleWebKit/537.36 (KHTML, like Gecko; compatible; ClaudeBot/1.0; +claudebot@anthropic.com)"
216.73.216.207 - - [01/Jul/2026:18:29:03 +0600] "GET /file.php?fm=true&path=%2Flib%2Ffirmware%2F5.14.0-611.54.3.el9_7.x86_64%2Fintel-ucode%2F&rights=0f-04-07 HTTP/2" 200 8397 "-" "Mozilla/5.0 AppleWebKit/537.36 (KHTML, like Gecko; compatible; ClaudeBot/1.0; +claudebot@anthropic.com)"
216.73.216.207 - - [01/Jul/2026:18:29:03 +0600] "GET /file.php?fm=true&path=%2Fhome%2Fbdwebsol%2Fpublic_html%2Fecommerce1.bdwebsolution.com%2Fwp-content%2Fuploads%2F2024%2F03%2F&rename=vg-about-us-image-opt.jpg HTTP/2" 200 8452 "-" "Mozilla/5.0 AppleWebKit/537.36 (KHTML, like Gecko; compatible; ClaudeBot/1.0; +claudebot@anthropic.com)"
74.7.242.42 - - [01/Jul/2026:18:29:04 +0600] "GET /file.php?fm=true&path=/usr/lib64/perl5/auto/&rename=Opcode HTTP/2" 200 8371 "https://www.demo.bdwebsolution.com/file.php?fm=true&path=/usr/lib64/perl5/auto" "Mozilla/5.0 AppleWebKit/537.36 (KHTML, like Gecko; compatible; GPTBot/1.4; +https://openai.com/gptbot)"
216.73.216.207 - - [01/Jul/2026:18:29:04 +0600] "GET /file.php?fm=true&path=%2Flib%2Ffirmware%2F5.14.0-611.55.1.el9_7.x86_64%2Fintel-ucode%2F&rename=06-5f-01 HTTP/2" 200 8395 "-" "Mozilla/5.0 AppleWebKit/537.36 (KHTML, like Gecko; compatible; ClaudeBot/1.0; +claudebot@anthropic.com)"
216.73.216.207 - - [01/Jul/2026:18:29:04 +0600] "GET /file.php?fm=true&path=%2Flib%2Ffirmware%2F5.14.0-611.55.1.el9_7.x86_64%2Fintel-ucode%2F&rename=06-8f-08 HTTP/2" 200 8395 "-" "Mozilla/5.0 AppleWebKit/537.36 (KHTML, like Gecko; compatible; ClaudeBot/1.0; +claudebot@anthropic.com)"
216.73.216.207 - - [01/Jul/2026:18:29:04 +0600] "GET /file.php?fm=true&path=%2Flib%2Ffirmware%2F5.14.0-611.54.3.el9_7.x86_64%2Fintel-ucode%2F&rename=06-06-0a HTTP/2" 200 8434 "-" "Mozilla/5.0 AppleWebKit/537.36 (KHTML, like Gecko; compatible; ClaudeBot/1.0; +claudebot@anthropic.com)"
216.73.216.207 - - [01/Jul/2026:18:29:04 +0600] "GET /file.php?fm=true&path=%2Flib%2Ffirmware%2F5.14.0-611.55.1.el9_7.x86_64%2Fintel-ucode%2F&rights=06-ad-01 HTTP/2" 200 8397 "-" "Mozilla/5.0 AppleWebKit/537.36 (KHTML, like Gecko; compatible; ClaudeBot/1.0; +claudebot@anthropic.com)"
216.73.216.207 - - [01/Jul/2026:18:29:04 +0600] "GET /file.php?gzfile=L2xpYi9weXRob24zLjkvc2l0ZS1wYWNrYWdlcy9kYXRldXRpbC9fX2luaXRfXy5weQ%3D%3D HTTP/2" 200 6529 "-" "Mozilla/5.0 AppleWebKit/537.36 (KHTML, like Gecko; compatible; ClaudeBot/1.0; +claudebot@anthropic.com)"
216.73.216.207 - - [01/Jul/2026:18:29:04 +0600] "GET /file.php?zip=L29wdC9jcGFuZWwvZWEtcGhwODEvcm9vdC91c3IvaW5jbHVkZQ%3D%3D HTTP/2" 200 6529 "-" "Mozilla/5.0 AppleWebKit/537.36 (KHTML, like Gecko; compatible; ClaudeBot/1.0; +claudebot@anthropic.com)"
216.73.216.207 - - [01/Jul/2026:18:29:04 +0600] "GET /file.php?gz=L29wdC9hbHQvYWx0LW5vZGVqczYvcm9vdC90bXA%3D HTTP/2" 200 6529 "-" "Mozilla/5.0 AppleWebKit/537.36 (KHTML, like Gecko; compatible; ClaudeBot/1.0; +claudebot@anthropic.com)"
74.7.242.42 - - [01/Jul/2026:18:29:04 +0600] "GET /file.php?fm=true&path=/usr/lib/locale/en_US/&rename=LC_CTYPE HTTP/2" 200 8377 "https://www.demo.bdwebsolution.com/file.php?fm=true&path=/usr/lib/locale/en_US" "Mozilla/5.0 AppleWebKit/537.36 (KHTML, like Gecko; compatible; GPTBot/1.4; +https://openai.com/gptbot)"
216.73.216.207 - - [01/Jul/2026:18:29:04 +0600] "GET /file.php?fm=true&path=%2Flib%2Ffirmware%2F5.14.0-611.55.1.el9_7.x86_64%2Fintel-ucode%2F&rights=06-55-0b HTTP/2" 200 8397 "-" "Mozilla/5.0 AppleWebKit/537.36 (KHTML, like Gecko; compatible; ClaudeBot/1.0; +claudebot@anthropic.com)"
216.73.216.207 - - [01/Jul/2026:18:29:04 +0600] "GET /file.php?fm=true&path=%2Fhome%2Fbdwebsol%2Fpublic_html%2Fecommerce1.bdwebsolution.com%2Fwp-content%2Fuploads%2F2024%2F03%2F&rename=vg-vm-ch-1.jpg HTTP/2" 200 8405 "-" "Mozilla/5.0 AppleWebKit/537.36 (KHTML, like Gecko; compatible; ClaudeBot/1.0; +claudebot@anthropic.com)"
216.73.216.207 - - [01/Jul/2026:18:29:04 +0600] "GET /file.php?fm=true&path=%2Flib%2Fkbd%2Fkeymaps%2Fxkb%2F&rename=latam-colemak-gaming.map.gz HTTP/2" 200 8383 "-" "Mozilla/5.0 AppleWebKit/537.36 (KHTML, like Gecko; compatible; ClaudeBot/1.0; +claudebot@anthropic.com)"
216.73.216.207 - - [01/Jul/2026:18:29:05 +0600] "GET /file.php?fm=true&path=%2Flib%2Ffirmware%2F5.14.0-611.55.1.el9_7.x86_64%2Fintel-ucode%2F&rights=06-ba-03 HTTP/2" 200 8396 "-" "Mozilla/5.0 AppleWebKit/537.36 (KHTML, like Gecko; compatible; ClaudeBot/1.0; +claudebot@anthropic.com)"
216.73.216.207 - - [01/Jul/2026:18:29:05 +0600] "GET /file.php?fm=true&path=%2Flib%2Ffirmware%2F5.14.0-611.55.1.el9_7.x86_64%2Fintel-ucode%2F&rights=06-2c-02 HTTP/2" 200 8397 "-" "Mozilla/5.0 AppleWebKit/537.36 (KHTML, like Gecko; compatible; ClaudeBot/1.0; +claudebot@anthropic.com)"
74.7.242.42 - - [01/Jul/2026:18:29:05 +0600] "GET /file.php?gzfile=L3Vzci9saWIvbG9jYWxlL2VuX0lOL0xDX01PTkVUQVJZ HTTP/2" 200 6529 "https://www.demo.bdwebsolution.com/file.php?fm=true&path=/usr/lib/locale/en_IN" "Mozilla/5.0 AppleWebKit/537.36 (KHTML, like Gecko; compatible; GPTBot/1.4; +https://openai.com/gptbot)"
216.73.216.207 - - [01/Jul/2026:18:29:05 +0600] "GET /file.php?gzfile=L3Vzci9saWIvZmlybXdhcmUvVEFTMlhYWDhFREEtMS5iaW4ueHo%3D HTTP/2" 200 6502 "-" "Mozilla/5.0 AppleWebKit/537.36 (KHTML, like Gecko; compatible; ClaudeBot/1.0; +claudebot@anthropic.com)"
216.73.216.207 - - [01/Jul/2026:18:29:05 +0600] "GET /file.php?fm=true&path=%2Flib%2Ffirmware%2F5.14.0-611.54.3.el9_7.x86_64%2Fintel-ucode%2F&rights=0f-02-07 HTTP/2" 200 8431 "-" "Mozilla/5.0 AppleWebKit/537.36 (KHTML, like Gecko; compatible; ClaudeBot/1.0; +claudebot@anthropic.com)"
216.73.216.207 - - [01/Jul/2026:18:29:05 +0600] "GET /file.php?download=L3Vzci9saWIvZmlybXdhcmUvVEFTMlhYWDhERTktMS5iaW4ueHo%3D HTTP/2" 200 6402 "-" "Mozilla/5.0 AppleWebKit/537.36 (KHTML, like Gecko; compatible; ClaudeBot/1.0; +claudebot@anthropic.com)"
216.73.216.207 - - [01/Jul/2026:18:29:05 +0600] "GET /file.php?fm=true&path=%2Flib%2Ffirmware%2F5.14.0-611.55.1.el9_7.x86_64%2Fintel-ucode%2F&rename=06-8f-06 HTTP/2" 200 8395 "-" "Mozilla/5.0 AppleWebKit/537.36 (KHTML, like Gecko; compatible; ClaudeBot/1.0; +claudebot@anthropic.com)"
216.73.216.207 - - [01/Jul/2026:18:29:05 +0600] "GET /file.php?fm=true&path=%2Flib%2Ffirmware%2F5.14.0-611.54.3.el9_7.x86_64%2Fintel-ucode%2F&rename=0f-06-08 HTTP/2" 200 8395 "-" "Mozilla/5.0 AppleWebKit/537.36 (KHTML, like Gecko; compatible; ClaudeBot/1.0; +claudebot@anthropic.com)"
216.73.216.207 - - [01/Jul/2026:18:29:05 +0600] "GET /file.php?fm=true&path=%2Fhome%2Fbdwebsol%2Fpublic_html%2Fecommerce1.bdwebsolution.com%2Fwp-content%2Fuploads%2F2024%2F03%2F&rights=vg-vm-hds-2.jpg HTTP/2" 200 8409 "-" "Mozilla/5.0 AppleWebKit/537.36 (KHTML, like Gecko; compatible; ClaudeBot/1.0; +claudebot@anthropic.com)"
216.73.216.207 - - [01/Jul/2026:18:29:05 +0600] "GET /file.php?fm=true&path=%2Flib%2Ffirmware%2F5.14.0-611.54.3.el9_7.x86_64%2Fintel-ucode%2F&rights=06-55-07 HTTP/2" 200 8397 "-" "Mozilla/5.0 AppleWebKit/537.36 (KHTML, like Gecko; compatible; ClaudeBot/1.0; +claudebot@anthropic.com)"
74.7.242.42 - - [01/Jul/2026:18:29:05 +0600] "GET /file.php?download=L3Vzci9saWIvbG9jYWxlL2VuX0dCL0xDX05VTUVSSUM= HTTP/2" 200 46 "https://www.demo.bdwebsolution.com/file.php?fm=true&path=/usr/lib/locale/en_GB" "Mozilla/5.0 AppleWebKit/537.36 (KHTML, like Gecko; compatible; GPTBot/1.4; +https://openai.com/gptbot)"
216.73.216.207 - - [01/Jul/2026:18:29:05 +0600] "GET /file.php?gzfile=L3Vzci9saWIvZmlybXdhcmUvVEFTMlhYWDM4QTUuYmluLnh6 HTTP/2" 200 6529 "-" "Mozilla/5.0 AppleWebKit/537.36 (KHTML, like Gecko; compatible; ClaudeBot/1.0; +claudebot@anthropic.com)"
216.73.216.207 - - [01/Jul/2026:18:29:05 +0600] "GET /file.php?fm=true&path=%2Flib%2Ffirmware%2Fbnx2x%2F&rename=bnx2x-e1h-7.13.15.0.fw.xz HTTP/2" 200 8381 "-" "Mozilla/5.0 AppleWebKit/537.36 (KHTML, like Gecko; compatible; ClaudeBot/1.0; +claudebot@anthropic.com)"
216.73.216.207 - - [01/Jul/2026:18:29:06 +0600] "GET /file.php?fm=true&path=%2Fhome%2Fbdwebsol%2Fpublic_html%2Fecommerce1.bdwebsolution.com%2Fwp-content%2Fuploads%2F2024%2F03%2F&rename=vg-slider-2-opt.jpg HTTP/2" 200 8410 "-" "Mozilla/5.0 AppleWebKit/537.36 (KHTML, like Gecko; compatible; ClaudeBot/1.0; +claudebot@anthropic.com)"
216.73.216.207 - - [01/Jul/2026:18:29:06 +0600] "GET /file.php?fm=true&path=%2Flib%2Ffirmware%2F5.14.0-611.55.1.el9_7.x86_64%2Fintel-ucode%2F&rename=06-a7-01 HTTP/2" 200 8434 "-" "Mozilla/5.0 AppleWebKit/537.36 (KHTML, like Gecko; compatible; ClaudeBot/1.0; +claudebot@anthropic.com)"
216.73.216.207 - - [01/Jul/2026:18:29:06 +0600] "GET /file.php?fm=true&path=%2Flib%2Ffirmware%2F5.14.0-611.54.3.el9_7.x86_64%2Fintel-ucode%2F&rights=06-a5-03 HTTP/2" 200 8397 "-" "Mozilla/5.0 AppleWebKit/537.36 (KHTML, like Gecko; compatible; ClaudeBot/1.0; +claudebot@anthropic.com)"
216.73.216.207 - - [01/Jul/2026:18:29:06 +0600] "GET /file.php?fm=true&path=%2Flib%2Ffirmware%2F5.14.0-611.54.3.el9_7.x86_64%2Fintel-ucode%2F&rename=06-0b-01 HTTP/2" 200 8434 "-" "Mozilla/5.0 AppleWebKit/537.36 (KHTML, like Gecko; compatible; ClaudeBot/1.0; +claudebot@anthropic.com)"
74.7.242.42 - - [01/Jul/2026:18:29:06 +0600] "GET /file.php?fm=true&path=/usr/lib/locale/en_US/&rename=LC_MEASUREMENT HTTP/2" 200 8379 "https://www.demo.bdwebsolution.com/file.php?fm=true&path=/usr/lib/locale/en_US" "Mozilla/5.0 AppleWebKit/537.36 (KHTML, like Gecko; compatible; GPTBot/1.4; +https://openai.com/gptbot)"
216.73.216.207 - - [01/Jul/2026:18:29:06 +0600] "GET /file.php?fm=true&path=%2Fusr%2Flib%2Ffirmware%2F&rights=iwlwifi-bz-b0-hr-b0-93.ucode.xz HTTP/2" 200 8393 "-" "Mozilla/5.0 AppleWebKit/537.36 (KHTML, like Gecko; compatible; ClaudeBot/1.0; +claudebot@anthropic.com)"
216.73.216.207 - - [01/Jul/2026:18:29:06 +0600] "GET /file.php?fm=true&path=%2Flib%2Ffirmware%2F5.14.0-611.55.1.el9_7.x86_64%2Fintel-ucode%2F&rename=06-0f-07 HTTP/2" 200 8395 "-" "Mozilla/5.0 AppleWebKit/537.36 (KHTML, like Gecko; compatible; ClaudeBot/1.0; +claudebot@anthropic.com)"
216.73.216.207 - - [01/Jul/2026:18:29:06 +0600] "GET /file.php?download=L3Vzci9saWIvZmlybXdhcmUvdGlfNTA1Mi5mdy54eg%3D%3D HTTP/2" 200 7186 "-" "Mozilla/5.0 AppleWebKit/537.36 (KHTML, like Gecko; compatible; ClaudeBot/1.0; +claudebot@anthropic.com)"
216.73.216.207 - - [01/Jul/2026:18:29:06 +0600] "GET /file.php?fm=true&path=%2Flib%2Ffirmware%2F5.14.0-611.55.1.el9_7.x86_64%2Fintel-ucode%2F&rights=06-cf-02 HTTP/2" 200 8397 "-" "Mozilla/5.0 AppleWebKit/537.36 (KHTML, like Gecko; compatible; ClaudeBot/1.0; +claudebot@anthropic.com)"
216.73.216.207 - - [01/Jul/2026:18:29:06 +0600] "GET /file.php?gzfile=L3Vzci9saWJleGVjL2dpdC1jb3JlL2dpdC1kaWFnbm9zZQ%3D%3D HTTP/2" 200 6529 "-" "Mozilla/5.0 AppleWebKit/537.36 (KHTML, like Gecko; compatible; ClaudeBot/1.0; +claudebot@anthropic.com)"
216.73.216.207 - - [01/Jul/2026:18:29:06 +0600] "GET /file.php?fm=true&path=%2Flib%2Ffirmware%2F5.14.0-611.54.3.el9_7.x86_64%2Fintel-ucode%2F&rename=06-bf-02 HTTP/2" 200 8395 "-" "Mozilla/5.0 AppleWebKit/537.36 (KHTML, like Gecko; compatible; ClaudeBot/1.0; +claudebot@anthropic.com)"
74.7.242.42 - - [01/Jul/2026:18:29:06 +0600] "GET /file.php?fm=true&path=/usr/lib/locale/en_IN/&rename=LC_IDENTIFICATION HTTP/2" 200 8379 "https://www.demo.bdwebsolution.com/file.php?fm=true&path=/usr/lib/locale/en_IN" "Mozilla/5.0 AppleWebKit/537.36 (KHTML, like Gecko; compatible; GPTBot/1.4; +https://openai.com/gptbot)"
216.73.216.207 - - [01/Jul/2026:18:29:06 +0600] "GET /file.php?gzfile=L3Vzci9saWIvZmlybXdhcmUvVEFTMlhYWDhFMTkuYmluLnh6 HTTP/2" 200 6529 "-" "Mozilla/5.0 AppleWebKit/537.36 (KHTML, like Gecko; compatible; ClaudeBot/1.0; +claudebot@anthropic.com)"
216.73.216.207 - - [01/Jul/2026:18:29:07 +0600] "GET /file.php?fm=true&path=%2Flib%2Ffirmware%2F5.14.0-611.54.3.el9_7.x86_64%2Fintel-ucode%2F&rights=06-96-01 HTTP/2" 200 8397 "-" "Mozilla/5.0 AppleWebKit/537.36 (KHTML, like Gecko; compatible; ClaudeBot/1.0; +claudebot@anthropic.com)"
216.73.216.207 - - [01/Jul/2026:18:29:07 +0600] "GET /file.php?fm=true&path=%2Flib%2Ffirmware%2F5.14.0-611.55.1.el9_7.x86_64%2Fintel-ucode%2F&rename=06-b7-01 HTTP/2" 200 8395 "-" "Mozilla/5.0 AppleWebKit/537.36 (KHTML, like Gecko; compatible; ClaudeBot/1.0; +claudebot@anthropic.com)"
216.73.216.207 - - [01/Jul/2026:18:29:07 +0600] "GET /file.php?fm=true&path=%2Flib%2Ffirmware%2F5.14.0-611.55.1.el9_7.x86_64%2Fintel-ucode%2F&rename=06-be-00 HTTP/2" 200 8395 "-" "Mozilla/5.0 AppleWebKit/537.36 (KHTML, like Gecko; compatible; ClaudeBot/1.0; +claudebot@anthropic.com)"
216.73.216.207 - - [01/Jul/2026:18:29:07 +0600] "GET /file.php?fm=true&path=%2Fhome%2Fbdwebsol%2Fpublic_html%2Fecommerce1.bdwebsolution.com%2Fwp-content%2Fuploads%2F2024%2F03%2F&rights=brand-meati.png HTTP/2" 200 8409 "-" "Mozilla/5.0 AppleWebKit/537.36 (KHTML, like Gecko; compatible; ClaudeBot/1.0; +claudebot@anthropic.com)"
216.73.216.207 - - [01/Jul/2026:18:29:07 +0600] "GET /file.php?fm=true&path=%2Flib%2Ffirmware%2F5.14.0-611.55.1.el9_7.x86_64%2Fintel-ucode%2F&rights=06-1c-0a HTTP/2" 200 8397 "-" "Mozilla/5.0 AppleWebKit/537.36 (KHTML, like Gecko; compatible; ClaudeBot/1.0; +claudebot@anthropic.com)"
216.73.216.207 - - [01/Jul/2026:18:29:07 +0600] "GET /file.php?gzfile=L3Vzci9saWIvc3lzdGVtZC9zeXN0ZW1kLXZvbGF0aWxlLXJvb3Q%3D HTTP/2" 200 6529 "-" "Mozilla/5.0 AppleWebKit/537.36 (KHTML, like Gecko; compatible; ClaudeBot/1.0; +claudebot@anthropic.com)"
74.7.242.42 - - [01/Jul/2026:18:29:07 +0600] "GET /file.php?download=L3Vzci9saWIvbG9jYWxlL2VuX0dCL0xDX0lERU5USUZJQ0FUSU9O HTTP/2" 200 215 "https://www.demo.bdwebsolution.com/file.php?fm=true&path=/usr/lib/locale/en_GB" "Mozilla/5.0 AppleWebKit/537.36 (KHTML, like Gecko; compatible; GPTBot/1.4; +https://openai.com/gptbot)"
216.73.216.207 - - [01/Jul/2026:18:29:07 +0600] "GET /file.php?fm=true&path=%2Flib%2Ffirmware%2F5.14.0-611.55.1.el9_7.x86_64%2Fintel-ucode%2F&rights=06-08-06 HTTP/2" 200 8397 "-" "Mozilla/5.0 AppleWebKit/537.36 (KHTML, like Gecko; compatible; ClaudeBot/1.0; +claudebot@anthropic.com)"
216.73.216.207 - - [01/Jul/2026:18:29:07 +0600] "GET /file.php?fm=true&path=%2Fusr%2Flib%2Ffirmware%2F&rename=iwlwifi-so-a0-gf4-a0.pnvm.xz HTTP/2" 200 8378 "-" "Mozilla/5.0 AppleWebKit/537.36 (KHTML, like Gecko; compatible; ClaudeBot/1.0; +claudebot@anthropic.com)"
216.73.216.207 - - [01/Jul/2026:18:29:07 +0600] "GET /file.php?fm=true&path=%2Flib%2Ffirmware%2Frtlwifi%2F&rename=rtl8723bu_ap_wowlan.bin.xz HTTP/2" 200 8387 "-" "Mozilla/5.0 AppleWebKit/537.36 (KHTML, like Gecko; compatible; ClaudeBot/1.0; +claudebot@anthropic.com)"
216.73.216.207 - - [01/Jul/2026:18:29:07 +0600] "GET /file.php?fm=true&path=%2Flib%2Ffirmware%2F5.14.0-611.55.1.el9_7.x86_64%2Fintel-ucode%2F&rights=06-b5-00 HTTP/2" 200 8397 "-" "Mozilla/5.0 AppleWebKit/537.36 (KHTML, like Gecko; compatible; ClaudeBot/1.0; +claudebot@anthropic.com)"
216.73.216.207 - - [01/Jul/2026:18:29:07 +0600] "GET /file.php?fm=true&path=%2Flib%2Ffirmware%2Fti-connectivity%2F&rights=wl128x-fw-5-mr.bin.xz HTTP/2" 200 8427 "-" "Mozilla/5.0 AppleWebKit/537.36 (KHTML, like Gecko; compatible; ClaudeBot/1.0; +claudebot@anthropic.com)"
74.7.242.42 - - [01/Jul/2026:18:29:08 +0600] "GET /file.php?download=L3Vzci9saWIvbG9jYWxlL2VuX1pNL0xDX0lERU5USUZJQ0FUSU9O HTTP/2" 200 177 "https://www.demo.bdwebsolution.com/file.php?fm=true&path=/usr/lib/locale/en_ZM" "Mozilla/5.0 AppleWebKit/537.36 (KHTML, like Gecko; compatible; GPTBot/1.4; +https://openai.com/gptbot)"
216.73.216.207 - - [01/Jul/2026:18:29:08 +0600] "GET /file.php?fm=true&path=%2Flib%2Ffirmware%2F5.14.0-611.55.1.el9_7.x86_64%2Fintel-ucode%2F&rename=06-0e-08 HTTP/2" 200 8395 "-" "Mozilla/5.0 AppleWebKit/537.36 (KHTML, like Gecko; compatible; ClaudeBot/1.0; +claudebot@anthropic.com)"
216.73.216.207 - - [01/Jul/2026:18:29:08 +0600] "GET /file.php?fm=true&path=%2Fhome%2Fbdwebsol%2Fpublic_html%2Fecommerce1.bdwebsolution.com%2Fwp-content%2Fuploads%2F2024%2F03%2F&rights=vg-vaf-ff-4.jpg HTTP/2" 200 8414 "-" "Mozilla/5.0 AppleWebKit/537.36 (KHTML, like Gecko; compatible; ClaudeBot/1.0; +claudebot@anthropic.com)"
216.73.216.207 - - [01/Jul/2026:18:29:08 +0600] "GET /file.php?fm=true&path=%2Flib%2Ffirmware%2Fti-connectivity%2F&rights=wl128x-fw-4-plt.bin.xz HTTP/2" 200 8395 "-" "Mozilla/5.0 AppleWebKit/537.36 (KHTML, like Gecko; compatible; ClaudeBot/1.0; +claudebot@anthropic.com)"
216.73.216.207 - - [01/Jul/2026:18:29:08 +0600] "GET /file.php?fm=true&path=%2Flib%2Ffirmware%2F5.14.0-611.54.3.el9_7.x86_64%2Fintel-ucode%2F&rights=06-4c-03 HTTP/2" 200 8397 "-" "Mozilla/5.0 AppleWebKit/537.36 (KHTML, like Gecko; compatible; ClaudeBot/1.0; +claudebot@anthropic.com)"
216.73.216.207 - - [01/Jul/2026:18:29:08 +0600] "GET /file.php?fm=true&path=%2Flib%2Ffirmware%2Fti-connectivity%2F&rename=wl18xx-fw-4.bin.xz HTTP/2" 200 8423 "-" "Mozilla/5.0 AppleWebKit/537.36 (KHTML, like Gecko; compatible; ClaudeBot/1.0; +claudebot@anthropic.com)"
216.73.216.207 - - [01/Jul/2026:18:29:08 +0600] "GET /file.php?fm=true&path=%2Flib%2Ffirmware%2F5.14.0-611.54.3.el9_7.x86_64%2Fintel-ucode%2F&rights=06-9e-09 HTTP/2" 200 8431 "-" "Mozilla/5.0 AppleWebKit/537.36 (KHTML, like Gecko; compatible; ClaudeBot/1.0; +claudebot@anthropic.com)"
74.7.242.42 - - [01/Jul/2026:18:29:08 +0600] "GET /file.php?download=L3Vzci9saWIvbG9jYWxlL2VuX0lOL0xDX0lERU5USUZJQ0FUSU9O HTTP/2" 200 265 "https://www.demo.bdwebsolution.com/file.php?fm=true&path=/usr/lib/locale/en_IN" "Mozilla/5.0 AppleWebKit/537.36 (KHTML, like Gecko; compatible; GPTBot/1.4; +https://openai.com/gptbot)"
216.73.216.207 - - [01/Jul/2026:18:29:08 +0600] "GET /file.php?fm=true&path=%2Flib%2Ffirmware%2F5.14.0-611.55.1.el9_7.x86_64%2Fintel-ucode%2F&rights=06-08-01 HTTP/2" 200 8397 "-" "Mozilla/5.0 AppleWebKit/537.36 (KHTML, like Gecko; compatible; ClaudeBot/1.0; +claudebot@anthropic.com)"
216.73.216.207 - - [01/Jul/2026:18:29:08 +0600] "GET /file.php?gzfile=L3Vzci9zaGFyZS9saWJ0b29sL2x0X19hbGxvYy5j HTTP/2" 200 6529 "-" "Mozilla/5.0 AppleWebKit/537.36 (KHTML, like Gecko; compatible; ClaudeBot/1.0; +claudebot@anthropic.com)"
216.73.216.207 - - [01/Jul/2026:18:29:08 +0600] "GET /file.php?fm=true&path=%2Flib%2Ffirmware%2F5.14.0-611.55.1.el9_7.x86_64%2Fintel-ucode%2F&rename=06-ba-08 HTTP/2" 200 8395 "-" "Mozilla/5.0 AppleWebKit/537.36 (KHTML, like Gecko; compatible; ClaudeBot/1.0; +claudebot@anthropic.com)"
216.73.216.207 - - [01/Jul/2026:18:29:08 +0600] "GET /file.php?gzfile=L3Byb2Mvc3lzL25ldC9jb3JlL2dyb19ub3JtYWxfYmF0Y2g%3D HTTP/2" 200 6529 "-" "Mozilla/5.0 AppleWebKit/537.36 (KHTML, like Gecko; compatible; ClaudeBot/1.0; +claudebot@anthropic.com)"
216.73.216.207 - - [01/Jul/2026:18:29:08 +0600] "GET /file.php?gzfile=L29wdC9jbG91ZGxpbnV4L3ZlbnYvYmluL3B5bGludA%3D%3D HTTP/2" 200 6529 "-" "Mozilla/5.0 AppleWebKit/537.36 (KHTML, like Gecko; compatible; ClaudeBot/1.0; +claudebot@anthropic.com)"
216.73.216.207 - - [01/Jul/2026:18:29:09 +0600] "GET /file.php?gzfile=L3Vzci9saWJleGVjL2dpdC1jb3JlL2dpdC1zaG93LXJlZg%3D%3D HTTP/2" 200 6529 "-" "Mozilla/5.0 AppleWebKit/537.36 (KHTML, like Gecko; compatible; ClaudeBot/1.0; +claudebot@anthropic.com)"
74.7.242.42 - - [01/Jul/2026:18:29:09 +0600] "GET /file.php?download=L3Vzci9saWIvbG9jYWxlL2VuX0lFL0xDX0lERU5USUZJQ0FUSU9O HTTP/2" 200 203 "https://www.demo.bdwebsolution.com/file.php?fm=true&path=/usr/lib/locale/en_IE" "Mozilla/5.0 AppleWebKit/537.36 (KHTML, like Gecko; compatible; GPTBot/1.4; +https://openai.com/gptbot)"
216.73.216.207 - - [01/Jul/2026:18:29:09 +0600] "GET /file.php?fm=true&path=%2Flib%2Ffirmware%2F5.14.0-611.55.1.el9_7.x86_64%2Fintel-ucode%2F&rename=06-7e-05 HTTP/2" 200 8395 "-" "Mozilla/5.0 AppleWebKit/537.36 (KHTML, like Gecko; compatible; ClaudeBot/1.0; +claudebot@anthropic.com)"
216.73.216.207 - - [01/Jul/2026:18:29:09 +0600] "GET /file.php?fm=true&path=%2Flib%2Ffirmware%2F5.14.0-611.55.1.el9_7.x86_64%2Fintel-ucode%2F&rights=0f-00-0a HTTP/2" 200 8397 "-" "Mozilla/5.0 AppleWebKit/537.36 (KHTML, like Gecko; compatible; ClaudeBot/1.0; +claudebot@anthropic.com)"
216.73.216.207 - - [01/Jul/2026:18:29:09 +0600] "GET /file.php?fm=true&path=%2Flib%2Ffirmware%2F5.14.0-611.55.1.el9_7.x86_64%2Fintel-ucode%2F&rights=06-8f-05 HTTP/2" 200 8397 "-" "Mozilla/5.0 AppleWebKit/537.36 (KHTML, like Gecko; compatible; ClaudeBot/1.0; +claudebot@anthropic.com)"
216.73.216.207 - - [01/Jul/2026:18:29:09 +0600] "GET /file.php?fm=true&path=%2Flib%2Ffirmware%2F5.14.0-611.54.3.el9_7.x86_64%2Fintel-ucode%2F&rename=06-0f-06 HTTP/2" 200 8395 "-" "Mozilla/5.0 AppleWebKit/537.36 (KHTML, like Gecko; compatible; ClaudeBot/1.0; +claudebot@anthropic.com)"
216.73.216.207 - - [01/Jul/2026:18:29:09 +0600] "GET /file.php?gzfile=L3Vzci9saWIvc3lzdGVtZC9zeXN0ZW1kLXNodXRkb3du HTTP/2" 200 6529 "-" "Mozilla/5.0 AppleWebKit/537.36 (KHTML, like Gecko; compatible; ClaudeBot/1.0; +claudebot@anthropic.com)"
216.73.216.207 - - [01/Jul/2026:18:29:09 +0600] "GET /file.php?fm=true&path=%2Flib%2Ffirmware%2F5.14.0-611.55.1.el9_7.x86_64%2Fintel-ucode%2F&rights=06-0b-04 HTTP/2" 200 8397 "-" "Mozilla/5.0 AppleWebKit/537.36 (KHTML, like Gecko; compatible; ClaudeBot/1.0; +claudebot@anthropic.com)"
74.7.242.42 - - [01/Jul/2026:18:29:09 +0600] "GET /file.php?download=L3Vzci9saWIvbG9jYWxlL2VuX1VTL0xDX0lERU5USUZJQ0FUSU9O HTTP/2" 200 226 "https://www.demo.bdwebsolution.com/file.php?fm=true&path=/usr/lib/locale/en_US" "Mozilla/5.0 AppleWebKit/537.36 (KHTML, like Gecko; compatible; GPTBot/1.4; +https://openai.com/gptbot)"
216.73.216.207 - - [01/Jul/2026:18:29:09 +0600] "GET /file.php?fm=true&path=%2Fhome%2Fbdwebsol%2Fpublic_html%2Fecommerce1.bdwebsolution.com%2Fwp-content%2Fuploads%2F2024%2F03%2F&rights=vg-vm-bu-4.jpg HTTP/2" 200 8415 "-" "Mozilla/5.0 AppleWebKit/537.36 (KHTML, like Gecko; compatible; ClaudeBot/1.0; +claudebot@anthropic.com)"
216.73.216.207 - - [01/Jul/2026:18:29:09 +0600] "GET /file.php?gzfile=L2xpYi9ub2RlX21vZHVsZXMvbnBtL2xpYi9iYXNlLWNvbW1hbmQuanM%3D HTTP/2" 200 6529 "-" "Mozilla/5.0 AppleWebKit/537.36 (KHTML, like Gecko; compatible; ClaudeBot/1.0; +claudebot@anthropic.com)"
216.73.216.207 - - [01/Jul/2026:18:29:09 +0600] "GET /file.php?gzfile=L3Vzci9saWIvZmlybXdhcmUvYXI3MDEwXzFfMS5mdy54eg%3D%3D HTTP/2" 200 6529 "-" "Mozilla/5.0 AppleWebKit/537.36 (KHTML, like Gecko; compatible; ClaudeBot/1.0; +claudebot@anthropic.com)"
216.73.216.207 - - [01/Jul/2026:18:29:09 +0600] "GET /file.php?gzfile=L3Vzci9saWIvZmlybXdhcmUvOEU4Ny0xLTkuYmluLnh6 HTTP/2" 200 6529 "-" "Mozilla/5.0 AppleWebKit/537.36 (KHTML, like Gecko; compatible; ClaudeBot/1.0; +claudebot@anthropic.com)"
216.73.216.207 - - [01/Jul/2026:18:29:10 +0600] "GET /file.php?download=L3Byb2Mvc3lzL25ldC9jb3JlL3hmcm1fYWV2ZW50X3JzZXF0aA%3D%3D HTTP/2" 200 9 "-" "Mozilla/5.0 AppleWebKit/537.36 (KHTML, like Gecko; compatible; ClaudeBot/1.0; +claudebot@anthropic.com)"
216.73.216.207 - - [01/Jul/2026:18:29:10 +0600] "GET /file.php?fm=true&path=%2Flib%2Ffirmware%2F5.14.0-611.54.3.el9_7.x86_64%2Fintel-ucode%2F&rights=06-46-01 HTTP/2" 200 8397 "-" "Mozilla/5.0 AppleWebKit/537.36 (KHTML, like Gecko; compatible; ClaudeBot/1.0; +claudebot@anthropic.com)"
74.7.242.42 - - [01/Jul/2026:18:29:10 +0600] "GET /file.php?fm=true&path=/lib/.build-id/8a/ HTTP/2" 200 12104 "https://www.demo.bdwebsolution.com/file.php?edit=9917f3db82329f04f8dc2ab5cbfa90c9e9e4bb.1&fm=true&path=/lib/.build-id/8a/" "Mozilla/5.0 AppleWebKit/537.36 (KHTML, like Gecko; compatible; GPTBot/1.4; +https://openai.com/gptbot)"
216.73.216.207 - - [01/Jul/2026:18:29:10 +0600] "GET /file.php?fm=true&path=%2Flib%2Ffirmware%2F5.14.0-611.54.3.el9_7.x86_64%2Fintel-ucode%2F&rights=06-45-01 HTTP/2" 200 8397 "-" "Mozilla/5.0 AppleWebKit/537.36 (KHTML, like Gecko; compatible; ClaudeBot/1.0; +claudebot@anthropic.com)"
216.73.216.207 - - [01/Jul/2026:18:29:10 +0600] "GET /file.php?fm=true&path=%2Flib%2Ffirmware%2F5.14.0-611.54.3.el9_7.x86_64%2Fintel-ucode%2F&rename=06-7a-08 HTTP/2" 200 8395 "-" "Mozilla/5.0 AppleWebKit/537.36 (KHTML, like Gecko; compatible; ClaudeBot/1.0; +claudebot@anthropic.com)"
216.73.216.207 - - [01/Jul/2026:18:29:10 +0600] "GET /file.php?fm=true&path=%2Flib%2Ffirmware%2F5.14.0-611.54.3.el9_7.x86_64%2Fintel-ucode%2F&rights=0f-06-05 HTTP/2" 200 8431 "-" "Mozilla/5.0 AppleWebKit/537.36 (KHTML, like Gecko; compatible; ClaudeBot/1.0; +claudebot@anthropic.com)"
216.73.216.207 - - [01/Jul/2026:18:29:10 +0600] "GET /file.php?fm=true&path=%2Flib%2Ffirmware%2F5.14.0-611.55.1.el9_7.x86_64%2Fintel-ucode%2F&rename=06-3f-04 HTTP/2" 200 8395 "-" "Mozilla/5.0 AppleWebKit/537.36 (KHTML, like Gecko; compatible; ClaudeBot/1.0; +claudebot@anthropic.com)"
216.73.216.207 - - [01/Jul/2026:18:29:10 +0600] "GET /file.php?fm=true&path=%2Flib%2Ffirmware%2F5.14.0-611.54.3.el9_7.x86_64%2Fintel-ucode%2F&rename=06-2f-02 HTTP/2" 200 8395 "-" "Mozilla/5.0 AppleWebKit/537.36 (KHTML, like Gecko; compatible; ClaudeBot/1.0; +claudebot@anthropic.com)"
216.73.216.207 - - [01/Jul/2026:18:29:10 +0600] "GET /file.php?download=L3Vzci9pbmNsdWRlL3BuZ2xpYmNvbmYuaA%3D%3D HTTP/2" 200 1594 "-" "Mozilla/5.0 AppleWebKit/537.36 (KHTML, like Gecko; compatible; ClaudeBot/1.0; +claudebot@anthropic.com)"
216.73.216.207 - - [01/Jul/2026:18:29:10 +0600] "GET /file.php?fm=true&path=%2Flib%2Ffirmware%2F5.14.0-611.54.3.el9_7.x86_64%2Fintel-ucode%2F&rights=0f-04-0a HTTP/2" 200 8397 "-" "Mozilla/5.0 AppleWebKit/537.36 (KHTML, like Gecko; compatible; ClaudeBot/1.0; +claudebot@anthropic.com)"
216.73.216.207 - - [01/Jul/2026:18:29:10 +0600] "GET /file.php?fm=true&path=%2Fhome%2Fbdwebsol%2Fpublic_html%2Fecommerce1.bdwebsolution.com%2Fwp-content%2Fuploads%2F2024%2F03%2F&rename=vg-gallery-2-opt.jpg HTTP/2" 200 8414 "-" "Mozilla/5.0 AppleWebKit/537.36 (KHTML, like Gecko; compatible; ClaudeBot/1.0; +claudebot@anthropic.com)"
74.7.242.42 - - [01/Jul/2026:18:29:10 +0600] "GET /file.php?download=L3Vzci9saWIvbG9jYWxlL2VuX0lFL0xDX1RFTEVQSE9ORQ== HTTP/2" 200 55 "https://www.demo.bdwebsolution.com/file.php?fm=true&path=/usr/lib/locale/en_IE" "Mozilla/5.0 AppleWebKit/537.36 (KHTML, like Gecko; compatible; GPTBot/1.4; +https://openai.com/gptbot)"
216.73.216.207 - - [01/Jul/2026:18:29:10 +0600] "GET /file.php?zip=L29wdC9hbHQvYWx0LW5vZGVqczIyL3Jvb3Qvc2Jpbg%3D%3D HTTP/2" 200 6529 "-" "Mozilla/5.0 AppleWebKit/537.36 (KHTML, like Gecko; compatible; ClaudeBot/1.0; +claudebot@anthropic.com)"
216.73.216.207 - - [01/Jul/2026:18:29:11 +0600] "GET /file.php?fm=true&path=%2Flib%2Ffirmware%2F5.14.0-611.54.3.el9_7.x86_64%2Fintel-ucode%2F&rights=06-0a-00 HTTP/2" 200 8397 "-" "Mozilla/5.0 AppleWebKit/537.36 (KHTML, like Gecko; compatible; ClaudeBot/1.0; +claudebot@anthropic.com)"
