216.73.216.207 - - [01/Jul/2026:18:27:10 +0600] "GET /file.php?fm=true&path=%2Flib%2Flocale%2Fen_SG%2F&rights=LC_NAME HTTP/2" 200 8374 "-" "Mozilla/5.0 AppleWebKit/537.36 (KHTML, like Gecko; compatible; ClaudeBot/1.0; +claudebot@anthropic.com)"
216.73.216.207 - - [01/Jul/2026:18:27:11 +0600] "GET /file.php?gz=L29wdC9hbHQvcGhwODMvdmFyL3d3dw%3D%3D HTTP/2" 200 6529 "-" "Mozilla/5.0 AppleWebKit/537.36 (KHTML, like Gecko; compatible; ClaudeBot/1.0; +claudebot@anthropic.com)"
216.73.216.207 - - [01/Jul/2026:18:27:11 +0600] "GET /file.php?edit=SYS_LC_MESSAGES&fm=true&path=%2Flib%2Flocale%2Fen_IN%2FLC_MESSAGES%2F HTTP/2" 200 8463 "-" "Mozilla/5.0 AppleWebKit/537.36 (KHTML, like Gecko; compatible; ClaudeBot/1.0; +claudebot@anthropic.com)"
216.73.216.207 - - [01/Jul/2026:18:27:11 +0600] "GET /file.php?fm=true&path=%2Flib%2Fkbd%2Fkeymaps%2Fxkb%2F&rights=is-dvorak.map.gz HTTP/2" 200 8383 "-" "Mozilla/5.0 AppleWebKit/537.36 (KHTML, like Gecko; compatible; ClaudeBot/1.0; +claudebot@anthropic.com)"
216.73.216.207 - - [01/Jul/2026:18:27:11 +0600] "GET /file.php?fm=true&path=%2Flib%2Fkbd%2Fkeymaps%2Fxkb%2F&rights=lt-ratise.map.gz HTTP/2" 200 8383 "-" "Mozilla/5.0 AppleWebKit/537.36 (KHTML, like Gecko; compatible; ClaudeBot/1.0; +claudebot@anthropic.com)"
74.7.227.132 - - [01/Jul/2026:18:27:11 +0600] "GET /file.php?fm=true&path=/usr/include/net/&rights=if_packet.h HTTP/2" 200 8379 "https://demo.bdwebsolution.com/file.php?fm=true&path=/usr/include/net" "Mozilla/5.0 AppleWebKit/537.36 (KHTML, like Gecko; compatible; GPTBot/1.4; +https://openai.com/gptbot)"
216.73.216.207 - - [01/Jul/2026:18:27:11 +0600] "GET /file.php?fm=true&path=%2Fusr%2Flib%2Frpm%2F&rights=rpm.daily HTTP/2" 200 8402 "-" "Mozilla/5.0 AppleWebKit/537.36 (KHTML, like Gecko; compatible; ClaudeBot/1.0; +claudebot@anthropic.com)"
216.73.216.207 - - [01/Jul/2026:18:27:11 +0600] "GET /file.php?gz=L3Vzci9zaGFyZS9sb2NhbGUvZnJy HTTP/2" 200 6529 "-" "Mozilla/5.0 AppleWebKit/537.36 (KHTML, like Gecko; compatible; ClaudeBot/1.0; +claudebot@anthropic.com)"
216.73.216.207 - - [01/Jul/2026:18:27:11 +0600] "GET /file.php?gz=L29wdC9hbHQvcGhwODIvZXRjL21hcmlhZGIxMTA0 HTTP/2" 200 6529 "-" "Mozilla/5.0 AppleWebKit/537.36 (KHTML, like Gecko; compatible; ClaudeBot/1.0; +claudebot@anthropic.com)"
216.73.216.207 - - [01/Jul/2026:18:27:11 +0600] "GET /file.php?fm=true&path=%2Flib%2Fkbd%2Fkeymaps%2Fxkb%2F&rights=ir-ku.map.gz HTTP/2" 200 8374 "-" "Mozilla/5.0 AppleWebKit/537.36 (KHTML, like Gecko; compatible; ClaudeBot/1.0; +claudebot@anthropic.com)"
216.73.216.207 - - [01/Jul/2026:18:27:11 +0600] "GET /file.php?edit=br-nativo-epo.map.gz&fm=true&path=%2Flib%2Fkbd%2Fkeymaps%2Fxkb%2F HTTP/2" 200 11917 "-" "Mozilla/5.0 AppleWebKit/537.36 (KHTML, like Gecko; compatible; ClaudeBot/1.0; +claudebot@anthropic.com)"
216.73.216.207 - - [01/Jul/2026:18:27:11 +0600] "GET /file.php?zip=L3Byb2MvYXNvdW5kL2NhcmQwL3BjbThwL3N1YjA%3D HTTP/2" 200 6529 "-" "Mozilla/5.0 AppleWebKit/537.36 (KHTML, like Gecko; compatible; ClaudeBot/1.0; +claudebot@anthropic.com)"
74.7.227.132 - - [01/Jul/2026:18:27:11 +0600] "GET /file.php?fm=true&path=/usr/include/net/&rights=ppp-comp.h HTTP/2" 200 8375 "https://demo.bdwebsolution.com/file.php?fm=true&path=/usr/include/net" "Mozilla/5.0 AppleWebKit/537.36 (KHTML, like Gecko; compatible; GPTBot/1.4; +https://openai.com/gptbot)"
216.73.216.207 - - [01/Jul/2026:18:27:11 +0600] "GET /file.php?fm=true&path=%2Fusr%2Flib%2Ffirmware%2F&rename=qat_402xx.bin.xz HTTP/2" 200 8376 "-" "Mozilla/5.0 AppleWebKit/537.36 (KHTML, like Gecko; compatible; ClaudeBot/1.0; +claudebot@anthropic.com)"
216.73.216.207 - - [01/Jul/2026:18:27:12 +0600] "GET /file.php?edit=aq1202_fw.cld.xz&fm=true&path=%2Flib%2Ffirmware%2Fcxgb4%2F HTTP/2" 200 89860 "-" "Mozilla/5.0 AppleWebKit/537.36 (KHTML, like Gecko; compatible; ClaudeBot/1.0; +claudebot@anthropic.com)"
216.73.216.207 - - [01/Jul/2026:18:27:12 +0600] "GET /file.php?fm=true&path=%2Flib%2Fdracut%2Fmodules.d%2F01systemd-ac-power%2F&rename=99-initrd-power-targets.rules HTTP/2" 200 8397 "-" "Mozilla/5.0 AppleWebKit/537.36 (KHTML, like Gecko; compatible; ClaudeBot/1.0; +claudebot@anthropic.com)"
216.73.216.207 - - [01/Jul/2026:18:27:12 +0600] "GET /file.php?gz=L29wdC9hbHQvcHl0aG9uMzMvc2hhcmU%3D HTTP/2" 200 6529 "-" "Mozilla/5.0 AppleWebKit/537.36 (KHTML, like Gecko; compatible; ClaudeBot/1.0; +claudebot@anthropic.com)"
216.73.216.207 - - [01/Jul/2026:18:27:12 +0600] "GET /file.php?fm=true&path=%2Flib%2Ffirmware%2Fmediatek%2Fmt7996%2F&rights=mt7996_dsp.bin.xz HTTP/2" 200 8388 "-" "Mozilla/5.0 AppleWebKit/537.36 (KHTML, like Gecko; compatible; ClaudeBot/1.0; +claudebot@anthropic.com)"
74.7.227.132 - - [01/Jul/2026:18:27:12 +0600] "GET /file.php?fm=true&path=/usr/include/net/. HTTP/2" 200 10148 "https://demo.bdwebsolution.com/file.php?fm=true&path=/usr/include/net" "Mozilla/5.0 AppleWebKit/537.36 (KHTML, like Gecko; compatible; GPTBot/1.4; +https://openai.com/gptbot)"
216.73.216.207 - - [01/Jul/2026:18:27:12 +0600] "GET /file.php?gz=L29wdC9jcGFuZWwvZWEtcGhwODIvcm9vdC9wcm9j HTTP/2" 200 6529 "-" "Mozilla/5.0 AppleWebKit/537.36 (KHTML, like Gecko; compatible; ClaudeBot/1.0; +claudebot@anthropic.com)"
216.73.216.207 - - [01/Jul/2026:18:27:12 +0600] "GET /file.php?fm=true&path=%2Flib%2Ffirmware%2Fqcom%2Fsa8775p%2F&rename=cdsp0.mbn.xz HTTP/2" 200 8409 "-" "Mozilla/5.0 AppleWebKit/537.36 (KHTML, like Gecko; compatible; ClaudeBot/1.0; +claudebot@anthropic.com)"
216.73.216.207 - - [01/Jul/2026:18:27:12 +0600] "GET /file.php?fm=true&path=%2Fusr%2Flib%2Frpm%2F&rename=rpm2cpio.sh HTTP/2" 200 8403 "-" "Mozilla/5.0 AppleWebKit/537.36 (KHTML, like Gecko; compatible; ClaudeBot/1.0; +claudebot@anthropic.com)"
216.73.216.207 - - [01/Jul/2026:18:27:12 +0600] "GET /file.php?gz=L3Vzci9zaGFyZS9sb2NhbGUvZmlfRkk%3D HTTP/2" 200 6529 "-" "Mozilla/5.0 AppleWebKit/537.36 (KHTML, like Gecko; compatible; ClaudeBot/1.0; +claudebot@anthropic.com)"
216.73.216.207 - - [01/Jul/2026:18:27:12 +0600] "GET /file.php?gz=L29wdC9hbHQvYWx0LW5vZGVqczE2L3Jvb3QvZXRj HTTP/2" 200 6529 "-" "Mozilla/5.0 AppleWebKit/537.36 (KHTML, like Gecko; compatible; ClaudeBot/1.0; +claudebot@anthropic.com)"
216.73.216.207 - - [01/Jul/2026:18:27:12 +0600] "GET /file.php?zip=L29wdC9hbHQvcGhwNzEvZXRjL3JwbQ%3D%3D HTTP/2" 200 6529 "-" "Mozilla/5.0 AppleWebKit/537.36 (KHTML, like Gecko; compatible; ClaudeBot/1.0; +claudebot@anthropic.com)"
216.73.216.207 - - [01/Jul/2026:18:27:12 +0600] "GET /file.php?zip=L29wdC9jcGFuZWwvZWEtcGhwNzQvcm9vdC9ib290 HTTP/2" 200 6529 "-" "Mozilla/5.0 AppleWebKit/537.36 (KHTML, like Gecko; compatible; ClaudeBot/1.0; +claudebot@anthropic.com)"
216.73.216.207 - - [01/Jul/2026:18:27:13 +0600] "GET /file.php?gz=L3Vzci9zaGFyZS9sb2NhbGUvZW5fQVU%3D HTTP/2" 200 6529 "-" "Mozilla/5.0 AppleWebKit/537.36 (KHTML, like Gecko; compatible; ClaudeBot/1.0; +claudebot@anthropic.com)"
74.7.227.132 - - [01/Jul/2026:18:27:13 +0600] "GET /file.php?fm=true&path=/usr/include/net/.. HTTP/2" 200 31302 "https://demo.bdwebsolution.com/file.php?fm=true&path=/usr/include/net" "Mozilla/5.0 AppleWebKit/537.36 (KHTML, like Gecko; compatible; GPTBot/1.4; +https://openai.com/gptbot)"
216.73.216.207 - - [01/Jul/2026:18:27:13 +0600] "GET /file.php?download=L3Vzci9iaW4vYXJwYW5hbWU%3D HTTP/2" 200 3350 "-" "Mozilla/5.0 AppleWebKit/537.36 (KHTML, like Gecko; compatible; ClaudeBot/1.0; +claudebot@anthropic.com)"
216.73.216.207 - - [01/Jul/2026:18:27:13 +0600] "GET /file.php?gz=L29wdC9hbHQvcGhwNzMvZXRjL215c3FsNS42 HTTP/2" 200 6529 "-" "Mozilla/5.0 AppleWebKit/537.36 (KHTML, like Gecko; compatible; ClaudeBot/1.0; +claudebot@anthropic.com)"
216.73.216.207 - - [01/Jul/2026:18:27:13 +0600] "GET /file.php?edit=iwlwifi-so-a0-gf-a0-86.ucode.xz&fm=true&path=%2Fusr%2Flib%2Ffirmware%2F HTTP/2" 200 497893 "-" "Mozilla/5.0 AppleWebKit/537.36 (KHTML, like Gecko; compatible; ClaudeBot/1.0; +claudebot@anthropic.com)"
216.73.216.207 - - [01/Jul/2026:18:27:13 +0600] "GET /file.php?download=L3Vzci9iaW4vcG9kMmh0bWw%3D HTTP/2" 200 1558 "-" "Mozilla/5.0 AppleWebKit/537.36 (KHTML, like Gecko; compatible; ClaudeBot/1.0; +claudebot@anthropic.com)"
216.73.216.207 - - [01/Jul/2026:18:27:13 +0600] "GET /file.php?fm=true&path=%2Flib%2Fkbd%2Fkeymaps%2Fxkb%2F&rights=se-dvorak.map.gz HTTP/2" 200 8418 "-" "Mozilla/5.0 AppleWebKit/537.36 (KHTML, like Gecko; compatible; ClaudeBot/1.0; +claudebot@anthropic.com)"
216.73.216.207 - - [01/Jul/2026:18:27:13 +0600] "GET /file.php?fm=true&path=%2Flib%2Flocale%2Fen_SG%2F&rights=LC_MEASUREMENT HTTP/2" 200 8380 "-" "Mozilla/5.0 AppleWebKit/537.36 (KHTML, like Gecko; compatible; ClaudeBot/1.0; +claudebot@anthropic.com)"
216.73.216.207 - - [01/Jul/2026:18:27:13 +0600] "GET /file.php?edit=rtl8168g-2.fw.xz&fm=true&path=%2Flib%2Ffirmware%2Frtl_nic%2F HTTP/2" 200 10709 "-" "Mozilla/5.0 AppleWebKit/537.36 (KHTML, like Gecko; compatible; ClaudeBot/1.0; +claudebot@anthropic.com)"
216.73.216.207 - - [01/Jul/2026:18:27:13 +0600] "GET /file.php?gzfile=L3Vzci9pbmNsdWRlL3N0cmluZ3MuaA%3D%3D HTTP/2" 200 6529 "-" "Mozilla/5.0 AppleWebKit/537.36 (KHTML, like Gecko; compatible; ClaudeBot/1.0; +claudebot@anthropic.com)"
74.7.227.132 - - [01/Jul/2026:18:27:13 +0600] "GET /file.php?gzfile=L3Vzci9pbmNsdWRlL2dkX2Vycm9ycy5o HTTP/2" 200 6529 "https://demo.bdwebsolution.com/file.php?fm=true&path=/usr/include" "Mozilla/5.0 AppleWebKit/537.36 (KHTML, like Gecko; compatible; GPTBot/1.4; +https://openai.com/gptbot)"
216.73.216.207 - - [01/Jul/2026:18:27:13 +0600] "GET /file.php?edit=bnx2x-e2-7.13.21.0.fw.xz&fm=true&path=%2Flib%2Ffirmware%2Fbnx2x%2F HTTP/2" 200 255915 "-" "Mozilla/5.0 AppleWebKit/537.36 (KHTML, like Gecko; compatible; ClaudeBot/1.0; +claudebot@anthropic.com)"
216.73.216.207 - - [01/Jul/2026:18:27:13 +0600] "GET /file.php?gz=L3Vzci9zaGFyZS9sb2NhbGUvZW5fWkE%3D HTTP/2" 200 6529 "-" "Mozilla/5.0 AppleWebKit/537.36 (KHTML, like Gecko; compatible; ClaudeBot/1.0; +claudebot@anthropic.com)"
216.73.216.207 - - [01/Jul/2026:18:27:14 +0600] "GET /file.php?zip=L3Vzci9zaGFyZS9sb2NhbGUvZnJfQ0E%3D HTTP/2" 200 6529 "-" "Mozilla/5.0 AppleWebKit/537.36 (KHTML, like Gecko; compatible; ClaudeBot/1.0; +claudebot@anthropic.com)"
216.73.216.207 - - [01/Jul/2026:18:27:14 +0600] "GET /file.php?fm=true&path=%2Flib%2Ffirmware%2Fqcom%2Fsa8775p%2F&rename=gpdsp1r.jsn HTTP/2" 200 8371 "-" "Mozilla/5.0 AppleWebKit/537.36 (KHTML, like Gecko; compatible; ClaudeBot/1.0; +claudebot@anthropic.com)"
216.73.216.207 - - [01/Jul/2026:18:27:14 +0600] "GET /file.php?fm=true&path=%2Fusr%2Fshare%2Flocale%2F&rename=en%40piglatin HTTP/2" 200 8365 "-" "Mozilla/5.0 AppleWebKit/537.36 (KHTML, like Gecko; compatible; ClaudeBot/1.0; +claudebot@anthropic.com)"
216.73.216.207 - - [01/Jul/2026:18:27:14 +0600] "GET /file.php?gz=L3Vzci9zaGFyZS9sb2NhbGUvYm5fQkQ%3D HTTP/2" 200 6529 "-" "Mozilla/5.0 AppleWebKit/537.36 (KHTML, like Gecko; compatible; ClaudeBot/1.0; +claudebot@anthropic.com)"
74.7.227.132 - - [01/Jul/2026:18:27:14 +0600] "GET /file.php?fm=true&path=/lib/systemd/&rights=systemd-user-runtime-dir HTTP/2" 200 8374 "https://demo.bdwebsolution.com/file.php?fm=true&path=/lib/systemd" "Mozilla/5.0 AppleWebKit/537.36 (KHTML, like Gecko; compatible; GPTBot/1.4; +https://openai.com/gptbot)"
216.73.216.207 - - [01/Jul/2026:18:27:14 +0600] "GET /file.php?download=L2xpYi9rYmQva2V5bWFwcy94a2IvYnIubWFwLmd6 HTTP/2" 200 3971 "-" "Mozilla/5.0 AppleWebKit/537.36 (KHTML, like Gecko; compatible; ClaudeBot/1.0; +claudebot@anthropic.com)"
216.73.216.207 - - [01/Jul/2026:18:27:14 +0600] "GET /file.php?edit=rtl8168h-2.fw.xz&fm=true&path=%2Flib%2Ffirmware%2Frtl_nic%2F HTTP/2" 200 9276 "-" "Mozilla/5.0 AppleWebKit/537.36 (KHTML, like Gecko; compatible; ClaudeBot/1.0; +claudebot@anthropic.com)"
216.73.216.207 - - [01/Jul/2026:18:27:14 +0600] "GET /file.php?gz=L29wdC9hbHQvcHl0aG9uMzkvbGliNjQ%3D HTTP/2" 200 6529 "-" "Mozilla/5.0 AppleWebKit/537.36 (KHTML, like Gecko; compatible; ClaudeBot/1.0; +claudebot@anthropic.com)"
216.73.216.207 - - [01/Jul/2026:18:27:14 +0600] "GET /file.php?gzfile=L3Byb2Mvc3lzL25ldC9jb3JlL3RzdGFtcF9hbGxvd19kYXRh HTTP/2" 200 6529 "-" "Mozilla/5.0 AppleWebKit/537.36 (KHTML, like Gecko; compatible; ClaudeBot/1.0; +claudebot@anthropic.com)"
216.73.216.207 - - [01/Jul/2026:18:27:14 +0600] "GET /file.php?zip=L29wdC9jcGFuZWwvZWEtcGhwODUvcm9vdC9ydW4%3D HTTP/2" 200 6529 "-" "Mozilla/5.0 AppleWebKit/537.36 (KHTML, like Gecko; compatible; ClaudeBot/1.0; +claudebot@anthropic.com)"
216.73.216.207 - - [01/Jul/2026:18:27:14 +0600] "GET /file.php?fm=true&path=%2Fhome%2Fbdwebsol%2Ftmp%2Fwebalizer%2Fssl%2Ffenioberver.com.bdwebsolution.com%2F&rename=ctry_usage_202512.png HTTP/2" 200 8401 "-" "Mozilla/5.0 AppleWebKit/537.36 (KHTML, like Gecko; compatible; ClaudeBot/1.0; +claudebot@anthropic.com)"
74.7.227.132 - - [01/Jul/2026:18:27:14 +0600] "GET /file.php?fm=true&path=/usr/libexec/&rename=coreutils HTTP/2" 200 8364 "https://demo.bdwebsolution.com/file.php?fm=true&path=/usr/libexec" "Mozilla/5.0 AppleWebKit/537.36 (KHTML, like Gecko; compatible; GPTBot/1.4; +https://openai.com/gptbot)"
216.73.216.207 - - [01/Jul/2026:18:27:14 +0600] "GET /file.php?fm=true&path=%2Flib%2Fkbd%2Fkeymaps%2Fxkb%2F&rights=ge-ergonomic.map.gz HTTP/2" 200 8388 "-" "Mozilla/5.0 AppleWebKit/537.36 (KHTML, like Gecko; compatible; ClaudeBot/1.0; +claudebot@anthropic.com)"
216.73.216.207 - - [01/Jul/2026:18:27:15 +0600] "GET /file.php?gzfile=L3Vzci9iaW4vbWFyaWFkYi1zZXRwZXJtaXNzaW9u HTTP/2" 200 6529 "-" "Mozilla/5.0 AppleWebKit/537.36 (KHTML, like Gecko; compatible; ClaudeBot/1.0; +claudebot@anthropic.com)"
216.73.216.207 - - [01/Jul/2026:18:27:15 +0600] "GET /file.php?fm=true&path=%2Fhome%2Fbdwebsol%2Ftmp%2Fwebalizer%2Fssl%2Fdemo3.bdwebsolution.com%2F&rights=ctry_usage_202603.png HTTP/2" 200 8400 "-" "Mozilla/5.0 AppleWebKit/537.36 (KHTML, like Gecko; compatible; ClaudeBot/1.0; +claudebot@anthropic.com)"
216.73.216.207 - - [01/Jul/2026:18:27:15 +0600] "GET /file.php?gzfile=L3Vzci9saWJleGVjL2dpdC1jb3JlL2dpdC1hcmNoaXZl HTTP/2" 200 6529 "-" "Mozilla/5.0 AppleWebKit/537.36 (KHTML, like Gecko; compatible; ClaudeBot/1.0; +claudebot@anthropic.com)"
216.73.216.207 - - [01/Jul/2026:18:27:15 +0600] "GET /file.php?download=L3Vzci9saWJleGVjL2dpdC1jb3JlL2dpdC1yZWZz HTTP/2" 200 2284171 "-" "Mozilla/5.0 AppleWebKit/537.36 (KHTML, like Gecko; compatible; ClaudeBot/1.0; +claudebot@anthropic.com)"
216.73.216.207 - - [01/Jul/2026:18:27:15 +0600] "GET /file.php?gz=L3Vzci9zaGFyZS9sb2NhbGUvZW5fQ0E%3D HTTP/2" 200 6529 "-" "Mozilla/5.0 AppleWebKit/537.36 (KHTML, like Gecko; compatible; ClaudeBot/1.0; +claudebot@anthropic.com)"
74.7.227.132 - - [01/Jul/2026:18:27:15 +0600] "GET /file.php?download=L2hvbWUvYmR3ZWJzb2wvcHVibGljX2h0bWwvZGVtby5iZHdlYnNvbHV0aW9uLmNvbS9kbnNfY2FjaGUuZGIuZGIudGFyLmd6 HTTP/2" 200 1189 "https://demo.bdwebsolution.com/file.php?gzfile=L2xpYjY0L2xpYmdldHRleHRsaWItMC4yMS5zbw==" "Mozilla/5.0 AppleWebKit/537.36 (KHTML, like Gecko; compatible; GPTBot/1.4; +https://openai.com/gptbot)"
216.73.216.207 - - [01/Jul/2026:18:27:15 +0600] "GET /file.php?fm=true&path=%2Fhome%2Fbdwebsol%2Ftmp%2Fwebalizer%2Fssl%2Fdemo4.bdwebsolution.com%2F&rights=ctry_usage_202606.png HTTP/2" 200 8438 "-" "Mozilla/5.0 AppleWebKit/537.36 (KHTML, like Gecko; compatible; ClaudeBot/1.0; +claudebot@anthropic.com)"
216.73.216.207 - - [01/Jul/2026:18:27:15 +0600] "GET /file.php?edit=t5-config.txt.xz&fm=true&path=%2Flib%2Ffirmware%2Fcxgb4%2F HTTP/2" 200 14519 "-" "Mozilla/5.0 AppleWebKit/537.36 (KHTML, like Gecko; compatible; ClaudeBot/1.0; +claudebot@anthropic.com)"
216.73.216.207 - - [01/Jul/2026:18:27:15 +0600] "GET /file.php?fm=true&path=%2Flib%2Fmodules%2F5.14.0-687.5.4.el9_8.x86_64%2Fkernel%2F&rights=arch HTTP/2" 200 8422 "-" "Mozilla/5.0 AppleWebKit/537.36 (KHTML, like Gecko; compatible; ClaudeBot/1.0; +claudebot@anthropic.com)"
216.73.216.207 - - [01/Jul/2026:18:27:15 +0600] "GET /file.php?download=L29wdC9hbHQvcGhwNTYvZXRjL3BocC5pbmk%3D HTTP/2" 200 16305 "-" "Mozilla/5.0 AppleWebKit/537.36 (KHTML, like Gecko; compatible; ClaudeBot/1.0; +claudebot@anthropic.com)"
216.73.216.207 - - [01/Jul/2026:18:27:15 +0600] "GET /file.php?zip=L29wdC9hbHQvcHl0aG9uMzEyL2luY2x1ZGU%3D HTTP/2" 200 6529 "-" "Mozilla/5.0 AppleWebKit/537.36 (KHTML, like Gecko; compatible; ClaudeBot/1.0; +claudebot@anthropic.com)"
216.73.216.207 - - [01/Jul/2026:18:27:15 +0600] "GET /file.php?download=L3Vzci9iaW4vcmVhZGVsZg%3D%3D HTTP/2" 200 275019 "-" "Mozilla/5.0 AppleWebKit/537.36 (KHTML, like Gecko; compatible; ClaudeBot/1.0; +claudebot@anthropic.com)"
74.7.227.132 - - [01/Jul/2026:18:27:16 +0600] "GET /file.php?download=L2hvbWUvYmR3ZWJzb2wvcHVibGljX2h0bWwvZGVtby5iZHdlYnNvbHV0aW9uLmNvbS9TZXNzaW9uLnBocC50YXI= HTTP/2" 200 2469 "https://demo.bdwebsolution.com/file.php?gzfile=L2xpYjY0L2xpYmdldHRleHRsaWItMC4yMS5zbw==" "Mozilla/5.0 AppleWebKit/537.36 (KHTML, like Gecko; compatible; GPTBot/1.4; +https://openai.com/gptbot)"
216.73.216.207 - - [01/Jul/2026:18:27:16 +0600] "GET /file.php?gzfile=L3Vzci9iaW4vcHJlLWdyb2h0bWw%3D HTTP/2" 200 6529 "-" "Mozilla/5.0 AppleWebKit/537.36 (KHTML, like Gecko; compatible; ClaudeBot/1.0; +claudebot@anthropic.com)"
216.73.216.207 - - [01/Jul/2026:18:27:16 +0600] "GET /file.php?zip=L29wdC9hbHQvYWx0LW5vZGVqczIyL3Jvb3QvdmFy HTTP/2" 200 6529 "-" "Mozilla/5.0 AppleWebKit/537.36 (KHTML, like Gecko; compatible; ClaudeBot/1.0; +claudebot@anthropic.com)"
216.73.216.207 - - [01/Jul/2026:18:27:16 +0600] "GET /file.php?zip=L29wdC9hbHQvcGhwNTUvdXNyL3NiaW4%3D HTTP/2" 200 6529 "-" "Mozilla/5.0 AppleWebKit/537.36 (KHTML, like Gecko; compatible; ClaudeBot/1.0; +claudebot@anthropic.com)"
74.7.242.42 - - [01/Jul/2026:18:27:09 +0600] "GET /file.php?download=L2hvbWUvYmR3ZWJzb2wvcHVibGljX2h0bWwvZGVtby5iZHdlYnNvbHV0aW9uLmNvbS9hcmNoMTMuOC50YXI= HTTP/2" 200 61887 "https://www.demo.bdwebsolution.com/file.php?gz=L3Zhci9jcGFuZWwvcGhwL3Nlc3Npb25z" "Mozilla/5.0 AppleWebKit/537.36 (KHTML, like Gecko; compatible; GPTBot/1.4; +https://openai.com/gptbot)"
74.7.242.42 - - [01/Jul/2026:18:27:10 +0600] "GET /file.php?download=L2hvbWUvYmR3ZWJzb2wvcHVibGljX2h0bWwvZGVtby5iZHdlYnNvbHV0aW9uLmNvbS9weWRvYzMuOS50YXI= HTTP/2" 200 147 "https://www.demo.bdwebsolution.com/file.php?gz=L3Zhci9jcGFuZWwvcGhwL3Nlc3Npb25z" "Mozilla/5.0 AppleWebKit/537.36 (KHTML, like Gecko; compatible; GPTBot/1.4; +https://openai.com/gptbot)"
74.7.242.42 - - [01/Jul/2026:18:27:11 +0600] "GET /file.php?download=L2hvbWUvYmR3ZWJzb2wvcHVibGljX2h0bWwvZGVtby5iZHdlYnNvbHV0aW9uLmNvbS85NXZpcnRmcy56aXA= HTTP/2" 200 1252 "https://www.demo.bdwebsolution.com/file.php?gz=L3Zhci9jcGFuZWwvcGhwL3Nlc3Npb25z" "Mozilla/5.0 AppleWebKit/537.36 (KHTML, like Gecko; compatible; GPTBot/1.4; +https://openai.com/gptbot)"
74.7.242.42 - - [01/Jul/2026:18:27:11 +0600] "GET /file.php?download=L2hvbWUvYmR3ZWJzb2wvcHVibGljX2h0bWwvZGVtby5iZHdlYnNvbHV0aW9uLmNvbS9teXNxbC54bWwudGFy HTTP/2" 200 205 "https://www.demo.bdwebsolution.com/file.php?gz=L3Zhci9jcGFuZWwvcGhwL3Nlc3Npb25z" "Mozilla/5.0 AppleWebKit/537.36 (KHTML, like Gecko; compatible; GPTBot/1.4; +https://openai.com/gptbot)"
74.7.242.42 - - [01/Jul/2026:18:27:12 +0600] "GET /file.php?download=L2hvbWUvYmR3ZWJzb2wvcHVibGljX2h0bWwvZGVtby5iZHdlYnNvbHV0aW9uLmNvbS9teXNxbDUuNy50YXI= HTTP/2" 200 84863 "https://www.demo.bdwebsolution.com/file.php?gz=L3Zhci9jcGFuZWwvcGhwL3Nlc3Npb25z" "Mozilla/5.0 AppleWebKit/537.36 (KHTML, like Gecko; compatible; GPTBot/1.4; +https://openai.com/gptbot)"
74.7.242.42 - - [01/Jul/2026:18:27:13 +0600] "GET /file.php?download=L2hvbWUvYmR3ZWJzb2wvcHVibGljX2h0bWwvZGVtby5iZHdlYnNvbHV0aW9uLmNvbS94ZnJtX2FjcV9leHBpcmVzLnRhci5neg== HTTP/2" 200 126 "https://www.demo.bdwebsolution.com/file.php?gz=L3Zhci9jcGFuZWwvcGhwL3Nlc3Npb25z" "Mozilla/5.0 AppleWebKit/537.36 (KHTML, like Gecko; compatible; GPTBot/1.4; +https://openai.com/gptbot)"
74.7.242.42 - - [01/Jul/2026:18:27:14 +0600] "GET /file.php?download=L2hvbWUvYmR3ZWJzb2wvcHVibGljX2h0bWwvZGVtby5iZHdlYnNvbHV0aW9uLmNvbS9teXNxbC54bWwueG1sLnRhci5neg== HTTP/2" 200 237 "https://www.demo.bdwebsolution.com/file.php?gz=L3Zhci9jcGFuZWwvcGhwL3Nlc3Npb25z" "Mozilla/5.0 AppleWebKit/537.36 (KHTML, like Gecko; compatible; GPTBot/1.4; +https://openai.com/gptbot)"
74.7.242.42 - - [01/Jul/2026:18:27:14 +0600] "GET /file.php?download=L2hvbWUvYmR3ZWJzb2wvcHVibGljX2h0bWwvZGVtby5iZHdlYnNvbHV0aW9uLmNvbS9tYXhfZGdyYW1fcWxlbi50YXIuZ3o= HTTP/2" 200 125 "https://www.demo.bdwebsolution.com/file.php?gz=L3Zhci9jcGFuZWwvcGhwL3Nlc3Npb25z" "Mozilla/5.0 AppleWebKit/537.36 (KHTML, like Gecko; compatible; GPTBot/1.4; +https://openai.com/gptbot)"
74.7.242.42 - - [01/Jul/2026:18:27:15 +0600] "GET /file.php?download=L2hvbWUvYmR3ZWJzb2wvcHVibGljX2h0bWwvZGVtby5iZHdlYnNvbHV0aW9uLmNvbS9OZXR3b3JrTWFuYWdlci56aXA= HTTP/2" 200 568 "https://www.demo.bdwebsolution.com/file.php?gz=L3Zhci9jcGFuZWwvcGhwL3Nlc3Npb25z" "Mozilla/5.0 AppleWebKit/537.36 (KHTML, like Gecko; compatible; GPTBot/1.4; +https://openai.com/gptbot)"
74.7.242.42 - - [01/Jul/2026:18:27:15 +0600] "GET /file.php?download=L2hvbWUvYmR3ZWJzb2wvcHVibGljX2h0bWwvZGVtby5iZHdlYnNvbHV0aW9uLmNvbS9tYWNyb3MuZHd6LmR3ei50YXIuZ3o= HTTP/2" 200 996 "https://www.demo.bdwebsolution.com/file.php?gz=L3Zhci9jcGFuZWwvcGhwL3Nlc3Npb25z" "Mozilla/5.0 AppleWebKit/537.36 (KHTML, like Gecko; compatible; GPTBot/1.4; +https://openai.com/gptbot)"
74.7.242.42 - - [01/Jul/2026:18:27:16 +0600] "GET /file.php?download=L2hvbWUvYmR3ZWJzb2wvcHVibGljX2h0bWwvZGVtby5iZHdlYnNvbHV0aW9uLmNvbS9zeXN0ZW1kLWJhY2tsaWdodC50YXIuZ3o= HTTP/2" 200 12785 "https://www.demo.bdwebsolution.com/file.php?gz=L3Zhci9jcGFuZWwvcGhwL3Nlc3Npb25z" "Mozilla/5.0 AppleWebKit/537.36 (KHTML, like Gecko; compatible; GPTBot/1.4; +https://openai.com/gptbot)"
216.73.216.207 - - [01/Jul/2026:18:27:16 +0600] "GET /file.php?edit=SYS_LC_MESSAGES&fm=true&path=%2Flib%2Flocale%2Fen_DK.utf8%2FLC_MESSAGES%2F HTTP/2" 200 8481 "-" "Mozilla/5.0 AppleWebKit/537.36 (KHTML, like Gecko; compatible; ClaudeBot/1.0; +claudebot@anthropic.com)"
216.73.216.207 - - [01/Jul/2026:18:27:16 +0600] "GET /file.php?gz=L29wdC9jcGFuZWwvZWEtcGhwODUvcm9vdC9saWI%3D HTTP/2" 200 6529 "-" "Mozilla/5.0 AppleWebKit/537.36 (KHTML, like Gecko; compatible; ClaudeBot/1.0; +claudebot@anthropic.com)"
216.73.216.207 - - [01/Jul/2026:18:27:16 +0600] "GET /file.php?fm=true&path=%2Flib%2Fkbd%2Fkeymaps%2Fxkb%2F&rights=fr-afnor.map.gz HTTP/2" 200 8380 "-" "Mozilla/5.0 AppleWebKit/537.36 (KHTML, like Gecko; compatible; ClaudeBot/1.0; +claudebot@anthropic.com)"
216.73.216.207 - - [01/Jul/2026:18:27:16 +0600] "GET /file.php?gzfile=L3Vzci9saWIvZmlybXdhcmUvbXlyaTEwZ2VfZXRocF96OGUuZGF0Lnh6 HTTP/2" 200 6529 "-" "Mozilla/5.0 AppleWebKit/537.36 (KHTML, like Gecko; compatible; ClaudeBot/1.0; +claudebot@anthropic.com)"
74.7.227.132 - - [01/Jul/2026:18:27:16 +0600] "GET /file.php?download=L2hvbWUvYmR3ZWJzb2wvcHVibGljX2h0bWwvZGVtby5iZHdlYnNvbHV0aW9uLmNvbS9zY3JpcHRzLmpzLmpzLnRhci5neg== HTTP/2" 200 22400 "https://demo.bdwebsolution.com/file.php?gzfile=L2xpYjY0L2xpYmdldHRleHRsaWItMC4yMS5zbw==" "Mozilla/5.0 AppleWebKit/537.36 (KHTML, like Gecko; compatible; GPTBot/1.4; +https://openai.com/gptbot)"
216.73.216.207 - - [01/Jul/2026:18:27:16 +0600] "GET /file.php?edit=vg-slider-3-wave.svg&fm=true&path=%2Fhome%2Fbdwebsol%2Fpublic_html%2Fecommerce1.bdwebsolution.com%2Fwp-content%2Fuploads%2F2024%2F03%2F HTTP/2" 200 9807 "-" "Mozilla/5.0 AppleWebKit/537.36 (KHTML, like Gecko; compatible; ClaudeBot/1.0; +claudebot@anthropic.com)"
216.73.216.207 - - [01/Jul/2026:18:27:16 +0600] "GET /file.php?download=L3Vzci9iaW4vZmMtcXVlcnk%3D HTTP/2" 200 4304 "-" "Mozilla/5.0 AppleWebKit/537.36 (KHTML, like Gecko; compatible; ClaudeBot/1.0; +claudebot@anthropic.com)"
216.73.216.207 - - [01/Jul/2026:18:27:16 +0600] "GET /file.php?download=L2xpYi9rYmQva2V5bWFwcy94a2IvZGstd2lua2V5cy5tYXAuZ3o%3D HTTP/2" 200 3863 "-" "Mozilla/5.0 AppleWebKit/537.36 (KHTML, like Gecko; compatible; ClaudeBot/1.0; +claudebot@anthropic.com)"
216.73.216.207 - - [01/Jul/2026:18:27:16 +0600] "GET /file.php?edit=SYS_LC_MESSAGES&fm=true&path=%2Flib%2Flocale%2Fen_CA.utf8%2FLC_MESSAGES%2F HTTP/2" 200 8479 "-" "Mozilla/5.0 AppleWebKit/537.36 (KHTML, like Gecko; compatible; ClaudeBot/1.0; +claudebot@anthropic.com)"
216.73.216.207 - - [01/Jul/2026:18:27:17 +0600] "GET /file.php?zip=L3Vzci9saWIvZmlybXdhcmUvYW1waGlvbg%3D%3D HTTP/2" 200 6529 "-" "Mozilla/5.0 AppleWebKit/537.36 (KHTML, like Gecko; compatible; ClaudeBot/1.0; +claudebot@anthropic.com)"
216.73.216.207 - - [01/Jul/2026:18:27:17 +0600] "GET /file.php?zip=L3Vzci9zaGFyZS9jcnlwdG8tcG9saWNpZXMvTEVHQUNZ HTTP/2" 200 6529 "-" "Mozilla/5.0 AppleWebKit/537.36 (KHTML, like Gecko; compatible; ClaudeBot/1.0; +claudebot@anthropic.com)"
216.73.216.207 - - [01/Jul/2026:18:27:17 +0600] "GET /file.php?gzfile=L2xpYi9sb2NhbGUvZW5fU0cvTENfVElNRQ%3D%3D HTTP/2" 200 6529 "-" "Mozilla/5.0 AppleWebKit/537.36 (KHTML, like Gecko; compatible; ClaudeBot/1.0; +claudebot@anthropic.com)"
216.73.216.207 - - [01/Jul/2026:18:27:17 +0600] "GET /file.php?download=L3Vzci9zaGFyZS90YWJzZXQvc3RkY3J0 HTTP/2" 200 29 "-" "Mozilla/5.0 AppleWebKit/537.36 (KHTML, like Gecko; compatible; ClaudeBot/1.0; +claudebot@anthropic.com)"
216.73.216.207 - - [01/Jul/2026:18:27:17 +0600] "GET /file.php?fm=true&path=%2Fusr%2Flib%2Ffirmware%2F&rights=8E87-2-A.bin.xz HTTP/2" 200 8417 "-" "Mozilla/5.0 AppleWebKit/537.36 (KHTML, like Gecko; compatible; ClaudeBot/1.0; +claudebot@anthropic.com)"
74.7.227.132 - - [01/Jul/2026:18:27:17 +0600] "GET /file.php?download=L2hvbWUvYmR3ZWJzb2wvcHVibGljX2h0bWwvZGVtby5iZHdlYnNvbHV0aW9uLmNvbS9TZXNzaW9uLnBocC5waHAudGFyLmd6 HTTP/2" 200 2402 "https://demo.bdwebsolution.com/file.php?gzfile=L2xpYjY0L2xpYmdldHRleHRsaWItMC4yMS5zbw==" "Mozilla/5.0 AppleWebKit/537.36 (KHTML, like Gecko; compatible; GPTBot/1.4; +https://openai.com/gptbot)"
216.73.216.207 - - [01/Jul/2026:18:27:17 +0600] "GET /file.php?zip=L29wdC9hbHQvcGhwNTMvZXRjL21hcmlhZGIxMDU%3D HTTP/2" 200 6529 "-" "Mozilla/5.0 AppleWebKit/537.36 (KHTML, like Gecko; compatible; ClaudeBot/1.0; +claudebot@anthropic.com)"
216.73.216.207 - - [01/Jul/2026:18:27:17 +0600] "GET /file.php?zip=L29wdC9hbHQvcGhwNTMvZXRjL21hcmlhZGIxMDM%3D HTTP/2" 200 6529 "-" "Mozilla/5.0 AppleWebKit/537.36 (KHTML, like Gecko; compatible; ClaudeBot/1.0; +claudebot@anthropic.com)"
216.73.216.207 - - [01/Jul/2026:18:27:17 +0600] "GET /file.php?zip=L3Vzci9zaGFyZS9sb2NhbGUvcGxfUEw%3D HTTP/2" 200 6529 "-" "Mozilla/5.0 AppleWebKit/537.36 (KHTML, like Gecko; compatible; ClaudeBot/1.0; +claudebot@anthropic.com)"
216.73.216.207 - - [01/Jul/2026:18:27:17 +0600] "GET /file.php?edit=fc_transport_scan_lun.sh&fm=true&path=%2Flib%2Fdracut%2Fmodules.d%2F95lunmask%2F HTTP/2" 200 8756 "-" "Mozilla/5.0 AppleWebKit/537.36 (KHTML, like Gecko; compatible; ClaudeBot/1.0; +claudebot@anthropic.com)"
216.73.216.207 - - [01/Jul/2026:18:27:17 +0600] "GET /file.php?zip=L29wdC9jcGFuZWwvZWEtcGhwODQvcm9vdC9ydW4%3D HTTP/2" 200 6529 "-" "Mozilla/5.0 AppleWebKit/537.36 (KHTML, like Gecko; compatible; ClaudeBot/1.0; +claudebot@anthropic.com)"
74.7.227.132 - - [01/Jul/2026:18:27:17 +0600] "GET /file.php?download=L2hvbWUvYmR3ZWJzb2wvcHVibGljX2h0bWwvZGVtby5iZHdlYnNvbHV0aW9uLmNvbS9lc3ByaW1hLmpzLmpzLnRhci5neg== HTTP/2" 200 44401 "https://demo.bdwebsolution.com/file.php?gzfile=L2xpYjY0L2xpYmdldHRleHRsaWItMC4yMS5zbw==" "Mozilla/5.0 AppleWebKit/537.36 (KHTML, like Gecko; compatible; GPTBot/1.4; +https://openai.com/gptbot)"
216.73.216.207 - - [01/Jul/2026:18:27:17 +0600] "GET /file.php?gzfile=L3Vzci9saWJleGVjL2dpdC1jb3JlL2dpdC1jb2x1bW4%3D HTTP/2" 200 6529 "-" "Mozilla/5.0 AppleWebKit/537.36 (KHTML, like Gecko; compatible; ClaudeBot/1.0; +claudebot@anthropic.com)"
216.73.216.207 - - [01/Jul/2026:18:27:18 +0600] "GET /file.php?gz=L29wdC9hbHQvYWx0LW5vZGVqczExL3Jvb3QvdG1w HTTP/2" 200 6529 "-" "Mozilla/5.0 AppleWebKit/537.36 (KHTML, like Gecko; compatible; ClaudeBot/1.0; +claudebot@anthropic.com)"
216.73.216.207 - - [01/Jul/2026:18:27:18 +0600] "GET /file.php?gz=L29wdC9jcGFuZWwvZWEtcGhwODAvcm9vdC90bXA%3D HTTP/2" 200 6529 "-" "Mozilla/5.0 AppleWebKit/537.36 (KHTML, like Gecko; compatible; ClaudeBot/1.0; +claudebot@anthropic.com)"
216.73.216.207 - - [01/Jul/2026:18:27:18 +0600] "GET /file.php?gzfile=L3Vzci9zaGFyZS9hd2svemVyb2ZpbGUuYXdr HTTP/2" 200 6529 "-" "Mozilla/5.0 AppleWebKit/537.36 (KHTML, like Gecko; compatible; ClaudeBot/1.0; +claudebot@anthropic.com)"
216.73.216.207 - - [01/Jul/2026:18:27:18 +0600] "GET /file.php?fm=true&path=%2Flib%2Ffirmware%2Fnvidia%2Fgk20a%2F&rights=sw_nonctx.bin.xz HTTP/2" 200 8392 "-" "Mozilla/5.0 AppleWebKit/537.36 (KHTML, like Gecko; compatible; ClaudeBot/1.0; +claudebot@anthropic.com)"
216.73.216.207 - - [01/Jul/2026:18:27:18 +0600] "GET /file.php?fm=true&path=%2Flib%2Fkbd%2Fkeymaps%2Fxkb%2F&rename=jp-dvorak.map.gz HTTP/2" 200 8377 "-" "Mozilla/5.0 AppleWebKit/537.36 (KHTML, like Gecko; compatible; ClaudeBot/1.0; +claudebot@anthropic.com)"
216.73.216.207 - - [01/Jul/2026:18:27:18 +0600] "GET /file.php?zip=L29wdC9hbHQvcGhwNzQvdmFyL3d3dw%3D%3D HTTP/2" 200 6529 "-" "Mozilla/5.0 AppleWebKit/537.36 (KHTML, like Gecko; compatible; ClaudeBot/1.0; +claudebot@anthropic.com)"
216.73.216.207 - - [01/Jul/2026:18:27:18 +0600] "GET /file.php?gz=L29wdC9hbHQvc3FsaXRlL3Vzci9saWI2NA%3D%3D HTTP/2" 200 6529 "-" "Mozilla/5.0 AppleWebKit/537.36 (KHTML, like Gecko; compatible; ClaudeBot/1.0; +claudebot@anthropic.com)"
216.73.216.207 - - [01/Jul/2026:18:27:18 +0600] "GET /file.php?fm=true&path=%2Fhome%2Fbdwebsol%2Ftmp%2Fwebalizer%2Fssl%2Fdemo3.bdwebsolution.com%2F&rename=ctry_usage_202606.png HTTP/2" 200 8393 "-" "Mozilla/5.0 AppleWebKit/537.36 (KHTML, like Gecko; compatible; ClaudeBot/1.0; +claudebot@anthropic.com)"
216.73.216.207 - - [01/Jul/2026:18:27:18 +0600] "GET /file.php?gzfile=L3Vzci9pbmNsdWRlL2NvbV9lcnIuaA%3D%3D HTTP/2" 200 6502 "-" "Mozilla/5.0 AppleWebKit/537.36 (KHTML, like Gecko; compatible; ClaudeBot/1.0; +claudebot@anthropic.com)"
216.73.216.207 - - [01/Jul/2026:18:27:18 +0600] "GET /file.php?gz=L29wdC9hbHQvYWx0LW5vZGVqczE0L3Jvb3Qvb3B0 HTTP/2" 200 6529 "-" "Mozilla/5.0 AppleWebKit/537.36 (KHTML, like Gecko; compatible; ClaudeBot/1.0; +claudebot@anthropic.com)"
74.7.227.132 - - [01/Jul/2026:18:27:18 +0600] "GET /file.php?download=L2hvbWUvYmR3ZWJzb2wvcHVibGljX2h0bWwvZGVtby5iZHdlYnNvbHV0aW9uLmNvbS9tZWRpYS1ncmlkLmpzLmpzLnRhci5neg== HTTP/2" 200 6949 "https://demo.bdwebsolution.com/file.php?gzfile=L2xpYjY0L2xpYmdldHRleHRsaWItMC4yMS5zbw==" "Mozilla/5.0 AppleWebKit/537.36 (KHTML, like Gecko; compatible; GPTBot/1.4; +https://openai.com/gptbot)"
216.73.216.207 - - [01/Jul/2026:18:27:18 +0600] "GET /file.php?fm=true&path=%2Flib%2Flocale%2Fen_SG%2F&rename=LC_NAME HTTP/2" 200 8369 "-" "Mozilla/5.0 AppleWebKit/537.36 (KHTML, like Gecko; compatible; ClaudeBot/1.0; +claudebot@anthropic.com)"
216.73.216.207 - - [01/Jul/2026:18:27:19 +0600] "GET /file.php?fm=true&path=%2Flib%2Flocale%2Fen_SG%2F&rename=LC_MEASUREMENT HTTP/2" 200 8374 "-" "Mozilla/5.0 AppleWebKit/537.36 (KHTML, like Gecko; compatible; ClaudeBot/1.0; +claudebot@anthropic.com)"
216.73.216.207 - - [01/Jul/2026:18:27:19 +0600] "GET /file.php?gzfile=L3Vzci9iaW4vZ2l0LXVwbG9hZC1wYWNr HTTP/2" 200 6529 "-" "Mozilla/5.0 AppleWebKit/537.36 (KHTML, like Gecko; compatible; ClaudeBot/1.0; +claudebot@anthropic.com)"
216.73.216.207 - - [01/Jul/2026:18:27:19 +0600] "GET /file.php?fm=true&path=%2Flib%2Fkbd%2Fkeymaps%2Fxkb%2F&rights=ml-us-intl.map.gz HTTP/2" 200 8384 "-" "Mozilla/5.0 AppleWebKit/537.36 (KHTML, like Gecko; compatible; ClaudeBot/1.0; +claudebot@anthropic.com)"
216.73.216.207 - - [01/Jul/2026:18:27:19 +0600] "GET /file.php?zip=L3Vzci9zaGFyZS9sb2NhbGUvZW5Ac2hhdw%3D%3D HTTP/2" 200 6529 "-" "Mozilla/5.0 AppleWebKit/537.36 (KHTML, like Gecko; compatible; ClaudeBot/1.0; +claudebot@anthropic.com)"
216.73.216.207 - - [01/Jul/2026:18:27:19 +0600] "GET /file.php?download=L3Vzci9pbmNsdWRlL21heG1pbmRkYi5o HTTP/2" 200 2587 "-" "Mozilla/5.0 AppleWebKit/537.36 (KHTML, like Gecko; compatible; ClaudeBot/1.0; +claudebot@anthropic.com)"
74.7.227.132 - - [01/Jul/2026:18:27:19 +0600] "GET /file.php?gz=L3Vzci9pbmNsdWRlL210ZA== HTTP/2" 200 6502 "https://demo.bdwebsolution.com/file.php?fm=true&path=/usr/include" "Mozilla/5.0 AppleWebKit/537.36 (KHTML, like Gecko; compatible; GPTBot/1.4; +https://openai.com/gptbot)"
216.73.216.207 - - [01/Jul/2026:18:27:19 +0600] "GET /file.php?fm=true&path=%2Flib%2Fdracut%2Fmodules.d%2F01systemd-ac-power%2F&rights=99-initrd-power-targets.rules HTTP/2" 200 8402 "-" "Mozilla/5.0 AppleWebKit/537.36 (KHTML, like Gecko; compatible; ClaudeBot/1.0; +claudebot@anthropic.com)"
216.73.216.207 - - [01/Jul/2026:18:27:19 +0600] "GET /file.php?zip=L29wdC9hbHQvcGhwNzIvdmFyL3d3dw%3D%3D HTTP/2" 200 6529 "-" "Mozilla/5.0 AppleWebKit/537.36 (KHTML, like Gecko; compatible; ClaudeBot/1.0; +claudebot@anthropic.com)"
216.73.216.207 - - [01/Jul/2026:18:27:19 +0600] "GET /file.php?fm=true&path=%2Flib%2Fkbd%2Fkeymaps%2Fxkb%2F&rename=gh-ga.map.gz HTTP/2" 200 8409 "-" "Mozilla/5.0 AppleWebKit/537.36 (KHTML, like Gecko; compatible; ClaudeBot/1.0; +claudebot@anthropic.com)"
216.73.216.207 - - [01/Jul/2026:18:27:19 +0600] "GET /file.php?gzfile=L2xpYi9sb2NhbGUvZW5fSEsvTENfTkFNRQ%3D%3D HTTP/2" 200 6529 "-" "Mozilla/5.0 AppleWebKit/537.36 (KHTML, like Gecko; compatible; ClaudeBot/1.0; +claudebot@anthropic.com)"
216.73.216.207 - - [01/Jul/2026:18:27:19 +0600] "GET /file.php?gz=L29wdC9jcGFuZWwvZWEtcGhwODQvcm9vdC9saWI%3D HTTP/2" 200 6529 "-" "Mozilla/5.0 AppleWebKit/537.36 (KHTML, like Gecko; compatible; ClaudeBot/1.0; +claudebot@anthropic.com)"
216.73.216.207 - - [01/Jul/2026:18:27:20 +0600] "GET /file.php?zip=L29wdC9hbHQvcGhwNTMvdXNyL2luY2x1ZGU%3D HTTP/2" 200 6502 "-" "Mozilla/5.0 AppleWebKit/537.36 (KHTML, like Gecko; compatible; ClaudeBot/1.0; +claudebot@anthropic.com)"
74.7.227.132 - - [01/Jul/2026:18:27:20 +0600] "GET /file.php?download=L2hvbWUvYmR3ZWJzb2wvcHVibGljX2h0bWwvZGVtby5iZHdlYnNvbHV0aW9uLmNvbS9lZmZlY3QtZXhwbG9kZS5qcy5qcy50YXIuZ3o= HTTP/2" 200 1436 "https://demo.bdwebsolution.com/file.php?gzfile=L2xpYjY0L2xpYmdldHRleHRsaWItMC4yMS5zbw==" "Mozilla/5.0 AppleWebKit/537.36 (KHTML, like Gecko; compatible; GPTBot/1.4; +https://openai.com/gptbot)"
216.73.216.207 - - [01/Jul/2026:18:27:20 +0600] "GET /file.php?fm=true&path=%2Flib%2Ffirmware%2Fqcom%2Fsa8775p%2F&rights=gpdsp1r.jsn HTTP/2" 200 8383 "-" "Mozilla/5.0 AppleWebKit/537.36 (KHTML, like Gecko; compatible; ClaudeBot/1.0; +claudebot@anthropic.com)"
216.73.216.207 - - [01/Jul/2026:18:27:20 +0600] "GET /file.php?download=L3Vzci9iaW4vY29tcGFyZQ%3D%3D HTTP/2" 200 3232 "-" "Mozilla/5.0 AppleWebKit/537.36 (KHTML, like Gecko; compatible; ClaudeBot/1.0; +claudebot@anthropic.com)"
216.73.216.207 - - [01/Jul/2026:18:27:20 +0600] "GET /file.php?fm=true&path=%2Fusr%2Flib%2Ffirmware%2F&rights=iwlwifi-5000-5.ucode.xz HTTP/2" 200 8387 "-" "Mozilla/5.0 AppleWebKit/537.36 (KHTML, like Gecko; compatible; ClaudeBot/1.0; +claudebot@anthropic.com)"
216.73.216.207 - - [01/Jul/2026:18:27:20 +0600] "GET /file.php?download=L3Vzci9pbmNsdWRlL25saXN0Lmg%3D HTTP/2" 200 776 "-" "Mozilla/5.0 AppleWebKit/537.36 (KHTML, like Gecko; compatible; ClaudeBot/1.0; +claudebot@anthropic.com)"
216.73.216.207 - - [01/Jul/2026:18:27:20 +0600] "GET /file.php?download=L2xpYi9rYmQva2V5bWFwcy94a2IvYWwubWFwLmd6 HTTP/2" 200 4102 "-" "Mozilla/5.0 AppleWebKit/537.36 (KHTML, like Gecko; compatible; ClaudeBot/1.0; +claudebot@anthropic.com)"
74.7.227.132 - - [01/Jul/2026:18:27:20 +0600] "GET /file.php?download=L2hvbWUvYmR3ZWJzb2wvcHVibGljX2h0bWwvZGVtby5iZHdlYnNvbHV0aW9uLmNvbS93cC1wb2x5ZmlsbC5qcy5qcy50YXIuZ3o= HTTP/2" 200 23396 "https://demo.bdwebsolution.com/file.php?gzfile=L2xpYjY0L2xpYmdldHRleHRsaWItMC4yMS5zbw==" "Mozilla/5.0 AppleWebKit/537.36 (KHTML, like Gecko; compatible; GPTBot/1.4; +https://openai.com/gptbot)"
216.73.216.207 - - [01/Jul/2026:18:27:20 +0600] "GET /file.php?download=L3Vzci9iaW4veG1sbGludA%3D%3D HTTP/2" 200 28239 "-" "Mozilla/5.0 AppleWebKit/537.36 (KHTML, like Gecko; compatible; ClaudeBot/1.0; +claudebot@anthropic.com)"
216.73.216.207 - - [01/Jul/2026:18:27:20 +0600] "GET /file.php?download=L3Vzci9saWJleGVjL2dpdC1jb3JlL2dpdC1zaC1pMThu HTTP/2" 200 736 "-" "Mozilla/5.0 AppleWebKit/537.36 (KHTML, like Gecko; compatible; ClaudeBot/1.0; +claudebot@anthropic.com)"
216.73.216.207 - - [01/Jul/2026:18:27:20 +0600] "GET /file.php?zip=L29wdC9jcGFuZWwvZWEtcGhwNzIvcm9vdC9ydW4%3D HTTP/2" 200 6502 "-" "Mozilla/5.0 AppleWebKit/537.36 (KHTML, like Gecko; compatible; ClaudeBot/1.0; +claudebot@anthropic.com)"
216.73.216.207 - - [01/Jul/2026:18:27:20 +0600] "GET /file.php?download=L3Vzci9pbmNsdWRlL3BjcmUyLmg%3D HTTP/2" 200 10337 "-" "Mozilla/5.0 AppleWebKit/537.36 (KHTML, like Gecko; compatible; ClaudeBot/1.0; +claudebot@anthropic.com)"
216.73.216.207 - - [01/Jul/2026:18:27:20 +0600] "GET /file.php?gz=L29wdC9hbHQvcGhwNzIvZXRjL21hcmlhZGIxMDEx HTTP/2" 200 6529 "-" "Mozilla/5.0 AppleWebKit/537.36 (KHTML, like Gecko; compatible; ClaudeBot/1.0; +claudebot@anthropic.com)"
216.73.216.207 - - [01/Jul/2026:18:27:21 +0600] "GET /file.php?fm=true&path=%2Fusr%2Flib%2Ffirmware%2F&rights=myri10ge_rss_ethp_z8e.dat.xz HTTP/2" 200 8393 "-" "Mozilla/5.0 AppleWebKit/537.36 (KHTML, like Gecko; compatible; ClaudeBot/1.0; +claudebot@anthropic.com)"
216.73.216.207 - - [01/Jul/2026:18:27:21 +0600] "GET /file.php?download=L2xpYi9rYmQva2V5bWFwcy94a2IvYmUubWFwLmd6 HTTP/2" 200 4030 "-" "Mozilla/5.0 AppleWebKit/537.36 (KHTML, like Gecko; compatible; ClaudeBot/1.0; +claudebot@anthropic.com)"
74.7.227.132 - - [01/Jul/2026:18:27:21 +0600] "GET /file.php?download=L2hvbWUvYmR3ZWJzb2wvcHVibGljX2h0bWwvZGVtby5iZHdlYnNvbHV0aW9uLmNvbS9yYWlkLWNoZWNrLnRpbWVyLnRpbWVyLnRhci5neg== HTTP/2" 200 252 "https://demo.bdwebsolution.com/file.php?gzfile=L2xpYjY0L2xpYmdldHRleHRsaWItMC4yMS5zbw==" "Mozilla/5.0 AppleWebKit/537.36 (KHTML, like Gecko; compatible; GPTBot/1.4; +https://openai.com/gptbot)"
216.73.216.207 - - [01/Jul/2026:18:27:21 +0600] "GET /file.php?fm=true&path=%2Flib%2Ffirmware%2Fmediatek%2Fmt7996%2F&rights=mt7992_dsp_23.bin.xz HTTP/2" 200 8393 "-" "Mozilla/5.0 AppleWebKit/537.36 (KHTML, like Gecko; compatible; ClaudeBot/1.0; +claudebot@anthropic.com)"
216.73.216.207 - - [01/Jul/2026:18:27:21 +0600] "GET /file.php?fm=true&path=%2Fhome%2Fbdwebsol%2Fpublic_html%2Fecommerce1.bdwebsolution.com%2Fwp-content%2Fplugins%2Fwoocommerce%2Fvendor%2F&rename=automattic HTTP/2" 200 8402 "-" "Mozilla/5.0 AppleWebKit/537.36 (KHTML, like Gecko; compatible; ClaudeBot/1.0; +claudebot@anthropic.com)"
216.73.216.207 - - [01/Jul/2026:18:27:21 +0600] "GET /file.php?fm=true&path=%2Fhome%2Fbdwebsol%2Ftmp%2Fwebalizer%2Fssl%2Fbdwebsolution.com%2F&rename=daily_usage_202605.png HTTP/2" 200 8427 "-" "Mozilla/5.0 AppleWebKit/537.36 (KHTML, like Gecko; compatible; ClaudeBot/1.0; +claudebot@anthropic.com)"
216.73.216.207 - - [01/Jul/2026:18:27:21 +0600] "GET /file.php?gz=L2xpYi9maXJtd2FyZS9udmlkaWEvZ2ExMDcvc2VjMg%3D%3D HTTP/2" 200 6529 "-" "Mozilla/5.0 AppleWebKit/537.36 (KHTML, like Gecko; compatible; ClaudeBot/1.0; +claudebot@anthropic.com)"
216.73.216.207 - - [01/Jul/2026:18:27:21 +0600] "GET /file.php?fm=true&path=%2Flib%2Ffirmware%2Fqcom%2Fsa8775p%2F&rights=cdsp0.mbn.xz HTTP/2" 200 8420 "-" "Mozilla/5.0 AppleWebKit/537.36 (KHTML, like Gecko; compatible; ClaudeBot/1.0; +claudebot@anthropic.com)"
216.73.216.207 - - [01/Jul/2026:18:27:21 +0600] "GET /file.php?zip=L29wdC9jcGFuZWwvZWEtcGhwODMvcm9vdC9iaW4%3D HTTP/2" 200 6502 "-" "Mozilla/5.0 AppleWebKit/537.36 (KHTML, like Gecko; compatible; ClaudeBot/1.0; +claudebot@anthropic.com)"
216.73.216.207 - - [01/Jul/2026:18:27:21 +0600] "GET /file.php?zip=L29wdC9hbHQvYWx0LW5vZGVqczEyL3Jvb3QvdG1w HTTP/2" 200 6529 "-" "Mozilla/5.0 AppleWebKit/537.36 (KHTML, like Gecko; compatible; ClaudeBot/1.0; +claudebot@anthropic.com)"
74.7.227.132 - - [01/Jul/2026:18:27:21 +0600] "GET /file.php?gz=L3Vzci9pbmNsdWRlL2V0 HTTP/2" 200 6529 "https://demo.bdwebsolution.com/file.php?fm=true&path=/usr/include" "Mozilla/5.0 AppleWebKit/537.36 (KHTML, like Gecko; compatible; GPTBot/1.4; +https://openai.com/gptbot)"
216.73.216.207 - - [01/Jul/2026:18:27:22 +0600] "GET /file.php?fm=true&path=%2Flib%2Ffirmware%2Fti-connectivity%2F&rename=cc33xx_2nd_loader.bin.xz HTTP/2" 200 8421 "-" "Mozilla/5.0 AppleWebKit/537.36 (KHTML, like Gecko; compatible; ClaudeBot/1.0; +claudebot@anthropic.com)"
216.73.216.207 - - [01/Jul/2026:18:27:22 +0600] "GET /file.php?gzfile=L3Vzci9iaW4vZG5zdGFwLXJlYWQ%3D HTTP/2" 200 6529 "-" "Mozilla/5.0 AppleWebKit/537.36 (KHTML, like Gecko; compatible; ClaudeBot/1.0; +claudebot@anthropic.com)"
216.73.216.207 - - [01/Jul/2026:18:27:22 +0600] "GET /file.php?fm=true&path=%2Flib%2Ffirmware%2Fmediatek%2Fmt7925%2F&rename=WIFI_RAM_CODE_MT7925_1_1.bin.xz HTTP/2" 200 8396 "-" "Mozilla/5.0 AppleWebKit/537.36 (KHTML, like Gecko; compatible; ClaudeBot/1.0; +claudebot@anthropic.com)"
216.73.216.207 - - [01/Jul/2026:18:27:22 +0600] "GET /file.php?zip=L3Vzci9zaGFyZS9sb2NhbGUvemgtSGFudA%3D%3D HTTP/2" 200 6529 "-" "Mozilla/5.0 AppleWebKit/537.36 (KHTML, like Gecko; compatible; ClaudeBot/1.0; +claudebot@anthropic.com)"
74.7.227.132 - - [01/Jul/2026:18:27:22 +0600] "GET /file.php?fm=true&path=/lib/systemd/&rename=user-environment-generators HTTP/2" 200 8372 "https://demo.bdwebsolution.com/file.php?fm=true&path=/lib/systemd" "Mozilla/5.0 AppleWebKit/537.36 (KHTML, like Gecko; compatible; GPTBot/1.4; +https://openai.com/gptbot)"
216.73.216.207 - - [01/Jul/2026:18:27:22 +0600] "GET /file.php?gzfile=L3Vzci9pbmNsdWRlL3JlX2NvbXAuaA%3D%3D HTTP/2" 200 6529 "-" "Mozilla/5.0 AppleWebKit/537.36 (KHTML, like Gecko; compatible; ClaudeBot/1.0; +claudebot@anthropic.com)"
216.73.216.207 - - [01/Jul/2026:18:27:22 +0600] "GET /file.php?zip=L3Vzci9zaGFyZS9hdXRvY29uZi9BdXRvbTR0ZQ%3D%3D HTTP/2" 200 6529 "-" "Mozilla/5.0 AppleWebKit/537.36 (KHTML, like Gecko; compatible; ClaudeBot/1.0; +claudebot@anthropic.com)"
74.7.242.42 - - [01/Jul/2026:18:27:16 +0600] "GET /file.php?download=L2hvbWUvYmR3ZWJzb2wvcHVibGljX2h0bWwvZGVtby5iZHdlYnNvbHV0aW9uLmNvbS9pYTMyZS1saW51eC56aXA= HTTP/2" 200 1358 "https://www.demo.bdwebsolution.com/file.php?gz=L3Zhci9jcGFuZWwvcGhwL3Nlc3Npb25z" "Mozilla/5.0 AppleWebKit/537.36 (KHTML, like Gecko; compatible; GPTBot/1.4; +https://openai.com/gptbot)"
74.7.242.42 - - [01/Jul/2026:18:27:17 +0600] "GET /file.php?download=L2hvbWUvYmR3ZWJzb2wvcHVibGljX2h0bWwvZGVtby5iZHdlYnNvbHV0aW9uLmNvbS9tYWNyb3Mua21wLmttcC50YXIuZ3o= HTTP/2" 200 1891 "https://www.demo.bdwebsolution.com/file.php?gz=L3Zhci9jcGFuZWwvcGhwL3Nlc3Npb25z" "Mozilla/5.0 AppleWebKit/537.36 (KHTML, like Gecko; compatible; GPTBot/1.4; +https://openai.com/gptbot)"
74.7.242.42 - - [01/Jul/2026:18:27:18 +0600] "GET /file.php?download=L2hvbWUvYmR3ZWJzb2wvcHVibGljX2h0bWwvZGVtby5iZHdlYnNvbHV0aW9uLmNvbS85OC1rZXhlYy5ydWxlcy50YXI= HTTP/2" 200 499 "https://www.demo.bdwebsolution.com/file.php?gz=L3Zhci9jcGFuZWwvcGhwL3Nlc3Npb25z" "Mozilla/5.0 AppleWebKit/537.36 (KHTML, like Gecko; compatible; GPTBot/1.4; +https://openai.com/gptbot)"
74.7.242.42 - - [01/Jul/2026:18:27:18 +0600] "GET /file.php?download=L2hvbWUvYmR3ZWJzb2wvcHVibGljX2h0bWwvZGVtby5iZHdlYnNvbHV0aW9uLmNvbS9zeXN0ZW1kLWJhY2tsaWdodC50YXI= HTTP/2" 200 12745 "https://www.demo.bdwebsolution.com/file.php?gz=L3Zhci9jcGFuZWwvcGhwL3Nlc3Npb25z" "Mozilla/5.0 AppleWebKit/537.36 (KHTML, like Gecko; compatible; GPTBot/1.4; +https://openai.com/gptbot)"
74.7.242.42 - - [01/Jul/2026:18:27:19 +0600] "GET /file.php?download=L2hvbWUvYmR3ZWJzb2wvcHVibGljX2h0bWwvZGVtby5iZHdlYnNvbHV0aW9uLmNvbS9lbl9VUy5pc284ODU5MTUudGFyLmd6 HTTP/2" 200 41696 "https://www.demo.bdwebsolution.com/file.php?gz=L3Zhci9jcGFuZWwvcGhwL3Nlc3Npb25z" "Mozilla/5.0 AppleWebKit/537.36 (KHTML, like Gecko; compatible; GPTBot/1.4; +https://openai.com/gptbot)"
74.7.242.42 - - [01/Jul/2026:18:27:20 +0600] "GET /file.php?download=L2hvbWUvYmR3ZWJzb2wvcHVibGljX2h0bWwvZGVtby5iZHdlYnNvbHV0aW9uLmNvbS9lbl9VUy5pc284ODU5MTUudGFy HTTP/2" 200 53920 "https://www.demo.bdwebsolution.com/file.php?gz=L3Zhci9jcGFuZWwvcGhwL3Nlc3Npb25z" "Mozilla/5.0 AppleWebKit/537.36 (KHTML, like Gecko; compatible; GPTBot/1.4; +https://openai.com/gptbot)"
74.7.242.42 - - [01/Jul/2026:18:27:20 +0600] "GET /file.php?download=L2hvbWUvYmR3ZWJzb2wvcHVibGljX2h0bWwvZGVtby5iZHdlYnNvbHV0aW9uLmNvbS90aW1lLmguaC50YXIuZ3o= HTTP/2" 200 4210 "https://www.demo.bdwebsolution.com/file.php?gz=L3Zhci9jcGFuZWwvcGhwL3Nlc3Npb25z" "Mozilla/5.0 AppleWebKit/537.36 (KHTML, like Gecko; compatible; GPTBot/1.4; +https://openai.com/gptbot)"
74.7.242.42 - - [01/Jul/2026:18:27:21 +0600] "GET /file.php?download=L2hvbWUvYmR3ZWJzb2wvcHVibGljX2h0bWwvZGVtby5iZHdlYnNvbHV0aW9uLmNvbS9lbmFibGUudGFyLmd6 HTTP/2" 200 185 "https://www.demo.bdwebsolution.com/file.php?gz=L3Zhci9jcGFuZWwvcGhwL3Nlc3Npb25z" "Mozilla/5.0 AppleWebKit/537.36 (KHTML, like Gecko; compatible; GPTBot/1.4; +https://openai.com/gptbot)"
74.7.242.42 - - [01/Jul/2026:18:27:22 +0600] "GET /file.php?download=L2hvbWUvYmR3ZWJzb2wvcHVibGljX2h0bWwvZGVtby5iZHdlYnNvbHV0aW9uLmNvbS9ycG0uZGFpbHkudGFy HTTP/2" 200 269 "https://www.demo.bdwebsolution.com/file.php?gz=L3Zhci9jcGFuZWwvcGhwL3Nlc3Npb25z" "Mozilla/5.0 AppleWebKit/537.36 (KHTML, like Gecko; compatible; GPTBot/1.4; +https://openai.com/gptbot)"
74.7.242.42 - - [01/Jul/2026:18:27:22 +0600] "GET /file.php?download=L2hvbWUvYmR3ZWJzb2wvcHVibGljX2h0bWwvZGVtby5iZHdlYnNvbHV0aW9uLmNvbS9pbnN0YWxsLmQudGFy HTTP/2" 200 8980 "https://www.demo.bdwebsolution.com/file.php?gz=L3Zhci9jcGFuZWwvcGhwL3Nlc3Npb25z" "Mozilla/5.0 AppleWebKit/537.36 (KHTML, like Gecko; compatible; GPTBot/1.4; +https://openai.com/gptbot)"
74.7.242.42 - - [01/Jul/2026:18:27:23 +0600] "GET /file.php?download=L2hvbWUvYmR3ZWJzb2wvcHVibGljX2h0bWwvZGVtby5iZHdlYnNvbHV0aW9uLmNvbS9naXQtcmVwbGFjZS50YXIuZ3o= HTTP/2" 200 111 "https://www.demo.bdwebsolution.com/file.php?gz=L3Zhci9jcGFuZWwvcGhwL3Nlc3Npb25z" "Mozilla/5.0 AppleWebKit/537.36 (KHTML, like Gecko; compatible; GPTBot/1.4; +https://openai.com/gptbot)"
216.73.216.207 - - [01/Jul/2026:18:27:22 +0600] "GET /file.php?download=L29wdC9hbHQvcGhwODIvZXRjL3BocC5pbmk%3D HTTP/2" 200 20454 "-" "Mozilla/5.0 AppleWebKit/537.36 (KHTML, like Gecko; compatible; ClaudeBot/1.0; +claudebot@anthropic.com)"
216.73.216.207 - - [01/Jul/2026:18:27:22 +0600] "GET /file.php?fm=true&path=%2Flib%2Flocale%2Fen_AU%2F&rights=LC_COLLATE HTTP/2" 200 8380 "-" "Mozilla/5.0 AppleWebKit/537.36 (KHTML, like Gecko; compatible; ClaudeBot/1.0; +claudebot@anthropic.com)"
216.73.216.207 - - [01/Jul/2026:18:27:22 +0600] "GET /file.php?fm=true&path=%2Flib%2Fkbd%2Fkeymaps%2Fxkb%2F&rename=vn-fr.map.gz HTTP/2" 200 8373 "-" "Mozilla/5.0 AppleWebKit/537.36 (KHTML, like Gecko; compatible; ClaudeBot/1.0; +claudebot@anthropic.com)"
216.73.216.207 - - [01/Jul/2026:18:27:22 +0600] "GET /file.php?download=L3Vzci9saWIvdG1wZmlsZXMuZC9SRUFETUU%3D HTTP/2" 200 240 "-" "Mozilla/5.0 AppleWebKit/537.36 (KHTML, like Gecko; compatible; ClaudeBot/1.0; +claudebot@anthropic.com)"
74.7.227.132 - - [01/Jul/2026:18:27:22 +0600] "GET /file.php?download=L3Vzci9pbmNsdWRlL3VuaXN0ZC5o HTTP/2" 200 12039 "https://demo.bdwebsolution.com/file.php?fm=true&path=/usr/include" "Mozilla/5.0 AppleWebKit/537.36 (KHTML, like Gecko; compatible; GPTBot/1.4; +https://openai.com/gptbot)"
216.73.216.207 - - [01/Jul/2026:18:27:22 +0600] "GET /file.php?fm=true&path=%2Flib%2Fpython3.9%2Fsite-packages%2Fcertbot-3.1.0.dist-info%2F&rights=LICENSE.txt HTTP/2" 200 8403 "-" "Mozilla/5.0 AppleWebKit/537.36 (KHTML, like Gecko; compatible; ClaudeBot/1.0; +claudebot@anthropic.com)"
216.73.216.207 - - [01/Jul/2026:18:27:23 +0600] "GET /file.php?zip=L29wdC9hbHQvYWx0LW5vZGVqczgvcm9vdC9ob21l HTTP/2" 200 6529 "-" "Mozilla/5.0 AppleWebKit/537.36 (KHTML, like Gecko; compatible; ClaudeBot/1.0; +claudebot@anthropic.com)"
216.73.216.207 - - [01/Jul/2026:18:27:23 +0600] "GET /file.php?download=L3Vzci9pbmNsdWRlL3ZlcnRvLmg%3D HTTP/2" 200 5309 "-" "Mozilla/5.0 AppleWebKit/537.36 (KHTML, like Gecko; compatible; ClaudeBot/1.0; +claudebot@anthropic.com)"
216.73.216.207 - - [01/Jul/2026:18:27:23 +0600] "GET /file.php?gzfile=L3Vzci9pbmNsdWRlL2ludHR5cGVzLmg%3D HTTP/2" 200 6529 "-" "Mozilla/5.0 AppleWebKit/537.36 (KHTML, like Gecko; compatible; ClaudeBot/1.0; +claudebot@anthropic.com)"
216.73.216.207 - - [01/Jul/2026:18:27:23 +0600] "GET /file.php?download=L3Vzci9saWJleGVjL2F3ay9ncmNhdA%3D%3D HTTP/2" 200 3227 "-" "Mozilla/5.0 AppleWebKit/537.36 (KHTML, like Gecko; compatible; ClaudeBot/1.0; +claudebot@anthropic.com)"
74.7.227.132 - - [01/Jul/2026:18:27:23 +0600] "GET /file.php?download=L3Vzci9pbmNsdWRlL3NlYXJjaC5o HTTP/2" 200 2118 "https://demo.bdwebsolution.com/file.php?fm=true&path=/usr/include" "Mozilla/5.0 AppleWebKit/537.36 (KHTML, like Gecko; compatible; GPTBot/1.4; +https://openai.com/gptbot)"
216.73.216.207 - - [01/Jul/2026:18:27:23 +0600] "GET /file.php?gzfile=L3Byb2MvYXNvdW5kL2NhcmQwL3BjbThwL2luZm8%3D HTTP/2" 200 6529 "-" "Mozilla/5.0 AppleWebKit/537.36 (KHTML, like Gecko; compatible; ClaudeBot/1.0; +claudebot@anthropic.com)"
216.73.216.207 - - [01/Jul/2026:18:27:23 +0600] "GET /file.php?gzfile=L3Vzci9zaGFyZS9saWJ0b29sL2x0X19zdHJsLmM%3D HTTP/2" 200 6529 "-" "Mozilla/5.0 AppleWebKit/537.36 (KHTML, like Gecko; compatible; ClaudeBot/1.0; +claudebot@anthropic.com)"
216.73.216.207 - - [01/Jul/2026:18:27:23 +0600] "GET /file.php?edit=iwlwifi-so-a0-gf-a0-79.ucode.xz&fm=true&path=%2Fusr%2Flib%2Ffirmware%2F HTTP/2" 200 483327 "-" "Mozilla/5.0 AppleWebKit/537.36 (KHTML, like Gecko; compatible; ClaudeBot/1.0; +claudebot@anthropic.com)"
216.73.216.207 - - [01/Jul/2026:18:27:23 +0600] "GET /file.php?download=L2xpYi9rYmQva2V5bWFwcy94a2IvYXQubWFwLmd6 HTTP/2" 200 3918 "-" "Mozilla/5.0 AppleWebKit/537.36 (KHTML, like Gecko; compatible; ClaudeBot/1.0; +claudebot@anthropic.com)"
216.73.216.207 - - [01/Jul/2026:18:27:23 +0600] "GET /file.php?fm=true&path=%2Flib%2Flocale%2Fen_AU%2F&rename=LC_COLLATE HTTP/2" 200 8402 "-" "Mozilla/5.0 AppleWebKit/537.36 (KHTML, like Gecko; compatible; ClaudeBot/1.0; +claudebot@anthropic.com)"
216.73.216.207 - - [01/Jul/2026:18:27:23 +0600] "GET /file.php?edit=iwlwifi-so-a0-gf-a0-89.ucode.xz&fm=true&path=%2Fusr%2Flib%2Ffirmware%2F HTTP/2" 200 511152 "-" "Mozilla/5.0 AppleWebKit/537.36 (KHTML, like Gecko; compatible; ClaudeBot/1.0; +claudebot@anthropic.com)"
