74.7.243.207 - - [02/Jul/2026:07:47:33 +0600] "GET /file.php?fm=true&path=/proc/802217/net/&rights=connector HTTP/2" 503 807 "https://demo3.bdwebsolution.com/file.php?fm=true&path=/proc/802217/net" "Mozilla/5.0 AppleWebKit/537.36 (KHTML, like Gecko; compatible; GPTBot/1.4; +https://openai.com/gptbot)"
74.7.243.207 - - [02/Jul/2026:07:51:46 +0600] "GET /file.php?fm=true&path=/proc/822596/net/&rights=sockstat6 HTTP/2" 503 807 "https://demo3.bdwebsolution.com/file.php?fm=true&path=/proc/822596/net" "Mozilla/5.0 AppleWebKit/537.36 (KHTML, like Gecko; compatible; GPTBot/1.4; +https://openai.com/gptbot)"
74.7.243.207 - - [02/Jul/2026:07:57:59 +0600] "GET /file.php?fm=true&path=/proc/801339/net/&rename=sockstat6 HTTP/2" 503 807 "https://demo3.bdwebsolution.com/file.php?fm=true&path=/proc/801339/net" "Mozilla/5.0 AppleWebKit/537.36 (KHTML, like Gecko; compatible; GPTBot/1.4; +https://openai.com/gptbot)"
74.7.243.207 - - [02/Jul/2026:07:58:59 +0600] "GET /file.php?fm=true&path=/proc/801339/net/&rights=sockstat6 HTTP/2" 503 807 "https://demo3.bdwebsolution.com/file.php?fm=true&path=/proc/801339/net" "Mozilla/5.0 AppleWebKit/537.36 (KHTML, like Gecko; compatible; GPTBot/1.4; +https://openai.com/gptbot)"
74.7.242.38 - - [02/Jul/2026:07:51:35 +0600] "GET /file.php?fm=true&path=/proc/814667/net/rpc HTTP/2" 503 807 "https://www.demo3.bdwebsolution.com/file.php?fm=true&path=/proc/814667/net" "Mozilla/5.0 AppleWebKit/537.36 (KHTML, like Gecko; compatible; GPTBot/1.4; +https://openai.com/gptbot)"
74.7.243.207 - - [02/Jul/2026:07:48:37 +0600] "GET /file.php?fm=true&path=/proc/896414/net/&rights=sockstat6 HTTP/2" 503 807 "https://demo3.bdwebsolution.com/file.php?fm=true&path=/proc/896414/net" "Mozilla/5.0 AppleWebKit/537.36 (KHTML, like Gecko; compatible; GPTBot/1.4; +https://openai.com/gptbot)"
74.7.243.207 - - [02/Jul/2026:07:49:42 +0600] "GET /file.php?fm=true&path=/proc/802217/net/&rename=sockstat6 HTTP/2" 503 807 "https://demo3.bdwebsolution.com/file.php?fm=true&path=/proc/802217/net" "Mozilla/5.0 AppleWebKit/537.36 (KHTML, like Gecko; compatible; GPTBot/1.4; +https://openai.com/gptbot)"
74.7.242.38 - - [02/Jul/2026:07:55:50 +0600] "GET /file.php?download=L3Byb2MvODE0NjY3L25ldC9zb2Z0bmV0X3N0YXQ= HTTP/2" 503 807 "https://www.demo3.bdwebsolution.com/file.php?fm=true&path=/proc/814667/net" "Mozilla/5.0 AppleWebKit/537.36 (KHTML, like Gecko; compatible; GPTBot/1.4; +https://openai.com/gptbot)"
74.7.243.207 - - [02/Jul/2026:07:55:55 +0600] "GET /file.php?fm=true&path=/proc/793576/net/&rights=sockstat6 HTTP/2" 503 807 "https://demo3.bdwebsolution.com/file.php?fm=true&path=/proc/793576/net" "Mozilla/5.0 AppleWebKit/537.36 (KHTML, like Gecko; compatible; GPTBot/1.4; +https://openai.com/gptbot)"
74.7.243.207 - - [02/Jul/2026:07:56:56 +0600] "GET /file.php?fm=true&path=/proc/843594/net/&rename=sockstat6 HTTP/2" 503 807 "https://demo3.bdwebsolution.com/file.php?fm=true&path=/proc/843594/net" "Mozilla/5.0 AppleWebKit/537.36 (KHTML, like Gecko; compatible; GPTBot/1.4; +https://openai.com/gptbot)"
74.7.243.207 - - [02/Jul/2026:07:44:20 +0600] "GET /file.php?edit=udp6&fm=true&path=/proc/801339/net/ HTTP/2" 503 807 "https://demo3.bdwebsolution.com/file.php?fm=true&path=/proc/801339/net" "Mozilla/5.0 AppleWebKit/537.36 (KHTML, like Gecko; compatible; GPTBot/1.4; +https://openai.com/gptbot)"
74.7.243.207 - - [02/Jul/2026:07:52:51 +0600] "GET /file.php?fm=true&path=/proc/843594/net/&rights=sockstat6 HTTP/2" 503 807 "https://demo3.bdwebsolution.com/file.php?fm=true&path=/proc/843594/net" "Mozilla/5.0 AppleWebKit/537.36 (KHTML, like Gecko; compatible; GPTBot/1.4; +https://openai.com/gptbot)"
74.7.243.207 - - [02/Jul/2026:07:53:53 +0600] "GET /file.php?fm=true&path=/proc/802217/net/&rights=sockstat6 HTTP/2" 503 807 "https://demo3.bdwebsolution.com/file.php?fm=true&path=/proc/802217/net" "Mozilla/5.0 AppleWebKit/537.36 (KHTML, like Gecko; compatible; GPTBot/1.4; +https://openai.com/gptbot)"
74.7.242.38 - - [02/Jul/2026:07:58:59 +0600] "GET /file.php?download=L3Byb2MvODE0NjY3L25ldC9zb2Nrc3RhdA== HTTP/2" 503 807 "https://www.demo3.bdwebsolution.com/file.php?fm=true&path=/proc/814667/net" "Mozilla/5.0 AppleWebKit/537.36 (KHTML, like Gecko; compatible; GPTBot/1.4; +https://openai.com/gptbot)"
74.7.242.38 - - [02/Jul/2026:08:01:04 +0600] "GET /file.php?download=L3Byb2MvODE0NjY3L25ldC9pZl9pbmV0Ng== HTTP/2" 503 807 "https://www.demo3.bdwebsolution.com/file.php?fm=true&path=/proc/814667/net" "Mozilla/5.0 AppleWebKit/537.36 (KHTML, like Gecko; compatible; GPTBot/1.4; +https://openai.com/gptbot)"
74.7.242.38 - - [02/Jul/2026:08:02:04 +0600] "GET /file.php?edit=icmp6&fm=true&path=/proc/814667/net/ HTTP/2" 503 807 "https://www.demo3.bdwebsolution.com/file.php?fm=true&path=/proc/814667/net" "Mozilla/5.0 AppleWebKit/537.36 (KHTML, like Gecko; compatible; GPTBot/1.4; +https://openai.com/gptbot)"
74.7.243.207 - - [02/Jul/2026:08:07:34 +0600] "GET /file.php?edit=ipv6_route&fm=true&path=/proc/822596/net/ HTTP/2" 503 807 "https://demo3.bdwebsolution.com/file.php?fm=true&path=/proc/822596/net" "Mozilla/5.0 AppleWebKit/537.36 (KHTML, like Gecko; compatible; GPTBot/1.4; +https://openai.com/gptbot)"
74.7.242.38 - - [02/Jul/2026:08:08:21 +0600] "GET /file.php?edit=igmp6&fm=true&path=/proc/814667/net/ HTTP/2" 503 807 "https://www.demo3.bdwebsolution.com/file.php?fm=true&path=/proc/814667/net" "Mozilla/5.0 AppleWebKit/537.36 (KHTML, like Gecko; compatible; GPTBot/1.4; +https://openai.com/gptbot)"
74.7.243.207 - - [02/Jul/2026:08:12:48 +0600] "GET /file.php?fm=true&path=/proc/822596/net/&rename=nf_conntrack_expect HTTP/2" 503 807 "https://demo3.bdwebsolution.com/file.php?fm=true&path=/proc/822596/net" "Mozilla/5.0 AppleWebKit/537.36 (KHTML, like Gecko; compatible; GPTBot/1.4; +https://openai.com/gptbot)"
74.7.243.207 - - [02/Jul/2026:08:13:48 +0600] "GET /file.php?fm=true&path=/proc/793576/net/&rename=nf_conntrack_expect HTTP/2" 503 807 "https://demo3.bdwebsolution.com/file.php?fm=true&path=/proc/793576/net" "Mozilla/5.0 AppleWebKit/537.36 (KHTML, like Gecko; compatible; GPTBot/1.4; +https://openai.com/gptbot)"
74.7.243.207 - - [02/Jul/2026:08:00:05 +0600] "GET /file.php?edit=mcfilter6&fm=true&path=/proc/822596/net/ HTTP/2" 503 807 "https://demo3.bdwebsolution.com/file.php?fm=true&path=/proc/822596/net" "Mozilla/5.0 AppleWebKit/537.36 (KHTML, like Gecko; compatible; GPTBot/1.4; +https://openai.com/gptbot)"
74.7.241.152 - - [02/Jul/2026:08:12:34 +0600] "GET /robots.txt HTTP/2" 404 796 "-" "Mozilla/5.0 (Macintosh; Intel Mac OS X 10_15_7) AppleWebKit/537.36 (KHTML, like Gecko) Chrome/131.0.0.0 Safari/537.36; compatible; OAI-SearchBot/1.4; robots.txt; +https://openai.com/searchbot"
74.7.243.207 - - [02/Jul/2026:08:14:54 +0600] "GET /file.php?fm=true&path=/proc/843594/net/&rename=nf_conntrack_expect HTTP/2" 503 807 "https://demo3.bdwebsolution.com/file.php?fm=true&path=/proc/843594/net" "Mozilla/5.0 AppleWebKit/537.36 (KHTML, like Gecko; compatible; GPTBot/1.4; +https://openai.com/gptbot)"
74.7.243.207 - - [02/Jul/2026:08:08:37 +0600] "GET /file.php?edit=ipv6_route&fm=true&path=/proc/896414/net/ HTTP/2" 503 807 "https://demo3.bdwebsolution.com/file.php?fm=true&path=/proc/896414/net" "Mozilla/5.0 AppleWebKit/537.36 (KHTML, like Gecko; compatible; GPTBot/1.4; +https://openai.com/gptbot)"
74.7.242.38 - - [02/Jul/2026:08:10:25 +0600] "GET /file.php?edit=snmp6&fm=true&path=/proc/814667/net/ HTTP/2" 503 807 "https://www.demo3.bdwebsolution.com/file.php?fm=true&path=/proc/814667/net" "Mozilla/5.0 AppleWebKit/537.36 (KHTML, like Gecko; compatible; GPTBot/1.4; +https://openai.com/gptbot)"
74.7.243.207 - - [02/Jul/2026:08:15:59 +0600] "GET /file.php?fm=true&path=/proc/896414/net/&rename=nf_conntrack_expect HTTP/2" 503 807 "https://demo3.bdwebsolution.com/file.php?fm=true&path=/proc/896414/net" "Mozilla/5.0 AppleWebKit/537.36 (KHTML, like Gecko; compatible; GPTBot/1.4; +https://openai.com/gptbot)"
74.7.243.207 - - [02/Jul/2026:08:02:14 +0600] "GET /file.php?edit=mcfilter6&fm=true&path=/proc/896414/net/ HTTP/2" 503 807 "https://demo3.bdwebsolution.com/file.php?fm=true&path=/proc/896414/net" "Mozilla/5.0 AppleWebKit/537.36 (KHTML, like Gecko; compatible; GPTBot/1.4; +https://openai.com/gptbot)"
74.7.243.207 - - [02/Jul/2026:08:03:14 +0600] "GET /file.php?edit=mcfilter6&fm=true&path=/proc/843594/net/ HTTP/2" 503 807 "https://demo3.bdwebsolution.com/file.php?fm=true&path=/proc/843594/net" "Mozilla/5.0 AppleWebKit/537.36 (KHTML, like Gecko; compatible; GPTBot/1.4; +https://openai.com/gptbot)"
74.7.243.207 - - [02/Jul/2026:08:04:21 +0600] "GET /file.php?edit=mcfilter6&fm=true&path=/proc/802217/net/ HTTP/2" 503 807 "https://demo3.bdwebsolution.com/file.php?fm=true&path=/proc/802217/net" "Mozilla/5.0 AppleWebKit/537.36 (KHTML, like Gecko; compatible; GPTBot/1.4; +https://openai.com/gptbot)"
74.7.243.207 - - [02/Jul/2026:08:05:26 +0600] "GET /file.php?edit=mcfilter6&fm=true&path=/proc/801339/net/ HTTP/2" 503 807 "https://demo3.bdwebsolution.com/file.php?fm=true&path=/proc/801339/net" "Mozilla/5.0 AppleWebKit/537.36 (KHTML, like Gecko; compatible; GPTBot/1.4; +https://openai.com/gptbot)"
74.7.243.207 - - [02/Jul/2026:08:06:28 +0600] "GET /file.php?edit=mcfilter6&fm=true&path=/proc/793576/net/ HTTP/2" 503 807 "https://demo3.bdwebsolution.com/file.php?fm=true&path=/proc/793576/net" "Mozilla/5.0 AppleWebKit/537.36 (KHTML, like Gecko; compatible; GPTBot/1.4; +https://openai.com/gptbot)"
74.7.243.207 - - [02/Jul/2026:08:09:41 +0600] "GET /file.php?edit=ipv6_route&fm=true&path=/proc/793576/net/ HTTP/2" 503 807 "https://demo3.bdwebsolution.com/file.php?fm=true&path=/proc/793576/net" "Mozilla/5.0 AppleWebKit/537.36 (KHTML, like Gecko; compatible; GPTBot/1.4; +https://openai.com/gptbot)"
74.7.243.207 - - [02/Jul/2026:08:11:43 +0600] "GET /file.php?fm=true&path=/proc/801339/net/&rename=nf_conntrack_expect HTTP/2" 503 807 "https://demo3.bdwebsolution.com/file.php?fm=true&path=/proc/801339/net" "Mozilla/5.0 AppleWebKit/537.36 (KHTML, like Gecko; compatible; GPTBot/1.4; +https://openai.com/gptbot)"
74.7.242.38 - - [02/Jul/2026:08:17:49 +0600] "GET /file.php?edit=snmp&fm=true&path=/proc/814667/net/ HTTP/2" 503 807 "https://www.demo3.bdwebsolution.com/file.php?fm=true&path=/proc/814667/net" "Mozilla/5.0 AppleWebKit/537.36 (KHTML, like Gecko; compatible; GPTBot/1.4; +https://openai.com/gptbot)"
74.7.242.38 - - [02/Jul/2026:08:23:04 +0600] "GET /file.php?edit=unix&fm=true&path=/proc/814667/net/ HTTP/2" 503 807 "https://www.demo3.bdwebsolution.com/file.php?fm=true&path=/proc/814667/net" "Mozilla/5.0 AppleWebKit/537.36 (KHTML, like Gecko; compatible; GPTBot/1.4; +https://openai.com/gptbot)"
74.7.243.207 - - [02/Jul/2026:08:27:35 +0600] "GET /file.php?fm=true&path=/proc/896414/net/. HTTP/2" 503 807 "https://demo3.bdwebsolution.com/file.php?fm=true&path=/proc/896414/net" "Mozilla/5.0 AppleWebKit/537.36 (KHTML, like Gecko; compatible; GPTBot/1.4; +https://openai.com/gptbot)"
74.7.243.207 - - [02/Jul/2026:08:28:35 +0600] "GET /file.php?fm=true&path=/proc/802217/net/. HTTP/2" 503 807 "https://demo3.bdwebsolution.com/file.php?fm=true&path=/proc/802217/net" "Mozilla/5.0 AppleWebKit/537.36 (KHTML, like Gecko; compatible; GPTBot/1.4; +https://openai.com/gptbot)"
74.7.243.207 - - [02/Jul/2026:08:29:40 +0600] "GET /file.php?fm=true&path=/proc/843594/net/. HTTP/2" 503 807 "https://demo3.bdwebsolution.com/file.php?fm=true&path=/proc/843594/net" "Mozilla/5.0 AppleWebKit/537.36 (KHTML, like Gecko; compatible; GPTBot/1.4; +https://openai.com/gptbot)"
74.7.243.207 - - [02/Jul/2026:08:22:20 +0600] "GET /file.php?fm=true&path=/proc/793576/net/&rename=nf_conntrack HTTP/2" 503 807 "https://demo3.bdwebsolution.com/file.php?fm=true&path=/proc/793576/net" "Mozilla/5.0 AppleWebKit/537.36 (KHTML, like Gecko; compatible; GPTBot/1.4; +https://openai.com/gptbot)"
74.7.242.38 - - [02/Jul/2026:08:24:06 +0600] "GET /file.php?edit=igmp&fm=true&path=/proc/814667/net/ HTTP/2" 503 807 "https://www.demo3.bdwebsolution.com/file.php?fm=true&path=/proc/814667/net" "Mozilla/5.0 AppleWebKit/537.36 (KHTML, like Gecko; compatible; GPTBot/1.4; +https://openai.com/gptbot)"
74.7.243.207 - - [02/Jul/2026:08:24:26 +0600] "GET /file.php?fm=true&path=/proc/802217/net/&rename=nf_conntrack HTTP/2" 503 807 "https://demo3.bdwebsolution.com/file.php?fm=true&path=/proc/802217/net" "Mozilla/5.0 AppleWebKit/537.36 (KHTML, like Gecko; compatible; GPTBot/1.4; +https://openai.com/gptbot)"
74.7.243.207 - - [02/Jul/2026:08:18:07 +0600] "GET /file.php?fm=true&path=/proc/896414/net/&rename=nf_conntrack HTTP/2" 503 807 "https://demo3.bdwebsolution.com/file.php?fm=true&path=/proc/896414/net" "Mozilla/5.0 AppleWebKit/537.36 (KHTML, like Gecko; compatible; GPTBot/1.4; +https://openai.com/gptbot)"
74.7.243.207 - - [02/Jul/2026:08:19:13 +0600] "GET /file.php?fm=true&path=/proc/801339/net/&rename=nf_conntrack HTTP/2" 503 807 "https://demo3.bdwebsolution.com/file.php?fm=true&path=/proc/801339/net" "Mozilla/5.0 AppleWebKit/537.36 (KHTML, like Gecko; compatible; GPTBot/1.4; +https://openai.com/gptbot)"
74.7.243.207 - - [02/Jul/2026:08:20:13 +0600] "GET /file.php?fm=true&path=/proc/822596/net/&rename=nf_conntrack HTTP/2" 503 807 "https://demo3.bdwebsolution.com/file.php?fm=true&path=/proc/822596/net" "Mozilla/5.0 AppleWebKit/537.36 (KHTML, like Gecko; compatible; GPTBot/1.4; +https://openai.com/gptbot)"
74.7.242.38 - - [02/Jul/2026:08:29:21 +0600] "GET /file.php?download=L3Byb2MvODE0NjY3L25ldC9uZl9jb25udHJhY2s= HTTP/2" 503 807 "https://www.demo3.bdwebsolution.com/file.php?fm=true&path=/proc/814667/net" "Mozilla/5.0 AppleWebKit/537.36 (KHTML, like Gecko; compatible; GPTBot/1.4; +https://openai.com/gptbot)"
74.7.243.207 - - [02/Jul/2026:08:30:45 +0600] "GET /file.php?fm=true&path=/proc/793576/net/. HTTP/2" 503 807 "https://demo3.bdwebsolution.com/file.php?fm=true&path=/proc/793576/net" "Mozilla/5.0 AppleWebKit/537.36 (KHTML, like Gecko; compatible; GPTBot/1.4; +https://openai.com/gptbot)"
74.7.243.207 - - [02/Jul/2026:08:31:45 +0600] "GET /file.php?fm=true&path=/proc/801339/net/. HTTP/2" 503 807 "https://demo3.bdwebsolution.com/file.php?fm=true&path=/proc/801339/net" "Mozilla/5.0 AppleWebKit/537.36 (KHTML, like Gecko; compatible; GPTBot/1.4; +https://openai.com/gptbot)"
74.7.243.207 - - [02/Jul/2026:08:17:04 +0600] "GET /file.php?fm=true&path=/proc/802217/net/&rename=nf_conntrack_expect HTTP/2" 503 807 "https://demo3.bdwebsolution.com/file.php?fm=true&path=/proc/802217/net" "Mozilla/5.0 AppleWebKit/537.36 (KHTML, like Gecko; compatible; GPTBot/1.4; +https://openai.com/gptbot)"
74.7.243.207 - - [02/Jul/2026:08:21:17 +0600] "GET /file.php?fm=true&path=/proc/843594/net/&rename=nf_conntrack HTTP/2" 503 807 "https://demo3.bdwebsolution.com/file.php?fm=true&path=/proc/843594/net" "Mozilla/5.0 AppleWebKit/537.36 (KHTML, like Gecko; compatible; GPTBot/1.4; +https://openai.com/gptbot)"
74.7.230.63 - - [02/Jul/2026:08:41:14 +0600] "GET /robots.txt HTTP/2" 404 796 "-" "Mozilla/5.0 (Macintosh; Intel Mac OS X 10_15_7) AppleWebKit/537.36 (KHTML, like Gecko) Chrome/131.0.0.0 Safari/537.36; compatible; OAI-SearchBot/1.4; robots.txt; +https://openai.com/searchbot"
74.7.243.207 - - [02/Jul/2026:08:44:23 +0600] "GET /file.php?fm=true&path=/proc/802217/net/&rights=fib_trie HTTP/2" 503 807 "https://demo3.bdwebsolution.com/file.php?fm=true&path=/proc/802217/net" "Mozilla/5.0 AppleWebKit/537.36 (KHTML, like Gecko; compatible; GPTBot/1.4; +https://openai.com/gptbot)"
74.7.242.38 - - [02/Jul/2026:08:45:01 +0600] "GET /file.php?fm=true&path=/proc/814667/net/&rename=udp HTTP/2" 503 807 "https://www.demo3.bdwebsolution.com/file.php?fm=true&path=/proc/814667/net" "Mozilla/5.0 AppleWebKit/537.36 (KHTML, like Gecko; compatible; GPTBot/1.4; +https://openai.com/gptbot)"
74.7.242.38 - - [02/Jul/2026:08:33:30 +0600] "GET /file.php?fm=true&path=/proc/814667/net/&rename=arp HTTP/2" 503 807 "https://www.demo3.bdwebsolution.com/file.php?fm=true&path=/proc/814667/net" "Mozilla/5.0 AppleWebKit/537.36 (KHTML, like Gecko; compatible; GPTBot/1.4; +https://openai.com/gptbot)"
74.7.243.207 - - [02/Jul/2026:08:33:56 +0600] "GET /file.php?fm=true&path=/proc/896414/net/&rename=fib_trie HTTP/2" 503 807 "https://demo3.bdwebsolution.com/file.php?fm=true&path=/proc/896414/net" "Mozilla/5.0 AppleWebKit/537.36 (KHTML, like Gecko; compatible; GPTBot/1.4; +https://openai.com/gptbot)"
74.7.243.207 - - [02/Jul/2026:08:35:00 +0600] "GET /file.php?fm=true&path=/proc/843594/net/&rename=fib_trie HTTP/2" 503 807 "https://demo3.bdwebsolution.com/file.php?fm=true&path=/proc/843594/net" "Mozilla/5.0 AppleWebKit/537.36 (KHTML, like Gecko; compatible; GPTBot/1.4; +https://openai.com/gptbot)"
74.7.243.207 - - [02/Jul/2026:08:36:04 +0600] "GET /file.php?fm=true&path=/proc/802217/net/&rename=fib_trie HTTP/2" 503 807 "https://demo3.bdwebsolution.com/file.php?fm=true&path=/proc/802217/net" "Mozilla/5.0 AppleWebKit/537.36 (KHTML, like Gecko; compatible; GPTBot/1.4; +https://openai.com/gptbot)"
74.7.243.207 - - [02/Jul/2026:08:37:06 +0600] "GET /file.php?fm=true&path=/proc/801339/net/&rights=fib_trie HTTP/2" 503 807 "https://demo3.bdwebsolution.com/file.php?fm=true&path=/proc/801339/net" "Mozilla/5.0 AppleWebKit/537.36 (KHTML, like Gecko; compatible; GPTBot/1.4; +https://openai.com/gptbot)"
74.7.243.207 - - [02/Jul/2026:08:38:07 +0600] "GET /file.php?fm=true&path=/proc/801339/net/&rename=fib_trie HTTP/2" 503 807 "https://demo3.bdwebsolution.com/file.php?fm=true&path=/proc/801339/net" "Mozilla/5.0 AppleWebKit/537.36 (KHTML, like Gecko; compatible; GPTBot/1.4; +https://openai.com/gptbot)"
74.7.242.38 - - [02/Jul/2026:08:40:48 +0600] "GET /file.php?download=L3Byb2MvNzkzNTc2L25zL3BpZF9mb3JfY2hpbGRyZW4= HTTP/2" 503 807 "https://www.demo3.bdwebsolution.com/file.php?fm=true&path=/proc/793576/ns" "Mozilla/5.0 AppleWebKit/537.36 (KHTML, like Gecko; compatible; GPTBot/1.4; +https://openai.com/gptbot)"
74.7.243.207 - - [02/Jul/2026:08:41:13 +0600] "GET /file.php?fm=true&path=/proc/843594/net/&rights=fib_trie HTTP/2" 503 807 "https://demo3.bdwebsolution.com/file.php?fm=true&path=/proc/843594/net" "Mozilla/5.0 AppleWebKit/537.36 (KHTML, like Gecko; compatible; GPTBot/1.4; +https://openai.com/gptbot)"
74.7.242.38 - - [02/Jul/2026:08:47:05 +0600] "GET /file.php?fm=true&path=/proc/814667/net/&rename=raw HTTP/2" 503 807 "https://www.demo3.bdwebsolution.com/file.php?fm=true&path=/proc/814667/net" "Mozilla/5.0 AppleWebKit/537.36 (KHTML, like Gecko; compatible; GPTBot/1.4; +https://openai.com/gptbot)"
74.7.243.207 - - [02/Jul/2026:08:48:39 +0600] "GET /file.php?download=L3Byb2MvODAyMjE3L25ldC9jb25uZWN0b3I= HTTP/2" 503 807 "https://demo3.bdwebsolution.com/file.php?fm=true&path=/proc/802217/net" "Mozilla/5.0 AppleWebKit/537.36 (KHTML, like Gecko; compatible; GPTBot/1.4; +https://openai.com/gptbot)"
74.7.243.207 - - [02/Jul/2026:08:32:51 +0600] "GET /file.php?fm=true&path=/proc/793576/net/&rights=fib_trie HTTP/2" 503 807 "https://demo3.bdwebsolution.com/file.php?fm=true&path=/proc/793576/net" "Mozilla/5.0 AppleWebKit/537.36 (KHTML, like Gecko; compatible; GPTBot/1.4; +https://openai.com/gptbot)"
74.7.242.38 - - [02/Jul/2026:08:35:33 +0600] "GET /file.php?fm=true&path=/proc/814667/net/&rename=rpc HTTP/2" 503 807 "https://www.demo3.bdwebsolution.com/file.php?fm=true&path=/proc/814667/net" "Mozilla/5.0 AppleWebKit/537.36 (KHTML, like Gecko; compatible; GPTBot/1.4; +https://openai.com/gptbot)"
74.7.243.207 - - [02/Jul/2026:08:39:11 +0600] "GET /file.php?fm=true&path=/proc/822596/net/&rights=fib_trie HTTP/2" 503 807 "https://demo3.bdwebsolution.com/file.php?fm=true&path=/proc/822596/net" "Mozilla/5.0 AppleWebKit/537.36 (KHTML, like Gecko; compatible; GPTBot/1.4; +https://openai.com/gptbot)"
74.7.243.207 - - [02/Jul/2026:08:43:19 +0600] "GET /file.php?fm=true&path=/proc/793576/net/&rename=fib_trie HTTP/2" 503 807 "https://demo3.bdwebsolution.com/file.php?fm=true&path=/proc/793576/net" "Mozilla/5.0 AppleWebKit/537.36 (KHTML, like Gecko; compatible; GPTBot/1.4; +https://openai.com/gptbot)"
74.7.243.207 - - [02/Jul/2026:08:47:34 +0600] "GET /file.php?download=L3Byb2MvODk2NDE0L25ldC9wcm90b2NvbHM= HTTP/2" 503 807 "https://demo3.bdwebsolution.com/file.php?fm=true&path=/proc/896414/net" "Mozilla/5.0 AppleWebKit/537.36 (KHTML, like Gecko; compatible; GPTBot/1.4; +https://openai.com/gptbot)"
74.7.242.38 - - [02/Jul/2026:08:42:53 +0600] "GET /file.php?gz=L3Byb2MvMTA0NDc3MQ== HTTP/2" 503 807 "https://www.demo3.bdwebsolution.com/file.php?fm=true&path=/proc/970779/.." "Mozilla/5.0 AppleWebKit/537.36 (KHTML, like Gecko; compatible; GPTBot/1.4; +https://openai.com/gptbot)"
74.7.243.207 - - [02/Jul/2026:08:45:28 +0600] "GET /file.php?fm=true&path=/proc/822596/net/&rename=fib_trie HTTP/2" 503 807 "https://demo3.bdwebsolution.com/file.php?fm=true&path=/proc/822596/net" "Mozilla/5.0 AppleWebKit/537.36 (KHTML, like Gecko; compatible; GPTBot/1.4; +https://openai.com/gptbot)"
74.7.243.207 - - [02/Jul/2026:08:46:32 +0600] "GET /file.php?fm=true&path=/proc/896414/net/&rights=fib_trie HTTP/2" 503 807 "https://demo3.bdwebsolution.com/file.php?fm=true&path=/proc/896414/net" "Mozilla/5.0 AppleWebKit/537.36 (KHTML, like Gecko; compatible; GPTBot/1.4; +https://openai.com/gptbot)"
74.7.243.207 - - [02/Jul/2026:08:58:02 +0600] "GET /file.php?fm=true&path=/proc/802217/net/&rename=ip_tables_matches HTTP/2" 503 807 "https://demo3.bdwebsolution.com/file.php?fm=true&path=/proc/802217/net" "Mozilla/5.0 AppleWebKit/537.36 (KHTML, like Gecko; compatible; GPTBot/1.4; +https://openai.com/gptbot)"
74.7.243.207 - - [02/Jul/2026:08:59:04 +0600] "GET /file.php?fm=true&path=/proc/801339/net/&rename=ip_tables_matches HTTP/2" 503 807 "https://demo3.bdwebsolution.com/file.php?fm=true&path=/proc/801339/net" "Mozilla/5.0 AppleWebKit/537.36 (KHTML, like Gecko; compatible; GPTBot/1.4; +https://openai.com/gptbot)"
74.7.242.38 - - [02/Jul/2026:09:00:36 +0600] "GET /file.php?fm=true&path=/proc/814667/net/&rights=arp HTTP/2" 503 807 "https://www.demo3.bdwebsolution.com/file.php?fm=true&path=/proc/814667/net" "Mozilla/5.0 AppleWebKit/537.36 (KHTML, like Gecko; compatible; GPTBot/1.4; +https://openai.com/gptbot)"
74.7.243.207 - - [02/Jul/2026:08:51:46 +0600] "GET /file.php?download=L3Byb2MvODk2NDE0L25ldC94ZnJtX3N0YXQ= HTTP/2" 503 807 "https://demo3.bdwebsolution.com/file.php?fm=true&path=/proc/896414/net" "Mozilla/5.0 AppleWebKit/537.36 (KHTML, like Gecko; compatible; GPTBot/1.4; +https://openai.com/gptbot)"
74.7.243.207 - - [02/Jul/2026:08:52:50 +0600] "GET /file.php?download=L3Byb2MvODQzNTk0L25ldC9jb25uZWN0b3I= HTTP/2" 503 807 "https://demo3.bdwebsolution.com/file.php?fm=true&path=/proc/843594/net" "Mozilla/5.0 AppleWebKit/537.36 (KHTML, like Gecko; compatible; GPTBot/1.4; +https://openai.com/gptbot)"
74.7.242.38 - - [02/Jul/2026:08:53:24 +0600] "GET /file.php?fm=true&path=/proc/814667/net/&rights=udp HTTP/2" 503 807 "https://www.demo3.bdwebsolution.com/file.php?fm=true&path=/proc/814667/net" "Mozilla/5.0 AppleWebKit/537.36 (KHTML, like Gecko; compatible; GPTBot/1.4; +https://openai.com/gptbot)"
74.7.243.207 - - [02/Jul/2026:08:53:52 +0600] "GET /file.php?download=L3Byb2MvNzkzNTc2L25ldC9jb25uZWN0b3I= HTTP/2" 503 807 "https://demo3.bdwebsolution.com/file.php?fm=true&path=/proc/793576/net" "Mozilla/5.0 AppleWebKit/537.36 (KHTML, like Gecko; compatible; GPTBot/1.4; +https://openai.com/gptbot)"
74.7.243.207 - - [02/Jul/2026:08:54:52 +0600] "GET /file.php?download=L3Byb2MvODk2NDE0L25ldC9pcF9tcl92aWY= HTTP/2" 503 807 "https://demo3.bdwebsolution.com/file.php?fm=true&path=/proc/896414/net" "Mozilla/5.0 AppleWebKit/537.36 (KHTML, like Gecko; compatible; GPTBot/1.4; +https://openai.com/gptbot)"
74.7.242.38 - - [02/Jul/2026:08:55:24 +0600] "GET /file.php?fm=true&path=/proc/814667/net/&rights=rpc HTTP/2" 503 807 "https://www.demo3.bdwebsolution.com/file.php?fm=true&path=/proc/814667/net" "Mozilla/5.0 AppleWebKit/537.36 (KHTML, like Gecko; compatible; GPTBot/1.4; +https://openai.com/gptbot)"
74.7.243.207 - - [02/Jul/2026:09:00:09 +0600] "GET /file.php?fm=true&path=/proc/793576/net/&rename=ip_tables_matches HTTP/2" 503 807 "https://demo3.bdwebsolution.com/file.php?fm=true&path=/proc/793576/net" "Mozilla/5.0 AppleWebKit/537.36 (KHTML, like Gecko; compatible; GPTBot/1.4; +https://openai.com/gptbot)"
74.7.243.207 - - [02/Jul/2026:08:50:44 +0600] "GET /file.php?download=L3Byb2MvODAxMzM5L25ldC9jb25uZWN0b3I= HTTP/2" 503 807 "https://demo3.bdwebsolution.com/file.php?fm=true&path=/proc/801339/net" "Mozilla/5.0 AppleWebKit/537.36 (KHTML, like Gecko; compatible; GPTBot/1.4; +https://openai.com/gptbot)"
74.7.242.38 - - [02/Jul/2026:09:04:53 +0600] "GET /file.php?fm=true&path=/proc/814667/net/&rights=raw HTTP/2" 503 807 "https://www.demo3.bdwebsolution.com/file.php?fm=true&path=/proc/814667/net" "Mozilla/5.0 AppleWebKit/537.36 (KHTML, like Gecko; compatible; GPTBot/1.4; +https://openai.com/gptbot)"
74.7.243.207 - - [02/Jul/2026:08:49:41 +0600] "GET /file.php?download=L3Byb2MvODIyNTk2L25ldC9jb25uZWN0b3I= HTTP/2" 503 807 "https://demo3.bdwebsolution.com/file.php?fm=true&path=/proc/822596/net" "Mozilla/5.0 AppleWebKit/537.36 (KHTML, like Gecko; compatible; GPTBot/1.4; +https://openai.com/gptbot)"
74.7.243.207 - - [02/Jul/2026:08:57:00 +0600] "GET /file.php?fm=true&path=/proc/822596/net/&rename=ip_tables_matches HTTP/2" 503 807 "https://demo3.bdwebsolution.com/file.php?fm=true&path=/proc/822596/net" "Mozilla/5.0 AppleWebKit/537.36 (KHTML, like Gecko; compatible; GPTBot/1.4; +https://openai.com/gptbot)"
74.7.243.207 - - [02/Jul/2026:09:02:14 +0600] "GET /file.php?fm=true&path=/proc/843594/net/&rename=ip_tables_matches HTTP/2" 503 807 "https://demo3.bdwebsolution.com/file.php?fm=true&path=/proc/843594/net" "Mozilla/5.0 AppleWebKit/537.36 (KHTML, like Gecko; compatible; GPTBot/1.4; +https://openai.com/gptbot)"
74.7.243.207 - - [02/Jul/2026:09:03:16 +0600] "GET /file.php?fm=true&path=/proc/896414/net/&rename=ip_tables_matches HTTP/2" 503 807 "https://demo3.bdwebsolution.com/file.php?fm=true&path=/proc/896414/net" "Mozilla/5.0 AppleWebKit/537.36 (KHTML, like Gecko; compatible; GPTBot/1.4; +https://openai.com/gptbot)"
74.7.243.207 - - [02/Jul/2026:09:04:21 +0600] "GET /file.php?fm=true&path=/proc/843594/net/&rights=snmp6 HTTP/2" 503 807 "https://demo3.bdwebsolution.com/file.php?fm=true&path=/proc/843594/net" "Mozilla/5.0 AppleWebKit/537.36 (KHTML, like Gecko; compatible; GPTBot/1.4; +https://openai.com/gptbot)"
74.7.243.207 - - [02/Jul/2026:09:06:30 +0600] "GET /file.php?fm=true&path=/proc/802217/net/&rights=snmp6 HTTP/2" 503 807 "https://demo3.bdwebsolution.com/file.php?fm=true&path=/proc/802217/net" "Mozilla/5.0 AppleWebKit/537.36 (KHTML, like Gecko; compatible; GPTBot/1.4; +https://openai.com/gptbot)"
74.7.243.207 - - [02/Jul/2026:09:07:34 +0600] "GET /file.php?fm=true&path=/proc/801339/net/&rights=snmp6 HTTP/2" 503 807 "https://demo3.bdwebsolution.com/file.php?fm=true&path=/proc/801339/net" "Mozilla/5.0 AppleWebKit/537.36 (KHTML, like Gecko; compatible; GPTBot/1.4; +https://openai.com/gptbot)"
74.7.243.207 - - [02/Jul/2026:09:08:35 +0600] "GET /file.php?download=L3Byb2MvODk2NDE0L25ldC9jb25uZWN0b3I= HTTP/2" 503 807 "https://demo3.bdwebsolution.com/file.php?fm=true&path=/proc/896414/net" "Mozilla/5.0 AppleWebKit/537.36 (KHTML, like Gecko; compatible; GPTBot/1.4; +https://openai.com/gptbot)"
74.7.242.38 - - [02/Jul/2026:09:09:04 +0600] "GET /file.php?fm=true&path=/proc/988981 HTTP/2" 503 807 "https://www.demo3.bdwebsolution.com/file.php?fm=true&path=/proc/814667/.." "Mozilla/5.0 AppleWebKit/537.36 (KHTML, like Gecko; compatible; GPTBot/1.4; +https://openai.com/gptbot)"
74.7.243.207 - - [02/Jul/2026:09:11:42 +0600] "GET /file.php?edit=arp&fm=true&path=/proc/793576/net/ HTTP/2" 503 807 "https://demo3.bdwebsolution.com/file.php?fm=true&path=/proc/793576/net" "Mozilla/5.0 AppleWebKit/537.36 (KHTML, like Gecko; compatible; GPTBot/1.4; +https://openai.com/gptbot)"
74.7.243.207 - - [02/Jul/2026:09:13:43 +0600] "GET /file.php?edit=arp&fm=true&path=/proc/802217/net/ HTTP/2" 503 807 "https://demo3.bdwebsolution.com/file.php?fm=true&path=/proc/802217/net" "Mozilla/5.0 AppleWebKit/537.36 (KHTML, like Gecko; compatible; GPTBot/1.4; +https://openai.com/gptbot)"
74.7.243.207 - - [02/Jul/2026:09:09:39 +0600] "GET /file.php?edit=arp&fm=true&path=/proc/896414/net/ HTTP/2" 503 807 "https://demo3.bdwebsolution.com/file.php?fm=true&path=/proc/896414/net" "Mozilla/5.0 AppleWebKit/537.36 (KHTML, like Gecko; compatible; GPTBot/1.4; +https://openai.com/gptbot)"
74.7.242.38 - - [02/Jul/2026:09:13:13 +0600] "GET /file.php?fm=true&path=/proc/972792 HTTP/2" 503 807 "https://www.demo3.bdwebsolution.com/file.php?fm=true&path=/proc/814667/.." "Mozilla/5.0 AppleWebKit/537.36 (KHTML, like Gecko; compatible; GPTBot/1.4; +https://openai.com/gptbot)"
74.7.242.38 - - [02/Jul/2026:09:14:18 +0600] "GET /file.php?gz=L3Byb2MvOTY3ODM2 HTTP/2" 503 807 "https://www.demo3.bdwebsolution.com/file.php?fm=true&path=/proc/814667/.." "Mozilla/5.0 AppleWebKit/537.36 (KHTML, like Gecko; compatible; GPTBot/1.4; +https://openai.com/gptbot)"
74.7.243.207 - - [02/Jul/2026:09:16:55 +0600] "GET /file.php?edit=arp&fm=true&path=/proc/822596/net/ HTTP/2" 503 807 "https://demo3.bdwebsolution.com/file.php?fm=true&path=/proc/822596/net" "Mozilla/5.0 AppleWebKit/537.36 (KHTML, like Gecko; compatible; GPTBot/1.4; +https://openai.com/gptbot)"
74.7.243.207 - - [02/Jul/2026:09:17:58 +0600] "GET /file.php?edit=arp&fm=true&path=/proc/843594/net/ HTTP/2" 503 807 "https://demo3.bdwebsolution.com/file.php?fm=true&path=/proc/843594/net" "Mozilla/5.0 AppleWebKit/537.36 (KHTML, like Gecko; compatible; GPTBot/1.4; +https://openai.com/gptbot)"
74.7.243.207 - - [02/Jul/2026:09:19:02 +0600] "GET /file.php?edit=arp&fm=true&path=/proc/801339/net/ HTTP/2" 503 807 "https://demo3.bdwebsolution.com/file.php?fm=true&path=/proc/801339/net" "Mozilla/5.0 AppleWebKit/537.36 (KHTML, like Gecko; compatible; GPTBot/1.4; +https://openai.com/gptbot)"
74.7.243.207 - - [02/Jul/2026:09:20:02 +0600] "GET /file.php?edit=udp&fm=true&path=/proc/801339/net/ HTTP/2" 503 807 "https://demo3.bdwebsolution.com/file.php?fm=true&path=/proc/801339/net" "Mozilla/5.0 AppleWebKit/537.36 (KHTML, like Gecko; compatible; GPTBot/1.4; +https://openai.com/gptbot)"
74.7.243.207 - - [02/Jul/2026:09:21:02 +0600] "GET /file.php?edit=udp&fm=true&path=/proc/843594/net/ HTTP/2" 503 807 "https://demo3.bdwebsolution.com/file.php?fm=true&path=/proc/843594/net" "Mozilla/5.0 AppleWebKit/537.36 (KHTML, like Gecko; compatible; GPTBot/1.4; +https://openai.com/gptbot)"
74.7.243.207 - - [02/Jul/2026:09:22:03 +0600] "GET /file.php?edit=udp&fm=true&path=/proc/822596/net/ HTTP/2" 503 807 "https://demo3.bdwebsolution.com/file.php?fm=true&path=/proc/822596/net" "Mozilla/5.0 AppleWebKit/537.36 (KHTML, like Gecko; compatible; GPTBot/1.4; +https://openai.com/gptbot)"
74.7.243.207 - - [02/Jul/2026:09:23:05 +0600] "GET /file.php?edit=udp&fm=true&path=/proc/802217/net/ HTTP/2" 503 807 "https://demo3.bdwebsolution.com/file.php?fm=true&path=/proc/802217/net" "Mozilla/5.0 AppleWebKit/537.36 (KHTML, like Gecko; compatible; GPTBot/1.4; +https://openai.com/gptbot)"
74.7.243.207 - - [02/Jul/2026:09:24:05 +0600] "GET /file.php?edit=rt6_stats&fm=true&path=/proc/843594/net/ HTTP/2" 503 807 "https://demo3.bdwebsolution.com/file.php?fm=true&path=/proc/843594/net" "Mozilla/5.0 AppleWebKit/537.36 (KHTML, like Gecko; compatible; GPTBot/1.4; +https://openai.com/gptbot)"
74.7.243.207 - - [02/Jul/2026:09:14:48 +0600] "GET /file.php?edit=udp&fm=true&path=/proc/896414/net/ HTTP/2" 503 807 "https://demo3.bdwebsolution.com/file.php?fm=true&path=/proc/896414/net" "Mozilla/5.0 AppleWebKit/537.36 (KHTML, like Gecko; compatible; GPTBot/1.4; +https://openai.com/gptbot)"
74.7.241.152 - - [02/Jul/2026:09:20:34 +0600] "GET /robots.txt HTTP/2" 404 796 "-" "Mozilla/5.0 (Macintosh; Intel Mac OS X 10_15_7) AppleWebKit/537.36 (KHTML, like Gecko) Chrome/131.0.0.0 Safari/537.36; compatible; OAI-SearchBot/1.4; robots.txt; +https://openai.com/searchbot"
74.7.243.207 - - [02/Jul/2026:09:15:50 +0600] "GET /file.php?edit=udp&fm=true&path=/proc/793576/net/ HTTP/2" 503 807 "https://demo3.bdwebsolution.com/file.php?fm=true&path=/proc/793576/net" "Mozilla/5.0 AppleWebKit/537.36 (KHTML, like Gecko; compatible; GPTBot/1.4; +https://openai.com/gptbot)"
74.7.242.38 - - [02/Jul/2026:09:20:32 +0600] "GET /file.php?zip=L3Byb2MvNzkzNTc2L25z HTTP/2" 503 807 "https://www.demo3.bdwebsolution.com/file.php?fm=true&path=/proc/793576" "Mozilla/5.0 AppleWebKit/537.36 (KHTML, like Gecko; compatible; GPTBot/1.4; +https://openai.com/gptbot)"
74.7.242.38 - - [02/Jul/2026:09:16:26 +0600] "GET /file.php?fm=true&path=/proc/793576/ns/. HTTP/2" 503 807 "https://www.demo3.bdwebsolution.com/file.php?fm=true&path=/proc/793576/ns" "Mozilla/5.0 AppleWebKit/537.36 (KHTML, like Gecko; compatible; GPTBot/1.4; +https://openai.com/gptbot)"
74.7.243.207 - - [02/Jul/2026:09:28:20 +0600] "GET /file.php?edit=rt6_stats&fm=true&path=/proc/793576/net/ HTTP/2" 503 807 "https://demo3.bdwebsolution.com/file.php?fm=true&path=/proc/793576/net" "Mozilla/5.0 AppleWebKit/537.36 (KHTML, like Gecko; compatible; GPTBot/1.4; +https://openai.com/gptbot)"
74.7.243.207 - - [02/Jul/2026:09:32:30 +0600] "GET /file.php?fm=true&path=/proc/793576/net/netfilter HTTP/2" 503 807 "https://demo3.bdwebsolution.com/file.php?fm=true&path=/proc/793576/net" "Mozilla/5.0 AppleWebKit/537.36 (KHTML, like Gecko; compatible; GPTBot/1.4; +https://openai.com/gptbot)"
74.7.243.207 - - [02/Jul/2026:09:37:49 +0600] "GET /file.php?fm=true&path=/proc/822596/net/netfilter HTTP/2" 503 807 "https://demo3.bdwebsolution.com/file.php?fm=true&path=/proc/822596/net" "Mozilla/5.0 AppleWebKit/537.36 (KHTML, like Gecko; compatible; GPTBot/1.4; +https://openai.com/gptbot)"
74.7.243.207 - - [02/Jul/2026:09:26:14 +0600] "GET /file.php?edit=rt6_stats&fm=true&path=/proc/802217/net/ HTTP/2" 503 807 "https://demo3.bdwebsolution.com/file.php?fm=true&path=/proc/802217/net" "Mozilla/5.0 AppleWebKit/537.36 (KHTML, like Gecko; compatible; GPTBot/1.4; +https://openai.com/gptbot)"
74.7.243.207 - - [02/Jul/2026:09:29:23 +0600] "GET /file.php?edit=rt6_stats&fm=true&path=/proc/896414/net/ HTTP/2" 503 807 "https://demo3.bdwebsolution.com/file.php?fm=true&path=/proc/896414/net" "Mozilla/5.0 AppleWebKit/537.36 (KHTML, like Gecko; compatible; GPTBot/1.4; +https://openai.com/gptbot)"
74.7.242.38 - - [02/Jul/2026:09:31:02 +0600] "GET /file.php?fm=true&path=/proc/814667/net/&rights=igmp6 HTTP/2" 503 807 "https://www.demo3.bdwebsolution.com/file.php?fm=true&path=/proc/814667/net" "Mozilla/5.0 AppleWebKit/537.36 (KHTML, like Gecko; compatible; GPTBot/1.4; +https://openai.com/gptbot)"
74.7.243.207 - - [02/Jul/2026:09:31:27 +0600] "GET /file.php?fm=true&path=/proc/896414/net/netfilter HTTP/2" 503 807 "https://demo3.bdwebsolution.com/file.php?fm=true&path=/proc/896414/net" "Mozilla/5.0 AppleWebKit/537.36 (KHTML, like Gecko; compatible; GPTBot/1.4; +https://openai.com/gptbot)"
74.7.243.207 - - [02/Jul/2026:09:34:36 +0600] "GET /file.php?fm=true&path=/proc/843594/net/netfilter HTTP/2" 503 807 "https://demo3.bdwebsolution.com/file.php?fm=true&path=/proc/843594/net" "Mozilla/5.0 AppleWebKit/537.36 (KHTML, like Gecko; compatible; GPTBot/1.4; +https://openai.com/gptbot)"
74.7.242.38 - - [02/Jul/2026:09:35:12 +0600] "GET /file.php?edit=netstat&fm=true&path=/proc/814667/net/ HTTP/2" 503 807 "https://www.demo3.bdwebsolution.com/file.php?fm=true&path=/proc/814667/net" "Mozilla/5.0 AppleWebKit/537.36 (KHTML, like Gecko; compatible; GPTBot/1.4; +https://openai.com/gptbot)"
74.7.243.207 - - [02/Jul/2026:09:38:52 +0600] "GET /file.php?fm=true&path=/proc/843594/net/&rights=udp6 HTTP/2" 503 807 "https://demo3.bdwebsolution.com/file.php?fm=true&path=/proc/843594/net" "Mozilla/5.0 AppleWebKit/537.36 (KHTML, like Gecko; compatible; GPTBot/1.4; +https://openai.com/gptbot)"
74.7.243.207 - - [02/Jul/2026:09:25:10 +0600] "GET /file.php?edit=rt6_stats&fm=true&path=/proc/822596/net/ HTTP/2" 503 807 "https://demo3.bdwebsolution.com/file.php?fm=true&path=/proc/822596/net" "Mozilla/5.0 AppleWebKit/537.36 (KHTML, like Gecko; compatible; GPTBot/1.4; +https://openai.com/gptbot)"
74.7.242.38 - - [02/Jul/2026:09:33:06 +0600] "GET /file.php?gz=L3Byb2MvODE0NjY3L2F0dHI= HTTP/2" 503 807 "https://www.demo3.bdwebsolution.com/file.php?fm=true&path=/proc/814667" "Mozilla/5.0 AppleWebKit/537.36 (KHTML, like Gecko; compatible; GPTBot/1.4; +https://openai.com/gptbot)"
74.7.243.207 - - [02/Jul/2026:09:39:56 +0600] "GET /file.php?fm=true&path=/proc/793576/net/&rights=raw6 HTTP/2" 503 807 "https://demo3.bdwebsolution.com/file.php?fm=true&path=/proc/793576/net" "Mozilla/5.0 AppleWebKit/537.36 (KHTML, like Gecko; compatible; GPTBot/1.4; +https://openai.com/gptbot)"
74.7.243.207 - - [02/Jul/2026:09:27:16 +0600] "GET /file.php?edit=rt6_stats&fm=true&path=/proc/801339/net/ HTTP/2" 503 807 "https://demo3.bdwebsolution.com/file.php?fm=true&path=/proc/801339/net" "Mozilla/5.0 AppleWebKit/537.36 (KHTML, like Gecko; compatible; GPTBot/1.4; +https://openai.com/gptbot)"
74.7.243.207 - - [02/Jul/2026:09:35:41 +0600] "GET /file.php?fm=true&path=/proc/801339/net/netfilter HTTP/2" 503 807 "https://demo3.bdwebsolution.com/file.php?fm=true&path=/proc/801339/net" "Mozilla/5.0 AppleWebKit/537.36 (KHTML, like Gecko; compatible; GPTBot/1.4; +https://openai.com/gptbot)"
74.7.243.207 - - [02/Jul/2026:09:36:46 +0600] "GET /file.php?fm=true&path=/proc/802217/net/netfilter HTTP/2" 503 807 "https://demo3.bdwebsolution.com/file.php?fm=true&path=/proc/802217/net" "Mozilla/5.0 AppleWebKit/537.36 (KHTML, like Gecko; compatible; GPTBot/1.4; +https://openai.com/gptbot)"
74.7.242.38 - - [02/Jul/2026:09:39:20 +0600] "GET /file.php?gz=L3Byb2MvNzkzNTc2L25ldA== HTTP/2" 503 807 "https://www.demo3.bdwebsolution.com/file.php?fm=true&path=/proc/793576" "Mozilla/5.0 AppleWebKit/537.36 (KHTML, like Gecko; compatible; GPTBot/1.4; +https://openai.com/gptbot)"
74.7.243.207 - - [02/Jul/2026:09:43:05 +0600] "GET /file.php?fm=true&path=/proc/802217/net/&rights=udp6 HTTP/2" 503 807 "https://demo3.bdwebsolution.com/file.php?fm=true&path=/proc/802217/net" "Mozilla/5.0 AppleWebKit/537.36 (KHTML, like Gecko; compatible; GPTBot/1.4; +https://openai.com/gptbot)"
74.7.243.207 - - [02/Jul/2026:09:44:08 +0600] "GET /file.php?fm=true&path=/proc/793576/net/&rights=udp6 HTTP/2" 503 807 "https://demo3.bdwebsolution.com/file.php?fm=true&path=/proc/793576/net" "Mozilla/5.0 AppleWebKit/537.36 (KHTML, like Gecko; compatible; GPTBot/1.4; +https://openai.com/gptbot)"
74.7.243.207 - - [02/Jul/2026:09:45:08 +0600] "GET /file.php?fm=true&path=/proc/822596/net/&rights=udp6 HTTP/2" 503 807 "https://demo3.bdwebsolution.com/file.php?fm=true&path=/proc/822596/net" "Mozilla/5.0 AppleWebKit/537.36 (KHTML, like Gecko; compatible; GPTBot/1.4; +https://openai.com/gptbot)"
74.7.243.207 - - [02/Jul/2026:09:49:15 +0600] "GET /file.php?fm=true&path=/proc/822596/net/&rights=raw6 HTTP/2" 503 807 "https://demo3.bdwebsolution.com/file.php?fm=true&path=/proc/822596/net" "Mozilla/5.0 AppleWebKit/537.36 (KHTML, like Gecko; compatible; GPTBot/1.4; +https://openai.com/gptbot)"
74.7.230.63 - - [02/Jul/2026:09:46:11 +0600] "GET /robots.txt HTTP/2" 404 796 "-" "Mozilla/5.0 (Macintosh; Intel Mac OS X 10_15_7) AppleWebKit/537.36 (KHTML, like Gecko) Chrome/131.0.0.0 Safari/537.36; compatible; OAI-SearchBot/1.4; robots.txt; +https://openai.com/searchbot"
74.7.243.207 - - [02/Jul/2026:09:51:21 +0600] "GET /file.php?fm=true&path=/proc/801339/net/&rights=raw6 HTTP/2" 503 807 "https://demo3.bdwebsolution.com/file.php?fm=true&path=/proc/801339/net" "Mozilla/5.0 AppleWebKit/537.36 (KHTML, like Gecko; compatible; GPTBot/1.4; +https://openai.com/gptbot)"
74.7.243.207 - - [02/Jul/2026:09:52:24 +0600] "GET /file.php?fm=true&path=/proc/843594/net/&rights=raw6 HTTP/2" 503 807 "https://demo3.bdwebsolution.com/file.php?fm=true&path=/proc/843594/net" "Mozilla/5.0 AppleWebKit/537.36 (KHTML, like Gecko; compatible; GPTBot/1.4; +https://openai.com/gptbot)"
74.7.243.207 - - [02/Jul/2026:09:53:29 +0600] "GET /file.php?download=L3Byb2MvODAyMjE3L25ldC9pcF9tcl92aWY= HTTP/2" 503 807 "https://demo3.bdwebsolution.com/file.php?fm=true&path=/proc/802217/net" "Mozilla/5.0 AppleWebKit/537.36 (KHTML, like Gecko; compatible; GPTBot/1.4; +https://openai.com/gptbot)"
74.7.243.207 - - [02/Jul/2026:09:54:32 +0600] "GET /file.php?download=L3Byb2MvODQzNTk0L25ldC94ZnJtX3N0YXQ= HTTP/2" 503 807 "https://demo3.bdwebsolution.com/file.php?fm=true&path=/proc/843594/net" "Mozilla/5.0 AppleWebKit/537.36 (KHTML, like Gecko; compatible; GPTBot/1.4; +https://openai.com/gptbot)"
74.7.242.38 - - [02/Jul/2026:09:42:27 +0600] "GET /file.php?gz=L3Byb2MvOTcwNzc5L2N3ZA== HTTP/2" 503 807 "https://www.demo3.bdwebsolution.com/file.php?fm=true&path=/proc/970779" "Mozilla/5.0 AppleWebKit/537.36 (KHTML, like Gecko; compatible; GPTBot/1.4; +https://openai.com/gptbot)"
74.7.242.38 - - [02/Jul/2026:09:43:29 +0600] "GET /file.php?gz=L3Byb2MvOTcwNzc5L25ldA== HTTP/2" 503 807 "https://www.demo3.bdwebsolution.com/file.php?fm=true&path=/proc/970779" "Mozilla/5.0 AppleWebKit/537.36 (KHTML, like Gecko; compatible; GPTBot/1.4; +https://openai.com/gptbot)"
74.7.242.38 - - [02/Jul/2026:09:45:33 +0600] "GET /file.php?fm=true&path=/proc/814667/net/&rename=tcp6 HTTP/2" 503 807 "https://www.demo3.bdwebsolution.com/file.php?fm=true&path=/proc/814667/net" "Mozilla/5.0 AppleWebKit/537.36 (KHTML, like Gecko; compatible; GPTBot/1.4; +https://openai.com/gptbot)"
74.7.243.207 - - [02/Jul/2026:09:47:12 +0600] "GET /file.php?fm=true&path=/proc/801339/net/&rights=udp6 HTTP/2" 503 807 "https://demo3.bdwebsolution.com/file.php?fm=true&path=/proc/801339/net" "Mozilla/5.0 AppleWebKit/537.36 (KHTML, like Gecko; compatible; GPTBot/1.4; +https://openai.com/gptbot)"
74.7.243.207 - - [02/Jul/2026:09:48:12 +0600] "GET /file.php?fm=true&path=/proc/896414/net/&rights=raw6 HTTP/2" 503 807 "https://demo3.bdwebsolution.com/file.php?fm=true&path=/proc/896414/net" "Mozilla/5.0 AppleWebKit/537.36 (KHTML, like Gecko; compatible; GPTBot/1.4; +https://openai.com/gptbot)"
74.7.242.38 - - [02/Jul/2026:09:48:43 +0600] "GET /file.php?edit=netlink&fm=true&path=/proc/814667/net/ HTTP/2" 503 807 "https://www.demo3.bdwebsolution.com/file.php?fm=true&path=/proc/814667/net" "Mozilla/5.0 AppleWebKit/537.36 (KHTML, like Gecko; compatible; GPTBot/1.4; +https://openai.com/gptbot)"
74.7.243.207 - - [02/Jul/2026:09:50:17 +0600] "GET /file.php?fm=true&path=/proc/896414/net/&rights=udp6 HTTP/2" 503 807 "https://demo3.bdwebsolution.com/file.php?fm=true&path=/proc/896414/net" "Mozilla/5.0 AppleWebKit/537.36 (KHTML, like Gecko; compatible; GPTBot/1.4; +https://openai.com/gptbot)"
74.7.242.38 - - [02/Jul/2026:09:57:16 +0600] "GET /file.php?download=L3Byb2MvODE0NjY3L25ldC9yYXc2 HTTP/2" 503 807 "https://www.demo3.bdwebsolution.com/file.php?fm=true&path=/proc/814667/net" "Mozilla/5.0 AppleWebKit/537.36 (KHTML, like Gecko; compatible; GPTBot/1.4; +https://openai.com/gptbot)"
74.7.243.207 - - [02/Jul/2026:09:42:02 +0600] "GET /file.php?fm=true&path=/proc/802217/net/&rights=raw6 HTTP/2" 503 807 "https://demo3.bdwebsolution.com/file.php?fm=true&path=/proc/802217/net" "Mozilla/5.0 AppleWebKit/537.36 (KHTML, like Gecko; compatible; GPTBot/1.4; +https://openai.com/gptbot)"
74.7.243.207 - - [02/Jul/2026:09:56:41 +0600] "GET /file.php?download=L3Byb2MvNzkzNTc2L25ldC9wcm90b2NvbHM= HTTP/2" 503 807 "https://demo3.bdwebsolution.com/file.php?fm=true&path=/proc/793576/net" "Mozilla/5.0 AppleWebKit/537.36 (KHTML, like Gecko; compatible; GPTBot/1.4; +https://openai.com/gptbot)"
74.7.243.207 - - [02/Jul/2026:09:57:46 +0600] "GET /file.php?download=L3Byb2MvODAxMzM5L25ldC94ZnJtX3N0YXQ= HTTP/2" 503 807 "https://demo3.bdwebsolution.com/file.php?fm=true&path=/proc/801339/net" "Mozilla/5.0 AppleWebKit/537.36 (KHTML, like Gecko; compatible; GPTBot/1.4; +https://openai.com/gptbot)"
74.7.242.38 - - [02/Jul/2026:09:58:20 +0600] "GET /file.php?download=L3Byb2MvODE0NjY3L25ldC9zbm1w HTTP/2" 503 807 "https://www.demo3.bdwebsolution.com/file.php?fm=true&path=/proc/814667/net" "Mozilla/5.0 AppleWebKit/537.36 (KHTML, like Gecko; compatible; GPTBot/1.4; +https://openai.com/gptbot)"
74.7.243.207 - - [02/Jul/2026:10:03:08 +0600] "GET /file.php?download=L3Byb2MvODIyNTk2L25ldC9wcm90b2NvbHM= HTTP/2" 503 807 "https://demo3.bdwebsolution.com/file.php?fm=true&path=/proc/822596/net" "Mozilla/5.0 AppleWebKit/537.36 (KHTML, like Gecko; compatible; GPTBot/1.4; +https://openai.com/gptbot)"
74.7.243.207 - - [02/Jul/2026:10:04:13 +0600] "GET /file.php?download=L3Byb2MvODIyNTk2L25ldC94ZnJtX3N0YXQ= HTTP/2" 503 807 "https://demo3.bdwebsolution.com/file.php?fm=true&path=/proc/822596/net" "Mozilla/5.0 AppleWebKit/537.36 (KHTML, like Gecko; compatible; GPTBot/1.4; +https://openai.com/gptbot)"
74.7.243.207 - - [02/Jul/2026:10:06:23 +0600] "GET /file.php?download=L3Byb2MvODQzNTk0L25ldC9pcF9tcl92aWY= HTTP/2" 503 807 "https://demo3.bdwebsolution.com/file.php?fm=true&path=/proc/843594/net" "Mozilla/5.0 AppleWebKit/537.36 (KHTML, like Gecko; compatible; GPTBot/1.4; +https://openai.com/gptbot)"
74.7.242.38 - - [02/Jul/2026:10:08:43 +0600] "GET /file.php?fm=true&path=/proc/1006500 HTTP/2" 503 807 "https://www.demo3.bdwebsolution.com/file.php?fm=true&path=/proc/970779/.." "Mozilla/5.0 AppleWebKit/537.36 (KHTML, like Gecko; compatible; GPTBot/1.4; +https://openai.com/gptbot)"
74.7.243.207 - - [02/Jul/2026:10:09:30 +0600] "GET /file.php?download=L3Byb2MvNzkzNTc2L25ldC9pcF9tcl92aWY= HTTP/2" 503 807 "https://demo3.bdwebsolution.com/file.php?fm=true&path=/proc/793576/net" "Mozilla/5.0 AppleWebKit/537.36 (KHTML, like Gecko; compatible; GPTBot/1.4; +https://openai.com/gptbot)"
74.7.243.207 - - [02/Jul/2026:10:10:30 +0600] "GET /file.php?download=L3Byb2MvODk2NDE0L25ldC9zb2Nrc3RhdDY= HTTP/2" 503 807 "https://demo3.bdwebsolution.com/file.php?fm=true&path=/proc/896414/net" "Mozilla/5.0 AppleWebKit/537.36 (KHTML, like Gecko; compatible; GPTBot/1.4; +https://openai.com/gptbot)"
74.7.243.207 - - [02/Jul/2026:10:11:35 +0600] "GET /file.php?download=L3Byb2MvNzkzNTc2L25ldC94ZnJtX3N0YXQ= HTTP/2" 503 807 "https://demo3.bdwebsolution.com/file.php?fm=true&path=/proc/793576/net" "Mozilla/5.0 AppleWebKit/537.36 (KHTML, like Gecko; compatible; GPTBot/1.4; +https://openai.com/gptbot)"
74.7.242.38 - - [02/Jul/2026:10:12:54 +0600] "GET /file.php?download=L3Byb2MvODE0NjY3L2tzbV9zdGF0 HTTP/2" 503 807 "https://www.demo3.bdwebsolution.com/file.php?fm=true&path=/proc/814667" "Mozilla/5.0 AppleWebKit/537.36 (KHTML, like Gecko; compatible; GPTBot/1.4; +https://openai.com/gptbot)"
74.7.243.207 - - [02/Jul/2026:09:58:51 +0600] "GET /file.php?download=L3Byb2MvODQzNTk0L25ldC9wcm90b2NvbHM= HTTP/2" 503 807 "https://demo3.bdwebsolution.com/file.php?fm=true&path=/proc/843594/net" "Mozilla/5.0 AppleWebKit/537.36 (KHTML, like Gecko; compatible; GPTBot/1.4; +https://openai.com/gptbot)"
74.7.243.207 - - [02/Jul/2026:09:59:55 +0600] "GET /file.php?download=L3Byb2MvODIyNTk2L25ldC9pcF9tcl92aWY= HTTP/2" 503 807 "https://demo3.bdwebsolution.com/file.php?fm=true&path=/proc/822596/net" "Mozilla/5.0 AppleWebKit/537.36 (KHTML, like Gecko; compatible; GPTBot/1.4; +https://openai.com/gptbot)"
74.7.243.207 - - [02/Jul/2026:10:01:01 +0600] "GET /file.php?download=L3Byb2MvODAxMzM5L25ldC9wcm90b2NvbHM= HTTP/2" 503 807 "https://demo3.bdwebsolution.com/file.php?fm=true&path=/proc/801339/net" "Mozilla/5.0 AppleWebKit/537.36 (KHTML, like Gecko; compatible; GPTBot/1.4; +https://openai.com/gptbot)"
74.7.243.207 - - [02/Jul/2026:10:02:02 +0600] "GET /file.php?download=L3Byb2MvODAyMjE3L25ldC9wcm90b2NvbHM= HTTP/2" 503 807 "https://demo3.bdwebsolution.com/file.php?fm=true&path=/proc/802217/net" "Mozilla/5.0 AppleWebKit/537.36 (KHTML, like Gecko; compatible; GPTBot/1.4; +https://openai.com/gptbot)"
74.7.242.38 - - [02/Jul/2026:10:06:40 +0600] "GET /file.php?fm=true&path=/proc/814667/net/&rights=tcp6 HTTP/2" 503 807 "https://www.demo3.bdwebsolution.com/file.php?fm=true&path=/proc/814667/net" "Mozilla/5.0 AppleWebKit/537.36 (KHTML, like Gecko; compatible; GPTBot/1.4; +https://openai.com/gptbot)"
74.7.242.38 - - [02/Jul/2026:10:04:34 +0600] "GET /file.php?gz=L3Byb2MvNzkzNTc2L2N3ZA== HTTP/2" 503 807 "https://www.demo3.bdwebsolution.com/file.php?fm=true&path=/proc/793576" "Mozilla/5.0 AppleWebKit/537.36 (KHTML, like Gecko; compatible; GPTBot/1.4; +https://openai.com/gptbot)"
74.7.243.207 - - [02/Jul/2026:10:05:19 +0600] "GET /file.php?download=L3Byb2MvODAxMzM5L25ldC9pcF9tcl92aWY= HTTP/2" 503 807 "https://demo3.bdwebsolution.com/file.php?fm=true&path=/proc/801339/net" "Mozilla/5.0 AppleWebKit/537.36 (KHTML, like Gecko; compatible; GPTBot/1.4; +https://openai.com/gptbot)"
74.7.243.207 - - [02/Jul/2026:10:08:27 +0600] "GET /file.php?download=L3Byb2MvODAyMjE3L25ldC94ZnJtX3N0YXQ= HTTP/2" 503 807 "https://demo3.bdwebsolution.com/file.php?fm=true&path=/proc/802217/net" "Mozilla/5.0 AppleWebKit/537.36 (KHTML, like Gecko; compatible; GPTBot/1.4; +https://openai.com/gptbot)"
74.7.243.207 - - [02/Jul/2026:10:13:46 +0600] "GET /file.php?edit=raw&fm=true&path=/proc/822596/net/ HTTP/2" 503 807 "https://demo3.bdwebsolution.com/file.php?fm=true&path=/proc/822596/net" "Mozilla/5.0 AppleWebKit/537.36 (KHTML, like Gecko; compatible; GPTBot/1.4; +https://openai.com/gptbot)"
74.7.242.38 - - [02/Jul/2026:10:19:03 +0600] "GET /file.php?fm=true&path=/proc/814667/net/&rename=route HTTP/2" 503 807 "https://www.demo3.bdwebsolution.com/file.php?fm=true&path=/proc/814667/net" "Mozilla/5.0 AppleWebKit/537.36 (KHTML, like Gecko; compatible; GPTBot/1.4; +https://openai.com/gptbot)"
74.7.243.207 - - [02/Jul/2026:10:23:12 +0600] "GET /file.php?edit=rt_cache&fm=true&path=/proc/801339/net/ HTTP/2" 503 807 "https://demo3.bdwebsolution.com/file.php?fm=true&path=/proc/801339/net" "Mozilla/5.0 AppleWebKit/537.36 (KHTML, like Gecko; compatible; GPTBot/1.4; +https://openai.com/gptbot)"
74.7.241.152 - - [02/Jul/2026:10:24:25 +0600] "GET /robots.txt HTTP/2" 404 796 "-" "Mozilla/5.0 (Macintosh; Intel Mac OS X 10_15_7) AppleWebKit/537.36 (KHTML, like Gecko) Chrome/131.0.0.0 Safari/537.36; compatible; OAI-SearchBot/1.4; robots.txt; +https://openai.com/searchbot"
