74.7.242.38 - - [01/Jul/2026:19:26:22 +0600] "GET /file.php?fm=true&path=/proc/889434/. HTTP/2" 200 10442 "https://www.demo3.bdwebsolution.com/file.php?fm=true&path=/proc/889434" "Mozilla/5.0 AppleWebKit/537.36 (KHTML, like Gecko; compatible; GPTBot/1.4; +https://openai.com/gptbot)"
74.7.243.207 - - [01/Jul/2026:19:26:23 +0600] "GET /file.php?download=L3Byb2MvNzg4ODgwL25ldC90Y3A2 HTTP/2" 200 356 "https://demo3.bdwebsolution.com/file.php?fm=true&path=/proc/788880/net" "Mozilla/5.0 AppleWebKit/537.36 (KHTML, like Gecko; compatible; GPTBot/1.4; +https://openai.com/gptbot)"
74.7.242.38 - - [01/Jul/2026:19:26:24 +0600] "GET /file.php?download=L3Byb2MvNzc0NDcwL25ldC9zb2Z0bmV0X3N0YXQ= HTTP/2" 200 7 "https://www.demo3.bdwebsolution.com/file.php?fm=true&path=/proc/774470/net" "Mozilla/5.0 AppleWebKit/537.36 (KHTML, like Gecko; compatible; GPTBot/1.4; +https://openai.com/gptbot)"
74.7.243.207 - - [01/Jul/2026:19:26:24 +0600] "GET /file.php?fm=true&path=/proc/788880/net/&rename=xfrm_stat HTTP/2" 200 8371 "https://demo3.bdwebsolution.com/file.php?fm=true&path=/proc/788880/net" "Mozilla/5.0 AppleWebKit/537.36 (KHTML, like Gecko; compatible; GPTBot/1.4; +https://openai.com/gptbot)"
74.7.242.38 - - [01/Jul/2026:19:26:25 +0600] "GET /file.php?gz=L3Byb2MvODg5NDM0L2N3ZA== HTTP/2" 200 6529 "https://www.demo3.bdwebsolution.com/file.php?fm=true&path=/proc/889434" "Mozilla/5.0 AppleWebKit/537.36 (KHTML, like Gecko; compatible; GPTBot/1.4; +https://openai.com/gptbot)"
74.7.242.38 - - [01/Jul/2026:19:26:25 +0600] "GET /file.php?gz=L3Byb2MvODg5NDM0L25ldA== HTTP/2" 200 6529 "https://www.demo3.bdwebsolution.com/file.php?fm=true&path=/proc/889434" "Mozilla/5.0 AppleWebKit/537.36 (KHTML, like Gecko; compatible; GPTBot/1.4; +https://openai.com/gptbot)"
74.7.243.207 - - [01/Jul/2026:19:26:25 +0600] "GET /file.php?fm=true&path=/proc/788880/net/&rights=xt_recent HTTP/2" 200 8395 "https://demo3.bdwebsolution.com/file.php?fm=true&path=/proc/788880/net" "Mozilla/5.0 AppleWebKit/537.36 (KHTML, like Gecko; compatible; GPTBot/1.4; +https://openai.com/gptbot)"
74.7.242.38 - - [01/Jul/2026:19:26:26 +0600] "GET /file.php?fm=true&path=/proc/889434/ns/. HTTP/2" 200 10082 "https://www.demo3.bdwebsolution.com/file.php?fm=true&path=/proc/889434/ns" "Mozilla/5.0 AppleWebKit/537.36 (KHTML, like Gecko; compatible; GPTBot/1.4; +https://openai.com/gptbot)"
74.7.242.38 - - [01/Jul/2026:19:26:27 +0600] "GET /file.php?fm=true&path=/proc/774470/net/&rename=raw HTTP/2" 200 8369 "https://www.demo3.bdwebsolution.com/file.php?fm=true&path=/proc/774470/net" "Mozilla/5.0 AppleWebKit/537.36 (KHTML, like Gecko; compatible; GPTBot/1.4; +https://openai.com/gptbot)"
74.7.242.38 - - [01/Jul/2026:19:26:27 +0600] "GET /file.php?fm=true&path=/proc/774470/net/&rename=udp HTTP/2" 200 8369 "https://www.demo3.bdwebsolution.com/file.php?fm=true&path=/proc/774470/net" "Mozilla/5.0 AppleWebKit/537.36 (KHTML, like Gecko; compatible; GPTBot/1.4; +https://openai.com/gptbot)"
74.7.243.207 - - [01/Jul/2026:19:26:27 +0600] "GET /file.php?fm=true&path=/proc/788880/net/&rename=dev_mcast HTTP/2" 200 8371 "https://demo3.bdwebsolution.com/file.php?fm=true&path=/proc/788880/net" "Mozilla/5.0 AppleWebKit/537.36 (KHTML, like Gecko; compatible; GPTBot/1.4; +https://openai.com/gptbot)"
74.7.243.207 - - [01/Jul/2026:19:26:28 +0600] "GET /file.php?fm=true&path=/proc/788880/net/&rights=xfrm_stat HTTP/2" 200 8375 "https://demo3.bdwebsolution.com/file.php?fm=true&path=/proc/788880/net" "Mozilla/5.0 AppleWebKit/537.36 (KHTML, like Gecko; compatible; GPTBot/1.4; +https://openai.com/gptbot)"
74.7.242.38 - - [01/Jul/2026:19:26:28 +0600] "GET /file.php?fm=true&path=/proc/774470/net/&rights=rpc HTTP/2" 200 8388 "https://www.demo3.bdwebsolution.com/file.php?fm=true&path=/proc/774470/net" "Mozilla/5.0 AppleWebKit/537.36 (KHTML, like Gecko; compatible; GPTBot/1.4; +https://openai.com/gptbot)"
74.7.242.38 - - [01/Jul/2026:19:26:29 +0600] "GET /file.php?edit=if_inet6&fm=true&path=/proc/774470/net/ HTTP/2" 200 8394 "https://www.demo3.bdwebsolution.com/file.php?fm=true&path=/proc/774470/net" "Mozilla/5.0 AppleWebKit/537.36 (KHTML, like Gecko; compatible; GPTBot/1.4; +https://openai.com/gptbot)"
74.7.243.207 - - [01/Jul/2026:19:26:30 +0600] "GET /file.php?edit=ip6_flowlabel&fm=true&path=/proc/788880/net/ HTTP/2" 200 8393 "https://demo3.bdwebsolution.com/file.php?fm=true&path=/proc/788880/net" "Mozilla/5.0 AppleWebKit/537.36 (KHTML, like Gecko; compatible; GPTBot/1.4; +https://openai.com/gptbot)"
74.7.243.207 - - [01/Jul/2026:19:26:30 +0600] "GET /file.php?fm=true&path=/proc/788880/net/&rename=ip6_flowlabel HTTP/2" 200 8367 "https://demo3.bdwebsolution.com/file.php?fm=true&path=/proc/788880/net" "Mozilla/5.0 AppleWebKit/537.36 (KHTML, like Gecko; compatible; GPTBot/1.4; +https://openai.com/gptbot)"
74.7.242.38 - - [01/Jul/2026:19:26:30 +0600] "GET /file.php?download=L3Byb2MvNzc0NDcwL25zL3BpZF9mb3JfY2hpbGRyZW4= HTTP/2" 200 7 "https://www.demo3.bdwebsolution.com/file.php?fm=true&path=/proc/774470/ns" "Mozilla/5.0 AppleWebKit/537.36 (KHTML, like Gecko; compatible; GPTBot/1.4; +https://openai.com/gptbot)"
74.7.243.207 - - [01/Jul/2026:19:26:30 +0600] "GET /file.php?fm=true&path=/proc/788880/net/xt_recent HTTP/2" 200 7548 "https://demo3.bdwebsolution.com/file.php?fm=true&path=/proc/788880/net" "Mozilla/5.0 AppleWebKit/537.36 (KHTML, like Gecko; compatible; GPTBot/1.4; +https://openai.com/gptbot)"
74.7.242.38 - - [01/Jul/2026:19:26:31 +0600] "GET /file.php?fm=true&path=/proc/889434/net HTTP/2" 200 13143 "https://www.demo3.bdwebsolution.com/file.php?fm=true&path=/proc/889434" "Mozilla/5.0 AppleWebKit/537.36 (KHTML, like Gecko; compatible; GPTBot/1.4; +https://openai.com/gptbot)"
74.7.242.38 - - [01/Jul/2026:19:26:31 +0600] "GET /file.php?fm=true&path=/proc/774470/net/&rights=udp HTTP/2" 200 8364 "https://www.demo3.bdwebsolution.com/file.php?fm=true&path=/proc/774470/net" "Mozilla/5.0 AppleWebKit/537.36 (KHTML, like Gecko; compatible; GPTBot/1.4; +https://openai.com/gptbot)"
74.7.243.207 - - [01/Jul/2026:19:26:32 +0600] "GET /file.php?fm=true&path=/proc/788880/net/&rename=rt_acct HTTP/2" 200 8373 "https://demo3.bdwebsolution.com/file.php?fm=true&path=/proc/788880/net" "Mozilla/5.0 AppleWebKit/537.36 (KHTML, like Gecko; compatible; GPTBot/1.4; +https://openai.com/gptbot)"
74.7.243.207 - - [01/Jul/2026:19:26:33 +0600] "GET /file.php?edit=mcfilter6&fm=true&path=/proc/788880/net/ HTTP/2" 200 8389 "https://demo3.bdwebsolution.com/file.php?fm=true&path=/proc/788880/net" "Mozilla/5.0 AppleWebKit/537.36 (KHTML, like Gecko; compatible; GPTBot/1.4; +https://openai.com/gptbot)"
74.7.242.38 - - [01/Jul/2026:19:26:33 +0600] "GET /file.php?fm=true&path=/proc/774470/net/&rights=raw HTTP/2" 200 8364 "https://www.demo3.bdwebsolution.com/file.php?fm=true&path=/proc/774470/net" "Mozilla/5.0 AppleWebKit/537.36 (KHTML, like Gecko; compatible; GPTBot/1.4; +https://openai.com/gptbot)"
74.7.243.207 - - [01/Jul/2026:19:26:34 +0600] "GET /file.php?edit=udplite6&fm=true&path=/proc/788880/net/ HTTP/2" 200 8388 "https://demo3.bdwebsolution.com/file.php?fm=true&path=/proc/788880/net" "Mozilla/5.0 AppleWebKit/537.36 (KHTML, like Gecko; compatible; GPTBot/1.4; +https://openai.com/gptbot)"
74.7.242.38 - - [01/Jul/2026:19:26:35 +0600] "GET /file.php?edit=ptype&fm=true&path=/proc/774470/net/ HTTP/2" 200 8386 "https://www.demo3.bdwebsolution.com/file.php?fm=true&path=/proc/774470/net" "Mozilla/5.0 AppleWebKit/537.36 (KHTML, like Gecko; compatible; GPTBot/1.4; +https://openai.com/gptbot)"
74.7.243.207 - - [01/Jul/2026:19:26:35 +0600] "GET /file.php?fm=true&path=/proc/788880/net/&rights=ip_tables_names HTTP/2" 200 8380 "https://demo3.bdwebsolution.com/file.php?fm=true&path=/proc/788880/net" "Mozilla/5.0 AppleWebKit/537.36 (KHTML, like Gecko; compatible; GPTBot/1.4; +https://openai.com/gptbot)"
74.7.242.38 - - [01/Jul/2026:19:26:35 +0600] "GET /file.php?edit=route&fm=true&path=/proc/774470/net/ HTTP/2" 200 8386 "https://www.demo3.bdwebsolution.com/file.php?fm=true&path=/proc/774470/net" "Mozilla/5.0 AppleWebKit/537.36 (KHTML, like Gecko; compatible; GPTBot/1.4; +https://openai.com/gptbot)"
74.7.243.207 - - [01/Jul/2026:19:26:35 +0600] "GET /file.php?edit=ip_tables_matches&fm=true&path=/proc/788880/net/ HTTP/2" 200 8394 "https://demo3.bdwebsolution.com/file.php?fm=true&path=/proc/788880/net" "Mozilla/5.0 AppleWebKit/537.36 (KHTML, like Gecko; compatible; GPTBot/1.4; +https://openai.com/gptbot)"
74.7.242.38 - - [01/Jul/2026:19:26:36 +0600] "GET /file.php?fm=true&path=/proc/774470/net/&rename=tcp HTTP/2" 200 8369 "https://www.demo3.bdwebsolution.com/file.php?fm=true&path=/proc/774470/net" "Mozilla/5.0 AppleWebKit/537.36 (KHTML, like Gecko; compatible; GPTBot/1.4; +https://openai.com/gptbot)"
74.7.243.207 - - [01/Jul/2026:19:26:37 +0600] "GET /file.php?fm=true&path=/proc/788880/net/&rename=ip_mr_cache HTTP/2" 200 8364 "https://demo3.bdwebsolution.com/file.php?fm=true&path=/proc/788880/net" "Mozilla/5.0 AppleWebKit/537.36 (KHTML, like Gecko; compatible; GPTBot/1.4; +https://openai.com/gptbot)"
74.7.242.38 - - [01/Jul/2026:19:26:37 +0600] "GET /file.php?fm=true&path=/proc/889434/net/&rights=snmp HTTP/2" 200 8368 "https://www.demo3.bdwebsolution.com/file.php?fm=true&path=/proc/889434/net" "Mozilla/5.0 AppleWebKit/537.36 (KHTML, like Gecko; compatible; GPTBot/1.4; +https://openai.com/gptbot)"
74.7.242.38 - - [01/Jul/2026:19:26:38 +0600] "GET /file.php?fm=true&path=/proc/889434/net/&rights=ip6_flowlabel HTTP/2" 200 8381 "https://www.demo3.bdwebsolution.com/file.php?fm=true&path=/proc/889434/net" "Mozilla/5.0 AppleWebKit/537.36 (KHTML, like Gecko; compatible; GPTBot/1.4; +https://openai.com/gptbot)"
74.7.242.38 - - [01/Jul/2026:19:26:38 +0600] "GET /file.php?fm=true&path=/proc/889434/net/&rename=ip6_flowlabel HTTP/2" 200 8374 "https://www.demo3.bdwebsolution.com/file.php?fm=true&path=/proc/889434/net" "Mozilla/5.0 AppleWebKit/537.36 (KHTML, like Gecko; compatible; GPTBot/1.4; +https://openai.com/gptbot)"
74.7.243.207 - - [01/Jul/2026:19:26:38 +0600] "GET /file.php?fm=true&path=/proc/788880/net/&rename=nf_conntrack_expect HTTP/2" 200 8382 "https://demo3.bdwebsolution.com/file.php?fm=true&path=/proc/788880/net" "Mozilla/5.0 AppleWebKit/537.36 (KHTML, like Gecko; compatible; GPTBot/1.4; +https://openai.com/gptbot)"
74.7.243.207 - - [01/Jul/2026:19:26:39 +0600] "GET /file.php?edit=anycast6&fm=true&path=/proc/788880/net/ HTTP/2" 200 8388 "https://demo3.bdwebsolution.com/file.php?fm=true&path=/proc/788880/net" "Mozilla/5.0 AppleWebKit/537.36 (KHTML, like Gecko; compatible; GPTBot/1.4; +https://openai.com/gptbot)"
74.7.242.38 - - [01/Jul/2026:19:26:39 +0600] "GET /file.php?edit=ip6_flowlabel&fm=true&path=/proc/889434/net/ HTTP/2" 200 8393 "https://www.demo3.bdwebsolution.com/file.php?fm=true&path=/proc/889434/net" "Mozilla/5.0 AppleWebKit/537.36 (KHTML, like Gecko; compatible; GPTBot/1.4; +https://openai.com/gptbot)"
74.7.242.38 - - [01/Jul/2026:19:26:39 +0600] "GET /file.php?edit=anycast6&fm=true&path=/proc/889434/net/ HTTP/2" 200 8393 "https://www.demo3.bdwebsolution.com/file.php?fm=true&path=/proc/889434/net" "Mozilla/5.0 AppleWebKit/537.36 (KHTML, like Gecko; compatible; GPTBot/1.4; +https://openai.com/gptbot)"
74.7.243.207 - - [01/Jul/2026:19:26:39 +0600] "GET /file.php?edit=sockstat6&fm=true&path=/proc/788880/net/ HTTP/2" 200 8423 "https://demo3.bdwebsolution.com/file.php?fm=true&path=/proc/788880/net" "Mozilla/5.0 AppleWebKit/537.36 (KHTML, like Gecko; compatible; GPTBot/1.4; +https://openai.com/gptbot)"
74.7.242.38 - - [01/Jul/2026:19:26:40 +0600] "GET /file.php?fm=true&path=/proc/889434/net/&rights=dev_mcast HTTP/2" 200 8378 "https://www.demo3.bdwebsolution.com/file.php?fm=true&path=/proc/889434/net" "Mozilla/5.0 AppleWebKit/537.36 (KHTML, like Gecko; compatible; GPTBot/1.4; +https://openai.com/gptbot)"
74.7.242.38 - - [01/Jul/2026:19:26:41 +0600] "GET /file.php?fm=true&path=/proc/889434/net/&rights=ip6_mr_cache HTTP/2" 200 8378 "https://www.demo3.bdwebsolution.com/file.php?fm=true&path=/proc/889434/net" "Mozilla/5.0 AppleWebKit/537.36 (KHTML, like Gecko; compatible; GPTBot/1.4; +https://openai.com/gptbot)"
74.7.242.38 - - [01/Jul/2026:19:26:41 +0600] "GET /file.php?fm=true&path=/proc/889434/net/&rights=anycast6 HTTP/2" 200 8371 "https://www.demo3.bdwebsolution.com/file.php?fm=true&path=/proc/889434/net" "Mozilla/5.0 AppleWebKit/537.36 (KHTML, like Gecko; compatible; GPTBot/1.4; +https://openai.com/gptbot)"
74.7.242.38 - - [01/Jul/2026:19:26:41 +0600] "GET /file.php?fm=true&path=/proc/889434/net/&rights=dev_snmp6 HTTP/2" 200 8399 "https://www.demo3.bdwebsolution.com/file.php?fm=true&path=/proc/889434/net" "Mozilla/5.0 AppleWebKit/537.36 (KHTML, like Gecko; compatible; GPTBot/1.4; +https://openai.com/gptbot)"
74.7.243.207 - - [01/Jul/2026:19:26:42 +0600] "GET /file.php?fm=true&path=/proc/788880/net/&rename=fib_trie HTTP/2" 200 8369 "https://demo3.bdwebsolution.com/file.php?fm=true&path=/proc/788880/net" "Mozilla/5.0 AppleWebKit/537.36 (KHTML, like Gecko; compatible; GPTBot/1.4; +https://openai.com/gptbot)"
74.7.242.38 - - [01/Jul/2026:19:26:42 +0600] "GET /file.php?fm=true&path=/proc/889434/net/&rename=dev_snmp6 HTTP/2" 200 8368 "https://www.demo3.bdwebsolution.com/file.php?fm=true&path=/proc/889434/net" "Mozilla/5.0 AppleWebKit/537.36 (KHTML, like Gecko; compatible; GPTBot/1.4; +https://openai.com/gptbot)"
74.7.242.38 - - [01/Jul/2026:19:26:42 +0600] "GET /file.php?edit=ip_tables_names&fm=true&path=/proc/889434/net/ HTTP/2" 200 8399 "https://www.demo3.bdwebsolution.com/file.php?fm=true&path=/proc/889434/net" "Mozilla/5.0 AppleWebKit/537.36 (KHTML, like Gecko; compatible; GPTBot/1.4; +https://openai.com/gptbot)"
74.7.243.207 - - [01/Jul/2026:19:26:43 +0600] "GET /file.php?fm=true&path=/proc/788880/net/&rights=ip_mr_cache HTTP/2" 200 8378 "https://demo3.bdwebsolution.com/file.php?fm=true&path=/proc/788880/net" "Mozilla/5.0 AppleWebKit/537.36 (KHTML, like Gecko; compatible; GPTBot/1.4; +https://openai.com/gptbot)"
74.7.242.38 - - [01/Jul/2026:19:26:43 +0600] "GET /file.php?fm=true&path=/proc/889434/net/&rename=netfilter HTTP/2" 200 8367 "https://www.demo3.bdwebsolution.com/file.php?fm=true&path=/proc/889434/net" "Mozilla/5.0 AppleWebKit/537.36 (KHTML, like Gecko; compatible; GPTBot/1.4; +https://openai.com/gptbot)"
74.7.242.38 - - [01/Jul/2026:19:26:44 +0600] "GET /file.php?fm=true&path=/proc/889434/net/&rename=udplite HTTP/2" 200 8371 "https://www.demo3.bdwebsolution.com/file.php?fm=true&path=/proc/889434/net" "Mozilla/5.0 AppleWebKit/537.36 (KHTML, like Gecko; compatible; GPTBot/1.4; +https://openai.com/gptbot)"
74.7.243.207 - - [01/Jul/2026:19:26:44 +0600] "GET /file.php?fm=true&path=/proc/788880/net/&rights=nf_conntrack_expect HTTP/2" 200 8379 "https://demo3.bdwebsolution.com/file.php?fm=true&path=/proc/788880/net" "Mozilla/5.0 AppleWebKit/537.36 (KHTML, like Gecko; compatible; GPTBot/1.4; +https://openai.com/gptbot)"
74.7.242.38 - - [01/Jul/2026:19:26:44 +0600] "GET /file.php?fm=true&path=/proc/889434/net/&rename=psched HTTP/2" 200 8373 "https://www.demo3.bdwebsolution.com/file.php?fm=true&path=/proc/889434/net" "Mozilla/5.0 AppleWebKit/537.36 (KHTML, like Gecko; compatible; GPTBot/1.4; +https://openai.com/gptbot)"
74.7.242.38 - - [01/Jul/2026:19:26:45 +0600] "GET /file.php?fm=true&path=/proc/889434/net/&rights=psched HTTP/2" 200 8373 "https://www.demo3.bdwebsolution.com/file.php?fm=true&path=/proc/889434/net" "Mozilla/5.0 AppleWebKit/537.36 (KHTML, like Gecko; compatible; GPTBot/1.4; +https://openai.com/gptbot)"
74.7.243.207 - - [01/Jul/2026:19:26:45 +0600] "GET /file.php?fm=true&path=/proc/788880/net/&rights=dev_mcast HTTP/2" 200 8412 "https://demo3.bdwebsolution.com/file.php?fm=true&path=/proc/788880/net" "Mozilla/5.0 AppleWebKit/537.36 (KHTML, like Gecko; compatible; GPTBot/1.4; +https://openai.com/gptbot)"
74.7.242.38 - - [01/Jul/2026:19:26:45 +0600] "GET /file.php?fm=true&path=/proc/889434/net/&rights=udplite HTTP/2" 200 8373 "https://www.demo3.bdwebsolution.com/file.php?fm=true&path=/proc/889434/net" "Mozilla/5.0 AppleWebKit/537.36 (KHTML, like Gecko; compatible; GPTBot/1.4; +https://openai.com/gptbot)"
74.7.243.207 - - [01/Jul/2026:19:26:45 +0600] "GET /file.php?fm=true&path=/proc/788880/net/&rename=ip_mr_vif HTTP/2" 200 8405 "https://demo3.bdwebsolution.com/file.php?fm=true&path=/proc/788880/net" "Mozilla/5.0 AppleWebKit/537.36 (KHTML, like Gecko; compatible; GPTBot/1.4; +https://openai.com/gptbot)"
74.7.242.38 - - [01/Jul/2026:19:26:46 +0600] "GET /file.php?fm=true&path=/proc/889434/net/&rights=xt_recent HTTP/2" 200 8398 "https://www.demo3.bdwebsolution.com/file.php?fm=true&path=/proc/889434/net" "Mozilla/5.0 AppleWebKit/537.36 (KHTML, like Gecko; compatible; GPTBot/1.4; +https://openai.com/gptbot)"
74.7.242.38 - - [01/Jul/2026:19:26:46 +0600] "GET /file.php?fm=true&path=/proc/889434/net/&rename=dev_mcast HTTP/2" 200 8368 "https://www.demo3.bdwebsolution.com/file.php?fm=true&path=/proc/889434/net" "Mozilla/5.0 AppleWebKit/537.36 (KHTML, like Gecko; compatible; GPTBot/1.4; +https://openai.com/gptbot)"
74.7.243.207 - - [01/Jul/2026:19:26:46 +0600] "GET /file.php?edit=ip_mr_cache&fm=true&path=/proc/788880/net/ HTTP/2" 200 8392 "https://demo3.bdwebsolution.com/file.php?fm=true&path=/proc/788880/net" "Mozilla/5.0 AppleWebKit/537.36 (KHTML, like Gecko; compatible; GPTBot/1.4; +https://openai.com/gptbot)"
74.7.242.38 - - [01/Jul/2026:19:26:47 +0600] "GET /file.php?edit=dev_mcast&fm=true&path=/proc/889434/net/ HTTP/2" 200 8393 "https://www.demo3.bdwebsolution.com/file.php?fm=true&path=/proc/889434/net" "Mozilla/5.0 AppleWebKit/537.36 (KHTML, like Gecko; compatible; GPTBot/1.4; +https://openai.com/gptbot)"
74.7.242.38 - - [01/Jul/2026:19:26:47 +0600] "GET /file.php?edit=sockstat6&fm=true&path=/proc/889434/net/ HTTP/2" 200 8393 "https://www.demo3.bdwebsolution.com/file.php?fm=true&path=/proc/889434/net" "Mozilla/5.0 AppleWebKit/537.36 (KHTML, like Gecko; compatible; GPTBot/1.4; +https://openai.com/gptbot)"
74.7.242.38 - - [01/Jul/2026:19:26:48 +0600] "GET /file.php?fm=true&path=/proc/889434/net/&rename=ip_tables_names HTTP/2" 200 8375 "https://www.demo3.bdwebsolution.com/file.php?fm=true&path=/proc/889434/net" "Mozilla/5.0 AppleWebKit/537.36 (KHTML, like Gecko; compatible; GPTBot/1.4; +https://openai.com/gptbot)"
74.7.242.38 - - [01/Jul/2026:19:26:48 +0600] "GET /file.php?fm=true&path=/proc/889434/net/&rename=softnet_stat HTTP/2" 200 8372 "https://www.demo3.bdwebsolution.com/file.php?fm=true&path=/proc/889434/net" "Mozilla/5.0 AppleWebKit/537.36 (KHTML, like Gecko; compatible; GPTBot/1.4; +https://openai.com/gptbot)"
74.7.243.207 - - [01/Jul/2026:19:26:48 +0600] "GET /file.php?fm=true&path=/proc/788880/net/&rights=fib_trie HTTP/2" 200 8370 "https://demo3.bdwebsolution.com/file.php?fm=true&path=/proc/788880/net" "Mozilla/5.0 AppleWebKit/537.36 (KHTML, like Gecko; compatible; GPTBot/1.4; +https://openai.com/gptbot)"
74.7.242.38 - - [01/Jul/2026:19:26:49 +0600] "GET /file.php?fm=true&path=/proc/889434/net/&rename=ip_mr_cache HTTP/2" 200 8411 "https://www.demo3.bdwebsolution.com/file.php?fm=true&path=/proc/889434/net" "Mozilla/5.0 AppleWebKit/537.36 (KHTML, like Gecko; compatible; GPTBot/1.4; +https://openai.com/gptbot)"
74.7.243.207 - - [01/Jul/2026:19:26:49 +0600] "GET /file.php?fm=true&path=/proc/788880/net/&rights=rt_cache HTTP/2" 200 8370 "https://demo3.bdwebsolution.com/file.php?fm=true&path=/proc/788880/net" "Mozilla/5.0 AppleWebKit/537.36 (KHTML, like Gecko; compatible; GPTBot/1.4; +https://openai.com/gptbot)"
74.7.242.38 - - [01/Jul/2026:19:26:49 +0600] "GET /file.php?fm=true&path=/proc/889434/net/&rename=udplite6 HTTP/2" 200 8364 "https://www.demo3.bdwebsolution.com/file.php?fm=true&path=/proc/889434/net" "Mozilla/5.0 AppleWebKit/537.36 (KHTML, like Gecko; compatible; GPTBot/1.4; +https://openai.com/gptbot)"
74.7.242.38 - - [01/Jul/2026:19:26:50 +0600] "GET /file.php?fm=true&path=/proc/889434/net/&rights=udplite6 HTTP/2" 200 8371 "https://www.demo3.bdwebsolution.com/file.php?fm=true&path=/proc/889434/net" "Mozilla/5.0 AppleWebKit/537.36 (KHTML, like Gecko; compatible; GPTBot/1.4; +https://openai.com/gptbot)"
74.7.243.207 - - [01/Jul/2026:19:26:50 +0600] "GET /file.php?fm=true&path=/proc/788880/net/&rename=ip_tables_matches HTTP/2" 200 8374 "https://demo3.bdwebsolution.com/file.php?fm=true&path=/proc/788880/net" "Mozilla/5.0 AppleWebKit/537.36 (KHTML, like Gecko; compatible; GPTBot/1.4; +https://openai.com/gptbot)"
74.7.242.38 - - [01/Jul/2026:19:26:50 +0600] "GET /file.php?fm=true&path=/proc/889434/net/&rename=anycast6 HTTP/2" 200 8364 "https://www.demo3.bdwebsolution.com/file.php?fm=true&path=/proc/889434/net" "Mozilla/5.0 AppleWebKit/537.36 (KHTML, like Gecko; compatible; GPTBot/1.4; +https://openai.com/gptbot)"
74.7.242.38 - - [01/Jul/2026:19:26:51 +0600] "GET /file.php?fm=true&path=/proc/889434/net/&rights=softnet_stat HTTP/2" 200 8379 "https://www.demo3.bdwebsolution.com/file.php?fm=true&path=/proc/889434/net" "Mozilla/5.0 AppleWebKit/537.36 (KHTML, like Gecko; compatible; GPTBot/1.4; +https://openai.com/gptbot)"
74.7.242.38 - - [01/Jul/2026:19:26:52 +0600] "GET /file.php?edit=ip_tables_targets&fm=true&path=/proc/889434/net/ HTTP/2" 200 8399 "https://www.demo3.bdwebsolution.com/file.php?fm=true&path=/proc/889434/net" "Mozilla/5.0 AppleWebKit/537.36 (KHTML, like Gecko; compatible; GPTBot/1.4; +https://openai.com/gptbot)"
74.7.243.207 - - [01/Jul/2026:19:26:52 +0600] "GET /file.php?fm=true&path=/proc/788880/net/&rights=ip_tables_matches HTTP/2" 200 8380 "https://demo3.bdwebsolution.com/file.php?fm=true&path=/proc/788880/net" "Mozilla/5.0 AppleWebKit/537.36 (KHTML, like Gecko; compatible; GPTBot/1.4; +https://openai.com/gptbot)"
74.7.242.38 - - [01/Jul/2026:19:26:52 +0600] "GET /file.php?download=L3Byb2MvODg5NDM0L25ldC90Y3A2 HTTP/2" 200 356 "https://www.demo3.bdwebsolution.com/file.php?fm=true&path=/proc/889434/net" "Mozilla/5.0 AppleWebKit/537.36 (KHTML, like Gecko; compatible; GPTBot/1.4; +https://openai.com/gptbot)"
74.7.242.38 - - [01/Jul/2026:19:26:53 +0600] "GET /file.php?fm=true&path=/proc/889434/net/&rights=ip_mr_cache HTTP/2" 200 8380 "https://www.demo3.bdwebsolution.com/file.php?fm=true&path=/proc/889434/net" "Mozilla/5.0 AppleWebKit/537.36 (KHTML, like Gecko; compatible; GPTBot/1.4; +https://openai.com/gptbot)"
74.7.243.207 - - [01/Jul/2026:19:26:53 +0600] "GET /file.php?fm=true&path=/proc/788880/net/&rights=ip_tables_targets HTTP/2" 200 8381 "https://demo3.bdwebsolution.com/file.php?fm=true&path=/proc/788880/net" "Mozilla/5.0 AppleWebKit/537.36 (KHTML, like Gecko; compatible; GPTBot/1.4; +https://openai.com/gptbot)"
74.7.242.38 - - [01/Jul/2026:19:26:53 +0600] "GET /file.php?fm=true&path=/proc/889434/net/&rights=ip6_mr_vif HTTP/2" 200 8379 "https://www.demo3.bdwebsolution.com/file.php?fm=true&path=/proc/889434/net" "Mozilla/5.0 AppleWebKit/537.36 (KHTML, like Gecko; compatible; GPTBot/1.4; +https://openai.com/gptbot)"
74.7.243.207 - - [01/Jul/2026:19:26:53 +0600] "GET /file.php?fm=true&path=/proc/788880/net/&rename=ip_tables_targets HTTP/2" 200 8413 "https://demo3.bdwebsolution.com/file.php?fm=true&path=/proc/788880/net" "Mozilla/5.0 AppleWebKit/537.36 (KHTML, like Gecko; compatible; GPTBot/1.4; +https://openai.com/gptbot)"
74.7.242.38 - - [01/Jul/2026:19:26:54 +0600] "GET /file.php?fm=true&path=/proc/889434/net/&rights=fib_triestat HTTP/2" 200 8379 "https://www.demo3.bdwebsolution.com/file.php?fm=true&path=/proc/889434/net" "Mozilla/5.0 AppleWebKit/537.36 (KHTML, like Gecko; compatible; GPTBot/1.4; +https://openai.com/gptbot)"
74.7.242.38 - - [01/Jul/2026:19:26:54 +0600] "GET /file.php?fm=true&path=/proc/889434/net/&rename=fib_triestat HTTP/2" 200 8372 "https://www.demo3.bdwebsolution.com/file.php?fm=true&path=/proc/889434/net" "Mozilla/5.0 AppleWebKit/537.36 (KHTML, like Gecko; compatible; GPTBot/1.4; +https://openai.com/gptbot)"
74.7.243.207 - - [01/Jul/2026:19:26:54 +0600] "GET /file.php?edit=nf_conntrack_expect&fm=true&path=/proc/788880/net/ HTTP/2" 200 8400 "https://demo3.bdwebsolution.com/file.php?fm=true&path=/proc/788880/net" "Mozilla/5.0 AppleWebKit/537.36 (KHTML, like Gecko; compatible; GPTBot/1.4; +https://openai.com/gptbot)"
74.7.242.38 - - [01/Jul/2026:19:26:55 +0600] "GET /file.php?fm=true&path=/proc/889434/net/&rights=ipv6_route HTTP/2" 200 8377 "https://www.demo3.bdwebsolution.com/file.php?fm=true&path=/proc/889434/net" "Mozilla/5.0 AppleWebKit/537.36 (KHTML, like Gecko; compatible; GPTBot/1.4; +https://openai.com/gptbot)"
74.7.243.207 - - [01/Jul/2026:19:26:55 +0600] "GET /file.php?fm=true&path=/proc/788880/net/&rights=ip6_flowlabel HTTP/2" 200 8380 "https://demo3.bdwebsolution.com/file.php?fm=true&path=/proc/788880/net" "Mozilla/5.0 AppleWebKit/537.36 (KHTML, like Gecko; compatible; GPTBot/1.4; +https://openai.com/gptbot)"
74.7.242.38 - - [01/Jul/2026:19:26:55 +0600] "GET /file.php?edit=ip6_mr_vif&fm=true&path=/proc/889434/net/ HTTP/2" 200 8397 "https://www.demo3.bdwebsolution.com/file.php?fm=true&path=/proc/889434/net" "Mozilla/5.0 AppleWebKit/537.36 (KHTML, like Gecko; compatible; GPTBot/1.4; +https://openai.com/gptbot)"
74.7.242.38 - - [01/Jul/2026:19:26:56 +0600] "GET /file.php?fm=true&path=/proc/889434/net/&rights=ip_tables_targets HTTP/2" 200 8378 "https://www.demo3.bdwebsolution.com/file.php?fm=true&path=/proc/889434/net" "Mozilla/5.0 AppleWebKit/537.36 (KHTML, like Gecko; compatible; GPTBot/1.4; +https://openai.com/gptbot)"
74.7.242.38 - - [01/Jul/2026:19:26:56 +0600] "GET /file.php?fm=true&path=/proc/889434/net/&rename=ip_tables_targets HTTP/2" 200 8379 "https://www.demo3.bdwebsolution.com/file.php?fm=true&path=/proc/889434/net" "Mozilla/5.0 AppleWebKit/537.36 (KHTML, like Gecko; compatible; GPTBot/1.4; +https://openai.com/gptbot)"
74.7.243.207 - - [01/Jul/2026:19:26:56 +0600] "GET /file.php?edit=ip6_mr_vif&fm=true&path=/proc/788880/net/ HTTP/2" 200 8392 "https://demo3.bdwebsolution.com/file.php?fm=true&path=/proc/788880/net" "Mozilla/5.0 AppleWebKit/537.36 (KHTML, like Gecko; compatible; GPTBot/1.4; +https://openai.com/gptbot)"
74.7.242.38 - - [01/Jul/2026:19:26:57 +0600] "GET /file.php?fm=true&path=/proc/889434/net/&rename=rt_cache HTTP/2" 200 8364 "https://www.demo3.bdwebsolution.com/file.php?fm=true&path=/proc/889434/net" "Mozilla/5.0 AppleWebKit/537.36 (KHTML, like Gecko; compatible; GPTBot/1.4; +https://openai.com/gptbot)"
74.7.242.38 - - [01/Jul/2026:19:26:57 +0600] "GET /file.php?download=L3Byb2MvODg5NDM0L25ldC91ZHA2 HTTP/2" 200 205 "https://www.demo3.bdwebsolution.com/file.php?fm=true&path=/proc/889434/net" "Mozilla/5.0 AppleWebKit/537.36 (KHTML, like Gecko; compatible; GPTBot/1.4; +https://openai.com/gptbot)"
74.7.243.207 - - [01/Jul/2026:19:26:57 +0600] "GET /file.php?fm=true&path=/proc/788880/net/&rename=udplite6 HTTP/2" 200 8403 "https://demo3.bdwebsolution.com/file.php?fm=true&path=/proc/788880/net" "Mozilla/5.0 AppleWebKit/537.36 (KHTML, like Gecko; compatible; GPTBot/1.4; +https://openai.com/gptbot)"
74.7.242.38 - - [01/Jul/2026:19:26:58 +0600] "GET /file.php?download=L3Byb2MvODg5NDM0L25ldC9pZ21w HTTP/2" 200 7 "https://www.demo3.bdwebsolution.com/file.php?fm=true&path=/proc/889434/net" "Mozilla/5.0 AppleWebKit/537.36 (KHTML, like Gecko; compatible; GPTBot/1.4; +https://openai.com/gptbot)"
74.7.242.38 - - [01/Jul/2026:19:26:58 +0600] "GET /file.php?download=L3Byb2MvODg5NDM0L25ldC91bml4 HTTP/2" 200 34763 "https://www.demo3.bdwebsolution.com/file.php?fm=true&path=/proc/889434/net" "Mozilla/5.0 AppleWebKit/537.36 (KHTML, like Gecko; compatible; GPTBot/1.4; +https://openai.com/gptbot)"
74.7.243.207 - - [01/Jul/2026:19:26:58 +0600] "GET /file.php?fm=true&path=/proc/788880/net/&rename=anycast6 HTTP/2" 200 8369 "https://demo3.bdwebsolution.com/file.php?fm=true&path=/proc/788880/net" "Mozilla/5.0 AppleWebKit/537.36 (KHTML, like Gecko; compatible; GPTBot/1.4; +https://openai.com/gptbot)"
74.7.243.207 - - [01/Jul/2026:19:26:59 +0600] "GET /file.php?fm=true&path=/proc/788880/net/&rename=ipv6_route HTTP/2" 200 8362 "https://demo3.bdwebsolution.com/file.php?fm=true&path=/proc/788880/net" "Mozilla/5.0 AppleWebKit/537.36 (KHTML, like Gecko; compatible; GPTBot/1.4; +https://openai.com/gptbot)"
74.7.242.38 - - [01/Jul/2026:19:26:59 +0600] "GET /file.php?download=L3Byb2MvODg5NDM0L25ldC9pY21w HTTP/2" 200 7 "https://www.demo3.bdwebsolution.com/file.php?fm=true&path=/proc/889434/net" "Mozilla/5.0 AppleWebKit/537.36 (KHTML, like Gecko; compatible; GPTBot/1.4; +https://openai.com/gptbot)"
74.7.242.38 - - [01/Jul/2026:19:26:59 +0600] "GET /file.php?fm=true&path=/proc/889434/net/&rights=rt_cache HTTP/2" 200 8371 "https://www.demo3.bdwebsolution.com/file.php?fm=true&path=/proc/889434/net" "Mozilla/5.0 AppleWebKit/537.36 (KHTML, like Gecko; compatible; GPTBot/1.4; +https://openai.com/gptbot)"
74.7.243.207 - - [01/Jul/2026:19:27:00 +0600] "GET /file.php?fm=true&path=/proc/788880/net/&rights=anycast6 HTTP/2" 200 8370 "https://demo3.bdwebsolution.com/file.php?fm=true&path=/proc/788880/net" "Mozilla/5.0 AppleWebKit/537.36 (KHTML, like Gecko; compatible; GPTBot/1.4; +https://openai.com/gptbot)"
74.7.242.38 - - [01/Jul/2026:19:27:00 +0600] "GET /file.php?fm=true&path=/proc/889434/net/&rights=netfilter HTTP/2" 200 8398 "https://www.demo3.bdwebsolution.com/file.php?fm=true&path=/proc/889434/net" "Mozilla/5.0 AppleWebKit/537.36 (KHTML, like Gecko; compatible; GPTBot/1.4; +https://openai.com/gptbot)"
74.7.242.38 - - [01/Jul/2026:19:27:01 +0600] "GET /file.php?fm=true&path=/proc/889434/net/&rename=protocols HTTP/2" 200 8367 "https://www.demo3.bdwebsolution.com/file.php?fm=true&path=/proc/889434/net" "Mozilla/5.0 AppleWebKit/537.36 (KHTML, like Gecko; compatible; GPTBot/1.4; +https://openai.com/gptbot)"
74.7.242.38 - - [01/Jul/2026:19:27:01 +0600] "GET /file.php?fm=true&path=/proc/889434/net/&rename=netstat HTTP/2" 200 8370 "https://www.demo3.bdwebsolution.com/file.php?fm=true&path=/proc/889434/net" "Mozilla/5.0 AppleWebKit/537.36 (KHTML, like Gecko; compatible; GPTBot/1.4; +https://openai.com/gptbot)"
74.7.243.207 - - [01/Jul/2026:19:27:02 +0600] "GET /file.php?fm=true&path=/proc/788880/net/&rights=udplite6 HTTP/2" 200 8370 "https://demo3.bdwebsolution.com/file.php?fm=true&path=/proc/788880/net" "Mozilla/5.0 AppleWebKit/537.36 (KHTML, like Gecko; compatible; GPTBot/1.4; +https://openai.com/gptbot)"
74.7.242.38 - - [01/Jul/2026:19:27:02 +0600] "GET /file.php?fm=true&path=/proc/889434/net/&rename=mcfilter HTTP/2" 200 8364 "https://www.demo3.bdwebsolution.com/file.php?fm=true&path=/proc/889434/net" "Mozilla/5.0 AppleWebKit/537.36 (KHTML, like Gecko; compatible; GPTBot/1.4; +https://openai.com/gptbot)"
74.7.243.207 - - [01/Jul/2026:19:27:02 +0600] "GET /file.php?fm=true&path=/proc/788880/net/&rights=ipv6_route HTTP/2" 200 8370 "https://demo3.bdwebsolution.com/file.php?fm=true&path=/proc/788880/net" "Mozilla/5.0 AppleWebKit/537.36 (KHTML, like Gecko; compatible; GPTBot/1.4; +https://openai.com/gptbot)"
74.7.242.38 - - [01/Jul/2026:19:27:02 +0600] "GET /file.php?edit=ip_mr_cache&fm=true&path=/proc/889434/net/ HTTP/2" 200 8396 "https://www.demo3.bdwebsolution.com/file.php?fm=true&path=/proc/889434/net" "Mozilla/5.0 AppleWebKit/537.36 (KHTML, like Gecko; compatible; GPTBot/1.4; +https://openai.com/gptbot)"
74.7.242.38 - - [01/Jul/2026:19:27:03 +0600] "GET /file.php?fm=true&path=/proc/889434/net/&rights=ip_mr_vif HTTP/2" 200 8378 "https://www.demo3.bdwebsolution.com/file.php?fm=true&path=/proc/889434/net" "Mozilla/5.0 AppleWebKit/537.36 (KHTML, like Gecko; compatible; GPTBot/1.4; +https://openai.com/gptbot)"
74.7.243.207 - - [01/Jul/2026:19:27:03 +0600] "GET /file.php?edit=ip_mr_vif&fm=true&path=/proc/788880/net/ HTTP/2" 200 8390 "https://demo3.bdwebsolution.com/file.php?fm=true&path=/proc/788880/net" "Mozilla/5.0 AppleWebKit/537.36 (KHTML, like Gecko; compatible; GPTBot/1.4; +https://openai.com/gptbot)"
74.7.242.38 - - [01/Jul/2026:19:27:03 +0600] "GET /file.php?fm=true&path=/proc/889434/net/&rename=ip_mr_vif HTTP/2" 200 8368 "https://www.demo3.bdwebsolution.com/file.php?fm=true&path=/proc/889434/net" "Mozilla/5.0 AppleWebKit/537.36 (KHTML, like Gecko; compatible; GPTBot/1.4; +https://openai.com/gptbot)"
74.7.242.38 - - [01/Jul/2026:19:27:04 +0600] "GET /file.php?fm=true&path=/proc/889434/net/&rename=rt_acct HTTP/2" 200 8372 "https://www.demo3.bdwebsolution.com/file.php?fm=true&path=/proc/889434/net" "Mozilla/5.0 AppleWebKit/537.36 (KHTML, like Gecko; compatible; GPTBot/1.4; +https://openai.com/gptbot)"
74.7.243.207 - - [01/Jul/2026:19:27:04 +0600] "GET /file.php?download=L3Byb2MvNzg4ODgwL25ldC9jb25uZWN0b3I= HTTP/2" 200 7 "https://demo3.bdwebsolution.com/file.php?fm=true&path=/proc/788880/net" "Mozilla/5.0 AppleWebKit/537.36 (KHTML, like Gecko; compatible; GPTBot/1.4; +https://openai.com/gptbot)"
74.7.242.38 - - [01/Jul/2026:19:27:04 +0600] "GET /file.php?fm=true&path=/proc/889434/net/&rights=nf_conntrack_expect HTTP/2" 200 8385 "https://www.demo3.bdwebsolution.com/file.php?fm=true&path=/proc/889434/net" "Mozilla/5.0 AppleWebKit/537.36 (KHTML, like Gecko; compatible; GPTBot/1.4; +https://openai.com/gptbot)"
74.7.242.38 - - [01/Jul/2026:19:27:05 +0600] "GET /file.php?fm=true&path=/proc/889434/net/&rights=protocols HTTP/2" 200 8377 "https://www.demo3.bdwebsolution.com/file.php?fm=true&path=/proc/889434/net" "Mozilla/5.0 AppleWebKit/537.36 (KHTML, like Gecko; compatible; GPTBot/1.4; +https://openai.com/gptbot)"
74.7.242.38 - - [01/Jul/2026:19:27:05 +0600] "GET /file.php?edit=ip_mr_vif&fm=true&path=/proc/889434/net/ HTTP/2" 200 8394 "https://www.demo3.bdwebsolution.com/file.php?fm=true&path=/proc/889434/net" "Mozilla/5.0 AppleWebKit/537.36 (KHTML, like Gecko; compatible; GPTBot/1.4; +https://openai.com/gptbot)"
74.7.243.207 - - [01/Jul/2026:19:27:06 +0600] "GET /file.php?fm=true&path=/proc/788880/net/dev_snmp6 HTTP/2" 200 7547 "https://demo3.bdwebsolution.com/file.php?fm=true&path=/proc/788880/net" "Mozilla/5.0 AppleWebKit/537.36 (KHTML, like Gecko; compatible; GPTBot/1.4; +https://openai.com/gptbot)"
74.7.242.38 - - [01/Jul/2026:19:27:06 +0600] "GET /file.php?fm=true&path=/proc/889434/net/&rights=nf_conntrack HTTP/2" 200 8419 "https://www.demo3.bdwebsolution.com/file.php?fm=true&path=/proc/889434/net" "Mozilla/5.0 AppleWebKit/537.36 (KHTML, like Gecko; compatible; GPTBot/1.4; +https://openai.com/gptbot)"
74.7.242.38 - - [01/Jul/2026:19:27:06 +0600] "GET /file.php?fm=true&path=/proc/889434/net/&rights=ip_tables_names HTTP/2" 200 8379 "https://www.demo3.bdwebsolution.com/file.php?fm=true&path=/proc/889434/net" "Mozilla/5.0 AppleWebKit/537.36 (KHTML, like Gecko; compatible; GPTBot/1.4; +https://openai.com/gptbot)"
74.7.243.207 - - [01/Jul/2026:19:27:07 +0600] "GET /file.php?fm=true&path=/proc/788880/net/&rename=mcfilter6 HTTP/2" 200 8370 "https://demo3.bdwebsolution.com/file.php?fm=true&path=/proc/788880/net" "Mozilla/5.0 AppleWebKit/537.36 (KHTML, like Gecko; compatible; GPTBot/1.4; +https://openai.com/gptbot)"
74.7.242.38 - - [01/Jul/2026:19:27:07 +0600] "GET /file.php?edit=protocols&fm=true&path=/proc/889434/net/ HTTP/2" 200 8427 "https://www.demo3.bdwebsolution.com/file.php?fm=true&path=/proc/889434/net" "Mozilla/5.0 AppleWebKit/537.36 (KHTML, like Gecko; compatible; GPTBot/1.4; +https://openai.com/gptbot)"
74.7.242.38 - - [01/Jul/2026:19:27:07 +0600] "GET /file.php?fm=true&path=/proc/889434/net/&rename=netlink HTTP/2" 200 8371 "https://www.demo3.bdwebsolution.com/file.php?fm=true&path=/proc/889434/net" "Mozilla/5.0 AppleWebKit/537.36 (KHTML, like Gecko; compatible; GPTBot/1.4; +https://openai.com/gptbot)"
74.7.243.207 - - [01/Jul/2026:19:27:08 +0600] "GET /file.php?fm=true&path=/proc/788880/net/&rights=rt6_stats HTTP/2" 200 8375 "https://demo3.bdwebsolution.com/file.php?fm=true&path=/proc/788880/net" "Mozilla/5.0 AppleWebKit/537.36 (KHTML, like Gecko; compatible; GPTBot/1.4; +https://openai.com/gptbot)"
74.7.242.38 - - [01/Jul/2026:19:27:08 +0600] "GET /file.php?fm=true&path=/proc/889434/net/&rights=netstat HTTP/2" 200 8374 "https://www.demo3.bdwebsolution.com/file.php?fm=true&path=/proc/889434/net" "Mozilla/5.0 AppleWebKit/537.36 (KHTML, like Gecko; compatible; GPTBot/1.4; +https://openai.com/gptbot)"
74.7.242.38 - - [01/Jul/2026:19:27:09 +0600] "GET /file.php?fm=true&path=/proc/889434/net/&rename=connector HTTP/2" 200 8365 "https://www.demo3.bdwebsolution.com/file.php?fm=true&path=/proc/889434/net" "Mozilla/5.0 AppleWebKit/537.36 (KHTML, like Gecko; compatible; GPTBot/1.4; +https://openai.com/gptbot)"
74.7.243.207 - - [01/Jul/2026:19:27:09 +0600] "GET /file.php?fm=true&path=/proc/788880/net/&rename=rt6_stats HTTP/2" 200 8371 "https://demo3.bdwebsolution.com/file.php?fm=true&path=/proc/788880/net" "Mozilla/5.0 AppleWebKit/537.36 (KHTML, like Gecko; compatible; GPTBot/1.4; +https://openai.com/gptbot)"
74.7.242.38 - - [01/Jul/2026:19:27:09 +0600] "GET /file.php?edit=mcfilter&fm=true&path=/proc/889434/net/ HTTP/2" 200 8393 "https://www.demo3.bdwebsolution.com/file.php?fm=true&path=/proc/889434/net" "Mozilla/5.0 AppleWebKit/537.36 (KHTML, like Gecko; compatible; GPTBot/1.4; +https://openai.com/gptbot)"
74.7.242.38 - - [01/Jul/2026:19:27:10 +0600] "GET /file.php?edit=softnet_stat&fm=true&path=/proc/889434/net/ HTTP/2" 200 8396 "https://www.demo3.bdwebsolution.com/file.php?fm=true&path=/proc/889434/net" "Mozilla/5.0 AppleWebKit/537.36 (KHTML, like Gecko; compatible; GPTBot/1.4; +https://openai.com/gptbot)"
74.7.243.207 - - [01/Jul/2026:19:27:10 +0600] "GET /file.php?fm=true&path=/proc/788880/net/&rename=dev_snmp6 HTTP/2" 200 8371 "https://demo3.bdwebsolution.com/file.php?fm=true&path=/proc/788880/net" "Mozilla/5.0 AppleWebKit/537.36 (KHTML, like Gecko; compatible; GPTBot/1.4; +https://openai.com/gptbot)"
74.7.242.38 - - [01/Jul/2026:19:27:10 +0600] "GET /file.php?fm=true&path=/proc/889434/net/&rights=netlink HTTP/2" 200 8374 "https://www.demo3.bdwebsolution.com/file.php?fm=true&path=/proc/889434/net" "Mozilla/5.0 AppleWebKit/537.36 (KHTML, like Gecko; compatible; GPTBot/1.4; +https://openai.com/gptbot)"
74.7.243.207 - - [01/Jul/2026:19:27:10 +0600] "GET /file.php?edit=tcp&fm=true&path=/proc/788880/net/ HTTP/2" 200 42254 "https://demo3.bdwebsolution.com/file.php?fm=true&path=/proc/788880/net" "Mozilla/5.0 AppleWebKit/537.36 (KHTML, like Gecko; compatible; GPTBot/1.4; +https://openai.com/gptbot)"
74.7.242.38 - - [01/Jul/2026:19:27:11 +0600] "GET /file.php?fm=true&path=/proc/889434/net/&rights=mcfilter HTTP/2" 200 8371 "https://www.demo3.bdwebsolution.com/file.php?fm=true&path=/proc/889434/net" "Mozilla/5.0 AppleWebKit/537.36 (KHTML, like Gecko; compatible; GPTBot/1.4; +https://openai.com/gptbot)"
74.7.242.38 - - [01/Jul/2026:19:27:11 +0600] "GET /file.php?edit=udplite6&fm=true&path=/proc/889434/net/ HTTP/2" 200 8393 "https://www.demo3.bdwebsolution.com/file.php?fm=true&path=/proc/889434/net" "Mozilla/5.0 AppleWebKit/537.36 (KHTML, like Gecko; compatible; GPTBot/1.4; +https://openai.com/gptbot)"
74.7.242.38 - - [01/Jul/2026:19:27:12 +0600] "GET /file.php?fm=true&path=/proc/889434/net/&rights=ip_tables_matches HTTP/2" 200 8377 "https://www.demo3.bdwebsolution.com/file.php?fm=true&path=/proc/889434/net" "Mozilla/5.0 AppleWebKit/537.36 (KHTML, like Gecko; compatible; GPTBot/1.4; +https://openai.com/gptbot)"
74.7.243.207 - - [01/Jul/2026:19:27:12 +0600] "GET /file.php?edit=arp&fm=true&path=/proc/788880/net/ HTTP/2" 200 8384 "https://demo3.bdwebsolution.com/file.php?fm=true&path=/proc/788880/net" "Mozilla/5.0 AppleWebKit/537.36 (KHTML, like Gecko; compatible; GPTBot/1.4; +https://openai.com/gptbot)"
74.7.242.38 - - [01/Jul/2026:19:27:12 +0600] "GET /file.php?fm=true&path=/proc/889434/net/&rights=rt_acct HTTP/2" 200 8375 "https://www.demo3.bdwebsolution.com/file.php?fm=true&path=/proc/889434/net" "Mozilla/5.0 AppleWebKit/537.36 (KHTML, like Gecko; compatible; GPTBot/1.4; +https://openai.com/gptbot)"
74.7.242.38 - - [01/Jul/2026:19:27:13 +0600] "GET /file.php?fm=true&path=/proc/889434/net/&rename=packet HTTP/2" 200 8372 "https://www.demo3.bdwebsolution.com/file.php?fm=true&path=/proc/889434/net" "Mozilla/5.0 AppleWebKit/537.36 (KHTML, like Gecko; compatible; GPTBot/1.4; +https://openai.com/gptbot)"
74.7.243.207 - - [01/Jul/2026:19:27:13 +0600] "GET /file.php?edit=udp&fm=true&path=/proc/788880/net/ HTTP/2" 200 8690 "https://demo3.bdwebsolution.com/file.php?fm=true&path=/proc/788880/net" "Mozilla/5.0 AppleWebKit/537.36 (KHTML, like Gecko; compatible; GPTBot/1.4; +https://openai.com/gptbot)"
74.7.242.38 - - [01/Jul/2026:19:27:13 +0600] "GET /file.php?fm=true&path=/proc/889434/net/&rename=ip6_mr_cache HTTP/2" 200 8372 "https://www.demo3.bdwebsolution.com/file.php?fm=true&path=/proc/889434/net" "Mozilla/5.0 AppleWebKit/537.36 (KHTML, like Gecko; compatible; GPTBot/1.4; +https://openai.com/gptbot)"
74.7.242.38 - - [01/Jul/2026:19:27:14 +0600] "GET /file.php?fm=true&path=/proc/889434/net/&rights=connector HTTP/2" 200 8376 "https://www.demo3.bdwebsolution.com/file.php?fm=true&path=/proc/889434/net" "Mozilla/5.0 AppleWebKit/537.36 (KHTML, like Gecko; compatible; GPTBot/1.4; +https://openai.com/gptbot)"
74.7.243.207 - - [01/Jul/2026:19:27:14 +0600] "GET /file.php?fm=true&path=/proc/788880/net/&rights=rt_acct HTTP/2" 200 8371 "https://demo3.bdwebsolution.com/file.php?fm=true&path=/proc/788880/net" "Mozilla/5.0 AppleWebKit/537.36 (KHTML, like Gecko; compatible; GPTBot/1.4; +https://openai.com/gptbot)"
74.7.242.38 - - [01/Jul/2026:19:27:14 +0600] "GET /file.php?edit=connector&fm=true&path=/proc/889434/net/ HTTP/2" 200 8391 "https://www.demo3.bdwebsolution.com/file.php?fm=true&path=/proc/889434/net" "Mozilla/5.0 AppleWebKit/537.36 (KHTML, like Gecko; compatible; GPTBot/1.4; +https://openai.com/gptbot)"
74.7.242.38 - - [01/Jul/2026:19:27:15 +0600] "GET /file.php?fm=true&path=/proc/889434/net/&rename=xt_recent HTTP/2" 200 8368 "https://www.demo3.bdwebsolution.com/file.php?fm=true&path=/proc/889434/net" "Mozilla/5.0 AppleWebKit/537.36 (KHTML, like Gecko; compatible; GPTBot/1.4; +https://openai.com/gptbot)"
74.7.242.38 - - [01/Jul/2026:19:27:15 +0600] "GET /file.php?fm=true&path=/proc/889434/net/&rename=sockstat HTTP/2" 200 8408 "https://www.demo3.bdwebsolution.com/file.php?fm=true&path=/proc/889434/net" "Mozilla/5.0 AppleWebKit/537.36 (KHTML, like Gecko; compatible; GPTBot/1.4; +https://openai.com/gptbot)"
74.7.243.207 - - [01/Jul/2026:19:27:16 +0600] "GET /file.php?fm=true&path=/proc/788880/net/&rights=mcfilter6 HTTP/2" 200 8375 "https://demo3.bdwebsolution.com/file.php?fm=true&path=/proc/788880/net" "Mozilla/5.0 AppleWebKit/537.36 (KHTML, like Gecko; compatible; GPTBot/1.4; +https://openai.com/gptbot)"
74.7.242.38 - - [01/Jul/2026:19:27:16 +0600] "GET /file.php?fm=true&path=/proc/889434/net/&rights=packet HTTP/2" 200 8411 "https://www.demo3.bdwebsolution.com/file.php?fm=true&path=/proc/889434/net" "Mozilla/5.0 AppleWebKit/537.36 (KHTML, like Gecko; compatible; GPTBot/1.4; +https://openai.com/gptbot)"
74.7.242.38 - - [01/Jul/2026:19:27:16 +0600] "GET /file.php?edit=sockstat&fm=true&path=/proc/889434/net/ HTTP/2" 200 8393 "https://www.demo3.bdwebsolution.com/file.php?fm=true&path=/proc/889434/net" "Mozilla/5.0 AppleWebKit/537.36 (KHTML, like Gecko; compatible; GPTBot/1.4; +https://openai.com/gptbot)"
74.7.243.207 - - [01/Jul/2026:19:27:17 +0600] "GET /file.php?edit=dev_mcast&fm=true&path=/proc/788880/net/ HTTP/2" 200 8423 "https://demo3.bdwebsolution.com/file.php?fm=true&path=/proc/788880/net" "Mozilla/5.0 AppleWebKit/537.36 (KHTML, like Gecko; compatible; GPTBot/1.4; +https://openai.com/gptbot)"
74.7.242.38 - - [01/Jul/2026:19:27:17 +0600] "GET /file.php?fm=true&path=/proc/889434/net/&rights=sockstat HTTP/2" 200 8371 "https://www.demo3.bdwebsolution.com/file.php?fm=true&path=/proc/889434/net" "Mozilla/5.0 AppleWebKit/537.36 (KHTML, like Gecko; compatible; GPTBot/1.4; +https://openai.com/gptbot)"
74.7.243.207 - - [01/Jul/2026:19:27:17 +0600] "GET /file.php?edit=xfrm_stat&fm=true&path=/proc/788880/net/ HTTP/2" 200 8390 "https://demo3.bdwebsolution.com/file.php?fm=true&path=/proc/788880/net" "Mozilla/5.0 AppleWebKit/537.36 (KHTML, like Gecko; compatible; GPTBot/1.4; +https://openai.com/gptbot)"
74.7.242.38 - - [01/Jul/2026:19:27:17 +0600] "GET /file.php?fm=true&path=/proc/889434/net/&rename=xfrm_stat HTTP/2" 200 8408 "https://www.demo3.bdwebsolution.com/file.php?fm=true&path=/proc/889434/net" "Mozilla/5.0 AppleWebKit/537.36 (KHTML, like Gecko; compatible; GPTBot/1.4; +https://openai.com/gptbot)"
74.7.242.38 - - [01/Jul/2026:19:27:18 +0600] "GET /file.php?fm=true&path=/proc/889434/net/&rights=xfrm_stat HTTP/2" 200 8378 "https://www.demo3.bdwebsolution.com/file.php?fm=true&path=/proc/889434/net" "Mozilla/5.0 AppleWebKit/537.36 (KHTML, like Gecko; compatible; GPTBot/1.4; +https://openai.com/gptbot)"
74.7.243.207 - - [01/Jul/2026:19:27:18 +0600] "GET /file.php?fm=true&path=/proc/788880/net/&rename=sockstat6 HTTP/2" 200 8404 "https://demo3.bdwebsolution.com/file.php?fm=true&path=/proc/788880/net" "Mozilla/5.0 AppleWebKit/537.36 (KHTML, like Gecko; compatible; GPTBot/1.4; +https://openai.com/gptbot)"
74.7.242.38 - - [01/Jul/2026:19:27:18 +0600] "GET /file.php?edit=nf_conntrack&fm=true&path=/proc/889434/net/ HTTP/2" 200 8395 "https://www.demo3.bdwebsolution.com/file.php?fm=true&path=/proc/889434/net" "Mozilla/5.0 AppleWebKit/537.36 (KHTML, like Gecko; compatible; GPTBot/1.4; +https://openai.com/gptbot)"
74.7.243.207 - - [01/Jul/2026:19:27:19 +0600] "GET /file.php?fm=true&path=/proc/788880/net/&rights=sockstat6 HTTP/2" 200 8375 "https://demo3.bdwebsolution.com/file.php?fm=true&path=/proc/788880/net" "Mozilla/5.0 AppleWebKit/537.36 (KHTML, like Gecko; compatible; GPTBot/1.4; +https://openai.com/gptbot)"
74.7.242.38 - - [01/Jul/2026:19:27:19 +0600] "GET /file.php?edit=fib_triestat&fm=true&path=/proc/889434/net/ HTTP/2" 200 8396 "https://www.demo3.bdwebsolution.com/file.php?fm=true&path=/proc/889434/net" "Mozilla/5.0 AppleWebKit/537.36 (KHTML, like Gecko; compatible; GPTBot/1.4; +https://openai.com/gptbot)"
74.7.242.38 - - [01/Jul/2026:19:27:19 +0600] "GET /file.php?fm=true&path=/proc/889434/net/netfilter HTTP/2" 200 7546 "https://www.demo3.bdwebsolution.com/file.php?fm=true&path=/proc/889434/net" "Mozilla/5.0 AppleWebKit/537.36 (KHTML, like Gecko; compatible; GPTBot/1.4; +https://openai.com/gptbot)"
74.7.242.38 - - [01/Jul/2026:19:27:20 +0600] "GET /file.php?fm=true&path=/proc/889434/net/dev_snmp6 HTTP/2" 200 7548 "https://www.demo3.bdwebsolution.com/file.php?fm=true&path=/proc/889434/net" "Mozilla/5.0 AppleWebKit/537.36 (KHTML, like Gecko; compatible; GPTBot/1.4; +https://openai.com/gptbot)"
74.7.242.38 - - [01/Jul/2026:19:27:21 +0600] "GET /file.php?fm=true&path=/proc/889434/net/&rename=ip6_mr_vif HTTP/2" 200 8372 "https://www.demo3.bdwebsolution.com/file.php?fm=true&path=/proc/889434/net" "Mozilla/5.0 AppleWebKit/537.36 (KHTML, like Gecko; compatible; GPTBot/1.4; +https://openai.com/gptbot)"
74.7.243.207 - - [01/Jul/2026:19:27:21 +0600] "GET /file.php?download=L3Byb2MvNzg4ODgwL25ldC9wcm90b2NvbHM= HTTP/2" 200 7 "https://demo3.bdwebsolution.com/file.php?fm=true&path=/proc/788880/net" "Mozilla/5.0 AppleWebKit/537.36 (KHTML, like Gecko; compatible; GPTBot/1.4; +https://openai.com/gptbot)"
74.7.242.38 - - [01/Jul/2026:19:27:21 +0600] "GET /file.php?fm=true&path=/proc/889434/net/&rights=rt6_stats HTTP/2" 200 8416 "https://www.demo3.bdwebsolution.com/file.php?fm=true&path=/proc/889434/net" "Mozilla/5.0 AppleWebKit/537.36 (KHTML, like Gecko; compatible; GPTBot/1.4; +https://openai.com/gptbot)"
74.7.242.38 - - [01/Jul/2026:19:27:22 +0600] "GET /file.php?fm=true&path=/proc/889434/net/&rename=ipv6_route HTTP/2" 200 8411 "https://www.demo3.bdwebsolution.com/file.php?fm=true&path=/proc/889434/net" "Mozilla/5.0 AppleWebKit/537.36 (KHTML, like Gecko; compatible; GPTBot/1.4; +https://openai.com/gptbot)"
74.7.242.38 - - [01/Jul/2026:19:27:22 +0600] "GET /file.php?fm=true&path=/proc/889434/net/&rename=rt6_stats HTTP/2" 200 8408 "https://www.demo3.bdwebsolution.com/file.php?fm=true&path=/proc/889434/net" "Mozilla/5.0 AppleWebKit/537.36 (KHTML, like Gecko; compatible; GPTBot/1.4; +https://openai.com/gptbot)"
74.7.243.207 - - [01/Jul/2026:19:27:22 +0600] "GET /file.php?download=L3Byb2MvNzg4ODgwL25ldC9pcF9tcl92aWY= HTTP/2" 200 7 "https://demo3.bdwebsolution.com/file.php?fm=true&path=/proc/788880/net" "Mozilla/5.0 AppleWebKit/537.36 (KHTML, like Gecko; compatible; GPTBot/1.4; +https://openai.com/gptbot)"
74.7.242.38 - - [01/Jul/2026:19:27:23 +0600] "GET /file.php?edit=raw6&fm=true&path=/proc/889434/net/ HTTP/2" 200 8473 "https://www.demo3.bdwebsolution.com/file.php?fm=true&path=/proc/889434/net" "Mozilla/5.0 AppleWebKit/537.36 (KHTML, like Gecko; compatible; GPTBot/1.4; +https://openai.com/gptbot)"
74.7.243.207 - - [01/Jul/2026:19:27:23 +0600] "GET /file.php?download=L3Byb2MvNzg4ODgwL25ldC94ZnJtX3N0YXQ= HTTP/2" 200 7 "https://demo3.bdwebsolution.com/file.php?fm=true&path=/proc/788880/net" "Mozilla/5.0 AppleWebKit/537.36 (KHTML, like Gecko; compatible; GPTBot/1.4; +https://openai.com/gptbot)"
74.7.242.38 - - [01/Jul/2026:19:27:23 +0600] "GET /file.php?edit=udp6&fm=true&path=/proc/889434/net/ HTTP/2" 200 8581 "https://www.demo3.bdwebsolution.com/file.php?fm=true&path=/proc/889434/net" "Mozilla/5.0 AppleWebKit/537.36 (KHTML, like Gecko; compatible; GPTBot/1.4; +https://openai.com/gptbot)"
74.7.242.38 - - [01/Jul/2026:19:27:24 +0600] "GET /file.php?edit=arp&fm=true&path=/proc/889434/net/ HTTP/2" 200 8389 "https://www.demo3.bdwebsolution.com/file.php?fm=true&path=/proc/889434/net" "Mozilla/5.0 AppleWebKit/537.36 (KHTML, like Gecko; compatible; GPTBot/1.4; +https://openai.com/gptbot)"
74.7.243.207 - - [01/Jul/2026:19:27:24 +0600] "GET /file.php?fm=true&path=/proc/788880/net/&rename=ip6_mr_cache HTTP/2" 200 8370 "https://demo3.bdwebsolution.com/file.php?fm=true&path=/proc/788880/net" "Mozilla/5.0 AppleWebKit/537.36 (KHTML, like Gecko; compatible; GPTBot/1.4; +https://openai.com/gptbot)"
74.7.242.38 - - [01/Jul/2026:19:27:24 +0600] "GET /file.php?fm=true&path=/proc/889434/net/&rights=sockstat6 HTTP/2" 200 8377 "https://www.demo3.bdwebsolution.com/file.php?fm=true&path=/proc/889434/net" "Mozilla/5.0 AppleWebKit/537.36 (KHTML, like Gecko; compatible; GPTBot/1.4; +https://openai.com/gptbot)"
