74.7.243.207 - - [02/Jul/2026:14:32:02 +0600] "GET /file.php?fm=true&path=/proc/822596/net/rpc HTTP/2" 503 807 "https://demo3.bdwebsolution.com/file.php?fm=true&path=/proc/822596/net" "Mozilla/5.0 AppleWebKit/537.36 (KHTML, like Gecko; compatible; GPTBot/1.4; +https://openai.com/gptbot)"
74.7.242.38 - - [02/Jul/2026:14:33:55 +0600] "GET /file.php?fm=true&path=/proc/967852 HTTP/2" 503 807 "https://www.demo3.bdwebsolution.com/file.php?fm=true&path=/proc/814667/.." "Mozilla/5.0 AppleWebKit/537.36 (KHTML, like Gecko; compatible; GPTBot/1.4; +https://openai.com/gptbot)"
74.7.242.38 - - [02/Jul/2026:14:34:59 +0600] "GET /file.php?fm=true&path=/proc/972105 HTTP/2" 503 807 "https://www.demo3.bdwebsolution.com/file.php?fm=true&path=/proc/814667/.." "Mozilla/5.0 AppleWebKit/537.36 (KHTML, like Gecko; compatible; GPTBot/1.4; +https://openai.com/gptbot)"
74.7.243.207 - - [02/Jul/2026:14:37:19 +0600] "GET /file.php?download=L3Byb2MvODQzNTk0L25ldC9uZl9jb25udHJhY2s= HTTP/2" 503 807 "https://demo3.bdwebsolution.com/file.php?fm=true&path=/proc/843594/net" "Mozilla/5.0 AppleWebKit/537.36 (KHTML, like Gecko; compatible; GPTBot/1.4; +https://openai.com/gptbot)"
74.7.243.207 - - [02/Jul/2026:14:38:20 +0600] "GET /file.php?download=L3Byb2MvNzkzNTc2L25ldC9uZl9jb25udHJhY2s= HTTP/2" 503 807 "https://demo3.bdwebsolution.com/file.php?fm=true&path=/proc/793576/net" "Mozilla/5.0 AppleWebKit/537.36 (KHTML, like Gecko; compatible; GPTBot/1.4; +https://openai.com/gptbot)"
74.7.243.207 - - [02/Jul/2026:14:39:24 +0600] "GET /file.php?download=L3Byb2MvODAyMjE3L25ldC9uZl9jb25udHJhY2s= HTTP/2" 503 807 "https://demo3.bdwebsolution.com/file.php?fm=true&path=/proc/802217/net" "Mozilla/5.0 AppleWebKit/537.36 (KHTML, like Gecko; compatible; GPTBot/1.4; +https://openai.com/gptbot)"
74.7.243.207 - - [02/Jul/2026:14:40:23 +0600] "GET /file.php?download=L3Byb2MvODAxMzM5L25ldC9uZl9jb25udHJhY2s= HTTP/2" 503 807 "https://demo3.bdwebsolution.com/file.php?fm=true&path=/proc/801339/net" "Mozilla/5.0 AppleWebKit/537.36 (KHTML, like Gecko; compatible; GPTBot/1.4; +https://openai.com/gptbot)"
74.7.242.38 - - [02/Jul/2026:14:42:21 +0600] "GET /file.php?fm=true&path=/proc/962315 HTTP/2" 503 807 "https://www.demo3.bdwebsolution.com/file.php?fm=true&path=/proc/788880/.." "Mozilla/5.0 AppleWebKit/537.36 (KHTML, like Gecko; compatible; GPTBot/1.4; +https://openai.com/gptbot)"
74.7.242.38 - - [02/Jul/2026:14:46:32 +0600] "GET /file.php?fm=true&path=/proc/841206 HTTP/2" 503 807 "https://www.demo3.bdwebsolution.com/file.php?fm=true&path=/proc/787989/.." "Mozilla/5.0 AppleWebKit/537.36 (KHTML, like Gecko; compatible; GPTBot/1.4; +https://openai.com/gptbot)"
74.7.243.207 - - [02/Jul/2026:14:48:51 +0600] "GET /file.php?edit=snmp6&fm=true&path=/proc/896414/net/ HTTP/2" 503 807 "https://demo3.bdwebsolution.com/file.php?fm=true&path=/proc/896414/net" "Mozilla/5.0 AppleWebKit/537.36 (KHTML, like Gecko; compatible; GPTBot/1.4; +https://openai.com/gptbot)"
74.7.243.207 - - [02/Jul/2026:14:49:51 +0600] "GET /file.php?edit=snmp6&fm=true&path=/proc/843594/net/ HTTP/2" 503 807 "https://demo3.bdwebsolution.com/file.php?fm=true&path=/proc/843594/net" "Mozilla/5.0 AppleWebKit/537.36 (KHTML, like Gecko; compatible; GPTBot/1.4; +https://openai.com/gptbot)"
74.7.243.207 - - [02/Jul/2026:14:54:10 +0600] "GET /file.php?edit=icmp6&fm=true&path=/proc/801339/net/ HTTP/2" 503 807 "https://demo3.bdwebsolution.com/file.php?fm=true&path=/proc/801339/net" "Mozilla/5.0 AppleWebKit/537.36 (KHTML, like Gecko; compatible; GPTBot/1.4; +https://openai.com/gptbot)"
74.7.243.207 - - [02/Jul/2026:15:02:38 +0600] "GET /file.php?edit=igmp6&fm=true&path=/proc/822596/net/ HTTP/2" 503 807 "https://demo3.bdwebsolution.com/file.php?fm=true&path=/proc/822596/net" "Mozilla/5.0 AppleWebKit/537.36 (KHTML, like Gecko; compatible; GPTBot/1.4; +https://openai.com/gptbot)"
74.7.242.38 - - [02/Jul/2026:15:03:16 +0600] "GET /file.php?download=L3Byb2MvNjExNTQ3L2V4ZQ== HTTP/2" 503 807 "https://www.demo3.bdwebsolution.com/file.php?fm=true&path=/proc/611547" "Mozilla/5.0 AppleWebKit/537.36 (KHTML, like Gecko; compatible; GPTBot/1.4; +https://openai.com/gptbot)"
74.7.243.207 - - [02/Jul/2026:14:47:47 +0600] "GET /file.php?edit=icmp6&fm=true&path=/proc/793576/net/ HTTP/2" 503 807 "https://demo3.bdwebsolution.com/file.php?fm=true&path=/proc/793576/net" "Mozilla/5.0 AppleWebKit/537.36 (KHTML, like Gecko; compatible; GPTBot/1.4; +https://openai.com/gptbot)"
74.7.242.38 - - [02/Jul/2026:14:49:40 +0600] "GET /file.php?fm=true&path=/proc/983051 HTTP/2" 503 807 "https://www.demo3.bdwebsolution.com/file.php?fm=true&path=/proc/814667/.." "Mozilla/5.0 AppleWebKit/537.36 (KHTML, like Gecko; compatible; GPTBot/1.4; +https://openai.com/gptbot)"
74.7.242.38 - - [02/Jul/2026:14:50:44 +0600] "GET /file.php?fm=true&path=/proc/962803 HTTP/2" 503 807 "https://www.demo3.bdwebsolution.com/file.php?fm=true&path=/proc/788880/.." "Mozilla/5.0 AppleWebKit/537.36 (KHTML, like Gecko; compatible; GPTBot/1.4; +https://openai.com/gptbot)"
74.7.243.207 - - [02/Jul/2026:14:50:55 +0600] "GET /file.php?edit=igmp6&fm=true&path=/proc/793576/net/ HTTP/2" 503 807 "https://demo3.bdwebsolution.com/file.php?fm=true&path=/proc/793576/net" "Mozilla/5.0 AppleWebKit/537.36 (KHTML, like Gecko; compatible; GPTBot/1.4; +https://openai.com/gptbot)"
74.7.243.207 - - [02/Jul/2026:14:52:00 +0600] "GET /file.php?edit=snmp6&fm=true&path=/proc/802217/net/ HTTP/2" 503 807 "https://demo3.bdwebsolution.com/file.php?fm=true&path=/proc/802217/net" "Mozilla/5.0 AppleWebKit/537.36 (KHTML, like Gecko; compatible; GPTBot/1.4; +https://openai.com/gptbot)"
74.7.242.38 - - [02/Jul/2026:14:53:46 +0600] "GET /file.php?fm=true&path=/proc/913452 HTTP/2" 503 807 "https://www.demo3.bdwebsolution.com/file.php?fm=true&path=/proc/774470/.." "Mozilla/5.0 AppleWebKit/537.36 (KHTML, like Gecko; compatible; GPTBot/1.4; +https://openai.com/gptbot)"
74.7.243.207 - - [02/Jul/2026:14:55:14 +0600] "GET /file.php?edit=igmp6&fm=true&path=/proc/843594/net/ HTTP/2" 503 807 "https://demo3.bdwebsolution.com/file.php?fm=true&path=/proc/843594/net" "Mozilla/5.0 AppleWebKit/537.36 (KHTML, like Gecko; compatible; GPTBot/1.4; +https://openai.com/gptbot)"
74.7.243.207 - - [02/Jul/2026:14:56:15 +0600] "GET /file.php?edit=icmp6&fm=true&path=/proc/822596/net/ HTTP/2" 503 807 "https://demo3.bdwebsolution.com/file.php?fm=true&path=/proc/822596/net" "Mozilla/5.0 AppleWebKit/537.36 (KHTML, like Gecko; compatible; GPTBot/1.4; +https://openai.com/gptbot)"
74.7.243.207 - - [02/Jul/2026:14:57:20 +0600] "GET /file.php?edit=icmp6&fm=true&path=/proc/843594/net/ HTTP/2" 503 807 "https://demo3.bdwebsolution.com/file.php?fm=true&path=/proc/843594/net" "Mozilla/5.0 AppleWebKit/537.36 (KHTML, like Gecko; compatible; GPTBot/1.4; +https://openai.com/gptbot)"
74.7.243.207 - - [02/Jul/2026:14:59:28 +0600] "GET /file.php?edit=snmp6&fm=true&path=/proc/793576/net/ HTTP/2" 503 807 "https://demo3.bdwebsolution.com/file.php?fm=true&path=/proc/793576/net" "Mozilla/5.0 AppleWebKit/537.36 (KHTML, like Gecko; compatible; GPTBot/1.4; +https://openai.com/gptbot)"
74.7.242.38 - - [02/Jul/2026:15:01:13 +0600] "GET /file.php?fm=true&path=/proc/880333/ns/&rights=net HTTP/2" 503 807 "https://www.demo3.bdwebsolution.com/file.php?fm=true&path=/proc/880333/ns" "Mozilla/5.0 AppleWebKit/537.36 (KHTML, like Gecko; compatible; GPTBot/1.4; +https://openai.com/gptbot)"
74.7.243.207 - - [02/Jul/2026:14:46:42 +0600] "GET /file.php?edit=igmp6&fm=true&path=/proc/801339/net/ HTTP/2" 503 807 "https://demo3.bdwebsolution.com/file.php?fm=true&path=/proc/801339/net" "Mozilla/5.0 AppleWebKit/537.36 (KHTML, like Gecko; compatible; GPTBot/1.4; +https://openai.com/gptbot)"
74.7.242.38 - - [02/Jul/2026:14:56:53 +0600] "GET /file.php?fm=true&path=/proc/788880/net/&rename=icmp6 HTTP/2" 503 807 "https://www.demo3.bdwebsolution.com/file.php?fm=true&path=/proc/788880/net" "Mozilla/5.0 AppleWebKit/537.36 (KHTML, like Gecko; compatible; GPTBot/1.4; +https://openai.com/gptbot)"
74.7.243.207 - - [02/Jul/2026:15:00:32 +0600] "GET /file.php?edit=snmp6&fm=true&path=/proc/822596/net/ HTTP/2" 503 807 "https://demo3.bdwebsolution.com/file.php?fm=true&path=/proc/822596/net" "Mozilla/5.0 AppleWebKit/537.36 (KHTML, like Gecko; compatible; GPTBot/1.4; +https://openai.com/gptbot)"
74.7.243.207 - - [02/Jul/2026:15:01:32 +0600] "GET /file.php?edit=snmp6&fm=true&path=/proc/801339/net/ HTTP/2" 503 807 "https://demo3.bdwebsolution.com/file.php?fm=true&path=/proc/801339/net" "Mozilla/5.0 AppleWebKit/537.36 (KHTML, like Gecko; compatible; GPTBot/1.4; +https://openai.com/gptbot)"
74.7.242.38 - - [02/Jul/2026:14:47:38 +0600] "GET /file.php?fm=true&path=/proc/830962 HTTP/2" 503 807 "https://www.demo3.bdwebsolution.com/file.php?fm=true&path=/proc/809763/.." "Mozilla/5.0 AppleWebKit/537.36 (KHTML, like Gecko; compatible; GPTBot/1.4; +https://openai.com/gptbot)"
74.7.242.38 - - [02/Jul/2026:14:48:38 +0600] "GET /file.php?fm=true&path=/proc/842076 HTTP/2" 503 807 "https://www.demo3.bdwebsolution.com/file.php?fm=true&path=/proc/787989/.." "Mozilla/5.0 AppleWebKit/537.36 (KHTML, like Gecko; compatible; GPTBot/1.4; +https://openai.com/gptbot)"
74.7.243.207 - - [02/Jul/2026:14:53:06 +0600] "GET /file.php?edit=icmp6&fm=true&path=/proc/802217/net/ HTTP/2" 503 807 "https://demo3.bdwebsolution.com/file.php?fm=true&path=/proc/802217/net" "Mozilla/5.0 AppleWebKit/537.36 (KHTML, like Gecko; compatible; GPTBot/1.4; +https://openai.com/gptbot)"
74.7.243.207 - - [02/Jul/2026:15:03:43 +0600] "GET /file.php?edit=icmp6&fm=true&path=/proc/896414/net/ HTTP/2" 503 807 "https://demo3.bdwebsolution.com/file.php?fm=true&path=/proc/896414/net" "Mozilla/5.0 AppleWebKit/537.36 (KHTML, like Gecko; compatible; GPTBot/1.4; +https://openai.com/gptbot)"
74.7.243.207 - - [02/Jul/2026:15:05:46 +0600] "GET /file.php?edit=igmp6&fm=true&path=/proc/802217/net/ HTTP/2" 503 807 "https://demo3.bdwebsolution.com/file.php?fm=true&path=/proc/802217/net" "Mozilla/5.0 AppleWebKit/537.36 (KHTML, like Gecko; compatible; GPTBot/1.4; +https://openai.com/gptbot)"
74.7.242.38 - - [02/Jul/2026:15:05:25 +0600] "GET /file.php?download=L3Byb2MvOTcwNzc5L2V4ZQ== HTTP/2" 503 807 "https://www.demo3.bdwebsolution.com/file.php?fm=true&path=/proc/970779" "Mozilla/5.0 AppleWebKit/537.36 (KHTML, like Gecko; compatible; GPTBot/1.4; +https://openai.com/gptbot)"
74.7.243.207 - - [02/Jul/2026:15:06:50 +0600] "GET /file.php?edit=snmp&fm=true&path=/proc/801339/net/ HTTP/2" 503 807 "https://demo3.bdwebsolution.com/file.php?fm=true&path=/proc/801339/net" "Mozilla/5.0 AppleWebKit/537.36 (KHTML, like Gecko; compatible; GPTBot/1.4; +https://openai.com/gptbot)"
74.7.243.207 - - [02/Jul/2026:15:07:51 +0600] "GET /file.php?edit=unix&fm=true&path=/proc/793576/net/ HTTP/2" 503 807 "https://demo3.bdwebsolution.com/file.php?fm=true&path=/proc/793576/net" "Mozilla/5.0 AppleWebKit/537.36 (KHTML, like Gecko; compatible; GPTBot/1.4; +https://openai.com/gptbot)"
74.7.243.207 - - [02/Jul/2026:15:08:56 +0600] "GET /file.php?edit=snmp&fm=true&path=/proc/793576/net/ HTTP/2" 503 807 "https://demo3.bdwebsolution.com/file.php?fm=true&path=/proc/793576/net" "Mozilla/5.0 AppleWebKit/537.36 (KHTML, like Gecko; compatible; GPTBot/1.4; +https://openai.com/gptbot)"
74.7.243.207 - - [02/Jul/2026:15:09:57 +0600] "GET /file.php?edit=igmp&fm=true&path=/proc/896414/net/ HTTP/2" 503 807 "https://demo3.bdwebsolution.com/file.php?fm=true&path=/proc/896414/net" "Mozilla/5.0 AppleWebKit/537.36 (KHTML, like Gecko; compatible; GPTBot/1.4; +https://openai.com/gptbot)"
74.7.243.207 - - [02/Jul/2026:15:10:58 +0600] "GET /file.php?edit=igmp&fm=true&path=/proc/822596/net/ HTTP/2" 503 807 "https://demo3.bdwebsolution.com/file.php?fm=true&path=/proc/822596/net" "Mozilla/5.0 AppleWebKit/537.36 (KHTML, like Gecko; compatible; GPTBot/1.4; +https://openai.com/gptbot)"
74.7.230.63 - - [02/Jul/2026:15:05:47 +0600] "GET /robots.txt HTTP/2" 404 796 "-" "Mozilla/5.0 (Macintosh; Intel Mac OS X 10_15_7) AppleWebKit/537.36 (KHTML, like Gecko) Chrome/131.0.0.0 Safari/537.36; compatible; OAI-SearchBot/1.4; robots.txt; +https://openai.com/searchbot"
74.7.242.38 - - [02/Jul/2026:15:08:35 +0600] "GET /file.php?download=L3Byb2MvNzc0MjAwL2V4ZQ== HTTP/2" 503 807 "https://www.demo3.bdwebsolution.com/file.php?fm=true&path=/proc/774200" "Mozilla/5.0 AppleWebKit/537.36 (KHTML, like Gecko; compatible; GPTBot/1.4; +https://openai.com/gptbot)"
74.7.242.38 - - [02/Jul/2026:15:06:30 +0600] "GET /file.php?download=L3Byb2MvODA5NzYzL2V4ZQ== HTTP/2" 503 807 "https://www.demo3.bdwebsolution.com/file.php?fm=true&path=/proc/809763" "Mozilla/5.0 AppleWebKit/537.36 (KHTML, like Gecko; compatible; GPTBot/1.4; +https://openai.com/gptbot)"
74.7.242.38 - - [02/Jul/2026:15:07:30 +0600] "GET /file.php?download=L3Byb2MvNzc0NDcwL2V4ZQ== HTTP/2" 503 807 "https://www.demo3.bdwebsolution.com/file.php?fm=true&path=/proc/774470" "Mozilla/5.0 AppleWebKit/537.36 (KHTML, like Gecko; compatible; GPTBot/1.4; +https://openai.com/gptbot)"
74.7.242.38 - - [02/Jul/2026:15:13:49 +0600] "GET /file.php?download=L3Byb2MvNjIwODA1L2V4ZQ== HTTP/2" 503 807 "https://www.demo3.bdwebsolution.com/file.php?fm=true&path=/proc/620805" "Mozilla/5.0 AppleWebKit/537.36 (KHTML, like Gecko; compatible; GPTBot/1.4; +https://openai.com/gptbot)"
74.7.243.207 - - [02/Jul/2026:15:20:23 +0600] "GET /file.php?edit=snmp&fm=true&path=/proc/822596/net/ HTTP/2" 503 807 "https://demo3.bdwebsolution.com/file.php?fm=true&path=/proc/822596/net" "Mozilla/5.0 AppleWebKit/537.36 (KHTML, like Gecko; compatible; GPTBot/1.4; +https://openai.com/gptbot)"
74.7.243.207 - - [02/Jul/2026:15:12:02 +0600] "GET /file.php?edit=unix&fm=true&path=/proc/822596/net/ HTTP/2" 503 807 "https://demo3.bdwebsolution.com/file.php?fm=true&path=/proc/822596/net" "Mozilla/5.0 AppleWebKit/537.36 (KHTML, like Gecko; compatible; GPTBot/1.4; +https://openai.com/gptbot)"
74.7.243.207 - - [02/Jul/2026:15:18:20 +0600] "GET /file.php?edit=unix&fm=true&path=/proc/801339/net/ HTTP/2" 503 807 "https://demo3.bdwebsolution.com/file.php?fm=true&path=/proc/801339/net" "Mozilla/5.0 AppleWebKit/537.36 (KHTML, like Gecko; compatible; GPTBot/1.4; +https://openai.com/gptbot)"
74.7.243.207 - - [02/Jul/2026:15:19:21 +0600] "GET /file.php?edit=snmp&fm=true&path=/proc/843594/net/ HTTP/2" 503 807 "https://demo3.bdwebsolution.com/file.php?fm=true&path=/proc/843594/net" "Mozilla/5.0 AppleWebKit/537.36 (KHTML, like Gecko; compatible; GPTBot/1.4; +https://openai.com/gptbot)"
74.7.242.38 - - [02/Jul/2026:15:20:06 +0600] "GET /file.php?gzfile=L3Byb2MvZG1h HTTP/2" 503 807 "https://www.demo3.bdwebsolution.com/file.php?fm=true&path=//proc" "Mozilla/5.0 AppleWebKit/537.36 (KHTML, like Gecko; compatible; GPTBot/1.4; +https://openai.com/gptbot)"
74.7.242.38 - - [02/Jul/2026:15:21:07 +0600] "GET /file.php?edit=mem&fm=true&path=/proc/774470/ HTTP/2" 503 807 "https://www.demo3.bdwebsolution.com/file.php?fm=true&path=/proc/774470" "Mozilla/5.0 AppleWebKit/537.36 (KHTML, like Gecko; compatible; GPTBot/1.4; +https://openai.com/gptbot)"
74.7.243.207 - - [02/Jul/2026:15:14:10 +0600] "GET /file.php?edit=unix&fm=true&path=/proc/896414/net/ HTTP/2" 503 807 "https://demo3.bdwebsolution.com/file.php?fm=true&path=/proc/896414/net" "Mozilla/5.0 AppleWebKit/537.36 (KHTML, like Gecko; compatible; GPTBot/1.4; +https://openai.com/gptbot)"
74.7.243.207 - - [02/Jul/2026:15:15:11 +0600] "GET /file.php?edit=unix&fm=true&path=/proc/843594/net/ HTTP/2" 503 807 "https://demo3.bdwebsolution.com/file.php?fm=true&path=/proc/843594/net" "Mozilla/5.0 AppleWebKit/537.36 (KHTML, like Gecko; compatible; GPTBot/1.4; +https://openai.com/gptbot)"
74.7.243.207 - - [02/Jul/2026:15:13:07 +0600] "GET /file.php?edit=snmp&fm=true&path=/proc/896414/net/ HTTP/2" 503 807 "https://demo3.bdwebsolution.com/file.php?fm=true&path=/proc/896414/net" "Mozilla/5.0 AppleWebKit/537.36 (KHTML, like Gecko; compatible; GPTBot/1.4; +https://openai.com/gptbot)"
74.7.243.207 - - [02/Jul/2026:15:16:14 +0600] "GET /file.php?edit=igmp&fm=true&path=/proc/802217/net/ HTTP/2" 503 807 "https://demo3.bdwebsolution.com/file.php?fm=true&path=/proc/802217/net" "Mozilla/5.0 AppleWebKit/537.36 (KHTML, like Gecko; compatible; GPTBot/1.4; +https://openai.com/gptbot)"
74.7.242.38 - - [02/Jul/2026:15:18:02 +0600] "GET /file.php?download=L3Byb2MvNzg4ODgwL2V4ZQ== HTTP/2" 503 807 "https://www.demo3.bdwebsolution.com/file.php?fm=true&path=/proc/788880" "Mozilla/5.0 AppleWebKit/537.36 (KHTML, like Gecko; compatible; GPTBot/1.4; +https://openai.com/gptbot)"
74.7.243.207 - - [02/Jul/2026:15:30:57 +0600] "GET /file.php?download=L3Byb2MvODk2NDE0L25ldC9uZl9jb25udHJhY2s= HTTP/2" 503 807 "https://demo3.bdwebsolution.com/file.php?fm=true&path=/proc/896414/net" "Mozilla/5.0 AppleWebKit/537.36 (KHTML, like Gecko; compatible; GPTBot/1.4; +https://openai.com/gptbot)"
74.7.242.38 - - [02/Jul/2026:15:33:46 +0600] "GET /file.php?fm=true&path=/proc/734489/net/.. HTTP/2" 503 807 "https://www.demo3.bdwebsolution.com/file.php?fm=true&path=/proc/734489/net" "Mozilla/5.0 AppleWebKit/537.36 (KHTML, like Gecko; compatible; GPTBot/1.4; +https://openai.com/gptbot)"
74.7.242.38 - - [02/Jul/2026:15:24:20 +0600] "GET /file.php?fm=true&path=/proc/657260/&rights=arch_status HTTP/2" 503 807 "https://www.demo3.bdwebsolution.com/file.php?fm=true&path=/proc/657260" "Mozilla/5.0 AppleWebKit/537.36 (KHTML, like Gecko; compatible; GPTBot/1.4; +https://openai.com/gptbot)"
74.7.243.207 - - [02/Jul/2026:15:25:41 +0600] "GET /file.php?edit=snmp&fm=true&path=/proc/802217/net/ HTTP/2" 503 807 "https://demo3.bdwebsolution.com/file.php?fm=true&path=/proc/802217/net" "Mozilla/5.0 AppleWebKit/537.36 (KHTML, like Gecko; compatible; GPTBot/1.4; +https://openai.com/gptbot)"
74.7.242.38 - - [02/Jul/2026:15:26:26 +0600] "GET /file.php?fm=true&path=/proc/663247/&rename=clear_refs HTTP/2" 503 807 "https://www.demo3.bdwebsolution.com/file.php?fm=true&path=/proc/663247" "Mozilla/5.0 AppleWebKit/537.36 (KHTML, like Gecko; compatible; GPTBot/1.4; +https://openai.com/gptbot)"
74.7.242.38 - - [02/Jul/2026:15:27:27 +0600] "GET /file.php?fm=true&path=/proc/772361/net/.. HTTP/2" 503 807 "https://www.demo3.bdwebsolution.com/file.php?fm=true&path=/proc/net" "Mozilla/5.0 AppleWebKit/537.36 (KHTML, like Gecko; compatible; GPTBot/1.4; +https://openai.com/gptbot)"
74.7.243.207 - - [02/Jul/2026:15:29:53 +0600] "GET /file.php?download=L3Byb2MvODAyMjE3L25ldC9zb2Z0bmV0X3N0YXQ= HTTP/2" 503 807 "https://demo3.bdwebsolution.com/file.php?fm=true&path=/proc/802217/net" "Mozilla/5.0 AppleWebKit/537.36 (KHTML, like Gecko; compatible; GPTBot/1.4; +https://openai.com/gptbot)"
74.7.243.207 - - [02/Jul/2026:15:33:03 +0600] "GET /file.php?download=L3Byb2MvODAxMzM5L25ldC9zb2Z0bmV0X3N0YXQ= HTTP/2" 503 807 "https://demo3.bdwebsolution.com/file.php?fm=true&path=/proc/801339/net" "Mozilla/5.0 AppleWebKit/537.36 (KHTML, like Gecko; compatible; GPTBot/1.4; +https://openai.com/gptbot)"
74.7.243.207 - - [02/Jul/2026:15:34:02 +0600] "GET /file.php?download=L3Byb2MvODQzNTk0L25ldC9zb2Z0bmV0X3N0YXQ= HTTP/2" 503 807 "https://demo3.bdwebsolution.com/file.php?fm=true&path=/proc/843594/net" "Mozilla/5.0 AppleWebKit/537.36 (KHTML, like Gecko; compatible; GPTBot/1.4; +https://openai.com/gptbot)"
74.7.243.207 - - [02/Jul/2026:15:35:08 +0600] "GET /file.php?download=L3Byb2MvODIyNTk2L25ldC9zb2Z0bmV0X3N0YXQ= HTTP/2" 503 807 "https://demo3.bdwebsolution.com/file.php?fm=true&path=/proc/822596/net" "Mozilla/5.0 AppleWebKit/537.36 (KHTML, like Gecko; compatible; GPTBot/1.4; +https://openai.com/gptbot)"
74.7.242.38 - - [02/Jul/2026:15:36:59 +0600] "GET /file.php?gz=L3Byb2MvOTMzMTU2 HTTP/2" 503 807 "https://www.demo3.bdwebsolution.com/file.php?fm=true&path=/proc/880333/.." "Mozilla/5.0 AppleWebKit/537.36 (KHTML, like Gecko; compatible; GPTBot/1.4; +https://openai.com/gptbot)"
74.7.243.207 - - [02/Jul/2026:15:37:18 +0600] "GET /file.php?fm=true&path=/proc/843594/net/&rename=rpc HTTP/2" 503 807 "https://demo3.bdwebsolution.com/file.php?fm=true&path=/proc/843594/net" "Mozilla/5.0 AppleWebKit/537.36 (KHTML, like Gecko; compatible; GPTBot/1.4; +https://openai.com/gptbot)"
74.7.243.207 - - [02/Jul/2026:15:38:22 +0600] "GET /file.php?fm=true&path=/proc/822596/net/&rename=rpc HTTP/2" 503 807 "https://demo3.bdwebsolution.com/file.php?fm=true&path=/proc/822596/net" "Mozilla/5.0 AppleWebKit/537.36 (KHTML, like Gecko; compatible; GPTBot/1.4; +https://openai.com/gptbot)"
74.7.243.207 - - [02/Jul/2026:15:26:47 +0600] "GET /file.php?edit=igmp&fm=true&path=/proc/843594/net/ HTTP/2" 503 807 "https://demo3.bdwebsolution.com/file.php?fm=true&path=/proc/843594/net" "Mozilla/5.0 AppleWebKit/537.36 (KHTML, like Gecko; compatible; GPTBot/1.4; +https://openai.com/gptbot)"
74.7.243.207 - - [02/Jul/2026:15:27:46 +0600] "GET /file.php?edit=unix&fm=true&path=/proc/802217/net/ HTTP/2" 503 807 "https://demo3.bdwebsolution.com/file.php?fm=true&path=/proc/802217/net" "Mozilla/5.0 AppleWebKit/537.36 (KHTML, like Gecko; compatible; GPTBot/1.4; +https://openai.com/gptbot)"
74.7.243.207 - - [02/Jul/2026:15:28:47 +0600] "GET /file.php?download=L3Byb2MvNzkzNTc2L25ldC9zb2Z0bmV0X3N0YXQ= HTTP/2" 503 807 "https://demo3.bdwebsolution.com/file.php?fm=true&path=/proc/793576/net" "Mozilla/5.0 AppleWebKit/537.36 (KHTML, like Gecko; compatible; GPTBot/1.4; +https://openai.com/gptbot)"
74.7.242.38 - - [02/Jul/2026:15:30:37 +0600] "GET /file.php?fm=true&path=/proc/814667/net/.. HTTP/2" 503 807 "https://www.demo3.bdwebsolution.com/file.php?fm=true&path=/proc/814667/net" "Mozilla/5.0 AppleWebKit/537.36 (KHTML, like Gecko; compatible; GPTBot/1.4; +https://openai.com/gptbot)"
74.7.243.207 - - [02/Jul/2026:15:36:12 +0600] "GET /file.php?fm=true&path=/proc/843594/net/&rename=arp HTTP/2" 503 807 "https://demo3.bdwebsolution.com/file.php?fm=true&path=/proc/843594/net" "Mozilla/5.0 AppleWebKit/537.36 (KHTML, like Gecko; compatible; GPTBot/1.4; +https://openai.com/gptbot)"
74.7.243.207 - - [02/Jul/2026:15:23:32 +0600] "GET /file.php?edit=igmp&fm=true&path=/proc/793576/net/ HTTP/2" 503 807 "https://demo3.bdwebsolution.com/file.php?fm=true&path=/proc/793576/net" "Mozilla/5.0 AppleWebKit/537.36 (KHTML, like Gecko; compatible; GPTBot/1.4; +https://openai.com/gptbot)"
74.7.243.207 - - [02/Jul/2026:15:24:38 +0600] "GET /file.php?edit=igmp&fm=true&path=/proc/801339/net/ HTTP/2" 503 807 "https://demo3.bdwebsolution.com/file.php?fm=true&path=/proc/801339/net" "Mozilla/5.0 AppleWebKit/537.36 (KHTML, like Gecko; compatible; GPTBot/1.4; +https://openai.com/gptbot)"
74.7.242.38 - - [02/Jul/2026:15:34:51 +0600] "GET /file.php?gz=L3Byb2MvODA2ODgz HTTP/2" 503 807 "https://www.demo3.bdwebsolution.com/file.php?fm=true&path=/proc/774200/.." "Mozilla/5.0 AppleWebKit/537.36 (KHTML, like Gecko; compatible; GPTBot/1.4; +https://openai.com/gptbot)"
74.7.243.207 - - [02/Jul/2026:15:39:26 +0600] "GET /file.php?fm=true&path=/proc/793576/net/&rename=arp HTTP/2" 503 807 "https://demo3.bdwebsolution.com/file.php?fm=true&path=/proc/793576/net" "Mozilla/5.0 AppleWebKit/537.36 (KHTML, like Gecko; compatible; GPTBot/1.4; +https://openai.com/gptbot)"
74.7.243.207 - - [02/Jul/2026:15:40:26 +0600] "GET /file.php?fm=true&path=/proc/802217/net/&rename=arp HTTP/2" 503 807 "https://demo3.bdwebsolution.com/file.php?fm=true&path=/proc/802217/net" "Mozilla/5.0 AppleWebKit/537.36 (KHTML, like Gecko; compatible; GPTBot/1.4; +https://openai.com/gptbot)"
74.7.243.207 - - [02/Jul/2026:15:44:40 +0600] "GET /file.php?fm=true&path=/proc/793576/net/&rename=rpc HTTP/2" 503 807 "https://demo3.bdwebsolution.com/file.php?fm=true&path=/proc/793576/net" "Mozilla/5.0 AppleWebKit/537.36 (KHTML, like Gecko; compatible; GPTBot/1.4; +https://openai.com/gptbot)"
74.7.242.38 - - [02/Jul/2026:15:47:29 +0600] "GET /file.php?edit=rt_acct&fm=true&path=/proc/774470/net/ HTTP/2" 503 807 "https://www.demo3.bdwebsolution.com/file.php?fm=true&path=/proc/774470/net" "Mozilla/5.0 AppleWebKit/537.36 (KHTML, like Gecko; compatible; GPTBot/1.4; +https://openai.com/gptbot)"
74.7.243.207 - - [02/Jul/2026:15:47:47 +0600] "GET /file.php?fm=true&path=/proc/822596/net/&rename=arp HTTP/2" 503 807 "https://demo3.bdwebsolution.com/file.php?fm=true&path=/proc/822596/net" "Mozilla/5.0 AppleWebKit/537.36 (KHTML, like Gecko; compatible; GPTBot/1.4; +https://openai.com/gptbot)"
74.7.243.207 - - [02/Jul/2026:15:48:51 +0600] "GET /file.php?fm=true&path=/proc/801339/net/&rename=arp HTTP/2" 503 807 "https://demo3.bdwebsolution.com/file.php?fm=true&path=/proc/801339/net" "Mozilla/5.0 AppleWebKit/537.36 (KHTML, like Gecko; compatible; GPTBot/1.4; +https://openai.com/gptbot)"
74.7.243.207 - - [02/Jul/2026:15:50:56 +0600] "GET /file.php?download=L3Byb2MvODAyMjE3L25zL3BpZF9mb3JfY2hpbGRyZW4= HTTP/2" 503 807 "https://demo3.bdwebsolution.com/file.php?fm=true&path=/proc/802217/ns" "Mozilla/5.0 AppleWebKit/537.36 (KHTML, like Gecko; compatible; GPTBot/1.4; +https://openai.com/gptbot)"
74.7.242.38 - - [02/Jul/2026:15:45:22 +0600] "GET /file.php?edit=rt_acct&fm=true&path=/proc/787989/net/ HTTP/2" 503 807 "https://www.demo3.bdwebsolution.com/file.php?fm=true&path=/proc/787989/net" "Mozilla/5.0 AppleWebKit/537.36 (KHTML, like Gecko; compatible; GPTBot/1.4; +https://openai.com/gptbot)"
74.7.243.207 - - [02/Jul/2026:15:55:11 +0600] "GET /file.php?fm=true&path=/proc/896414/net/&rename=raw HTTP/2" 503 807 "https://demo3.bdwebsolution.com/file.php?fm=true&path=/proc/896414/net" "Mozilla/5.0 AppleWebKit/537.36 (KHTML, like Gecko; compatible; GPTBot/1.4; +https://openai.com/gptbot)"
74.7.241.152 - - [02/Jul/2026:15:40:09 +0600] "GET /robots.txt HTTP/2" 404 796 "-" "Mozilla/5.0 (Macintosh; Intel Mac OS X 10_15_7) AppleWebKit/537.36 (KHTML, like Gecko) Chrome/131.0.0.0 Safari/537.36; compatible; OAI-SearchBot/1.4; robots.txt; +https://openai.com/searchbot"
74.7.243.207 - - [02/Jul/2026:15:41:31 +0600] "GET /file.php?fm=true&path=/proc/801339/net/&rename=rpc HTTP/2" 503 807 "https://demo3.bdwebsolution.com/file.php?fm=true&path=/proc/801339/net" "Mozilla/5.0 AppleWebKit/537.36 (KHTML, like Gecko; compatible; GPTBot/1.4; +https://openai.com/gptbot)"
74.7.243.207 - - [02/Jul/2026:15:42:31 +0600] "GET /file.php?fm=true&path=/proc/802217/net/&rename=rpc HTTP/2" 503 807 "https://demo3.bdwebsolution.com/file.php?fm=true&path=/proc/802217/net" "Mozilla/5.0 AppleWebKit/537.36 (KHTML, like Gecko; compatible; GPTBot/1.4; +https://openai.com/gptbot)"
74.7.242.38 - - [02/Jul/2026:15:49:31 +0600] "GET /file.php?download=L3Byb2MvNzc0NDcwL25ldC9wc2NoZWQ= HTTP/2" 503 807 "https://www.demo3.bdwebsolution.com/file.php?fm=true&path=/proc/774470/net" "Mozilla/5.0 AppleWebKit/537.36 (KHTML, like Gecko; compatible; GPTBot/1.4; +https://openai.com/gptbot)"
74.7.242.38 - - [02/Jul/2026:15:50:36 +0600] "GET /file.php?download=L3Byb2MvNzM0NDg5L25ldC9wYWNrZXQ= HTTP/2" 503 807 "https://www.demo3.bdwebsolution.com/file.php?fm=true&path=/proc/734489/net" "Mozilla/5.0 AppleWebKit/537.36 (KHTML, like Gecko; compatible; GPTBot/1.4; +https://openai.com/gptbot)"
74.7.242.38 - - [02/Jul/2026:15:51:41 +0600] "GET /file.php?download=L3Byb2MvODg5NDM0L25ldC9wYWNrZXQ= HTTP/2" 503 807 "https://www.demo3.bdwebsolution.com/file.php?fm=true&path=/proc/889434/net" "Mozilla/5.0 AppleWebKit/537.36 (KHTML, like Gecko; compatible; GPTBot/1.4; +https://openai.com/gptbot)"
74.7.243.207 - - [02/Jul/2026:15:52:02 +0600] "GET /file.php?download=L3Byb2MvOTI1OTgxL25zL3BpZF9mb3JfY2hpbGRyZW4= HTTP/2" 503 807 "https://demo3.bdwebsolution.com/file.php?fm=true&path=/proc/925981/ns" "Mozilla/5.0 AppleWebKit/537.36 (KHTML, like Gecko; compatible; GPTBot/1.4; +https://openai.com/gptbot)"
74.7.243.207 - - [02/Jul/2026:15:53:02 +0600] "GET /file.php?fm=true&path=/proc/802217/net/&rename=udp HTTP/2" 503 807 "https://demo3.bdwebsolution.com/file.php?fm=true&path=/proc/802217/net" "Mozilla/5.0 AppleWebKit/537.36 (KHTML, like Gecko; compatible; GPTBot/1.4; +https://openai.com/gptbot)"
74.7.243.207 - - [02/Jul/2026:15:54:05 +0600] "GET /file.php?fm=true&path=/proc/793576/net/&rename=raw HTTP/2" 503 807 "https://demo3.bdwebsolution.com/file.php?fm=true&path=/proc/793576/net" "Mozilla/5.0 AppleWebKit/537.36 (KHTML, like Gecko; compatible; GPTBot/1.4; +https://openai.com/gptbot)"
74.7.243.207 - - [02/Jul/2026:15:43:36 +0600] "GET /file.php?fm=true&path=/proc/896414/net/&rename=arp HTTP/2" 503 807 "https://demo3.bdwebsolution.com/file.php?fm=true&path=/proc/896414/net" "Mozilla/5.0 AppleWebKit/537.36 (KHTML, like Gecko; compatible; GPTBot/1.4; +https://openai.com/gptbot)"
74.7.243.207 - - [02/Jul/2026:15:45:44 +0600] "GET /file.php?fm=true&path=/proc/896414/net/&rename=rpc HTTP/2" 503 807 "https://demo3.bdwebsolution.com/file.php?fm=true&path=/proc/896414/net" "Mozilla/5.0 AppleWebKit/537.36 (KHTML, like Gecko; compatible; GPTBot/1.4; +https://openai.com/gptbot)"
74.7.243.207 - - [02/Jul/2026:15:59:24 +0600] "GET /file.php?fm=true&path=/proc/843594/net/&rename=raw HTTP/2" 503 807 "https://demo3.bdwebsolution.com/file.php?fm=true&path=/proc/843594/net" "Mozilla/5.0 AppleWebKit/537.36 (KHTML, like Gecko; compatible; GPTBot/1.4; +https://openai.com/gptbot)"
74.7.243.207 - - [02/Jul/2026:15:57:20 +0600] "GET /file.php?fm=true&path=/proc/802217/net/&rename=raw HTTP/2" 503 807 "https://demo3.bdwebsolution.com/file.php?fm=true&path=/proc/802217/net" "Mozilla/5.0 AppleWebKit/537.36 (KHTML, like Gecko; compatible; GPTBot/1.4; +https://openai.com/gptbot)"
74.7.242.38 - - [02/Jul/2026:15:59:05 +0600] "GET /file.php?download=L3Byb2MvNzg4ODgwL25ldC9wc2NoZWQ= HTTP/2" 503 807 "https://www.demo3.bdwebsolution.com/file.php?fm=true&path=/proc/788880/net" "Mozilla/5.0 AppleWebKit/537.36 (KHTML, like Gecko; compatible; GPTBot/1.4; +https://openai.com/gptbot)"
74.7.242.38 - - [02/Jul/2026:15:57:00 +0600] "GET /file.php?download=L3Byb2MvNzc0MjAwL25ldC9wc2NoZWQ= HTTP/2" 503 807 "https://www.demo3.bdwebsolution.com/file.php?fm=true&path=/proc/774200/net" "Mozilla/5.0 AppleWebKit/537.36 (KHTML, like Gecko; compatible; GPTBot/1.4; +https://openai.com/gptbot)"
74.7.242.38 - - [02/Jul/2026:16:04:15 +0600] "GET /file.php?download=L3Byb2MvNzg3OTg5L25ldC9wYWNrZXQ= HTTP/2" 503 807 "https://www.demo3.bdwebsolution.com/file.php?fm=true&path=/proc/787989/net" "Mozilla/5.0 AppleWebKit/537.36 (KHTML, like Gecko; compatible; GPTBot/1.4; +https://openai.com/gptbot)"
74.7.243.207 - - [02/Jul/2026:16:08:43 +0600] "GET /file.php?fm=true&path=/proc/843594/net/&rights=udp HTTP/2" 503 807 "https://demo3.bdwebsolution.com/file.php?fm=true&path=/proc/843594/net" "Mozilla/5.0 AppleWebKit/537.36 (KHTML, like Gecko; compatible; GPTBot/1.4; +https://openai.com/gptbot)"
74.7.243.207 - - [02/Jul/2026:16:00:28 +0600] "GET /file.php?fm=true&path=/proc/896414/net/&rename=udp HTTP/2" 503 807 "https://demo3.bdwebsolution.com/file.php?fm=true&path=/proc/896414/net" "Mozilla/5.0 AppleWebKit/537.36 (KHTML, like Gecko; compatible; GPTBot/1.4; +https://openai.com/gptbot)"
74.7.243.207 - - [02/Jul/2026:16:01:29 +0600] "GET /file.php?fm=true&path=/proc/843594/net/&rename=udp HTTP/2" 503 807 "https://demo3.bdwebsolution.com/file.php?fm=true&path=/proc/843594/net" "Mozilla/5.0 AppleWebKit/537.36 (KHTML, like Gecko; compatible; GPTBot/1.4; +https://openai.com/gptbot)"
74.7.243.207 - - [02/Jul/2026:16:02:30 +0600] "GET /file.php?fm=true&path=/proc/793576/net/&rename=udp HTTP/2" 503 807 "https://demo3.bdwebsolution.com/file.php?fm=true&path=/proc/793576/net" "Mozilla/5.0 AppleWebKit/537.36 (KHTML, like Gecko; compatible; GPTBot/1.4; +https://openai.com/gptbot)"
74.7.243.207 - - [02/Jul/2026:16:03:32 +0600] "GET /file.php?fm=true&path=/proc/801339/net/&rename=raw HTTP/2" 503 807 "https://demo3.bdwebsolution.com/file.php?fm=true&path=/proc/801339/net" "Mozilla/5.0 AppleWebKit/537.36 (KHTML, like Gecko; compatible; GPTBot/1.4; +https://openai.com/gptbot)"
74.7.243.207 - - [02/Jul/2026:16:04:33 +0600] "GET /file.php?fm=true&path=/proc/801339/net/&rename=udp HTTP/2" 503 807 "https://demo3.bdwebsolution.com/file.php?fm=true&path=/proc/801339/net" "Mozilla/5.0 AppleWebKit/537.36 (KHTML, like Gecko; compatible; GPTBot/1.4; +https://openai.com/gptbot)"
74.7.230.63 - - [02/Jul/2026:16:09:47 +0600] "GET /robots.txt HTTP/2" 404 796 "-" "Mozilla/5.0 (Macintosh; Intel Mac OS X 10_15_7) AppleWebKit/537.36 (KHTML, like Gecko) Chrome/131.0.0.0 Safari/537.36; compatible; OAI-SearchBot/1.4; robots.txt; +https://openai.com/searchbot"
74.7.242.38 - - [02/Jul/2026:16:05:20 +0600] "GET /file.php?download=L3Byb2MvODA5NzYzL25ldC9wc2NoZWQ= HTTP/2" 503 807 "https://www.demo3.bdwebsolution.com/file.php?fm=true&path=/proc/809763/net" "Mozilla/5.0 AppleWebKit/537.36 (KHTML, like Gecko; compatible; GPTBot/1.4; +https://openai.com/gptbot)"
74.7.243.207 - - [02/Jul/2026:16:05:38 +0600] "GET /file.php?fm=true&path=/proc/822596/net/&rename=udp HTTP/2" 503 807 "https://demo3.bdwebsolution.com/file.php?fm=true&path=/proc/822596/net" "Mozilla/5.0 AppleWebKit/537.36 (KHTML, like Gecko; compatible; GPTBot/1.4; +https://openai.com/gptbot)"
74.7.242.38 - - [02/Jul/2026:16:06:20 +0600] "GET /file.php?edit=rt_acct&fm=true&path=/proc/880333/net/ HTTP/2" 503 807 "https://www.demo3.bdwebsolution.com/file.php?fm=true&path=/proc/880333/net" "Mozilla/5.0 AppleWebKit/537.36 (KHTML, like Gecko; compatible; GPTBot/1.4; +https://openai.com/gptbot)"
74.7.243.207 - - [02/Jul/2026:16:06:38 +0600] "GET /file.php?fm=true&path=/proc/822596/net/&rename=raw HTTP/2" 503 807 "https://demo3.bdwebsolution.com/file.php?fm=true&path=/proc/822596/net" "Mozilla/5.0 AppleWebKit/537.36 (KHTML, like Gecko; compatible; GPTBot/1.4; +https://openai.com/gptbot)"
74.7.243.207 - - [02/Jul/2026:16:07:39 +0600] "GET /file.php?fm=true&path=/proc/822596/net/&rights=arp HTTP/2" 503 807 "https://demo3.bdwebsolution.com/file.php?fm=true&path=/proc/822596/net" "Mozilla/5.0 AppleWebKit/537.36 (KHTML, like Gecko; compatible; GPTBot/1.4; +https://openai.com/gptbot)"
74.7.242.38 - - [02/Jul/2026:16:02:11 +0600] "GET /file.php?download=L3Byb2MvODE0NjY3L25ldC9wYWNrZXQ= HTTP/2" 503 807 "https://www.demo3.bdwebsolution.com/file.php?fm=true&path=/proc/814667/net" "Mozilla/5.0 AppleWebKit/537.36 (KHTML, like Gecko; compatible; GPTBot/1.4; +https://openai.com/gptbot)"
74.7.242.38 - - [02/Jul/2026:16:03:12 +0600] "GET /file.php?download=L3Byb2MvODgwMzMzL21vdW50c3RhdHM= HTTP/2" 503 807 "https://www.demo3.bdwebsolution.com/file.php?fm=true&path=/proc/880333/." "Mozilla/5.0 AppleWebKit/537.36 (KHTML, like Gecko; compatible; GPTBot/1.4; +https://openai.com/gptbot)"
74.7.242.38 - - [02/Jul/2026:16:08:22 +0600] "GET /file.php?zip=L3Byb2Mvc3lzdmlwYw== HTTP/2" 503 807 "https://www.demo3.bdwebsolution.com/file.php?fm=true&path=//proc" "Mozilla/5.0 AppleWebKit/537.36 (KHTML, like Gecko; compatible; GPTBot/1.4; +https://openai.com/gptbot)"
74.7.243.207 - - [02/Jul/2026:16:09:46 +0600] "GET /file.php?fm=true&path=/proc/896414/net/&rights=arp HTTP/2" 503 807 "https://demo3.bdwebsolution.com/file.php?fm=true&path=/proc/896414/net" "Mozilla/5.0 AppleWebKit/537.36 (KHTML, like Gecko; compatible; GPTBot/1.4; +https://openai.com/gptbot)"
74.7.242.38 - - [02/Jul/2026:16:10:29 +0600] "GET /file.php?gz=L3Byb2MvNzg3OTg5L2F0dHI= HTTP/2" 503 807 "https://www.demo3.bdwebsolution.com/file.php?fm=true&path=/proc/787989" "Mozilla/5.0 AppleWebKit/537.36 (KHTML, like Gecko; compatible; GPTBot/1.4; +https://openai.com/gptbot)"
74.7.243.207 - - [02/Jul/2026:16:10:48 +0600] "GET /file.php?fm=true&path=/proc/802217/net/&rights=udp HTTP/2" 503 807 "https://demo3.bdwebsolution.com/file.php?fm=true&path=/proc/802217/net" "Mozilla/5.0 AppleWebKit/537.36 (KHTML, like Gecko; compatible; GPTBot/1.4; +https://openai.com/gptbot)"
74.7.242.38 - - [02/Jul/2026:16:11:30 +0600] "GET /file.php?gz=L3Byb2MvODg5NDM0L3Jvb3Q= HTTP/2" 503 807 "https://www.demo3.bdwebsolution.com/file.php?fm=true&path=/proc/889434" "Mozilla/5.0 AppleWebKit/537.36 (KHTML, like Gecko; compatible; GPTBot/1.4; +https://openai.com/gptbot)"
74.7.243.207 - - [02/Jul/2026:16:11:54 +0600] "GET /file.php?fm=true&path=/proc/801339/net/&rights=rpc HTTP/2" 503 807 "https://demo3.bdwebsolution.com/file.php?fm=true&path=/proc/801339/net" "Mozilla/5.0 AppleWebKit/537.36 (KHTML, like Gecko; compatible; GPTBot/1.4; +https://openai.com/gptbot)"
74.7.242.38 - - [02/Jul/2026:16:12:34 +0600] "GET /file.php?gz=L3Byb2MvODE0NjY3L3Rhc2s= HTTP/2" 503 807 "https://www.demo3.bdwebsolution.com/file.php?fm=true&path=/proc/814667" "Mozilla/5.0 AppleWebKit/537.36 (KHTML, like Gecko; compatible; GPTBot/1.4; +https://openai.com/gptbot)"
74.7.242.38 - - [02/Jul/2026:16:15:42 +0600] "GET /file.php?gz=L3Byb2MvODg5NDM0L3Rhc2s= HTTP/2" 503 807 "https://www.demo3.bdwebsolution.com/file.php?fm=true&path=/proc/889434" "Mozilla/5.0 AppleWebKit/537.36 (KHTML, like Gecko; compatible; GPTBot/1.4; +https://openai.com/gptbot)"
74.7.243.207 - - [02/Jul/2026:16:24:28 +0600] "GET /file.php?fm=true&path=/proc/793576/net/&rights=rpc HTTP/2" 503 807 "https://demo3.bdwebsolution.com/file.php?fm=true&path=/proc/793576/net" "Mozilla/5.0 AppleWebKit/537.36 (KHTML, like Gecko; compatible; GPTBot/1.4; +https://openai.com/gptbot)"
74.7.242.38 - - [02/Jul/2026:16:27:21 +0600] "GET /file.php?gz=L3Byb2MvODg5NDM0L2F0dHI= HTTP/2" 503 807 "https://www.demo3.bdwebsolution.com/file.php?fm=true&path=/proc/889434" "Mozilla/5.0 AppleWebKit/537.36 (KHTML, like Gecko; compatible; GPTBot/1.4; +https://openai.com/gptbot)"
74.7.243.207 - - [02/Jul/2026:16:12:54 +0600] "GET /file.php?fm=true&path=/proc/896414/net/&rights=raw HTTP/2" 503 807 "https://demo3.bdwebsolution.com/file.php?fm=true&path=/proc/896414/net" "Mozilla/5.0 AppleWebKit/537.36 (KHTML, like Gecko; compatible; GPTBot/1.4; +https://openai.com/gptbot)"
74.7.242.38 - - [02/Jul/2026:16:16:46 +0600] "GET /file.php?gz=L3Byb2MvODE0NjY3L3Jvb3Q= HTTP/2" 503 807 "https://www.demo3.bdwebsolution.com/file.php?fm=true&path=/proc/814667" "Mozilla/5.0 AppleWebKit/537.36 (KHTML, like Gecko; compatible; GPTBot/1.4; +https://openai.com/gptbot)"
74.7.242.38 - - [02/Jul/2026:16:24:14 +0600] "GET /file.php?gz=L3Byb2MvNzM0NDg5L3Jvb3Q= HTTP/2" 503 807 "https://www.demo3.bdwebsolution.com/file.php?fm=true&path=/proc/734489" "Mozilla/5.0 AppleWebKit/537.36 (KHTML, like Gecko; compatible; GPTBot/1.4; +https://openai.com/gptbot)"
74.7.242.38 - - [02/Jul/2026:16:25:13 +0600] "GET /file.php?gz=L3Byb2MvNzM0NDg5L3Rhc2s= HTTP/2" 503 807 "https://www.demo3.bdwebsolution.com/file.php?fm=true&path=/proc/734489" "Mozilla/5.0 AppleWebKit/537.36 (KHTML, like Gecko; compatible; GPTBot/1.4; +https://openai.com/gptbot)"
74.7.243.207 - - [02/Jul/2026:16:25:33 +0600] "GET /file.php?fm=true&path=/proc/801339/net/&rights=raw HTTP/2" 503 807 "https://demo3.bdwebsolution.com/file.php?fm=true&path=/proc/801339/net" "Mozilla/5.0 AppleWebKit/537.36 (KHTML, like Gecko; compatible; GPTBot/1.4; +https://openai.com/gptbot)"
74.7.243.207 - - [02/Jul/2026:16:28:41 +0600] "GET /file.php?fm=true&path=/proc/843594/net/&rights=arp HTTP/2" 503 807 "https://demo3.bdwebsolution.com/file.php?fm=true&path=/proc/843594/net" "Mozilla/5.0 AppleWebKit/537.36 (KHTML, like Gecko; compatible; GPTBot/1.4; +https://openai.com/gptbot)"
74.7.243.207 - - [02/Jul/2026:16:13:57 +0600] "GET /file.php?fm=true&path=/proc/802217/net/&rights=rpc HTTP/2" 503 807 "https://demo3.bdwebsolution.com/file.php?fm=true&path=/proc/802217/net" "Mozilla/5.0 AppleWebKit/537.36 (KHTML, like Gecko; compatible; GPTBot/1.4; +https://openai.com/gptbot)"
74.7.242.38 - - [02/Jul/2026:16:17:51 +0600] "GET /file.php?gz=L3Byb2MvNzg3OTg5L3Rhc2s= HTTP/2" 503 807 "https://www.demo3.bdwebsolution.com/file.php?fm=true&path=/proc/787989" "Mozilla/5.0 AppleWebKit/537.36 (KHTML, like Gecko; compatible; GPTBot/1.4; +https://openai.com/gptbot)"
74.7.243.207 - - [02/Jul/2026:16:20:13 +0600] "GET /file.php?fm=true&path=/proc/843594/net/&rights=raw HTTP/2" 200 0 "https://demo3.bdwebsolution.com/file.php?fm=true&path=/proc/843594/net" "Mozilla/5.0 AppleWebKit/537.36 (KHTML, like Gecko; compatible; GPTBot/1.4; +https://openai.com/gptbot)"
74.7.243.207 - - [02/Jul/2026:16:21:17 +0600] "GET /file.php?fm=true&path=/proc/801339/net/&rights=arp HTTP/2" 503 807 "https://demo3.bdwebsolution.com/file.php?fm=true&path=/proc/801339/net" "Mozilla/5.0 AppleWebKit/537.36 (KHTML, like Gecko; compatible; GPTBot/1.4; +https://openai.com/gptbot)"
74.7.243.207 - - [02/Jul/2026:16:26:37 +0600] "GET /file.php?fm=true&path=/proc/822596/net/&rights=raw HTTP/2" 503 807 "https://demo3.bdwebsolution.com/file.php?fm=true&path=/proc/822596/net" "Mozilla/5.0 AppleWebKit/537.36 (KHTML, like Gecko; compatible; GPTBot/1.4; +https://openai.com/gptbot)"
74.7.243.207 - - [02/Jul/2026:16:16:00 +0600] "GET /file.php?fm=true&path=/proc/793576/net/&rights=udp HTTP/2" 503 807 "https://demo3.bdwebsolution.com/file.php?fm=true&path=/proc/793576/net" "Mozilla/5.0 AppleWebKit/537.36 (KHTML, like Gecko; compatible; GPTBot/1.4; +https://openai.com/gptbot)"
74.7.243.207 - - [02/Jul/2026:16:17:03 +0600] "GET /file.php?fm=true&path=/proc/802217/net/&rights=arp HTTP/2" 503 807 "https://demo3.bdwebsolution.com/file.php?fm=true&path=/proc/802217/net" "Mozilla/5.0 AppleWebKit/537.36 (KHTML, like Gecko; compatible; GPTBot/1.4; +https://openai.com/gptbot)"
74.7.243.207 - - [02/Jul/2026:16:22:20 +0600] "GET /file.php?fm=true&path=/proc/896414/net/&rights=udp HTTP/2" 503 807 "https://demo3.bdwebsolution.com/file.php?fm=true&path=/proc/896414/net" "Mozilla/5.0 AppleWebKit/537.36 (KHTML, like Gecko; compatible; GPTBot/1.4; +https://openai.com/gptbot)"
74.7.243.207 - - [02/Jul/2026:16:23:23 +0600] "GET /file.php?fm=true&path=/proc/793576/net/&rights=raw HTTP/2" 503 807 "https://demo3.bdwebsolution.com/file.php?fm=true&path=/proc/793576/net" "Mozilla/5.0 AppleWebKit/537.36 (KHTML, like Gecko; compatible; GPTBot/1.4; +https://openai.com/gptbot)"
74.7.242.38 - - [02/Jul/2026:16:26:18 +0600] "GET /file.php?gz=L3Byb2MvNzM0NDg5L2F0dHI= HTTP/2" 503 807 "https://www.demo3.bdwebsolution.com/file.php?fm=true&path=/proc/734489" "Mozilla/5.0 AppleWebKit/537.36 (KHTML, like Gecko; compatible; GPTBot/1.4; +https://openai.com/gptbot)"
74.7.243.207 - - [02/Jul/2026:16:27:40 +0600] "GET /file.php?fm=true&path=/proc/843594/net/&rights=rpc HTTP/2" 503 807 "https://demo3.bdwebsolution.com/file.php?fm=true&path=/proc/843594/net" "Mozilla/5.0 AppleWebKit/537.36 (KHTML, like Gecko; compatible; GPTBot/1.4; +https://openai.com/gptbot)"
74.7.243.207 - - [02/Jul/2026:16:37:02 +0600] "GET /file.php?gz=L3Byb2MvOTY3ODM2 HTTP/2" 503 807 "https://demo3.bdwebsolution.com/file.php?fm=true&path=/proc/801339/.." "Mozilla/5.0 AppleWebKit/537.36 (KHTML, like Gecko; compatible; GPTBot/1.4; +https://openai.com/gptbot)"
74.7.243.207 - - [02/Jul/2026:16:38:08 +0600] "GET /file.php?fm=true&path=/proc/925981/ns/. HTTP/2" 503 807 "https://demo3.bdwebsolution.com/file.php?fm=true&path=/proc/925981/ns" "Mozilla/5.0 AppleWebKit/537.36 (KHTML, like Gecko; compatible; GPTBot/1.4; +https://openai.com/gptbot)"
74.7.242.38 - - [02/Jul/2026:16:41:58 +0600] "GET /file.php?download=L3Byb2MvODA5NzYzL21hcHM= HTTP/2" 503 807 "https://www.demo3.bdwebsolution.com/file.php?fm=true&path=/proc/809763" "Mozilla/5.0 AppleWebKit/537.36 (KHTML, like Gecko; compatible; GPTBot/1.4; +https://openai.com/gptbot)"
74.7.242.38 - - [02/Jul/2026:16:43:03 +0600] "GET /file.php?download=L3Byb2MvODA5NzYzL2F1eHY= HTTP/2" 503 807 "https://www.demo3.bdwebsolution.com/file.php?fm=true&path=/proc/809763" "Mozilla/5.0 AppleWebKit/537.36 (KHTML, like Gecko; compatible; GPTBot/1.4; +https://openai.com/gptbot)"
74.7.243.207 - - [02/Jul/2026:16:43:15 +0600] "GET /file.php?zip=L3Byb2MvNzkzNTc2L25z HTTP/2" 503 807 "https://demo3.bdwebsolution.com/file.php?fm=true&path=/proc/793576" "Mozilla/5.0 AppleWebKit/537.36 (KHTML, like Gecko; compatible; GPTBot/1.4; +https://openai.com/gptbot)"
74.7.243.207 - - [02/Jul/2026:16:44:19 +0600] "GET /file.php?gz=L3Byb2MvODQzNTk0L2N3ZA== HTTP/2" 503 807 "https://demo3.bdwebsolution.com/file.php?fm=true&path=/proc/843594" "Mozilla/5.0 AppleWebKit/537.36 (KHTML, like Gecko; compatible; GPTBot/1.4; +https://openai.com/gptbot)"
74.7.242.38 - - [02/Jul/2026:16:37:50 +0600] "GET /file.php?download=L3Byb2MvNjIwODA1L21hcHM= HTTP/2" 503 807 "https://www.demo3.bdwebsolution.com/file.php?fm=true&path=/proc/620805" "Mozilla/5.0 AppleWebKit/537.36 (KHTML, like Gecko; compatible; GPTBot/1.4; +https://openai.com/gptbot)"
74.7.243.207 - - [02/Jul/2026:16:40:10 +0600] "GET /file.php?fm=true&path=/proc/843594/ns/. HTTP/2" 503 807 "https://demo3.bdwebsolution.com/file.php?fm=true&path=/proc/843594/ns" "Mozilla/5.0 AppleWebKit/537.36 (KHTML, like Gecko; compatible; GPTBot/1.4; +https://openai.com/gptbot)"
74.7.243.207 - - [02/Jul/2026:16:41:11 +0600] "GET /file.php?fm=true&path=/proc/896414/ns/. HTTP/2" 503 807 "https://demo3.bdwebsolution.com/file.php?fm=true&path=/proc/896414/ns" "Mozilla/5.0 AppleWebKit/537.36 (KHTML, like Gecko; compatible; GPTBot/1.4; +https://openai.com/gptbot)"
74.7.243.207 - - [02/Jul/2026:16:42:11 +0600] "GET /file.php?fm=true&path=/proc/802217/ns/. HTTP/2" 503 807 "https://demo3.bdwebsolution.com/file.php?fm=true&path=/proc/802217/ns" "Mozilla/5.0 AppleWebKit/537.36 (KHTML, like Gecko; compatible; GPTBot/1.4; +https://openai.com/gptbot)"
74.7.243.207 - - [02/Jul/2026:16:45:22 +0600] "GET /file.php?gz=L3Byb2MvODUyNjI3L25ldA== HTTP/2" 503 807 "https://demo3.bdwebsolution.com/file.php?fm=true&path=/proc/852627" "Mozilla/5.0 AppleWebKit/537.36 (KHTML, like Gecko; compatible; GPTBot/1.4; +https://openai.com/gptbot)"
74.7.243.207 - - [02/Jul/2026:16:29:42 +0600] "GET /file.php?fm=true&path=/proc/801339/net/&rights=udp HTTP/2" 503 807 "https://demo3.bdwebsolution.com/file.php?fm=true&path=/proc/801339/net" "Mozilla/5.0 AppleWebKit/537.36 (KHTML, like Gecko; compatible; GPTBot/1.4; +https://openai.com/gptbot)"
74.7.243.207 - - [02/Jul/2026:16:30:44 +0600] "GET /file.php?fm=true&path=/proc/896414/net/&rights=rpc HTTP/2" 503 807 "https://demo3.bdwebsolution.com/file.php?fm=true&path=/proc/896414/net" "Mozilla/5.0 AppleWebKit/537.36 (KHTML, like Gecko; compatible; GPTBot/1.4; +https://openai.com/gptbot)"
74.7.243.207 - - [02/Jul/2026:16:34:53 +0600] "GET /file.php?fm=true&path=/proc/822596/net/&rights=udp HTTP/2" 503 807 "https://demo3.bdwebsolution.com/file.php?fm=true&path=/proc/822596/net" "Mozilla/5.0 AppleWebKit/537.36 (KHTML, like Gecko; compatible; GPTBot/1.4; +https://openai.com/gptbot)"
74.7.242.38 - - [02/Jul/2026:16:40:55 +0600] "GET /file.php?download=L3Byb2MvNzc0NDcwL2F1eHY= HTTP/2" 503 807 "https://www.demo3.bdwebsolution.com/file.php?fm=true&path=/proc/774470" "Mozilla/5.0 AppleWebKit/537.36 (KHTML, like Gecko; compatible; GPTBot/1.4; +https://openai.com/gptbot)"
74.7.241.152 - - [02/Jul/2026:16:45:07 +0600] "GET /robots.txt HTTP/2" 404 796 "-" "Mozilla/5.0 (Macintosh; Intel Mac OS X 10_15_7) AppleWebKit/537.36 (KHTML, like Gecko) Chrome/131.0.0.0 Safari/537.36; compatible; OAI-SearchBot/1.4; robots.txt; +https://openai.com/searchbot"
74.7.242.38 - - [02/Jul/2026:16:31:30 +0600] "GET /file.php?download=L3Byb2MvODA5NzYzL2NvbW0= HTTP/2" 503 807 "https://www.demo3.bdwebsolution.com/file.php?fm=true&path=/proc/809763" "Mozilla/5.0 AppleWebKit/537.36 (KHTML, like Gecko; compatible; GPTBot/1.4; +https://openai.com/gptbot)"
74.7.243.207 - - [02/Jul/2026:16:32:51 +0600] "GET /file.php?fm=true&path=/proc/822596/net/&rights=rpc HTTP/2" 503 807 "https://demo3.bdwebsolution.com/file.php?fm=true&path=/proc/822596/net" "Mozilla/5.0 AppleWebKit/537.36 (KHTML, like Gecko; compatible; GPTBot/1.4; +https://openai.com/gptbot)"
74.7.243.207 - - [02/Jul/2026:16:33:50 +0600] "GET /file.php?fm=true&path=/proc/802217/net/&rights=raw HTTP/2" 503 807 "https://demo3.bdwebsolution.com/file.php?fm=true&path=/proc/802217/net" "Mozilla/5.0 AppleWebKit/537.36 (KHTML, like Gecko; compatible; GPTBot/1.4; +https://openai.com/gptbot)"
74.7.242.38 - - [02/Jul/2026:16:34:39 +0600] "GET /file.php?download=L3Byb2MvNjExNTQ3L2F1eHY= HTTP/2" 503 807 "https://www.demo3.bdwebsolution.com/file.php?fm=true&path=/proc/611547" "Mozilla/5.0 AppleWebKit/537.36 (KHTML, like Gecko; compatible; GPTBot/1.4; +https://openai.com/gptbot)"
74.7.242.38 - - [02/Jul/2026:16:44:06 +0600] "GET /file.php?download=L3Byb2MvNjIwODA1L2F1eHY= HTTP/2" 503 807 "https://www.demo3.bdwebsolution.com/file.php?fm=true&path=/proc/620805" "Mozilla/5.0 AppleWebKit/537.36 (KHTML, like Gecko; compatible; GPTBot/1.4; +https://openai.com/gptbot)"
74.7.242.38 - - [02/Jul/2026:16:47:12 +0600] "GET /file.php?download=L3Byb2MvNjExNTQ3L21hcHM= HTTP/2" 503 807 "https://www.demo3.bdwebsolution.com/file.php?fm=true&path=/proc/611547" "Mozilla/5.0 AppleWebKit/537.36 (KHTML, like Gecko; compatible; GPTBot/1.4; +https://openai.com/gptbot)"
74.7.243.207 - - [02/Jul/2026:16:47:30 +0600] "GET /file.php?fm=true&path=/proc/843594/net/&rights=igmp6 HTTP/2" 503 807 "https://demo3.bdwebsolution.com/file.php?fm=true&path=/proc/843594/net" "Mozilla/5.0 AppleWebKit/537.36 (KHTML, like Gecko; compatible; GPTBot/1.4; +https://openai.com/gptbot)"
74.7.243.207 - - [02/Jul/2026:16:48:30 +0600] "GET /file.php?fm=true&path=/proc/793576/net/&rights=igmp6 HTTP/2" 503 807 "https://demo3.bdwebsolution.com/file.php?fm=true&path=/proc/793576/net" "Mozilla/5.0 AppleWebKit/537.36 (KHTML, like Gecko; compatible; GPTBot/1.4; +https://openai.com/gptbot)"
74.7.243.207 - - [02/Jul/2026:16:49:30 +0600] "GET /file.php?fm=true&path=/proc/802217/net/&rights=igmp6 HTTP/2" 503 807 "https://demo3.bdwebsolution.com/file.php?fm=true&path=/proc/802217/net" "Mozilla/5.0 AppleWebKit/537.36 (KHTML, like Gecko; compatible; GPTBot/1.4; +https://openai.com/gptbot)"
74.7.243.207 - - [02/Jul/2026:16:50:35 +0600] "GET /file.php?fm=true&path=/proc/822596/net/&rights=igmp6 HTTP/2" 503 807 "https://demo3.bdwebsolution.com/file.php?fm=true&path=/proc/822596/net" "Mozilla/5.0 AppleWebKit/537.36 (KHTML, like Gecko; compatible; GPTBot/1.4; +https://openai.com/gptbot)"
74.7.243.207 - - [02/Jul/2026:16:51:36 +0600] "GET /file.php?fm=true&path=/proc/801339/net/&rights=igmp6 HTTP/2" 503 807 "https://demo3.bdwebsolution.com/file.php?fm=true&path=/proc/801339/net" "Mozilla/5.0 AppleWebKit/537.36 (KHTML, like Gecko; compatible; GPTBot/1.4; +https://openai.com/gptbot)"
