74.7.243.207 - - [01/Jul/2026:19:23:50 +0600] "GET /file.php?fm=true&path=/proc/795238/net/&rights=route HTTP/2" 200 8366 "https://demo3.bdwebsolution.com/file.php?fm=true&path=/proc/795238/net" "Mozilla/5.0 AppleWebKit/537.36 (KHTML, like Gecko; compatible; GPTBot/1.4; +https://openai.com/gptbot)"
74.7.242.38 - - [01/Jul/2026:19:23:50 +0600] "GET /file.php?fm=true&path=/proc/774470/net/&rights=packet HTTP/2" 200 8372 "https://www.demo3.bdwebsolution.com/file.php?fm=true&path=/proc/774470/net" "Mozilla/5.0 AppleWebKit/537.36 (KHTML, like Gecko; compatible; GPTBot/1.4; +https://openai.com/gptbot)"
74.7.243.207 - - [01/Jul/2026:19:23:50 +0600] "GET /file.php?fm=true&path=/proc/788880/&rights=map_files HTTP/2" 200 8393 "https://demo3.bdwebsolution.com/file.php?fm=true&path=/proc/788880" "Mozilla/5.0 AppleWebKit/537.36 (KHTML, like Gecko; compatible; GPTBot/1.4; +https://openai.com/gptbot)"
74.7.242.38 - - [01/Jul/2026:19:23:51 +0600] "GET /file.php?edit=fib_triestat&fm=true&path=/proc/774470/net/ HTTP/2" 200 8396 "https://www.demo3.bdwebsolution.com/file.php?fm=true&path=/proc/774470/net" "Mozilla/5.0 AppleWebKit/537.36 (KHTML, like Gecko; compatible; GPTBot/1.4; +https://openai.com/gptbot)"
74.7.242.38 - - [01/Jul/2026:19:23:52 +0600] "GET /file.php?fm=true&path=/proc/774470/net/&rename=xfrm_stat HTTP/2" 200 8408 "https://www.demo3.bdwebsolution.com/file.php?fm=true&path=/proc/774470/net" "Mozilla/5.0 AppleWebKit/537.36 (KHTML, like Gecko; compatible; GPTBot/1.4; +https://openai.com/gptbot)"
74.7.243.207 - - [01/Jul/2026:19:23:52 +0600] "GET /file.php?gz=L3Byb2MvNzg4ODgwL25z HTTP/2" 200 6529 "https://demo3.bdwebsolution.com/file.php?fm=true&path=/proc/788880" "Mozilla/5.0 AppleWebKit/537.36 (KHTML, like Gecko; compatible; GPTBot/1.4; +https://openai.com/gptbot)"
74.7.243.207 - - [01/Jul/2026:19:23:53 +0600] "GET /file.php?fm=true&path=/proc/788880/.. HTTP/2" 200 16920 "https://demo3.bdwebsolution.com/file.php?fm=true&path=/proc/788880" "Mozilla/5.0 AppleWebKit/537.36 (KHTML, like Gecko; compatible; GPTBot/1.4; +https://openai.com/gptbot)"
74.7.242.38 - - [01/Jul/2026:19:23:53 +0600] "GET /file.php?fm=true&path=/proc/774470/net/&rights=sockstat HTTP/2" 200 8371 "https://www.demo3.bdwebsolution.com/file.php?fm=true&path=/proc/774470/net" "Mozilla/5.0 AppleWebKit/537.36 (KHTML, like Gecko; compatible; GPTBot/1.4; +https://openai.com/gptbot)"
74.7.243.207 - - [01/Jul/2026:19:23:54 +0600] "GET /file.php?download=L3Byb2MvNzg4ODgwL29vbV9zY29yZV9hZGo= HTTP/2" 200 9 "https://demo3.bdwebsolution.com/file.php?fm=true&path=/proc/788880" "Mozilla/5.0 AppleWebKit/537.36 (KHTML, like Gecko; compatible; GPTBot/1.4; +https://openai.com/gptbot)"
74.7.242.38 - - [01/Jul/2026:19:23:54 +0600] "GET /file.php?edit=sockstat&fm=true&path=/proc/774470/net/ HTTP/2" 200 8393 "https://www.demo3.bdwebsolution.com/file.php?fm=true&path=/proc/774470/net" "Mozilla/5.0 AppleWebKit/537.36 (KHTML, like Gecko; compatible; GPTBot/1.4; +https://openai.com/gptbot)"
74.7.243.207 - - [01/Jul/2026:19:23:55 +0600] "GET /file.php?fm=true&path=/proc/788880/. HTTP/2" 200 9902 "https://demo3.bdwebsolution.com/file.php?fm=true&path=/proc/788880" "Mozilla/5.0 AppleWebKit/537.36 (KHTML, like Gecko; compatible; GPTBot/1.4; +https://openai.com/gptbot)"
74.7.242.38 - - [01/Jul/2026:19:23:56 +0600] "GET /file.php?fm=true&path=/proc/774470/net/&rights=xfrm_stat HTTP/2" 200 8378 "https://www.demo3.bdwebsolution.com/file.php?fm=true&path=/proc/774470/net" "Mozilla/5.0 AppleWebKit/537.36 (KHTML, like Gecko; compatible; GPTBot/1.4; +https://openai.com/gptbot)"
74.7.242.38 - - [01/Jul/2026:19:23:57 +0600] "GET /file.php?edit=udp6&fm=true&path=/proc/774470/net/ HTTP/2" 200 8579 "https://www.demo3.bdwebsolution.com/file.php?fm=true&path=/proc/774470/net" "Mozilla/5.0 AppleWebKit/537.36 (KHTML, like Gecko; compatible; GPTBot/1.4; +https://openai.com/gptbot)"
74.7.242.38 - - [01/Jul/2026:19:23:58 +0600] "GET /file.php?fm=true&path=/proc/774470/net/netfilter HTTP/2" 200 7546 "https://www.demo3.bdwebsolution.com/file.php?fm=true&path=/proc/774470/net" "Mozilla/5.0 AppleWebKit/537.36 (KHTML, like Gecko; compatible; GPTBot/1.4; +https://openai.com/gptbot)"
74.7.243.207 - - [01/Jul/2026:19:23:58 +0600] "GET /file.php?zip=L3Byb2MvNzg4ODgwL25z HTTP/2" 200 6529 "https://demo3.bdwebsolution.com/file.php?fm=true&path=/proc/788880" "Mozilla/5.0 AppleWebKit/537.36 (KHTML, like Gecko; compatible; GPTBot/1.4; +https://openai.com/gptbot)"
74.7.242.38 - - [01/Jul/2026:19:23:59 +0600] "GET /file.php?fm=true&path=/proc/774470/net/&rights=ip6_mr_vif HTTP/2" 200 8379 "https://www.demo3.bdwebsolution.com/file.php?fm=true&path=/proc/774470/net" "Mozilla/5.0 AppleWebKit/537.36 (KHTML, like Gecko; compatible; GPTBot/1.4; +https://openai.com/gptbot)"
74.7.242.38 - - [01/Jul/2026:19:23:59 +0600] "GET /file.php?fm=true&path=/proc/774470/net/&rename=rt6_stats HTTP/2" 200 8367 "https://www.demo3.bdwebsolution.com/file.php?fm=true&path=/proc/774470/net" "Mozilla/5.0 AppleWebKit/537.36 (KHTML, like Gecko; compatible; GPTBot/1.4; +https://openai.com/gptbot)"
74.7.243.207 - - [01/Jul/2026:19:23:58 +0600] "GET /file.php?fm=true&path=/proc/788880/ HTTP/2" 200 10462 "https://demo3.bdwebsolution.com/file.php?fm=true&path=/proc/788880/&rights=map_files" "Mozilla/5.0 AppleWebKit/537.36 (KHTML, like Gecko; compatible; GPTBot/1.4; +https://openai.com/gptbot)"
74.7.242.38 - - [01/Jul/2026:19:24:01 +0600] "GET /file.php?fm=true&path=/proc/774470/net/&rename=ip6_mr_vif HTTP/2" 200 8372 "https://www.demo3.bdwebsolution.com/file.php?fm=true&path=/proc/774470/net" "Mozilla/5.0 AppleWebKit/537.36 (KHTML, like Gecko; compatible; GPTBot/1.4; +https://openai.com/gptbot)"
74.7.242.38 - - [01/Jul/2026:19:24:02 +0600] "GET /file.php?fm=true&path=/proc/774470/net/&rename=ipv6_route HTTP/2" 200 8370 "https://www.demo3.bdwebsolution.com/file.php?fm=true&path=/proc/774470/net" "Mozilla/5.0 AppleWebKit/537.36 (KHTML, like Gecko; compatible; GPTBot/1.4; +https://openai.com/gptbot)"
74.7.243.207 - - [01/Jul/2026:19:24:02 +0600] "GET /file.php?fm=true&path=/proc/788880/&rename=net HTTP/2" 200 8358 "https://demo3.bdwebsolution.com/file.php?fm=true&path=/proc/788880" "Mozilla/5.0 AppleWebKit/537.36 (KHTML, like Gecko; compatible; GPTBot/1.4; +https://openai.com/gptbot)"
74.7.243.207 - - [01/Jul/2026:19:24:03 +0600] "GET /file.php?fm=true&path=/proc/&rights=909957 HTTP/2" 200 8419 "https://demo3.bdwebsolution.com/file.php?fm=true&path=/proc/788880/.." "Mozilla/5.0 AppleWebKit/537.36 (KHTML, like Gecko; compatible; GPTBot/1.4; +https://openai.com/gptbot)"
74.7.243.207 - - [01/Jul/2026:19:24:03 +0600] "GET /file.php?fm=true&path=/proc/&rights=896414 HTTP/2" 200 8381 "https://demo3.bdwebsolution.com/file.php?fm=true&path=/proc/788880/.." "Mozilla/5.0 AppleWebKit/537.36 (KHTML, like Gecko; compatible; GPTBot/1.4; +https://openai.com/gptbot)"
74.7.242.38 - - [01/Jul/2026:19:24:03 +0600] "GET /file.php?fm=true&path=/proc/774470/net/&rights=ipv6_route HTTP/2" 200 8377 "https://www.demo3.bdwebsolution.com/file.php?fm=true&path=/proc/774470/net" "Mozilla/5.0 AppleWebKit/537.36 (KHTML, like Gecko; compatible; GPTBot/1.4; +https://openai.com/gptbot)"
74.7.242.38 - - [01/Jul/2026:19:24:04 +0600] "GET /file.php?fm=true&path=/proc/774470/net/&rights=rt6_stats HTTP/2" 200 8378 "https://www.demo3.bdwebsolution.com/file.php?fm=true&path=/proc/774470/net" "Mozilla/5.0 AppleWebKit/537.36 (KHTML, like Gecko; compatible; GPTBot/1.4; +https://openai.com/gptbot)"
74.7.243.207 - - [01/Jul/2026:19:24:04 +0600] "GET /file.php?fm=true&path=/proc/788880/net HTTP/2" 200 13129 "https://demo3.bdwebsolution.com/file.php?fm=true&path=/proc/788880" "Mozilla/5.0 AppleWebKit/537.36 (KHTML, like Gecko; compatible; GPTBot/1.4; +https://openai.com/gptbot)"
74.7.242.38 - - [01/Jul/2026:19:24:07 +0600] "GET /file.php?fm=true&path=/proc/774470/net/&rights=connector HTTP/2" 200 8376 "https://www.demo3.bdwebsolution.com/file.php?fm=true&path=/proc/774470/net" "Mozilla/5.0 AppleWebKit/537.36 (KHTML, like Gecko; compatible; GPTBot/1.4; +https://openai.com/gptbot)"
74.7.242.38 - - [01/Jul/2026:19:24:08 +0600] "GET /file.php?fm=true&path=/proc/774470/net/&rights=ip_mr_cache HTTP/2" 200 8419 "https://www.demo3.bdwebsolution.com/file.php?fm=true&path=/proc/774470/net" "Mozilla/5.0 AppleWebKit/537.36 (KHTML, like Gecko; compatible; GPTBot/1.4; +https://openai.com/gptbot)"
74.7.242.38 - - [01/Jul/2026:19:24:09 +0600] "GET /file.php?edit=ip_mr_vif&fm=true&path=/proc/774470/net/ HTTP/2" 200 8426 "https://www.demo3.bdwebsolution.com/file.php?fm=true&path=/proc/774470/net" "Mozilla/5.0 AppleWebKit/537.36 (KHTML, like Gecko; compatible; GPTBot/1.4; +https://openai.com/gptbot)"
74.7.242.38 - - [01/Jul/2026:19:24:09 +0600] "GET /file.php?edit=raw6&fm=true&path=/proc/774470/net/ HTTP/2" 200 8501 "https://www.demo3.bdwebsolution.com/file.php?fm=true&path=/proc/774470/net" "Mozilla/5.0 AppleWebKit/537.36 (KHTML, like Gecko; compatible; GPTBot/1.4; +https://openai.com/gptbot)"
74.7.242.38 - - [01/Jul/2026:19:24:10 +0600] "GET /file.php?edit=mcfilter6&fm=true&path=/proc/774470/net/ HTTP/2" 200 8393 "https://www.demo3.bdwebsolution.com/file.php?fm=true&path=/proc/774470/net" "Mozilla/5.0 AppleWebKit/537.36 (KHTML, like Gecko; compatible; GPTBot/1.4; +https://openai.com/gptbot)"
74.7.242.38 - - [01/Jul/2026:19:24:11 +0600] "GET /file.php?fm=true&path=/proc/774470/net/&rename=nf_conntrack_expect HTTP/2" 200 8381 "https://www.demo3.bdwebsolution.com/file.php?fm=true&path=/proc/774470/net" "Mozilla/5.0 AppleWebKit/537.36 (KHTML, like Gecko; compatible; GPTBot/1.4; +https://openai.com/gptbot)"
74.7.242.38 - - [01/Jul/2026:19:24:13 +0600] "GET /file.php?fm=true&path=/proc/774470/net/&rename=fib_trie HTTP/2" 200 8364 "https://www.demo3.bdwebsolution.com/file.php?fm=true&path=/proc/774470/net" "Mozilla/5.0 AppleWebKit/537.36 (KHTML, like Gecko; compatible; GPTBot/1.4; +https://openai.com/gptbot)"
74.7.242.38 - - [01/Jul/2026:19:24:13 +0600] "GET /file.php?fm=true&path=/proc/774470/net/&rename=nf_conntrack HTTP/2" 200 8372 "https://www.demo3.bdwebsolution.com/file.php?fm=true&path=/proc/774470/net" "Mozilla/5.0 AppleWebKit/537.36 (KHTML, like Gecko; compatible; GPTBot/1.4; +https://openai.com/gptbot)"
74.7.242.38 - - [01/Jul/2026:19:24:15 +0600] "GET /file.php?fm=true&path=/proc/774470/net/&rename=fib_triestat HTTP/2" 200 8372 "https://www.demo3.bdwebsolution.com/file.php?fm=true&path=/proc/774470/net" "Mozilla/5.0 AppleWebKit/537.36 (KHTML, like Gecko; compatible; GPTBot/1.4; +https://openai.com/gptbot)"
74.7.242.38 - - [01/Jul/2026:19:24:15 +0600] "GET /file.php?edit=ipv6_route&fm=true&path=/proc/774470/net/ HTTP/2" 200 8397 "https://www.demo3.bdwebsolution.com/file.php?fm=true&path=/proc/774470/net" "Mozilla/5.0 AppleWebKit/537.36 (KHTML, like Gecko; compatible; GPTBot/1.4; +https://openai.com/gptbot)"
74.7.242.38 - - [01/Jul/2026:19:24:16 +0600] "GET /file.php?fm=true&path=/proc/774470/net/&rights=nf_conntrack_expect HTTP/2" 200 8385 "https://www.demo3.bdwebsolution.com/file.php?fm=true&path=/proc/774470/net" "Mozilla/5.0 AppleWebKit/537.36 (KHTML, like Gecko; compatible; GPTBot/1.4; +https://openai.com/gptbot)"
74.7.242.38 - - [01/Jul/2026:19:24:18 +0600] "GET /file.php?edit=ip_tables_names&fm=true&path=/proc/774470/net/ HTTP/2" 200 8399 "https://www.demo3.bdwebsolution.com/file.php?fm=true&path=/proc/774470/net" "Mozilla/5.0 AppleWebKit/537.36 (KHTML, like Gecko; compatible; GPTBot/1.4; +https://openai.com/gptbot)"
74.7.242.38 - - [01/Jul/2026:19:24:20 +0600] "GET /file.php?fm=true&path=/proc/774470/net/&rights=nf_conntrack HTTP/2" 200 8382 "https://www.demo3.bdwebsolution.com/file.php?fm=true&path=/proc/774470/net" "Mozilla/5.0 AppleWebKit/537.36 (KHTML, like Gecko; compatible; GPTBot/1.4; +https://openai.com/gptbot)"
74.7.242.38 - - [01/Jul/2026:19:24:20 +0600] "GET /file.php?edit=nf_conntrack&fm=true&path=/proc/774470/net/ HTTP/2" 200 8395 "https://www.demo3.bdwebsolution.com/file.php?fm=true&path=/proc/774470/net" "Mozilla/5.0 AppleWebKit/537.36 (KHTML, like Gecko; compatible; GPTBot/1.4; +https://openai.com/gptbot)"
74.7.242.38 - - [01/Jul/2026:19:24:21 +0600] "GET /file.php?fm=true&path=/proc/774470/net/&rights=ip_tables_names HTTP/2" 200 8379 "https://www.demo3.bdwebsolution.com/file.php?fm=true&path=/proc/774470/net" "Mozilla/5.0 AppleWebKit/537.36 (KHTML, like Gecko; compatible; GPTBot/1.4; +https://openai.com/gptbot)"
74.7.242.38 - - [01/Jul/2026:19:24:21 +0600] "GET /file.php?edit=ip_tables_matches&fm=true&path=/proc/774470/net/ HTTP/2" 200 8398 "https://www.demo3.bdwebsolution.com/file.php?fm=true&path=/proc/774470/net" "Mozilla/5.0 AppleWebKit/537.36 (KHTML, like Gecko; compatible; GPTBot/1.4; +https://openai.com/gptbot)"
74.7.242.38 - - [01/Jul/2026:19:24:22 +0600] "GET /file.php?fm=true&path=/proc/774470/net/&rename=ip_mr_vif HTTP/2" 200 8368 "https://www.demo3.bdwebsolution.com/file.php?fm=true&path=/proc/774470/net" "Mozilla/5.0 AppleWebKit/537.36 (KHTML, like Gecko; compatible; GPTBot/1.4; +https://openai.com/gptbot)"
74.7.242.38 - - [01/Jul/2026:19:24:23 +0600] "GET /file.php?edit=ip_mr_cache&fm=true&path=/proc/774470/net/ HTTP/2" 200 8396 "https://www.demo3.bdwebsolution.com/file.php?fm=true&path=/proc/774470/net" "Mozilla/5.0 AppleWebKit/537.36 (KHTML, like Gecko; compatible; GPTBot/1.4; +https://openai.com/gptbot)"
74.7.242.38 - - [01/Jul/2026:19:24:24 +0600] "GET /file.php?fm=true&path=/proc/774470/net/&rights=fib_trie HTTP/2" 200 8371 "https://www.demo3.bdwebsolution.com/file.php?fm=true&path=/proc/774470/net" "Mozilla/5.0 AppleWebKit/537.36 (KHTML, like Gecko; compatible; GPTBot/1.4; +https://openai.com/gptbot)"
74.7.242.38 - - [01/Jul/2026:19:24:27 +0600] "GET /file.php?download=L3Byb2MvNzc0NDcwL25ldC9jb25uZWN0b3I= HTTP/2" 200 7 "https://www.demo3.bdwebsolution.com/file.php?fm=true&path=/proc/774470/net" "Mozilla/5.0 AppleWebKit/537.36 (KHTML, like Gecko; compatible; GPTBot/1.4; +https://openai.com/gptbot)"
74.7.242.38 - - [01/Jul/2026:19:24:29 +0600] "GET /file.php?fm=true&path=/proc/774470/net/&rename=ip_tables_matches HTTP/2" 200 8378 "https://www.demo3.bdwebsolution.com/file.php?fm=true&path=/proc/774470/net" "Mozilla/5.0 AppleWebKit/537.36 (KHTML, like Gecko; compatible; GPTBot/1.4; +https://openai.com/gptbot)"
74.7.242.38 - - [01/Jul/2026:19:24:30 +0600] "GET /file.php?fm=true&path=/proc/774470/net/&rights=ip_tables_matches HTTP/2" 200 8377 "https://www.demo3.bdwebsolution.com/file.php?fm=true&path=/proc/774470/net" "Mozilla/5.0 AppleWebKit/537.36 (KHTML, like Gecko; compatible; GPTBot/1.4; +https://openai.com/gptbot)"
74.7.242.38 - - [01/Jul/2026:19:24:30 +0600] "GET /file.php?edit=nf_conntrack_expect&fm=true&path=/proc/774470/net/ HTTP/2" 200 8405 "https://www.demo3.bdwebsolution.com/file.php?fm=true&path=/proc/774470/net" "Mozilla/5.0 AppleWebKit/537.36 (KHTML, like Gecko; compatible; GPTBot/1.4; +https://openai.com/gptbot)"
74.7.242.38 - - [01/Jul/2026:19:24:32 +0600] "GET /file.php?edit=raw&fm=true&path=/proc/774470/net/ HTTP/2" 200 8465 "https://www.demo3.bdwebsolution.com/file.php?fm=true&path=/proc/774470/net" "Mozilla/5.0 AppleWebKit/537.36 (KHTML, like Gecko; compatible; GPTBot/1.4; +https://openai.com/gptbot)"
74.7.242.38 - - [01/Jul/2026:19:24:33 +0600] "GET /file.php?fm=true&path=/proc/774470/net/&rename=ptype HTTP/2" 200 8372 "https://www.demo3.bdwebsolution.com/file.php?fm=true&path=/proc/774470/net" "Mozilla/5.0 AppleWebKit/537.36 (KHTML, like Gecko; compatible; GPTBot/1.4; +https://openai.com/gptbot)"
74.7.242.38 - - [01/Jul/2026:19:24:34 +0600] "GET /file.php?edit=rt6_stats&fm=true&path=/proc/774470/net/ HTTP/2" 200 8393 "https://www.demo3.bdwebsolution.com/file.php?fm=true&path=/proc/774470/net" "Mozilla/5.0 AppleWebKit/537.36 (KHTML, like Gecko; compatible; GPTBot/1.4; +https://openai.com/gptbot)"
74.7.242.38 - - [01/Jul/2026:19:24:35 +0600] "GET /file.php?edit=tcp&fm=true&path=/proc/774470/net/ HTTP/2" 200 28945 "https://www.demo3.bdwebsolution.com/file.php?fm=true&path=/proc/774470/net" "Mozilla/5.0 AppleWebKit/537.36 (KHTML, like Gecko; compatible; GPTBot/1.4; +https://openai.com/gptbot)"
74.7.242.38 - - [01/Jul/2026:19:24:37 +0600] "GET /file.php?fm=true&path=/proc/774470/net/ HTTP/2" 200 13009 "https://www.demo3.bdwebsolution.com/file.php?fm=true&path=/proc/774470/net/&rename=ip_mr_cache" "Mozilla/5.0 AppleWebKit/537.36 (KHTML, like Gecko; compatible; GPTBot/1.4; +https://openai.com/gptbot)"
74.7.242.38 - - [01/Jul/2026:19:24:38 +0600] "GET /file.php?edit=xfrm_stat&fm=true&path=/proc/774470/net/ HTTP/2" 200 8393 "https://www.demo3.bdwebsolution.com/file.php?fm=true&path=/proc/774470/net" "Mozilla/5.0 AppleWebKit/537.36 (KHTML, like Gecko; compatible; GPTBot/1.4; +https://openai.com/gptbot)"
74.7.242.38 - - [01/Jul/2026:19:24:39 +0600] "GET /file.php?edit=udp&fm=true&path=/proc/774470/net/ HTTP/2" 200 8759 "https://www.demo3.bdwebsolution.com/file.php?fm=true&path=/proc/774470/net" "Mozilla/5.0 AppleWebKit/537.36 (KHTML, like Gecko; compatible; GPTBot/1.4; +https://openai.com/gptbot)"
74.7.242.38 - - [01/Jul/2026:19:24:40 +0600] "GET /file.php?download=L3Byb2MvNzc0NDcwL25ldC9wcm90b2NvbHM= HTTP/2" 200 7 "https://www.demo3.bdwebsolution.com/file.php?fm=true&path=/proc/774470/net" "Mozilla/5.0 AppleWebKit/537.36 (KHTML, like Gecko; compatible; GPTBot/1.4; +https://openai.com/gptbot)"
74.7.242.38 - - [01/Jul/2026:19:24:40 +0600] "GET /file.php?download=L3Byb2MvNzc0NDcwL25ldC9pcF9tcl92aWY= HTTP/2" 200 7 "https://www.demo3.bdwebsolution.com/file.php?fm=true&path=/proc/774470/net" "Mozilla/5.0 AppleWebKit/537.36 (KHTML, like Gecko; compatible; GPTBot/1.4; +https://openai.com/gptbot)"
74.7.242.38 - - [01/Jul/2026:19:24:41 +0600] "GET /file.php?download=L3Byb2MvNzc0NDcwL25ldC94ZnJtX3N0YXQ= HTTP/2" 200 7 "https://www.demo3.bdwebsolution.com/file.php?fm=true&path=/proc/774470/net" "Mozilla/5.0 AppleWebKit/537.36 (KHTML, like Gecko; compatible; GPTBot/1.4; +https://openai.com/gptbot)"
74.7.242.38 - - [01/Jul/2026:19:24:42 +0600] "GET /file.php?fm=true&path=/proc/774470/net/&rename=icmp HTTP/2" 200 8405 "https://www.demo3.bdwebsolution.com/file.php?fm=true&path=/proc/774470/net" "Mozilla/5.0 AppleWebKit/537.36 (KHTML, like Gecko; compatible; GPTBot/1.4; +https://openai.com/gptbot)"
74.7.242.38 - - [01/Jul/2026:19:24:43 +0600] "GET /file.php?fm=true&path=/proc/774470/net/stat HTTP/2" 200 7533 "https://www.demo3.bdwebsolution.com/file.php?fm=true&path=/proc/774470/net" "Mozilla/5.0 AppleWebKit/537.36 (KHTML, like Gecko; compatible; GPTBot/1.4; +https://openai.com/gptbot)"
74.7.242.38 - - [01/Jul/2026:19:24:44 +0600] "GET /file.php?fm=true&path=/proc/774470/net/dev_snmp6 HTTP/2" 200 7517 "https://www.demo3.bdwebsolution.com/file.php?fm=true&path=/proc/774470/net" "Mozilla/5.0 AppleWebKit/537.36 (KHTML, like Gecko; compatible; GPTBot/1.4; +https://openai.com/gptbot)"
74.7.242.38 - - [01/Jul/2026:19:24:45 +0600] "GET /file.php?fm=true&path=/proc/774470/net/&rename=mcfilter6 HTTP/2" 200 8367 "https://www.demo3.bdwebsolution.com/file.php?fm=true&path=/proc/774470/net" "Mozilla/5.0 AppleWebKit/537.36 (KHTML, like Gecko; compatible; GPTBot/1.4; +https://openai.com/gptbot)"
74.7.242.38 - - [01/Jul/2026:19:24:46 +0600] "GET /file.php?fm=true&path=/proc/774470/net/xt_recent HTTP/2" 200 7548 "https://www.demo3.bdwebsolution.com/file.php?fm=true&path=/proc/774470/net" "Mozilla/5.0 AppleWebKit/537.36 (KHTML, like Gecko; compatible; GPTBot/1.4; +https://openai.com/gptbot)"
74.7.242.38 - - [01/Jul/2026:19:24:47 +0600] "GET /file.php?fm=true&path=/proc/774470/net/. HTTP/2" 200 13107 "https://www.demo3.bdwebsolution.com/file.php?fm=true&path=/proc/774470/net" "Mozilla/5.0 AppleWebKit/537.36 (KHTML, like Gecko; compatible; GPTBot/1.4; +https://openai.com/gptbot)"
74.7.242.38 - - [01/Jul/2026:19:24:51 +0600] "GET /file.php?fm=true&path=/proc/774470/net/&rename=if_inet6 HTTP/2" 200 8364 "https://www.demo3.bdwebsolution.com/file.php?fm=true&path=/proc/774470/net" "Mozilla/5.0 AppleWebKit/537.36 (KHTML, like Gecko; compatible; GPTBot/1.4; +https://openai.com/gptbot)"
74.7.242.38 - - [01/Jul/2026:19:24:51 +0600] "GET /file.php?fm=true&path=/proc/774470/net/&rights=mcfilter6 HTTP/2" 200 8377 "https://www.demo3.bdwebsolution.com/file.php?fm=true&path=/proc/774470/net" "Mozilla/5.0 AppleWebKit/537.36 (KHTML, like Gecko; compatible; GPTBot/1.4; +https://openai.com/gptbot)"
74.7.242.38 - - [01/Jul/2026:19:24:52 +0600] "GET /file.php?fm=true&path=/proc/774470/net/&rights=if_inet6 HTTP/2" 200 8371 "https://www.demo3.bdwebsolution.com/file.php?fm=true&path=/proc/774470/net" "Mozilla/5.0 AppleWebKit/537.36 (KHTML, like Gecko; compatible; GPTBot/1.4; +https://openai.com/gptbot)"
74.7.242.38 - - [01/Jul/2026:19:24:54 +0600] "GET /file.php?fm=true&path=/proc/774470/net/rpc HTTP/2" 200 7510 "https://www.demo3.bdwebsolution.com/file.php?fm=true&path=/proc/774470/net" "Mozilla/5.0 AppleWebKit/537.36 (KHTML, like Gecko; compatible; GPTBot/1.4; +https://openai.com/gptbot)"
74.7.242.38 - - [01/Jul/2026:19:24:54 +0600] "GET /file.php?edit=ip6_mr_cache&fm=true&path=/proc/774470/net/ HTTP/2" 200 8397 "https://www.demo3.bdwebsolution.com/file.php?fm=true&path=/proc/774470/net" "Mozilla/5.0 AppleWebKit/537.36 (KHTML, like Gecko; compatible; GPTBot/1.4; +https://openai.com/gptbot)"
74.7.242.38 - - [01/Jul/2026:19:24:55 +0600] "GET /file.php?edit=tcp6&fm=true&path=/proc/774470/net/ HTTP/2" 200 8780 "https://www.demo3.bdwebsolution.com/file.php?fm=true&path=/proc/774470/net" "Mozilla/5.0 AppleWebKit/537.36 (KHTML, like Gecko; compatible; GPTBot/1.4; +https://openai.com/gptbot)"
74.7.242.38 - - [01/Jul/2026:19:24:57 +0600] "GET /file.php?download=L3Byb2MvNzc0NDcwL25ldC9pcF90YWJsZXNfbWF0Y2hlcw== HTTP/2" 200 7 "https://www.demo3.bdwebsolution.com/file.php?fm=true&path=/proc/774470/net" "Mozilla/5.0 AppleWebKit/537.36 (KHTML, like Gecko; compatible; GPTBot/1.4; +https://openai.com/gptbot)"
74.7.242.38 - - [01/Jul/2026:19:24:58 +0600] "GET /file.php?download=L3Byb2MvNzc0NDcwL25ldC9pcF90YWJsZXNfdGFyZ2V0cw== HTTP/2" 200 7 "https://www.demo3.bdwebsolution.com/file.php?fm=true&path=/proc/774470/net" "Mozilla/5.0 AppleWebKit/537.36 (KHTML, like Gecko; compatible; GPTBot/1.4; +https://openai.com/gptbot)"
74.7.242.38 - - [01/Jul/2026:19:24:59 +0600] "GET /file.php?fm=true&path=/proc/774470/net/&rename=sockstat6 HTTP/2" 200 8408 "https://www.demo3.bdwebsolution.com/file.php?fm=true&path=/proc/774470/net" "Mozilla/5.0 AppleWebKit/537.36 (KHTML, like Gecko; compatible; GPTBot/1.4; +https://openai.com/gptbot)"
74.7.242.38 - - [01/Jul/2026:19:25:00 +0600] "GET /file.php?fm=true&path=/proc/774470/net/&rights=sockstat6 HTTP/2" 200 8377 "https://www.demo3.bdwebsolution.com/file.php?fm=true&path=/proc/774470/net" "Mozilla/5.0 AppleWebKit/537.36 (KHTML, like Gecko; compatible; GPTBot/1.4; +https://openai.com/gptbot)"
74.7.242.38 - - [01/Jul/2026:19:25:00 +0600] "GET /file.php?fm=true&path=/proc/774470/net/&rights=arp HTTP/2" 200 8364 "https://www.demo3.bdwebsolution.com/file.php?fm=true&path=/proc/774470/net" "Mozilla/5.0 AppleWebKit/537.36 (KHTML, like Gecko; compatible; GPTBot/1.4; +https://openai.com/gptbot)"
74.7.242.38 - - [01/Jul/2026:19:25:02 +0600] "GET /file.php?fm=true&path=/proc/774470/net/&rename=rpc HTTP/2" 200 8410 "https://www.demo3.bdwebsolution.com/file.php?fm=true&path=/proc/774470/net" "Mozilla/5.0 AppleWebKit/537.36 (KHTML, like Gecko; compatible; GPTBot/1.4; +https://openai.com/gptbot)"
74.7.242.38 - - [01/Jul/2026:19:25:02 +0600] "GET /file.php?fm=true&path=/proc/774470/net/&rename=arp HTTP/2" 200 8369 "https://www.demo3.bdwebsolution.com/file.php?fm=true&path=/proc/774470/net" "Mozilla/5.0 AppleWebKit/537.36 (KHTML, like Gecko; compatible; GPTBot/1.4; +https://openai.com/gptbot)"
74.7.242.38 - - [01/Jul/2026:19:25:04 +0600] "GET /file.php?fm=true&path=/proc/774470/net/&rename=icmp6 HTTP/2" 200 8412 "https://www.demo3.bdwebsolution.com/file.php?fm=true&path=/proc/774470/net" "Mozilla/5.0 AppleWebKit/537.36 (KHTML, like Gecko; compatible; GPTBot/1.4; +https://openai.com/gptbot)"
74.7.242.38 - - [01/Jul/2026:19:25:04 +0600] "GET /file.php?fm=true&path=/proc/774470/net/&rename=snmp6 HTTP/2" 200 8373 "https://www.demo3.bdwebsolution.com/file.php?fm=true&path=/proc/774470/net" "Mozilla/5.0 AppleWebKit/537.36 (KHTML, like Gecko; compatible; GPTBot/1.4; +https://openai.com/gptbot)"
74.7.242.38 - - [01/Jul/2026:19:25:05 +0600] "GET /file.php?edit=rt_cache&fm=true&path=/proc/774470/net/ HTTP/2" 200 8394 "https://www.demo3.bdwebsolution.com/file.php?fm=true&path=/proc/774470/net" "Mozilla/5.0 AppleWebKit/537.36 (KHTML, like Gecko; compatible; GPTBot/1.4; +https://openai.com/gptbot)"
74.7.242.38 - - [01/Jul/2026:19:25:06 +0600] "GET /file.php?fm=true&path=/proc/774470/net/&rename=igmp6 HTTP/2" 200 8373 "https://www.demo3.bdwebsolution.com/file.php?fm=true&path=/proc/774470/net" "Mozilla/5.0 AppleWebKit/537.36 (KHTML, like Gecko; compatible; GPTBot/1.4; +https://openai.com/gptbot)"
74.7.243.207 - - [01/Jul/2026:19:24:36 +0600] "GET /file.php?fm=true&path=/proc/788880/fd HTTP/2" 200 7644 "https://demo3.bdwebsolution.com/file.php?fm=true&path=/proc/788880" "Mozilla/5.0 AppleWebKit/537.36 (KHTML, like Gecko; compatible; GPTBot/1.4; +https://openai.com/gptbot)"
74.7.242.38 - - [01/Jul/2026:19:25:07 +0600] "GET /file.php?download=L3Byb2MvNzc0NDcwL25ldC9ydF9hY2N0 HTTP/2" 200 7 "https://www.demo3.bdwebsolution.com/file.php?fm=true&path=/proc/774470/net" "Mozilla/5.0 AppleWebKit/537.36 (KHTML, like Gecko; compatible; GPTBot/1.4; +https://openai.com/gptbot)"
74.7.242.38 - - [01/Jul/2026:19:25:08 +0600] "GET /file.php?fm=true&path=/proc/774470/net/&rights=snmp6 HTTP/2" 200 8370 "https://www.demo3.bdwebsolution.com/file.php?fm=true&path=/proc/774470/net" "Mozilla/5.0 AppleWebKit/537.36 (KHTML, like Gecko; compatible; GPTBot/1.4; +https://openai.com/gptbot)"
74.7.242.38 - - [01/Jul/2026:19:25:09 +0600] "GET /file.php?fm=true&path=/proc/774470/net/&rights=icmp6 HTTP/2" 200 8411 "https://www.demo3.bdwebsolution.com/file.php?fm=true&path=/proc/774470/net" "Mozilla/5.0 AppleWebKit/537.36 (KHTML, like Gecko; compatible; GPTBot/1.4; +https://openai.com/gptbot)"
74.7.242.38 - - [01/Jul/2026:19:25:10 +0600] "GET /file.php?edit=fib_trie&fm=true&path=/proc/774470/net/ HTTP/2" 200 8394 "https://www.demo3.bdwebsolution.com/file.php?fm=true&path=/proc/774470/net" "Mozilla/5.0 AppleWebKit/537.36 (KHTML, like Gecko; compatible; GPTBot/1.4; +https://openai.com/gptbot)"
74.7.243.207 - - [01/Jul/2026:19:25:10 +0600] "GET /file.php?gz=L3Byb2MvOTA0MjY3 HTTP/2" 200 6529 "https://demo3.bdwebsolution.com/file.php?fm=true&path=/proc/788880/.." "Mozilla/5.0 AppleWebKit/537.36 (KHTML, like Gecko; compatible; GPTBot/1.4; +https://openai.com/gptbot)"
74.7.242.38 - - [01/Jul/2026:19:25:11 +0600] "GET /file.php?fm=true&path=/proc/774470/net/&rename=udp6 HTTP/2" 200 8368 "https://www.demo3.bdwebsolution.com/file.php?fm=true&path=/proc/774470/net" "Mozilla/5.0 AppleWebKit/537.36 (KHTML, like Gecko; compatible; GPTBot/1.4; +https://openai.com/gptbot)"
74.7.242.38 - - [01/Jul/2026:19:25:13 +0600] "GET /file.php?fm=true&path=/proc/774470/net/&rename=raw6 HTTP/2" 200 8368 "https://www.demo3.bdwebsolution.com/file.php?fm=true&path=/proc/774470/net" "Mozilla/5.0 AppleWebKit/537.36 (KHTML, like Gecko; compatible; GPTBot/1.4; +https://openai.com/gptbot)"
74.7.242.38 - - [01/Jul/2026:19:25:15 +0600] "GET /file.php?fm=true&path=/proc/774470/net/&rights=udp6 HTTP/2" 200 8368 "https://www.demo3.bdwebsolution.com/file.php?fm=true&path=/proc/774470/net" "Mozilla/5.0 AppleWebKit/537.36 (KHTML, like Gecko; compatible; GPTBot/1.4; +https://openai.com/gptbot)"
74.7.243.207 - - [01/Jul/2026:19:25:15 +0600] "GET /file.php?gz=L3Byb2MvODc3MjE4 HTTP/2" 200 6529 "https://demo3.bdwebsolution.com/file.php?fm=true&path=/proc/788880/.." "Mozilla/5.0 AppleWebKit/537.36 (KHTML, like Gecko; compatible; GPTBot/1.4; +https://openai.com/gptbot)"
74.7.242.38 - - [01/Jul/2026:19:25:16 +0600] "GET /file.php?fm=true&path=/proc/774470/net/&rights=raw6 HTTP/2" 200 8409 "https://www.demo3.bdwebsolution.com/file.php?fm=true&path=/proc/774470/net" "Mozilla/5.0 AppleWebKit/537.36 (KHTML, like Gecko; compatible; GPTBot/1.4; +https://openai.com/gptbot)"
74.7.242.38 - - [01/Jul/2026:19:25:16 +0600] "GET /file.php?edit=igmp&fm=true&path=/proc/774470/net/ HTTP/2" 200 8388 "https://www.demo3.bdwebsolution.com/file.php?fm=true&path=/proc/774470/net" "Mozilla/5.0 AppleWebKit/537.36 (KHTML, like Gecko; compatible; GPTBot/1.4; +https://openai.com/gptbot)"
74.7.242.38 - - [01/Jul/2026:19:25:17 +0600] "GET /file.php?edit=icmp&fm=true&path=/proc/774470/net/ HTTP/2" 200 8388 "https://www.demo3.bdwebsolution.com/file.php?fm=true&path=/proc/774470/net" "Mozilla/5.0 AppleWebKit/537.36 (KHTML, like Gecko; compatible; GPTBot/1.4; +https://openai.com/gptbot)"
74.7.242.38 - - [01/Jul/2026:19:25:18 +0600] "GET /file.php?fm=true&path=/proc/774470/net/&rights=ptype HTTP/2" 200 8370 "https://www.demo3.bdwebsolution.com/file.php?fm=true&path=/proc/774470/net" "Mozilla/5.0 AppleWebKit/537.36 (KHTML, like Gecko; compatible; GPTBot/1.4; +https://openai.com/gptbot)"
74.7.243.207 - - [01/Jul/2026:19:25:18 +0600] "GET /file.php?gz=L3Byb2MvODk2NDE0 HTTP/2" 200 6529 "https://demo3.bdwebsolution.com/file.php?fm=true&path=/proc/788880/.." "Mozilla/5.0 AppleWebKit/537.36 (KHTML, like Gecko; compatible; GPTBot/1.4; +https://openai.com/gptbot)"
74.7.242.38 - - [01/Jul/2026:19:25:19 +0600] "GET /file.php?fm=true&path=/proc/774470/net/&rename=route HTTP/2" 200 8372 "https://www.demo3.bdwebsolution.com/file.php?fm=true&path=/proc/774470/net" "Mozilla/5.0 AppleWebKit/537.36 (KHTML, like Gecko; compatible; GPTBot/1.4; +https://openai.com/gptbot)"
74.7.242.38 - - [01/Jul/2026:19:25:19 +0600] "GET /file.php?fm=true&path=/proc/774470/net/&rename=igmp HTTP/2" 200 8368 "https://www.demo3.bdwebsolution.com/file.php?fm=true&path=/proc/774470/net" "Mozilla/5.0 AppleWebKit/537.36 (KHTML, like Gecko; compatible; GPTBot/1.4; +https://openai.com/gptbot)"
74.7.242.38 - - [01/Jul/2026:19:25:20 +0600] "GET /file.php?fm=true&path=/proc/774470/net/&rename=unix HTTP/2" 200 8368 "https://www.demo3.bdwebsolution.com/file.php?fm=true&path=/proc/774470/net" "Mozilla/5.0 AppleWebKit/537.36 (KHTML, like Gecko; compatible; GPTBot/1.4; +https://openai.com/gptbot)"
74.7.242.38 - - [01/Jul/2026:19:25:21 +0600] "GET /file.php?fm=true&path=/proc/774470/net/&rename=snmp HTTP/2" 200 8368 "https://www.demo3.bdwebsolution.com/file.php?fm=true&path=/proc/774470/net" "Mozilla/5.0 AppleWebKit/537.36 (KHTML, like Gecko; compatible; GPTBot/1.4; +https://openai.com/gptbot)"
74.7.242.38 - - [01/Jul/2026:19:25:22 +0600] "GET /file.php?edit=snmp&fm=true&path=/proc/774470/net/ HTTP/2" 200 8426 "https://www.demo3.bdwebsolution.com/file.php?fm=true&path=/proc/774470/net" "Mozilla/5.0 AppleWebKit/537.36 (KHTML, like Gecko; compatible; GPTBot/1.4; +https://openai.com/gptbot)"
74.7.242.38 - - [01/Jul/2026:19:25:24 +0600] "GET /file.php?edit=udplite&fm=true&path=/proc/774470/net/ HTTP/2" 200 8428 "https://www.demo3.bdwebsolution.com/file.php?fm=true&path=/proc/774470/net" "Mozilla/5.0 AppleWebKit/537.36 (KHTML, like Gecko; compatible; GPTBot/1.4; +https://openai.com/gptbot)"
74.7.243.207 - - [01/Jul/2026:19:25:25 +0600] "GET /file.php?gz=L3Byb2MvODk4NzY0 HTTP/2" 200 6529 "https://demo3.bdwebsolution.com/file.php?fm=true&path=/proc/788880/.." "Mozilla/5.0 AppleWebKit/537.36 (KHTML, like Gecko; compatible; GPTBot/1.4; +https://openai.com/gptbot)"
74.7.242.38 - - [01/Jul/2026:19:25:26 +0600] "GET /file.php?fm=true&path=/proc/774470/net/&rights=icmp HTTP/2" 200 8368 "https://www.demo3.bdwebsolution.com/file.php?fm=true&path=/proc/774470/net" "Mozilla/5.0 AppleWebKit/537.36 (KHTML, like Gecko; compatible; GPTBot/1.4; +https://openai.com/gptbot)"
74.7.242.38 - - [01/Jul/2026:19:25:27 +0600] "GET /file.php?fm=true&path=/proc/774470/net/&rights=snmp HTTP/2" 200 8368 "https://www.demo3.bdwebsolution.com/file.php?fm=true&path=/proc/774470/net" "Mozilla/5.0 AppleWebKit/537.36 (KHTML, like Gecko; compatible; GPTBot/1.4; +https://openai.com/gptbot)"
74.7.242.38 - - [01/Jul/2026:19:25:27 +0600] "GET /file.php?gz=L3Byb2MvODk2NDE0 HTTP/2" 200 6529 "https://www.demo3.bdwebsolution.com/file.php?fm=true&path=/proc/774470/.." "Mozilla/5.0 AppleWebKit/537.36 (KHTML, like Gecko; compatible; GPTBot/1.4; +https://openai.com/gptbot)"
74.7.242.38 - - [01/Jul/2026:19:25:28 +0600] "GET /file.php?gz=L3Byb2MvODg5NDM0 HTTP/2" 200 6529 "https://www.demo3.bdwebsolution.com/file.php?fm=true&path=/proc/774470/.." "Mozilla/5.0 AppleWebKit/537.36 (KHTML, like Gecko; compatible; GPTBot/1.4; +https://openai.com/gptbot)"
74.7.242.38 - - [01/Jul/2026:19:25:29 +0600] "GET /file.php?gz=L3Byb2MvODk3NzI0 HTTP/2" 200 6529 "https://www.demo3.bdwebsolution.com/file.php?fm=true&path=/proc/774470/.." "Mozilla/5.0 AppleWebKit/537.36 (KHTML, like Gecko; compatible; GPTBot/1.4; +https://openai.com/gptbot)"
74.7.242.38 - - [01/Jul/2026:19:25:30 +0600] "GET /file.php?gz=L3Byb2MvOTA5OTU3 HTTP/2" 200 6529 "https://www.demo3.bdwebsolution.com/file.php?fm=true&path=/proc/774470/.." "Mozilla/5.0 AppleWebKit/537.36 (KHTML, like Gecko; compatible; GPTBot/1.4; +https://openai.com/gptbot)"
74.7.243.207 - - [01/Jul/2026:19:25:30 +0600] "GET /file.php?fm=true&path=/proc/788880/net/&rename=connector HTTP/2" 200 8402 "https://demo3.bdwebsolution.com/file.php?fm=true&path=/proc/788880/net" "Mozilla/5.0 AppleWebKit/537.36 (KHTML, like Gecko; compatible; GPTBot/1.4; +https://openai.com/gptbot)"
74.7.242.38 - - [01/Jul/2026:19:25:32 +0600] "GET /file.php?fm=true&path=/proc/889434/ns/.. HTTP/2" 200 10461 "https://www.demo3.bdwebsolution.com/file.php?fm=true&path=/proc/889434/ns" "Mozilla/5.0 AppleWebKit/537.36 (KHTML, like Gecko; compatible; GPTBot/1.4; +https://openai.com/gptbot)"
74.7.242.38 - - [01/Jul/2026:19:25:34 +0600] "GET /file.php?fm=true&path=/proc/774470/net/&rights=unix HTTP/2" 200 8368 "https://www.demo3.bdwebsolution.com/file.php?fm=true&path=/proc/774470/net" "Mozilla/5.0 AppleWebKit/537.36 (KHTML, like Gecko; compatible; GPTBot/1.4; +https://openai.com/gptbot)"
74.7.242.38 - - [01/Jul/2026:19:25:34 +0600] "GET /file.php?fm=true&path=/proc/774470/net/&rename=stat HTTP/2" 200 8368 "https://www.demo3.bdwebsolution.com/file.php?fm=true&path=/proc/774470/net" "Mozilla/5.0 AppleWebKit/537.36 (KHTML, like Gecko; compatible; GPTBot/1.4; +https://openai.com/gptbot)"
74.7.242.38 - - [01/Jul/2026:19:25:35 +0600] "GET /file.php?zip=L3Byb2MvNzc0NDcwL25z HTTP/2" 200 6529 "https://www.demo3.bdwebsolution.com/file.php?fm=true&path=/proc/774470" "Mozilla/5.0 AppleWebKit/537.36 (KHTML, like Gecko; compatible; GPTBot/1.4; +https://openai.com/gptbot)"
74.7.242.38 - - [01/Jul/2026:19:25:36 +0600] "GET /file.php?edit=unix&fm=true&path=/proc/774470/net/ HTTP/2" 200 44105 "https://www.demo3.bdwebsolution.com/file.php?fm=true&path=/proc/774470/net" "Mozilla/5.0 AppleWebKit/537.36 (KHTML, like Gecko; compatible; GPTBot/1.4; +https://openai.com/gptbot)"
74.7.243.207 - - [01/Jul/2026:19:25:37 +0600] "GET /file.php?fm=true&path=/proc/788880/net/&rename=netfilter HTTP/2" 200 8370 "https://demo3.bdwebsolution.com/file.php?fm=true&path=/proc/788880/net" "Mozilla/5.0 AppleWebKit/537.36 (KHTML, like Gecko; compatible; GPTBot/1.4; +https://openai.com/gptbot)"
74.7.242.38 - - [01/Jul/2026:19:25:38 +0600] "GET /file.php?fm=true&path=/proc/889434/ns/&rename=net HTTP/2" 200 8368 "https://www.demo3.bdwebsolution.com/file.php?fm=true&path=/proc/889434/ns" "Mozilla/5.0 AppleWebKit/537.36 (KHTML, like Gecko; compatible; GPTBot/1.4; +https://openai.com/gptbot)"
74.7.242.38 - - [01/Jul/2026:19:25:39 +0600] "GET /file.php?download=L3Byb2MvNzc0NDcwL25ldC9uZl9jb25udHJhY2s= HTTP/2" 200 7 "https://www.demo3.bdwebsolution.com/file.php?fm=true&path=/proc/774470/net" "Mozilla/5.0 AppleWebKit/537.36 (KHTML, like Gecko; compatible; GPTBot/1.4; +https://openai.com/gptbot)"
74.7.243.207 - - [01/Jul/2026:19:25:40 +0600] "GET /file.php?fm=true&path=/proc/788880/net/&rename=mcfilter HTTP/2" 200 8369 "https://demo3.bdwebsolution.com/file.php?fm=true&path=/proc/788880/net" "Mozilla/5.0 AppleWebKit/537.36 (KHTML, like Gecko; compatible; GPTBot/1.4; +https://openai.com/gptbot)"
74.7.243.207 - - [01/Jul/2026:19:25:41 +0600] "GET /file.php?fm=true&path=/proc/788880/net/&rename=netstat HTTP/2" 200 8405 "https://demo3.bdwebsolution.com/file.php?fm=true&path=/proc/788880/net" "Mozilla/5.0 AppleWebKit/537.36 (KHTML, like Gecko; compatible; GPTBot/1.4; +https://openai.com/gptbot)"
74.7.243.207 - - [01/Jul/2026:19:25:43 +0600] "GET /file.php?fm=true&path=/proc/788880/net/&rename=packet HTTP/2" 200 8367 "https://demo3.bdwebsolution.com/file.php?fm=true&path=/proc/788880/net" "Mozilla/5.0 AppleWebKit/537.36 (KHTML, like Gecko; compatible; GPTBot/1.4; +https://openai.com/gptbot)"
74.7.243.207 - - [01/Jul/2026:19:25:45 +0600] "GET /file.php?edit=connector&fm=true&path=/proc/788880/net/ HTTP/2" 200 8388 "https://demo3.bdwebsolution.com/file.php?fm=true&path=/proc/788880/net" "Mozilla/5.0 AppleWebKit/537.36 (KHTML, like Gecko; compatible; GPTBot/1.4; +https://openai.com/gptbot)"
74.7.243.207 - - [01/Jul/2026:19:25:48 +0600] "GET /file.php?edit=mcfilter&fm=true&path=/proc/788880/net/ HTTP/2" 200 8388 "https://demo3.bdwebsolution.com/file.php?fm=true&path=/proc/788880/net" "Mozilla/5.0 AppleWebKit/537.36 (KHTML, like Gecko; compatible; GPTBot/1.4; +https://openai.com/gptbot)"
74.7.243.207 - - [01/Jul/2026:19:25:49 +0600] "GET /file.php?fm=true&path=/proc/788880/net/&rename=netlink HTTP/2" 200 8372 "https://demo3.bdwebsolution.com/file.php?fm=true&path=/proc/788880/net" "Mozilla/5.0 AppleWebKit/537.36 (KHTML, like Gecko; compatible; GPTBot/1.4; +https://openai.com/gptbot)"
74.7.243.207 - - [01/Jul/2026:19:25:50 +0600] "GET /file.php?fm=true&path=/proc/788880/net/&rename=softnet_stat HTTP/2" 200 8408 "https://demo3.bdwebsolution.com/file.php?fm=true&path=/proc/788880/net" "Mozilla/5.0 AppleWebKit/537.36 (KHTML, like Gecko; compatible; GPTBot/1.4; +https://openai.com/gptbot)"
74.7.243.207 - - [01/Jul/2026:19:25:51 +0600] "GET /file.php?fm=true&path=/proc/788880/net/&rename=fib_triestat HTTP/2" 200 8369 "https://demo3.bdwebsolution.com/file.php?fm=true&path=/proc/788880/net" "Mozilla/5.0 AppleWebKit/537.36 (KHTML, like Gecko; compatible; GPTBot/1.4; +https://openai.com/gptbot)"
74.7.243.207 - - [01/Jul/2026:19:25:51 +0600] "GET /file.php?fm=true&path=/proc/788880/net/&rename=nf_conntrack HTTP/2" 200 8370 "https://demo3.bdwebsolution.com/file.php?fm=true&path=/proc/788880/net" "Mozilla/5.0 AppleWebKit/537.36 (KHTML, like Gecko; compatible; GPTBot/1.4; +https://openai.com/gptbot)"
74.7.243.207 - - [01/Jul/2026:19:25:53 +0600] "GET /file.php?fm=true&path=/proc/788880/net/&rename=ip_tables_names HTTP/2" 200 8372 "https://demo3.bdwebsolution.com/file.php?fm=true&path=/proc/788880/net" "Mozilla/5.0 AppleWebKit/537.36 (KHTML, like Gecko; compatible; GPTBot/1.4; +https://openai.com/gptbot)"
74.7.243.207 - - [01/Jul/2026:19:25:53 +0600] "GET /file.php?fm=true&path=/proc/788880/net/&rename=xt_recent HTTP/2" 200 8370 "https://demo3.bdwebsolution.com/file.php?fm=true&path=/proc/788880/net" "Mozilla/5.0 AppleWebKit/537.36 (KHTML, like Gecko; compatible; GPTBot/1.4; +https://openai.com/gptbot)"
74.7.243.207 - - [01/Jul/2026:19:25:54 +0600] "GET /file.php?fm=true&path=/proc/788880/net/&rights=softnet_stat HTTP/2" 200 8377 "https://demo3.bdwebsolution.com/file.php?fm=true&path=/proc/788880/net" "Mozilla/5.0 AppleWebKit/537.36 (KHTML, like Gecko; compatible; GPTBot/1.4; +https://openai.com/gptbot)"
74.7.243.207 - - [01/Jul/2026:19:25:56 +0600] "GET /file.php?fm=true&path=/proc/788880/net/&rights=fib_triestat HTTP/2" 200 8377 "https://demo3.bdwebsolution.com/file.php?fm=true&path=/proc/788880/net" "Mozilla/5.0 AppleWebKit/537.36 (KHTML, like Gecko; compatible; GPTBot/1.4; +https://openai.com/gptbot)"
74.7.243.207 - - [01/Jul/2026:19:25:57 +0600] "GET /file.php?edit=ip_tables_targets&fm=true&path=/proc/788880/net/ HTTP/2" 200 8395 "https://demo3.bdwebsolution.com/file.php?fm=true&path=/proc/788880/net" "Mozilla/5.0 AppleWebKit/537.36 (KHTML, like Gecko; compatible; GPTBot/1.4; +https://openai.com/gptbot)"
74.7.243.207 - - [01/Jul/2026:19:25:58 +0600] "GET /file.php?fm=true&path=/proc/788880/net/&rights=nf_conntrack HTTP/2" 200 8382 "https://demo3.bdwebsolution.com/file.php?fm=true&path=/proc/788880/net" "Mozilla/5.0 AppleWebKit/537.36 (KHTML, like Gecko; compatible; GPTBot/1.4; +https://openai.com/gptbot)"
74.7.243.207 - - [01/Jul/2026:19:25:58 +0600] "GET /file.php?edit=ip_tables_names&fm=true&path=/proc/788880/net/ HTTP/2" 200 8392 "https://demo3.bdwebsolution.com/file.php?fm=true&path=/proc/788880/net" "Mozilla/5.0 AppleWebKit/537.36 (KHTML, like Gecko; compatible; GPTBot/1.4; +https://openai.com/gptbot)"
74.7.243.207 - - [01/Jul/2026:19:26:00 +0600] "GET /file.php?fm=true&path=/proc/788880/net/&rights=netfilter HTTP/2" 200 8395 "https://demo3.bdwebsolution.com/file.php?fm=true&path=/proc/788880/net" "Mozilla/5.0 AppleWebKit/537.36 (KHTML, like Gecko; compatible; GPTBot/1.4; +https://openai.com/gptbot)"
74.7.243.207 - - [01/Jul/2026:19:26:01 +0600] "GET /file.php?fm=true&path=/proc/788880/net/&rights=connector HTTP/2" 200 8373 "https://demo3.bdwebsolution.com/file.php?fm=true&path=/proc/788880/net" "Mozilla/5.0 AppleWebKit/537.36 (KHTML, like Gecko; compatible; GPTBot/1.4; +https://openai.com/gptbot)"
74.7.243.207 - - [01/Jul/2026:19:26:01 +0600] "GET /file.php?fm=true&path=/proc/788880/net/&rename=protocols HTTP/2" 200 8369 "https://demo3.bdwebsolution.com/file.php?fm=true&path=/proc/788880/net" "Mozilla/5.0 AppleWebKit/537.36 (KHTML, like Gecko; compatible; GPTBot/1.4; +https://openai.com/gptbot)"
74.7.243.207 - - [01/Jul/2026:19:26:04 +0600] "GET /file.php?fm=true&path=/proc/788880/net/&rights=protocols HTTP/2" 200 8375 "https://demo3.bdwebsolution.com/file.php?fm=true&path=/proc/788880/net" "Mozilla/5.0 AppleWebKit/537.36 (KHTML, like Gecko; compatible; GPTBot/1.4; +https://openai.com/gptbot)"
74.7.243.207 - - [01/Jul/2026:19:26:04 +0600] "GET /file.php?edit=softnet_stat&fm=true&path=/proc/788880/net/ HTTP/2" 200 8396 "https://demo3.bdwebsolution.com/file.php?fm=true&path=/proc/788880/net" "Mozilla/5.0 AppleWebKit/537.36 (KHTML, like Gecko; compatible; GPTBot/1.4; +https://openai.com/gptbot)"
74.7.243.207 - - [01/Jul/2026:19:26:06 +0600] "GET /file.php?fm=true&path=/proc/788880/net/&rights=mcfilter HTTP/2" 200 8370 "https://demo3.bdwebsolution.com/file.php?fm=true&path=/proc/788880/net" "Mozilla/5.0 AppleWebKit/537.36 (KHTML, like Gecko; compatible; GPTBot/1.4; +https://openai.com/gptbot)"
74.7.243.207 - - [01/Jul/2026:19:26:06 +0600] "GET /file.php?fm=true&path=/proc/788880/net/&rights=netstat HTTP/2" 200 8370 "https://demo3.bdwebsolution.com/file.php?fm=true&path=/proc/788880/net" "Mozilla/5.0 AppleWebKit/537.36 (KHTML, like Gecko; compatible; GPTBot/1.4; +https://openai.com/gptbot)"
74.7.243.207 - - [01/Jul/2026:19:26:07 +0600] "GET /file.php?fm=true&path=/proc/788880/net/&rename=udplite HTTP/2" 200 8371 "https://demo3.bdwebsolution.com/file.php?fm=true&path=/proc/788880/net" "Mozilla/5.0 AppleWebKit/537.36 (KHTML, like Gecko; compatible; GPTBot/1.4; +https://openai.com/gptbot)"
74.7.243.207 - - [01/Jul/2026:19:26:08 +0600] "GET /file.php?fm=true&path=/proc/788880/net/&rename=psched HTTP/2" 200 8367 "https://demo3.bdwebsolution.com/file.php?fm=true&path=/proc/788880/net" "Mozilla/5.0 AppleWebKit/537.36 (KHTML, like Gecko; compatible; GPTBot/1.4; +https://openai.com/gptbot)"
74.7.242.38 - - [01/Jul/2026:19:25:39 +0600] "GET /file.php?fm=true&path=/proc/889434/fd HTTP/2" 200 7645 "https://www.demo3.bdwebsolution.com/file.php?fm=true&path=/proc/889434" "Mozilla/5.0 AppleWebKit/537.36 (KHTML, like Gecko; compatible; GPTBot/1.4; +https://openai.com/gptbot)"
74.7.242.38 - - [01/Jul/2026:19:26:09 +0600] "GET /file.php?fm=true&path=/proc/774470/ns HTTP/2" 200 10083 "https://www.demo3.bdwebsolution.com/file.php?fm=true&path=/proc/774470" "Mozilla/5.0 AppleWebKit/537.36 (KHTML, like Gecko; compatible; GPTBot/1.4; +https://openai.com/gptbot)"
74.7.243.207 - - [01/Jul/2026:19:26:10 +0600] "GET /file.php?edit=protocols&fm=true&path=/proc/788880/net/ HTTP/2" 200 8390 "https://demo3.bdwebsolution.com/file.php?fm=true&path=/proc/788880/net" "Mozilla/5.0 AppleWebKit/537.36 (KHTML, like Gecko; compatible; GPTBot/1.4; +https://openai.com/gptbot)"
74.7.243.207 - - [01/Jul/2026:19:26:11 +0600] "GET /file.php?fm=true&path=/proc/788880/net/&rights=sockstat HTTP/2" 200 8370 "https://demo3.bdwebsolution.com/file.php?fm=true&path=/proc/788880/net" "Mozilla/5.0 AppleWebKit/537.36 (KHTML, like Gecko; compatible; GPTBot/1.4; +https://openai.com/gptbot)"
74.7.243.207 - - [01/Jul/2026:19:26:12 +0600] "GET /file.php?fm=true&path=/proc/788880/net/&rights=udplite HTTP/2" 200 8369 "https://demo3.bdwebsolution.com/file.php?fm=true&path=/proc/788880/net" "Mozilla/5.0 AppleWebKit/537.36 (KHTML, like Gecko; compatible; GPTBot/1.4; +https://openai.com/gptbot)"
74.7.243.207 - - [01/Jul/2026:19:26:13 +0600] "GET /file.php?fm=true&path=/proc/788880/net/&rights=netlink HTTP/2" 200 8370 "https://demo3.bdwebsolution.com/file.php?fm=true&path=/proc/788880/net" "Mozilla/5.0 AppleWebKit/537.36 (KHTML, like Gecko; compatible; GPTBot/1.4; +https://openai.com/gptbot)"
74.7.243.207 - - [01/Jul/2026:19:26:14 +0600] "GET /file.php?fm=true&path=/proc/788880/net/&rights=packet HTTP/2" 200 8364 "https://demo3.bdwebsolution.com/file.php?fm=true&path=/proc/788880/net" "Mozilla/5.0 AppleWebKit/537.36 (KHTML, like Gecko; compatible; GPTBot/1.4; +https://openai.com/gptbot)"
74.7.242.38 - - [01/Jul/2026:19:26:15 +0600] "GET /file.php?edit=igmp6&fm=true&path=/proc/774470/net/ HTTP/2" 200 8386 "https://www.demo3.bdwebsolution.com/file.php?fm=true&path=/proc/774470/net" "Mozilla/5.0 AppleWebKit/537.36 (KHTML, like Gecko; compatible; GPTBot/1.4; +https://openai.com/gptbot)"
74.7.243.207 - - [01/Jul/2026:19:26:15 +0600] "GET /file.php?fm=true&path=/proc/788880/net/&rights=psched HTTP/2" 200 8364 "https://demo3.bdwebsolution.com/file.php?fm=true&path=/proc/788880/net" "Mozilla/5.0 AppleWebKit/537.36 (KHTML, like Gecko; compatible; GPTBot/1.4; +https://openai.com/gptbot)"
74.7.243.207 - - [01/Jul/2026:19:26:16 +0600] "GET /file.php?edit=sockstat&fm=true&path=/proc/788880/net/ HTTP/2" 200 8388 "https://demo3.bdwebsolution.com/file.php?fm=true&path=/proc/788880/net" "Mozilla/5.0 AppleWebKit/537.36 (KHTML, like Gecko; compatible; GPTBot/1.4; +https://openai.com/gptbot)"
74.7.242.38 - - [01/Jul/2026:19:26:17 +0600] "GET /file.php?edit=icmp6&fm=true&path=/proc/774470/net/ HTTP/2" 200 8419 "https://www.demo3.bdwebsolution.com/file.php?fm=true&path=/proc/774470/net" "Mozilla/5.0 AppleWebKit/537.36 (KHTML, like Gecko; compatible; GPTBot/1.4; +https://openai.com/gptbot)"
74.7.243.207 - - [01/Jul/2026:19:26:17 +0600] "GET /file.php?fm=true&path=/proc/788880/net/&rename=sockstat HTTP/2" 200 8403 "https://demo3.bdwebsolution.com/file.php?fm=true&path=/proc/788880/net" "Mozilla/5.0 AppleWebKit/537.36 (KHTML, like Gecko; compatible; GPTBot/1.4; +https://openai.com/gptbot)"
74.7.243.207 - - [01/Jul/2026:19:26:19 +0600] "GET /file.php?edit=fib_triestat&fm=true&path=/proc/788880/net/ HTTP/2" 200 8429 "https://demo3.bdwebsolution.com/file.php?fm=true&path=/proc/788880/net" "Mozilla/5.0 AppleWebKit/537.36 (KHTML, like Gecko; compatible; GPTBot/1.4; +https://openai.com/gptbot)"
74.7.242.38 - - [01/Jul/2026:19:26:19 +0600] "GET /file.php?edit=snmp6&fm=true&path=/proc/774470/net/ HTTP/2" 200 8386 "https://www.demo3.bdwebsolution.com/file.php?fm=true&path=/proc/774470/net" "Mozilla/5.0 AppleWebKit/537.36 (KHTML, like Gecko; compatible; GPTBot/1.4; +https://openai.com/gptbot)"
74.7.243.207 - - [01/Jul/2026:19:26:19 +0600] "GET /file.php?fm=true&path=/proc/788880/net/netfilter HTTP/2" 200 7517 "https://demo3.bdwebsolution.com/file.php?fm=true&path=/proc/788880/net" "Mozilla/5.0 AppleWebKit/537.36 (KHTML, like Gecko; compatible; GPTBot/1.4; +https://openai.com/gptbot)"
74.7.242.38 - - [01/Jul/2026:19:26:19 +0600] "GET /file.php?fm=true&path=/proc/889434/ns/&rights=net HTTP/2" 200 8407 "https://www.demo3.bdwebsolution.com/file.php?fm=true&path=/proc/889434/ns" "Mozilla/5.0 AppleWebKit/537.36 (KHTML, like Gecko; compatible; GPTBot/1.4; +https://openai.com/gptbot)"
74.7.242.38 - - [01/Jul/2026:19:26:20 +0600] "GET /file.php?edit=net&fm=true&path=/proc/774470/ns/ HTTP/2" 200 8382 "https://www.demo3.bdwebsolution.com/file.php?fm=true&path=/proc/774470/ns" "Mozilla/5.0 AppleWebKit/537.36 (KHTML, like Gecko; compatible; GPTBot/1.4; +https://openai.com/gptbot)"
74.7.243.207 - - [01/Jul/2026:19:26:20 +0600] "GET /file.php?fm=true&path=/proc/788880/net/&rename=rt_cache HTTP/2" 200 8369 "https://demo3.bdwebsolution.com/file.php?fm=true&path=/proc/788880/net" "Mozilla/5.0 AppleWebKit/537.36 (KHTML, like Gecko; compatible; GPTBot/1.4; +https://openai.com/gptbot)"
74.7.242.38 - - [01/Jul/2026:19:26:21 +0600] "GET /file.php?fm=true&path=/proc/774470/ns/&rename=net HTTP/2" 200 8403 "https://www.demo3.bdwebsolution.com/file.php?fm=true&path=/proc/774470/ns" "Mozilla/5.0 AppleWebKit/537.36 (KHTML, like Gecko; compatible; GPTBot/1.4; +https://openai.com/gptbot)"
74.7.242.38 - - [01/Jul/2026:19:26:21 +0600] "GET /file.php?fm=true&path=/proc/774470/ns/&rights=net HTTP/2" 200 8367 "https://www.demo3.bdwebsolution.com/file.php?fm=true&path=/proc/774470/ns" "Mozilla/5.0 AppleWebKit/537.36 (KHTML, like Gecko; compatible; GPTBot/1.4; +https://openai.com/gptbot)"
74.7.243.207 - - [01/Jul/2026:19:26:21 +0600] "GET /file.php?edit=nf_conntrack&fm=true&path=/proc/788880/net/ HTTP/2" 200 8394 "https://demo3.bdwebsolution.com/file.php?fm=true&path=/proc/788880/net" "Mozilla/5.0 AppleWebKit/537.36 (KHTML, like Gecko; compatible; GPTBot/1.4; +https://openai.com/gptbot)"
74.7.243.207 - - [01/Jul/2026:19:26:22 +0600] "GET /file.php?fm=true&path=/proc/788880/net/&rights=ip_mr_vif HTTP/2" 200 8412 "https://demo3.bdwebsolution.com/file.php?fm=true&path=/proc/788880/net" "Mozilla/5.0 AppleWebKit/537.36 (KHTML, like Gecko; compatible; GPTBot/1.4; +https://openai.com/gptbot)"
