74.7.243.207 - - [01/Jul/2026:19:34:21 +0600] "GET /file.php?fm=true&path=/proc/795238/net/&rights=igmp HTTP/2" 200 8367 "https://demo3.bdwebsolution.com/file.php?fm=true&path=/proc/795238/net" "Mozilla/5.0 AppleWebKit/537.36 (KHTML, like Gecko; compatible; GPTBot/1.4; +https://openai.com/gptbot)"
74.7.243.207 - - [01/Jul/2026:19:34:21 +0600] "GET /file.php?edit=psched&fm=true&path=/proc/795238/net/ HTTP/2" 200 8387 "https://demo3.bdwebsolution.com/file.php?fm=true&path=/proc/795238/net" "Mozilla/5.0 AppleWebKit/537.36 (KHTML, like Gecko; compatible; GPTBot/1.4; +https://openai.com/gptbot)"
74.7.242.38 - - [01/Jul/2026:19:34:21 +0600] "GET /file.php?edit=packet&fm=true&path=/proc/774470/net/ HTTP/2" 200 8392 "https://www.demo3.bdwebsolution.com/file.php?fm=true&path=/proc/774470/net" "Mozilla/5.0 AppleWebKit/537.36 (KHTML, like Gecko; compatible; GPTBot/1.4; +https://openai.com/gptbot)"
74.7.243.207 - - [01/Jul/2026:19:34:22 +0600] "GET /file.php?edit=packet&fm=true&path=/proc/795238/net/ HTTP/2" 200 8420 "https://demo3.bdwebsolution.com/file.php?fm=true&path=/proc/795238/net" "Mozilla/5.0 AppleWebKit/537.36 (KHTML, like Gecko; compatible; GPTBot/1.4; +https://openai.com/gptbot)"
74.7.243.207 - - [01/Jul/2026:19:34:22 +0600] "GET /file.php?edit=psched&fm=true&path=/proc/841206/net/ HTTP/2" 200 8387 "https://demo3.bdwebsolution.com/file.php?fm=true&path=/proc/841206/net" "Mozilla/5.0 AppleWebKit/537.36 (KHTML, like Gecko; compatible; GPTBot/1.4; +https://openai.com/gptbot)"
74.7.243.207 - - [01/Jul/2026:19:34:23 +0600] "GET /file.php?download=L3Byb2MvODgwMzMzL25zL3BpZF9mb3JfY2hpbGRyZW4= HTTP/2" 200 7 "https://demo3.bdwebsolution.com/file.php?fm=true&path=/proc/880333/ns" "Mozilla/5.0 AppleWebKit/537.36 (KHTML, like Gecko; compatible; GPTBot/1.4; +https://openai.com/gptbot)"
74.7.243.207 - - [01/Jul/2026:19:34:25 +0600] "GET /file.php?fm=true&path=/proc/788880/net/&rename=snmp6 HTTP/2" 200 8406 "https://demo3.bdwebsolution.com/file.php?fm=true&path=/proc/788880/net" "Mozilla/5.0 AppleWebKit/537.36 (KHTML, like Gecko; compatible; GPTBot/1.4; +https://openai.com/gptbot)"
74.7.243.207 - - [01/Jul/2026:19:34:25 +0600] "GET /file.php?fm=true&path=/proc/788880/net/&rename=igmp6 HTTP/2" 200 8407 "https://demo3.bdwebsolution.com/file.php?fm=true&path=/proc/788880/net" "Mozilla/5.0 AppleWebKit/537.36 (KHTML, like Gecko; compatible; GPTBot/1.4; +https://openai.com/gptbot)"
74.7.243.207 - - [01/Jul/2026:19:34:26 +0600] "GET /file.php?fm=true&path=/proc/880333/ns/ HTTP/2" 200 10047 "https://demo3.bdwebsolution.com/file.php?edit=net&fm=true&path=/proc/880333/ns/" "Mozilla/5.0 AppleWebKit/537.36 (KHTML, like Gecko; compatible; GPTBot/1.4; +https://openai.com/gptbot)"
74.7.243.207 - - [01/Jul/2026:19:34:27 +0600] "GET /file.php?fm=true&path=/proc/787989/&rights=loginuid HTTP/2" 200 8366 "https://demo3.bdwebsolution.com/file.php?fm=true&path=/proc/787989" "Mozilla/5.0 AppleWebKit/537.36 (KHTML, like Gecko; compatible; GPTBot/1.4; +https://openai.com/gptbot)"
74.7.242.38 - - [01/Jul/2026:19:34:26 +0600] "GET /file.php?fm=true&path=/proc/788880 HTTP/2" 200 9881 "https://www.demo3.bdwebsolution.com/file.php?fm=true&path=/proc/663247/.." "Mozilla/5.0 AppleWebKit/537.36 (KHTML, like Gecko; compatible; GPTBot/1.4; +https://openai.com/gptbot)"
74.7.243.207 - - [01/Jul/2026:19:34:28 +0600] "GET /file.php?fm=true&path=/proc/787989/ns/.. HTTP/2" 200 9889 "https://demo3.bdwebsolution.com/file.php?fm=true&path=/proc/787989/ns" "Mozilla/5.0 AppleWebKit/537.36 (KHTML, like Gecko; compatible; GPTBot/1.4; +https://openai.com/gptbot)"
74.7.242.38 - - [01/Jul/2026:19:34:28 +0600] "GET /file.php?fm=true&path=/proc/774470/ns/ HTTP/2" 200 10095 "https://www.demo3.bdwebsolution.com/file.php?edit=net&fm=true&path=/proc/774470/ns/" "Mozilla/5.0 AppleWebKit/537.36 (KHTML, like Gecko; compatible; GPTBot/1.4; +https://openai.com/gptbot)"
74.7.242.38 - - [01/Jul/2026:19:34:29 +0600] "GET /file.php?zip=L3Byb2MvODc4OTE5 HTTP/2" 200 6529 "https://www.demo3.bdwebsolution.com/file.php?fm=true&path=/proc/787989/.." "Mozilla/5.0 AppleWebKit/537.36 (KHTML, like Gecko; compatible; GPTBot/1.4; +https://openai.com/gptbot)"
74.7.243.207 - - [01/Jul/2026:19:34:30 +0600] "GET /file.php?download=L3Byb2MvNjYwODE1L21vdW50c3RhdHM= HTTP/2" 200 7 "https://demo3.bdwebsolution.com/file.php?fm=true&path=/proc/660815" "Mozilla/5.0 AppleWebKit/537.36 (KHTML, like Gecko; compatible; GPTBot/1.4; +https://openai.com/gptbot)"
74.7.242.38 - - [01/Jul/2026:19:34:30 +0600] "GET /file.php?zip=L3Byb2MvODE0NjY3 HTTP/2" 200 6502 "https://www.demo3.bdwebsolution.com/file.php?fm=true&path=/proc/809763/.." "Mozilla/5.0 AppleWebKit/537.36 (KHTML, like Gecko; compatible; GPTBot/1.4; +https://openai.com/gptbot)"
74.7.242.38 - - [01/Jul/2026:19:34:31 +0600] "GET /file.php?zip=L3Byb2MvODk4NzY0 HTTP/2" 200 6502 "https://www.demo3.bdwebsolution.com/file.php?fm=true&path=/proc/774470/.." "Mozilla/5.0 AppleWebKit/537.36 (KHTML, like Gecko; compatible; GPTBot/1.4; +https://openai.com/gptbot)"
74.7.242.38 - - [01/Jul/2026:19:34:31 +0600] "GET /file.php?zip=L3Byb2MvODc4NjU4 HTTP/2" 200 6529 "https://www.demo3.bdwebsolution.com/file.php?fm=true&path=/proc/787989/.." "Mozilla/5.0 AppleWebKit/537.36 (KHTML, like Gecko; compatible; GPTBot/1.4; +https://openai.com/gptbot)"
74.7.243.207 - - [01/Jul/2026:19:34:32 +0600] "GET /file.php?download=L3Byb2MvNjYzMjQ3L21vdW50c3RhdHM= HTTP/2" 200 7 "https://demo3.bdwebsolution.com/file.php?fm=true&path=/proc/663247" "Mozilla/5.0 AppleWebKit/537.36 (KHTML, like Gecko; compatible; GPTBot/1.4; +https://openai.com/gptbot)"
74.7.242.38 - - [01/Jul/2026:19:34:32 +0600] "GET /file.php?zip=L3Byb2MvODc4NjQ5 HTTP/2" 200 6502 "https://www.demo3.bdwebsolution.com/file.php?fm=true&path=/proc/787989/.." "Mozilla/5.0 AppleWebKit/537.36 (KHTML, like Gecko; compatible; GPTBot/1.4; +https://openai.com/gptbot)"
74.7.243.207 - - [01/Jul/2026:19:34:32 +0600] "GET /file.php?download=L3Byb2MvNzk1MjM4L25ldC9wc2NoZWQ= HTTP/2" 200 7 "https://demo3.bdwebsolution.com/file.php?fm=true&path=/proc/795238/net" "Mozilla/5.0 AppleWebKit/537.36 (KHTML, like Gecko; compatible; GPTBot/1.4; +https://openai.com/gptbot)"
74.7.242.38 - - [01/Jul/2026:19:34:33 +0600] "GET /file.php?gzfile=L3Byb2MvNzg4ODgwL2lv HTTP/2" 200 6529 "https://www.demo3.bdwebsolution.com/file.php?fm=true&path=/proc/788880" "Mozilla/5.0 AppleWebKit/537.36 (KHTML, like Gecko; compatible; GPTBot/1.4; +https://openai.com/gptbot)"
74.7.243.207 - - [01/Jul/2026:19:34:33 +0600] "GET /file.php?download=L3Byb2MvODQxMjA2L21vdW50c3RhdHM= HTTP/2" 200 1048 "https://demo3.bdwebsolution.com/file.php?fm=true&path=/proc/841206" "Mozilla/5.0 AppleWebKit/537.36 (KHTML, like Gecko; compatible; GPTBot/1.4; +https://openai.com/gptbot)"
74.7.243.207 - - [01/Jul/2026:19:34:34 +0600] "GET /file.php?download=L3Byb2MvNzg4ODgwL21vdW50c3RhdHM= HTTP/2" 200 1048 "https://demo3.bdwebsolution.com/file.php?fm=true&path=/proc/788880" "Mozilla/5.0 AppleWebKit/537.36 (KHTML, like Gecko; compatible; GPTBot/1.4; +https://openai.com/gptbot)"
74.7.243.207 - - [01/Jul/2026:19:34:34 +0600] "GET /file.php?download=L3Byb2MvNjIwODA1L21vdW50c3RhdHM= HTTP/2" 200 7 "https://demo3.bdwebsolution.com/file.php?fm=true&path=/proc/620805" "Mozilla/5.0 AppleWebKit/537.36 (KHTML, like Gecko; compatible; GPTBot/1.4; +https://openai.com/gptbot)"
74.7.242.38 - - [01/Jul/2026:19:34:34 +0600] "GET /file.php?gz=L3Byb2MvNzg4ODgwL25z HTTP/2" 200 6529 "https://www.demo3.bdwebsolution.com/file.php?fm=true&path=/proc/788880" "Mozilla/5.0 AppleWebKit/537.36 (KHTML, like Gecko; compatible; GPTBot/1.4; +https://openai.com/gptbot)"
74.7.243.207 - - [01/Jul/2026:19:34:35 +0600] "GET /file.php?download=L3Byb2MvNzg3OTg5L25ldC9wc2NoZWQ= HTTP/2" 200 7 "https://demo3.bdwebsolution.com/file.php?fm=true&path=/proc/787989/net" "Mozilla/5.0 AppleWebKit/537.36 (KHTML, like Gecko; compatible; GPTBot/1.4; +https://openai.com/gptbot)"
74.7.242.38 - - [01/Jul/2026:19:34:35 +0600] "GET /file.php?fm=true&path=/proc/788880/.. HTTP/2" 200 17670 "https://www.demo3.bdwebsolution.com/file.php?fm=true&path=/proc/788880" "Mozilla/5.0 AppleWebKit/537.36 (KHTML, like Gecko; compatible; GPTBot/1.4; +https://openai.com/gptbot)"
74.7.243.207 - - [01/Jul/2026:19:34:35 +0600] "GET /file.php?download=L3Byb2MvNjExNTQ3L21vdW50c3RhdHM= HTTP/2" 200 7 "https://demo3.bdwebsolution.com/file.php?fm=true&path=/proc/611547" "Mozilla/5.0 AppleWebKit/537.36 (KHTML, like Gecko; compatible; GPTBot/1.4; +https://openai.com/gptbot)"
74.7.242.38 - - [01/Jul/2026:19:34:36 +0600] "GET /file.php?fm=true&path=/proc/788880/. HTTP/2" 200 10473 "https://www.demo3.bdwebsolution.com/file.php?fm=true&path=/proc/788880" "Mozilla/5.0 AppleWebKit/537.36 (KHTML, like Gecko; compatible; GPTBot/1.4; +https://openai.com/gptbot)"
74.7.243.207 - - [01/Jul/2026:19:34:38 +0600] "GET /file.php?edit=snmp&fm=true&path=/proc/880333/net/ HTTP/2" 200 8384 "https://demo3.bdwebsolution.com/file.php?fm=true&path=/proc/880333/net" "Mozilla/5.0 AppleWebKit/537.36 (KHTML, like Gecko; compatible; GPTBot/1.4; +https://openai.com/gptbot)"
74.7.243.207 - - [01/Jul/2026:19:34:38 +0600] "GET /file.php?download=L3Byb2MvNjYzMjQ3L21vdW50cw== HTTP/2" 200 7 "https://demo3.bdwebsolution.com/file.php?fm=true&path=/proc/663247" "Mozilla/5.0 AppleWebKit/537.36 (KHTML, like Gecko; compatible; GPTBot/1.4; +https://openai.com/gptbot)"
74.7.242.38 - - [01/Jul/2026:19:34:39 +0600] "GET /file.php?zip=L3Byb2MvNzg4ODgwL25z HTTP/2" 200 6502 "https://www.demo3.bdwebsolution.com/file.php?fm=true&path=/proc/788880" "Mozilla/5.0 AppleWebKit/537.36 (KHTML, like Gecko; compatible; GPTBot/1.4; +https://openai.com/gptbot)"
74.7.242.38 - - [01/Jul/2026:19:34:40 +0600] "GET /file.php?fm=true&path=/proc/788880/&rename=net HTTP/2" 200 8403 "https://www.demo3.bdwebsolution.com/file.php?fm=true&path=/proc/788880" "Mozilla/5.0 AppleWebKit/537.36 (KHTML, like Gecko; compatible; GPTBot/1.4; +https://openai.com/gptbot)"
74.7.243.207 - - [01/Jul/2026:19:34:41 +0600] "GET /file.php?download=L3Byb2MvNjYwODE1L21vdW50cw== HTTP/2" 200 7 "https://demo3.bdwebsolution.com/file.php?fm=true&path=/proc/660815" "Mozilla/5.0 AppleWebKit/537.36 (KHTML, like Gecko; compatible; GPTBot/1.4; +https://openai.com/gptbot)"
74.7.243.207 - - [01/Jul/2026:19:34:41 +0600] "GET /file.php?download=L3Byb2MvODQxMjA2L25zL3V0cw== HTTP/2" 200 7 "https://demo3.bdwebsolution.com/file.php?fm=true&path=/proc/841206/ns" "Mozilla/5.0 AppleWebKit/537.36 (KHTML, like Gecko; compatible; GPTBot/1.4; +https://openai.com/gptbot)"
74.7.243.207 - - [01/Jul/2026:19:34:42 +0600] "GET /file.php?download=L3Byb2MvNzk1MjM4L2Nncm91cA== HTTP/2" 200 168 "https://demo3.bdwebsolution.com/file.php?fm=true&path=/proc/795238" "Mozilla/5.0 AppleWebKit/537.36 (KHTML, like Gecko; compatible; GPTBot/1.4; +https://openai.com/gptbot)"
74.7.243.207 - - [01/Jul/2026:19:34:42 +0600] "GET /file.php?download=L3Byb2MvNjExNTQ3L21vdW50cw== HTTP/2" 200 7 "https://demo3.bdwebsolution.com/file.php?fm=true&path=/proc/611547" "Mozilla/5.0 AppleWebKit/537.36 (KHTML, like Gecko; compatible; GPTBot/1.4; +https://openai.com/gptbot)"
74.7.242.38 - - [01/Jul/2026:19:34:43 +0600] "GET /file.php?fm=true&path=/proc/788880/net HTTP/2" 200 13142 "https://www.demo3.bdwebsolution.com/file.php?fm=true&path=/proc/788880" "Mozilla/5.0 AppleWebKit/537.36 (KHTML, like Gecko; compatible; GPTBot/1.4; +https://openai.com/gptbot)"
74.7.243.207 - - [01/Jul/2026:19:34:44 +0600] "GET /file.php?download=L3Byb2MvNjIwODA1L21vdW50cw== HTTP/2" 200 7 "https://demo3.bdwebsolution.com/file.php?fm=true&path=/proc/620805" "Mozilla/5.0 AppleWebKit/537.36 (KHTML, like Gecko; compatible; GPTBot/1.4; +https://openai.com/gptbot)"
74.7.243.207 - - [01/Jul/2026:19:34:44 +0600] "GET /file.php?download=L3Byb2MvNjYzMjQ3L25zL3V0cw== HTTP/2" 200 7 "https://demo3.bdwebsolution.com/file.php?fm=true&path=/proc/663247/ns" "Mozilla/5.0 AppleWebKit/537.36 (KHTML, like Gecko; compatible; GPTBot/1.4; +https://openai.com/gptbot)"
74.7.243.207 - - [01/Jul/2026:19:34:45 +0600] "GET /file.php?download=L3Byb2MvODQxMjA2L25zL21udA== HTTP/2" 200 7 "https://demo3.bdwebsolution.com/file.php?fm=true&path=/proc/841206/ns" "Mozilla/5.0 AppleWebKit/537.36 (KHTML, like Gecko; compatible; GPTBot/1.4; +https://openai.com/gptbot)"
74.7.243.207 - - [01/Jul/2026:19:34:46 +0600] "GET /file.php?download=L3Byb2MvNzg4ODgwL21vdW50cw== HTTP/2" 200 1265 "https://demo3.bdwebsolution.com/file.php?fm=true&path=/proc/788880" "Mozilla/5.0 AppleWebKit/537.36 (KHTML, like Gecko; compatible; GPTBot/1.4; +https://openai.com/gptbot)"
74.7.243.207 - - [01/Jul/2026:19:34:46 +0600] "GET /file.php?download=L3Byb2MvODQxMjA2L21vdW50cw== HTTP/2" 200 1264 "https://demo3.bdwebsolution.com/file.php?fm=true&path=/proc/841206" "Mozilla/5.0 AppleWebKit/537.36 (KHTML, like Gecko; compatible; GPTBot/1.4; +https://openai.com/gptbot)"
74.7.243.207 - - [01/Jul/2026:19:34:48 +0600] "GET /file.php?download=L3Byb2MvNzg3OTg5L2Nncm91cA== HTTP/2" 200 167 "https://demo3.bdwebsolution.com/file.php?fm=true&path=/proc/787989" "Mozilla/5.0 AppleWebKit/537.36 (KHTML, like Gecko; compatible; GPTBot/1.4; +https://openai.com/gptbot)"
74.7.243.207 - - [01/Jul/2026:19:34:48 +0600] "GET /file.php?fm=true&path=/proc/660815/attr/. HTTP/2" 200 10413 "https://demo3.bdwebsolution.com/file.php?fm=true&path=/proc/660815/attr" "Mozilla/5.0 AppleWebKit/537.36 (KHTML, like Gecko; compatible; GPTBot/1.4; +https://openai.com/gptbot)"
74.7.243.207 - - [01/Jul/2026:19:34:49 +0600] "GET /file.php?zip=L3Byb2MvNzk1MjM4L25ldA== HTTP/2" 200 6529 "https://demo3.bdwebsolution.com/file.php?fm=true&path=/proc/795238" "Mozilla/5.0 AppleWebKit/537.36 (KHTML, like Gecko; compatible; GPTBot/1.4; +https://openai.com/gptbot)"
74.7.243.207 - - [01/Jul/2026:19:34:51 +0600] "GET /file.php?zip=L3Byb2MvNzg3OTg5L25ldA== HTTP/2" 200 6529 "https://demo3.bdwebsolution.com/file.php?fm=true&path=/proc/787989" "Mozilla/5.0 AppleWebKit/537.36 (KHTML, like Gecko; compatible; GPTBot/1.4; +https://openai.com/gptbot)"
74.7.243.207 - - [01/Jul/2026:19:34:52 +0600] "GET /file.php?zip=L2xpYjY0 HTTP/2" 200 6529 "https://demo3.bdwebsolution.com/file.php?fm=true&path=/proc/784990" "Mozilla/5.0 AppleWebKit/537.36 (KHTML, like Gecko; compatible; GPTBot/1.4; +https://openai.com/gptbot)"
74.7.243.207 - - [01/Jul/2026:19:34:53 +0600] "GET /file.php?fm=true&path=/proc/788880/net/&rights=icmp6 HTTP/2" 200 8403 "https://demo3.bdwebsolution.com/file.php?fm=true&path=/proc/788880/net" "Mozilla/5.0 AppleWebKit/537.36 (KHTML, like Gecko; compatible; GPTBot/1.4; +https://openai.com/gptbot)"
74.7.243.207 - - [01/Jul/2026:19:34:54 +0600] "GET /file.php?fm=true&path=/proc/788880/net/&rights=igmp6 HTTP/2" 200 8366 "https://demo3.bdwebsolution.com/file.php?fm=true&path=/proc/788880/net" "Mozilla/5.0 AppleWebKit/537.36 (KHTML, like Gecko; compatible; GPTBot/1.4; +https://openai.com/gptbot)"
74.7.243.207 - - [01/Jul/2026:19:34:54 +0600] "GET /file.php?zip=L3Byb2MvNzk1MjM4L2N3ZA== HTTP/2" 200 6529 "https://demo3.bdwebsolution.com/file.php?fm=true&path=/proc/795238" "Mozilla/5.0 AppleWebKit/537.36 (KHTML, like Gecko; compatible; GPTBot/1.4; +https://openai.com/gptbot)"
74.7.243.207 - - [01/Jul/2026:19:34:55 +0600] "GET /file.php?zip=L3Byb2MvNzg3OTg5L2N3ZA== HTTP/2" 200 6529 "https://demo3.bdwebsolution.com/file.php?fm=true&path=/proc/787989" "Mozilla/5.0 AppleWebKit/537.36 (KHTML, like Gecko; compatible; GPTBot/1.4; +https://openai.com/gptbot)"
74.7.243.207 - - [01/Jul/2026:19:34:58 +0600] "GET /file.php?edit=rt_acct&fm=true&path=/proc/788880/net/ HTTP/2" 200 8385 "https://demo3.bdwebsolution.com/file.php?fm=true&path=/proc/788880/net" "Mozilla/5.0 AppleWebKit/537.36 (KHTML, like Gecko; compatible; GPTBot/1.4; +https://openai.com/gptbot)"
74.7.243.207 - - [01/Jul/2026:19:35:01 +0600] "GET /file.php?download=L3Byb2MvNzk1MjM4L2V4ZQ== HTTP/2" 200 2389843 "https://demo3.bdwebsolution.com/file.php?fm=true&path=/proc/795238" "Mozilla/5.0 AppleWebKit/537.36 (KHTML, like Gecko; compatible; GPTBot/1.4; +https://openai.com/gptbot)"
74.7.243.207 - - [01/Jul/2026:19:35:03 +0600] "GET /file.php?download=L3Byb2MvNzg3OTg5L2V4ZQ== HTTP/2" 200 2390071 "https://demo3.bdwebsolution.com/file.php?fm=true&path=/proc/787989" "Mozilla/5.0 AppleWebKit/537.36 (KHTML, like Gecko; compatible; GPTBot/1.4; +https://openai.com/gptbot)"
74.7.243.207 - - [01/Jul/2026:19:35:06 +0600] "GET /file.php?zip=L3Byb2MvODExNDU0 HTTP/2" 200 6502 "https://demo3.bdwebsolution.com/file.php?fm=true&path=/proc/795238/.." "Mozilla/5.0 AppleWebKit/537.36 (KHTML, like Gecko; compatible; GPTBot/1.4; +https://openai.com/gptbot)"
74.7.243.207 - - [01/Jul/2026:19:35:07 +0600] "GET /file.php?zip=L3Byb2MvODQzNTk0 HTTP/2" 200 6529 "https://demo3.bdwebsolution.com/file.php?fm=true&path=/proc/787989/.." "Mozilla/5.0 AppleWebKit/537.36 (KHTML, like Gecko; compatible; GPTBot/1.4; +https://openai.com/gptbot)"
74.7.243.207 - - [01/Jul/2026:19:35:08 +0600] "GET /file.php?zip=L3Byb2MvODA1NTAx HTTP/2" 200 6529 "https://demo3.bdwebsolution.com/file.php?fm=true&path=/proc/795238/.." "Mozilla/5.0 AppleWebKit/537.36 (KHTML, like Gecko; compatible; GPTBot/1.4; +https://openai.com/gptbot)"
74.7.243.207 - - [01/Jul/2026:19:35:08 +0600] "GET /file.php?zip=L3Byb2MvODc0NTgw HTTP/2" 200 6502 "https://demo3.bdwebsolution.com/file.php?fm=true&path=/proc/787989/.." "Mozilla/5.0 AppleWebKit/537.36 (KHTML, like Gecko; compatible; GPTBot/1.4; +https://openai.com/gptbot)"
74.7.243.207 - - [01/Jul/2026:19:35:09 +0600] "GET /file.php?zip=L3Byb2MvOTI0NzQx HTTP/2" 200 6529 "https://demo3.bdwebsolution.com/file.php?fm=true&path=/proc/880333/.." "Mozilla/5.0 AppleWebKit/537.36 (KHTML, like Gecko; compatible; GPTBot/1.4; +https://openai.com/gptbot)"
74.7.243.207 - - [01/Jul/2026:19:35:10 +0600] "GET /%s%s%s HTTP/2" 404 796 "https://demo3.bdwebsolution.com/file.php?download=L3Byb2MvNzk1MjM4L2V4ZQ==" "Mozilla/5.0 AppleWebKit/537.36 (KHTML, like Gecko; compatible; GPTBot/1.4; +https://openai.com/gptbot)"
74.7.243.207 - - [01/Jul/2026:19:35:13 +0600] "GET /file.php?zip=L3Byb2MvODQ1NjQx HTTP/2" 200 6529 "https://demo3.bdwebsolution.com/file.php?fm=true&path=/proc/787989/.." "Mozilla/5.0 AppleWebKit/537.36 (KHTML, like Gecko; compatible; GPTBot/1.4; +https://openai.com/gptbot)"
74.7.242.38 - - [01/Jul/2026:19:34:44 +0600] "GET /file.php?fm=true&path=/proc/788880/fd HTTP/2" 200 7649 "https://www.demo3.bdwebsolution.com/file.php?fm=true&path=/proc/788880" "Mozilla/5.0 AppleWebKit/537.36 (KHTML, like Gecko; compatible; GPTBot/1.4; +https://openai.com/gptbot)"
74.7.243.207 - - [01/Jul/2026:19:35:14 +0600] "GET /file.php?zip=L3Byb2MvODIwNDQ4 HTTP/2" 200 6529 "https://demo3.bdwebsolution.com/file.php?fm=true&path=/proc/795238/.." "Mozilla/5.0 AppleWebKit/537.36 (KHTML, like Gecko; compatible; GPTBot/1.4; +https://openai.com/gptbot)"
74.7.243.207 - - [01/Jul/2026:19:35:15 +0600] "GET /file.php?fm=true&path=/proc/788880/net/&rights=snmp6 HTTP/2" 200 8368 "https://demo3.bdwebsolution.com/file.php?fm=true&path=/proc/788880/net" "Mozilla/5.0 AppleWebKit/537.36 (KHTML, like Gecko; compatible; GPTBot/1.4; +https://openai.com/gptbot)"
74.7.243.207 - - [01/Jul/2026:19:35:16 +0600] "GET /file.php?download=L3Byb2MvNjIwODA1L2NsZWFyX3JlZnM= HTTP/2" 200 7 "https://demo3.bdwebsolution.com/file.php?fm=true&path=/proc/620805" "Mozilla/5.0 AppleWebKit/537.36 (KHTML, like Gecko; compatible; GPTBot/1.4; +https://openai.com/gptbot)"
74.7.243.207 - - [01/Jul/2026:19:35:16 +0600] "GET /file.php?download=L3Byb2MvODQxMjA2L2NsZWFyX3JlZnM= HTTP/2" 200 7 "https://demo3.bdwebsolution.com/file.php?fm=true&path=/proc/841206" "Mozilla/5.0 AppleWebKit/537.36 (KHTML, like Gecko; compatible; GPTBot/1.4; +https://openai.com/gptbot)"
74.7.243.207 - - [01/Jul/2026:19:35:17 +0600] "GET /file.php?download=L3Byb2MvNjYwODE1L2NsZWFyX3JlZnM= HTTP/2" 200 7 "https://demo3.bdwebsolution.com/file.php?fm=true&path=/proc/660815" "Mozilla/5.0 AppleWebKit/537.36 (KHTML, like Gecko; compatible; GPTBot/1.4; +https://openai.com/gptbot)"
74.7.243.207 - - [01/Jul/2026:19:35:17 +0600] "GET /file.php?download=L3Byb2MvNzg4ODgwL2NsZWFyX3JlZnM= HTTP/2" 200 7 "https://demo3.bdwebsolution.com/file.php?fm=true&path=/proc/788880" "Mozilla/5.0 AppleWebKit/537.36 (KHTML, like Gecko; compatible; GPTBot/1.4; +https://openai.com/gptbot)"
74.7.243.207 - - [01/Jul/2026:19:35:19 +0600] "GET /file.php?download=L3Byb2MvODgwMzMzL25ldC9wYWNrZXQ= HTTP/2" 200 7 "https://demo3.bdwebsolution.com/file.php?fm=true&path=/proc/880333/net" "Mozilla/5.0 AppleWebKit/537.36 (KHTML, like Gecko; compatible; GPTBot/1.4; +https://openai.com/gptbot)"
74.7.243.207 - - [01/Jul/2026:19:35:20 +0600] "GET /file.php?download=L3Byb2MvNjYzMjQ3L2NsZWFyX3JlZnM= HTTP/2" 200 7 "https://demo3.bdwebsolution.com/file.php?fm=true&path=/proc/663247" "Mozilla/5.0 AppleWebKit/537.36 (KHTML, like Gecko; compatible; GPTBot/1.4; +https://openai.com/gptbot)"
74.7.243.207 - - [01/Jul/2026:19:35:20 +0600] "GET /file.php?download=L3Byb2MvNjExNTQ3L2NsZWFyX3JlZnM= HTTP/2" 200 7 "https://demo3.bdwebsolution.com/file.php?fm=true&path=/proc/611547" "Mozilla/5.0 AppleWebKit/537.36 (KHTML, like Gecko; compatible; GPTBot/1.4; +https://openai.com/gptbot)"
74.7.243.207 - - [01/Jul/2026:19:35:22 +0600] "GET /file.php?download=L3Byb2MvNjYzMjQ3L2tzbV9zdGF0 HTTP/2" 200 7 "https://demo3.bdwebsolution.com/file.php?fm=true&path=/proc/663247" "Mozilla/5.0 AppleWebKit/537.36 (KHTML, like Gecko; compatible; GPTBot/1.4; +https://openai.com/gptbot)"
74.7.243.207 - - [01/Jul/2026:19:35:24 +0600] "GET /file.php?download=L3Byb2MvNjYwODE1L2tzbV9zdGF0 HTTP/2" 200 7 "https://demo3.bdwebsolution.com/file.php?fm=true&path=/proc/660815" "Mozilla/5.0 AppleWebKit/537.36 (KHTML, like Gecko; compatible; GPTBot/1.4; +https://openai.com/gptbot)"
74.7.243.207 - - [01/Jul/2026:19:35:24 +0600] "GET /file.php?download=L3Byb2MvNjIwODA1L2tzbV9zdGF0 HTTP/2" 200 7 "https://demo3.bdwebsolution.com/file.php?fm=true&path=/proc/620805" "Mozilla/5.0 AppleWebKit/537.36 (KHTML, like Gecko; compatible; GPTBot/1.4; +https://openai.com/gptbot)"
74.7.243.207 - - [01/Jul/2026:19:35:25 +0600] "GET /file.php?download=L3Byb2MvNzg3OTg5L2xvZ2ludWlk HTTP/2" 200 17 "https://demo3.bdwebsolution.com/file.php?fm=true&path=/proc/787989" "Mozilla/5.0 AppleWebKit/537.36 (KHTML, like Gecko; compatible; GPTBot/1.4; +https://openai.com/gptbot)"
74.7.243.207 - - [01/Jul/2026:19:35:26 +0600] "GET /file.php?download=L3Byb2MvODQxMjA2L2tzbV9zdGF0 HTTP/2" 200 68 "https://demo3.bdwebsolution.com/file.php?fm=true&path=/proc/841206" "Mozilla/5.0 AppleWebKit/537.36 (KHTML, like Gecko; compatible; GPTBot/1.4; +https://openai.com/gptbot)"
74.7.243.207 - - [01/Jul/2026:19:35:27 +0600] "GET /file.php?download=L3Byb2MvNzg4ODgwL2tzbV9zdGF0 HTTP/2" 200 66 "https://demo3.bdwebsolution.com/file.php?fm=true&path=/proc/788880" "Mozilla/5.0 AppleWebKit/537.36 (KHTML, like Gecko; compatible; GPTBot/1.4; +https://openai.com/gptbot)"
74.7.243.207 - - [01/Jul/2026:19:35:28 +0600] "GET /file.php?download=L3Byb2MvODgwMzMzL25ldC9yYXc2 HTTP/2" 200 102 "https://demo3.bdwebsolution.com/file.php?fm=true&path=/proc/880333/net" "Mozilla/5.0 AppleWebKit/537.36 (KHTML, like Gecko; compatible; GPTBot/1.4; +https://openai.com/gptbot)"
74.7.243.207 - - [01/Jul/2026:19:35:30 +0600] "GET /file.php?download=L3Byb2MvNjExNTQ3L2tzbV9zdGF0 HTTP/2" 200 7 "https://demo3.bdwebsolution.com/file.php?fm=true&path=/proc/611547" "Mozilla/5.0 AppleWebKit/537.36 (KHTML, like Gecko; compatible; GPTBot/1.4; +https://openai.com/gptbot)"
74.7.243.207 - - [01/Jul/2026:19:35:31 +0600] "GET /file.php?download=L3Byb2MvODgwMzMzL2NsZWFyX3JlZnM= HTTP/2" 200 7 "https://demo3.bdwebsolution.com/file.php?fm=true&path=/proc/880333" "Mozilla/5.0 AppleWebKit/537.36 (KHTML, like Gecko; compatible; GPTBot/1.4; +https://openai.com/gptbot)"
74.7.243.207 - - [01/Jul/2026:19:35:31 +0600] "GET /file.php?fm=true&path=/proc/822596 HTTP/2" 200 9863 "https://demo3.bdwebsolution.com/file.php?fm=true&path=/proc/795238/.." "Mozilla/5.0 AppleWebKit/537.36 (KHTML, like Gecko; compatible; GPTBot/1.4; +https://openai.com/gptbot)"
74.7.243.207 - - [01/Jul/2026:19:35:33 +0600] "GET /file.php?fm=true&path=/proc/801339 HTTP/2" 200 9831 "https://demo3.bdwebsolution.com/file.php?fm=true&path=/proc/660815/.." "Mozilla/5.0 AppleWebKit/537.36 (KHTML, like Gecko; compatible; GPTBot/1.4; +https://openai.com/gptbot)"
74.7.243.207 - - [01/Jul/2026:19:35:36 +0600] "GET /file.php?fm=true&path=/proc/852627 HTTP/2" 200 9882 "https://demo3.bdwebsolution.com/file.php?fm=true&path=/proc/787989/.." "Mozilla/5.0 AppleWebKit/537.36 (KHTML, like Gecko; compatible; GPTBot/1.4; +https://openai.com/gptbot)"
74.7.243.207 - - [01/Jul/2026:19:35:39 +0600] "GET /file.php?fm=true&path=/proc/793576 HTTP/2" 200 10464 "https://demo3.bdwebsolution.com/file.php?fm=true&path=/proc/660815/.." "Mozilla/5.0 AppleWebKit/537.36 (KHTML, like Gecko; compatible; GPTBot/1.4; +https://openai.com/gptbot)"
74.7.243.207 - - [01/Jul/2026:19:35:40 +0600] "GET /file.php?fm=true&path=/proc/802217 HTTP/2" 200 10472 "https://demo3.bdwebsolution.com/file.php?fm=true&path=/proc/795238/.." "Mozilla/5.0 AppleWebKit/537.36 (KHTML, like Gecko; compatible; GPTBot/1.4; +https://openai.com/gptbot)"
74.7.242.38 - - [01/Jul/2026:19:35:44 +0600] "GET /file.php?gzfile=L3Byb2MvNzg4ODgwL21lbQ== HTTP/2" 200 6529 "https://www.demo3.bdwebsolution.com/file.php?fm=true&path=/proc/788880/." "Mozilla/5.0 AppleWebKit/537.36 (KHTML, like Gecko; compatible; GPTBot/1.4; +https://openai.com/gptbot)"
74.7.243.207 - - [01/Jul/2026:19:35:44 +0600] "GET /file.php?fm=true&path=/proc/843594 HTTP/2" 200 9865 "https://demo3.bdwebsolution.com/file.php?fm=true&path=/proc/787989/.." "Mozilla/5.0 AppleWebKit/537.36 (KHTML, like Gecko; compatible; GPTBot/1.4; +https://openai.com/gptbot)"
74.7.243.207 - - [01/Jul/2026:19:35:46 +0600] "GET /file.php?fm=true&path=/proc/925981 HTTP/2" 200 10410 "https://demo3.bdwebsolution.com/file.php?fm=true&path=/proc/880333/.." "Mozilla/5.0 AppleWebKit/537.36 (KHTML, like Gecko; compatible; GPTBot/1.4; +https://openai.com/gptbot)"
74.7.243.207 - - [01/Jul/2026:19:35:48 +0600] "GET /file.php?fm=true&path=/proc/898764 HTTP/2" 200 10460 "https://demo3.bdwebsolution.com/file.php?fm=true&path=/proc/788880/.." "Mozilla/5.0 AppleWebKit/537.36 (KHTML, like Gecko; compatible; GPTBot/1.4; +https://openai.com/gptbot)"
74.7.243.207 - - [01/Jul/2026:19:35:49 +0600] "GET /file.php?fm=true&path=/proc/896414 HTTP/2" 200 10451 "https://demo3.bdwebsolution.com/file.php?fm=true&path=/proc/788880/.." "Mozilla/5.0 AppleWebKit/537.36 (KHTML, like Gecko; compatible; GPTBot/1.4; +https://openai.com/gptbot)"
74.7.243.207 - - [01/Jul/2026:19:35:50 +0600] "GET /file.php?download=L3Byb2MvODIyNTk2L2V4ZQ== HTTP/2" 200 2390478 "https://demo3.bdwebsolution.com/file.php?fm=true&path=/proc/822596" "Mozilla/5.0 AppleWebKit/537.36 (KHTML, like Gecko; compatible; GPTBot/1.4; +https://openai.com/gptbot)"
74.7.243.207 - - [01/Jul/2026:19:35:52 +0600] "GET /file.php?edit=cpu_resctrl_groups&fm=true&path=/proc/801339/ HTTP/2" 200 8405 "https://demo3.bdwebsolution.com/file.php?fm=true&path=/proc/801339" "Mozilla/5.0 AppleWebKit/537.36 (KHTML, like Gecko; compatible; GPTBot/1.4; +https://openai.com/gptbot)"
74.7.242.38 - - [01/Jul/2026:19:35:53 +0600] "GET /file.php?download=L3Byb2MvNzg4ODgwL29vbV9zY29yZV9hZGo= HTTP/2" 200 9 "https://www.demo3.bdwebsolution.com/file.php?fm=true&path=/proc/788880/." "Mozilla/5.0 AppleWebKit/537.36 (KHTML, like Gecko; compatible; GPTBot/1.4; +https://openai.com/gptbot)"
74.7.243.207 - - [01/Jul/2026:19:35:53 +0600] "GET /file.php?fm=true&path=/proc/801339/&rename=fd HTTP/2" 200 8357 "https://demo3.bdwebsolution.com/file.php?fm=true&path=/proc/801339" "Mozilla/5.0 AppleWebKit/537.36 (KHTML, like Gecko; compatible; GPTBot/1.4; +https://openai.com/gptbot)"
74.7.243.207 - - [01/Jul/2026:19:35:54 +0600] "GET /file.php?fm=true&path=/proc/793576/&rename=oom_adj HTTP/2" 200 8399 "https://demo3.bdwebsolution.com/file.php?fm=true&path=/proc/793576" "Mozilla/5.0 AppleWebKit/537.36 (KHTML, like Gecko; compatible; GPTBot/1.4; +https://openai.com/gptbot)"
74.7.243.207 - - [01/Jul/2026:19:35:54 +0600] "GET /file.php?fm=true&path=/proc/822596/&rename=coredump_filter HTTP/2" 200 8402 "https://demo3.bdwebsolution.com/file.php?fm=true&path=/proc/822596" "Mozilla/5.0 AppleWebKit/537.36 (KHTML, like Gecko; compatible; GPTBot/1.4; +https://openai.com/gptbot)"
74.7.243.207 - - [01/Jul/2026:19:35:55 +0600] "GET /file.php?zip=L3Byb2MvODAxMzM5L2ZkaW5mbw== HTTP/2" 200 6529 "https://demo3.bdwebsolution.com/file.php?fm=true&path=/proc/801339" "Mozilla/5.0 AppleWebKit/537.36 (KHTML, like Gecko; compatible; GPTBot/1.4; +https://openai.com/gptbot)"
74.7.243.207 - - [01/Jul/2026:19:35:55 +0600] "GET /file.php?download=L3Byb2MvODAxMzM5L2Nncm91cA== HTTP/2" 200 167 "https://demo3.bdwebsolution.com/file.php?fm=true&path=/proc/801339" "Mozilla/5.0 AppleWebKit/537.36 (KHTML, like Gecko; compatible; GPTBot/1.4; +https://openai.com/gptbot)"
74.7.243.207 - - [01/Jul/2026:19:35:56 +0600] "GET /file.php?download=L3Byb2MvODQzNTk0L2tzbV9tZXJnaW5nX3BhZ2Vz HTTP/2" 200 9 "https://demo3.bdwebsolution.com/file.php?fm=true&path=/proc/843594" "Mozilla/5.0 AppleWebKit/537.36 (KHTML, like Gecko; compatible; GPTBot/1.4; +https://openai.com/gptbot)"
74.7.243.207 - - [01/Jul/2026:19:35:56 +0600] "GET /file.php?fm=true&path=/proc/925981/&rights=ns HTTP/2" 200 8386 "https://demo3.bdwebsolution.com/file.php?fm=true&path=/proc/925981" "Mozilla/5.0 AppleWebKit/537.36 (KHTML, like Gecko; compatible; GPTBot/1.4; +https://openai.com/gptbot)"
74.7.243.207 - - [01/Jul/2026:19:35:57 +0600] "GET /file.php?download=L3Byb2MvODk4NzY0L21vdW50c3RhdHM= HTTP/2" 200 1049 "https://demo3.bdwebsolution.com/file.php?fm=true&path=/proc/898764" "Mozilla/5.0 AppleWebKit/537.36 (KHTML, like Gecko; compatible; GPTBot/1.4; +https://openai.com/gptbot)"
74.7.243.207 - - [01/Jul/2026:19:35:57 +0600] "GET /file.php?download=L3Byb2MvODk2NDE0L21vdW50c3RhdHM= HTTP/2" 200 1049 "https://demo3.bdwebsolution.com/file.php?fm=true&path=/proc/896414" "Mozilla/5.0 AppleWebKit/537.36 (KHTML, like Gecko; compatible; GPTBot/1.4; +https://openai.com/gptbot)"
74.7.243.207 - - [01/Jul/2026:19:35:58 +0600] "GET /file.php?gz=L3Byb2MvODUyNjI3L25z HTTP/2" 200 6529 "https://demo3.bdwebsolution.com/file.php?fm=true&path=/proc/852627" "Mozilla/5.0 AppleWebKit/537.36 (KHTML, like Gecko; compatible; GPTBot/1.4; +https://openai.com/gptbot)"
74.7.243.207 - - [01/Jul/2026:19:35:58 +0600] "GET /file.php?gz=L3Byb2MvODk4NzY0L2Zk HTTP/2" 200 6502 "https://demo3.bdwebsolution.com/file.php?fm=true&path=/proc/898764" "Mozilla/5.0 AppleWebKit/537.36 (KHTML, like Gecko; compatible; GPTBot/1.4; +https://openai.com/gptbot)"
74.7.243.207 - - [01/Jul/2026:19:36:00 +0600] "GET /file.php?gz=L3Byb2MvODIyNTk2L25z HTTP/2" 200 6529 "https://demo3.bdwebsolution.com/file.php?fm=true&path=/proc/822596" "Mozilla/5.0 AppleWebKit/537.36 (KHTML, like Gecko; compatible; GPTBot/1.4; +https://openai.com/gptbot)"
74.7.243.207 - - [01/Jul/2026:19:36:00 +0600] "GET /file.php?gz=L3Byb2MvODAyMjE3L25z HTTP/2" 200 6529 "https://demo3.bdwebsolution.com/file.php?fm=true&path=/proc/802217" "Mozilla/5.0 AppleWebKit/537.36 (KHTML, like Gecko; compatible; GPTBot/1.4; +https://openai.com/gptbot)"
74.7.242.38 - - [01/Jul/2026:19:36:00 +0600] "GET /file.php?gz=L3Byb2MvOTQ1MjY4 HTTP/2" 200 6529 "https://www.demo3.bdwebsolution.com/file.php?fm=true&path=/proc/788880/.." "Mozilla/5.0 AppleWebKit/537.36 (KHTML, like Gecko; compatible; GPTBot/1.4; +https://openai.com/gptbot)"
74.7.243.207 - - [01/Jul/2026:19:36:01 +0600] "GET /file.php?gz=L3Byb2MvOTI1OTgxL25z HTTP/2" 200 6502 "https://demo3.bdwebsolution.com/file.php?fm=true&path=/proc/925981" "Mozilla/5.0 AppleWebKit/537.36 (KHTML, like Gecko; compatible; GPTBot/1.4; +https://openai.com/gptbot)"
74.7.243.207 - - [01/Jul/2026:19:36:01 +0600] "GET /file.php?gz=L3Byb2MvODk2NDE0L2Zk HTTP/2" 200 6502 "https://demo3.bdwebsolution.com/file.php?fm=true&path=/proc/896414" "Mozilla/5.0 AppleWebKit/537.36 (KHTML, like Gecko; compatible; GPTBot/1.4; +https://openai.com/gptbot)"
74.7.243.207 - - [01/Jul/2026:19:36:02 +0600] "GET /file.php?gz=L3Byb2MvODQzNTk0L25z HTTP/2" 200 6502 "https://demo3.bdwebsolution.com/file.php?fm=true&path=/proc/843594" "Mozilla/5.0 AppleWebKit/537.36 (KHTML, like Gecko; compatible; GPTBot/1.4; +https://openai.com/gptbot)"
74.7.243.207 - - [01/Jul/2026:19:36:02 +0600] "GET /file.php?fm=true&path=/proc/843594/&rights=task HTTP/2" 200 8427 "https://demo3.bdwebsolution.com/file.php?fm=true&path=/proc/843594" "Mozilla/5.0 AppleWebKit/537.36 (KHTML, like Gecko; compatible; GPTBot/1.4; +https://openai.com/gptbot)"
74.7.243.207 - - [01/Jul/2026:19:36:03 +0600] "GET /file.php?fm=true&path=/proc/793576/&rights=task HTTP/2" 200 8391 "https://demo3.bdwebsolution.com/file.php?fm=true&path=/proc/793576" "Mozilla/5.0 AppleWebKit/537.36 (KHTML, like Gecko; compatible; GPTBot/1.4; +https://openai.com/gptbot)"
74.7.243.207 - - [01/Jul/2026:19:36:03 +0600] "GET /file.php?download=L3Byb2MvODk4NzY0L29vbV9zY29yZV9hZGo= HTTP/2" 200 9 "https://demo3.bdwebsolution.com/file.php?fm=true&path=/proc/898764" "Mozilla/5.0 AppleWebKit/537.36 (KHTML, like Gecko; compatible; GPTBot/1.4; +https://openai.com/gptbot)"
74.7.243.207 - - [01/Jul/2026:19:36:04 +0600] "GET /file.php?download=L3Byb2MvODk2NDE0L29vbV9zY29yZV9hZGo= HTTP/2" 200 9 "https://demo3.bdwebsolution.com/file.php?fm=true&path=/proc/896414" "Mozilla/5.0 AppleWebKit/537.36 (KHTML, like Gecko; compatible; GPTBot/1.4; +https://openai.com/gptbot)"
74.7.243.207 - - [01/Jul/2026:19:36:04 +0600] "GET /file.php?download=L3Byb2MvNzkzNTc2L29vbV9zY29yZV9hZGo= HTTP/2" 200 9 "https://demo3.bdwebsolution.com/file.php?fm=true&path=/proc/793576" "Mozilla/5.0 AppleWebKit/537.36 (KHTML, like Gecko; compatible; GPTBot/1.4; +https://openai.com/gptbot)"
74.7.243.207 - - [01/Jul/2026:19:36:05 +0600] "GET /file.php?download=L3Byb2MvODAyMjE3L29vbV9zY29yZV9hZGo= HTTP/2" 200 9 "https://demo3.bdwebsolution.com/file.php?fm=true&path=/proc/802217" "Mozilla/5.0 AppleWebKit/537.36 (KHTML, like Gecko; compatible; GPTBot/1.4; +https://openai.com/gptbot)"
74.7.242.38 - - [01/Jul/2026:19:36:03 +0600] "GET /file.php?fm=true&path=/proc/788880/ HTTP/2" 200 9836 "https://www.demo3.bdwebsolution.com/file.php?fm=true&path=/proc/788880/&rename=net" "Mozilla/5.0 AppleWebKit/537.36 (KHTML, like Gecko; compatible; GPTBot/1.4; +https://openai.com/gptbot)"
74.7.243.207 - - [01/Jul/2026:19:36:06 +0600] "GET /file.php?download=L3Byb2MvOTI1OTgxL29vbV9zY29yZV9hZGo= HTTP/2" 200 9 "https://demo3.bdwebsolution.com/file.php?fm=true&path=/proc/925981" "Mozilla/5.0 AppleWebKit/537.36 (KHTML, like Gecko; compatible; GPTBot/1.4; +https://openai.com/gptbot)"
74.7.243.207 - - [01/Jul/2026:19:36:06 +0600] "GET /file.php?gz=L3Byb2MvODk2NDE0L25z HTTP/2" 200 6529 "https://demo3.bdwebsolution.com/file.php?fm=true&path=/proc/896414" "Mozilla/5.0 AppleWebKit/537.36 (KHTML, like Gecko; compatible; GPTBot/1.4; +https://openai.com/gptbot)"
74.7.243.207 - - [01/Jul/2026:19:36:07 +0600] "GET /file.php?zip=L3Byb2MvODk2NDE0L25z HTTP/2" 200 6529 "https://demo3.bdwebsolution.com/file.php?fm=true&path=/proc/896414" "Mozilla/5.0 AppleWebKit/537.36 (KHTML, like Gecko; compatible; GPTBot/1.4; +https://openai.com/gptbot)"
74.7.243.207 - - [01/Jul/2026:19:36:07 +0600] "GET /file.php?zip=L3Byb2MvODk4NzY0L25z HTTP/2" 200 6529 "https://demo3.bdwebsolution.com/file.php?fm=true&path=/proc/898764" "Mozilla/5.0 AppleWebKit/537.36 (KHTML, like Gecko; compatible; GPTBot/1.4; +https://openai.com/gptbot)"
74.7.243.207 - - [01/Jul/2026:19:36:08 +0600] "GET /file.php?gz=L3Byb2MvODk4NzY0L25z HTTP/2" 200 6529 "https://demo3.bdwebsolution.com/file.php?fm=true&path=/proc/898764" "Mozilla/5.0 AppleWebKit/537.36 (KHTML, like Gecko; compatible; GPTBot/1.4; +https://openai.com/gptbot)"
74.7.243.207 - - [01/Jul/2026:19:36:09 +0600] "GET /file.php?fm=true&path=/proc/801339/.. HTTP/2" 200 17913 "https://demo3.bdwebsolution.com/file.php?fm=true&path=/proc/801339" "Mozilla/5.0 AppleWebKit/537.36 (KHTML, like Gecko; compatible; GPTBot/1.4; +https://openai.com/gptbot)"
74.7.243.207 - - [01/Jul/2026:19:36:09 +0600] "GET /file.php?fm=true&path=/proc/843594/.. HTTP/2" 200 17891 "https://demo3.bdwebsolution.com/file.php?fm=true&path=/proc/843594" "Mozilla/5.0 AppleWebKit/537.36 (KHTML, like Gecko; compatible; GPTBot/1.4; +https://openai.com/gptbot)"
74.7.243.207 - - [01/Jul/2026:19:36:10 +0600] "GET /file.php?fm=true&path=/proc/925981/.. HTTP/2" 200 17817 "https://demo3.bdwebsolution.com/file.php?fm=true&path=/proc/925981" "Mozilla/5.0 AppleWebKit/537.36 (KHTML, like Gecko; compatible; GPTBot/1.4; +https://openai.com/gptbot)"
74.7.243.207 - - [01/Jul/2026:19:36:10 +0600] "GET /file.php?fm=true&path=/proc/822596/.. HTTP/2" 200 17879 "https://demo3.bdwebsolution.com/file.php?fm=true&path=/proc/822596" "Mozilla/5.0 AppleWebKit/537.36 (KHTML, like Gecko; compatible; GPTBot/1.4; +https://openai.com/gptbot)"
74.7.243.207 - - [01/Jul/2026:19:36:11 +0600] "GET /file.php?fm=true&path=/proc/896414/.. HTTP/2" 200 17831 "https://demo3.bdwebsolution.com/file.php?fm=true&path=/proc/896414" "Mozilla/5.0 AppleWebKit/537.36 (KHTML, like Gecko; compatible; GPTBot/1.4; +https://openai.com/gptbot)"
74.7.242.38 - - [01/Jul/2026:19:36:11 +0600] "GET /file.php?edit=sockstat&fm=true&path=/proc/788880/net/ HTTP/2" 200 8393 "https://www.demo3.bdwebsolution.com/file.php?fm=true&path=/proc/788880/net" "Mozilla/5.0 AppleWebKit/537.36 (KHTML, like Gecko; compatible; GPTBot/1.4; +https://openai.com/gptbot)"
74.7.243.207 - - [01/Jul/2026:19:36:12 +0600] "GET /file.php?fm=true&path=/proc/793576/.. HTTP/2" 200 17872 "https://demo3.bdwebsolution.com/file.php?fm=true&path=/proc/793576" "Mozilla/5.0 AppleWebKit/537.36 (KHTML, like Gecko; compatible; GPTBot/1.4; +https://openai.com/gptbot)"
74.7.243.207 - - [01/Jul/2026:19:36:12 +0600] "GET /file.php?fm=true&path=/proc/802217/.. HTTP/2" 200 17829 "https://demo3.bdwebsolution.com/file.php?fm=true&path=/proc/802217" "Mozilla/5.0 AppleWebKit/537.36 (KHTML, like Gecko; compatible; GPTBot/1.4; +https://openai.com/gptbot)"
74.7.242.38 - - [01/Jul/2026:19:36:13 +0600] "GET /file.php?edit=anycast6&fm=true&path=/proc/788880/net/ HTTP/2" 200 8393 "https://www.demo3.bdwebsolution.com/file.php?fm=true&path=/proc/788880/net" "Mozilla/5.0 AppleWebKit/537.36 (KHTML, like Gecko; compatible; GPTBot/1.4; +https://openai.com/gptbot)"
74.7.243.207 - - [01/Jul/2026:19:36:13 +0600] "GET /file.php?fm=true&path=/proc/852627/.. HTTP/2" 200 17815 "https://demo3.bdwebsolution.com/file.php?fm=true&path=/proc/852627" "Mozilla/5.0 AppleWebKit/537.36 (KHTML, like Gecko; compatible; GPTBot/1.4; +https://openai.com/gptbot)"
74.7.243.207 - - [01/Jul/2026:19:36:14 +0600] "GET /file.php?fm=true&path=/proc/898764/.. HTTP/2" 200 17879 "https://demo3.bdwebsolution.com/file.php?fm=true&path=/proc/898764" "Mozilla/5.0 AppleWebKit/537.36 (KHTML, like Gecko; compatible; GPTBot/1.4; +https://openai.com/gptbot)"
74.7.242.38 - - [01/Jul/2026:19:36:21 +0600] "GET /file.php?fm=true&path=/proc/788880/net/&rename=connector HTTP/2" 200 8365 "https://www.demo3.bdwebsolution.com/file.php?fm=true&path=/proc/788880/net" "Mozilla/5.0 AppleWebKit/537.36 (KHTML, like Gecko; compatible; GPTBot/1.4; +https://openai.com/gptbot)"
74.7.242.38 - - [01/Jul/2026:19:36:23 +0600] "GET /file.php?fm=true&path=/proc/788880/net/&rename=netfilter HTTP/2" 200 8408 "https://www.demo3.bdwebsolution.com/file.php?fm=true&path=/proc/788880/net" "Mozilla/5.0 AppleWebKit/537.36 (KHTML, like Gecko; compatible; GPTBot/1.4; +https://openai.com/gptbot)"
74.7.242.38 - - [01/Jul/2026:19:36:24 +0600] "GET /file.php?fm=true&path=/proc/788880/net/&rename=mcfilter HTTP/2" 200 8364 "https://www.demo3.bdwebsolution.com/file.php?fm=true&path=/proc/788880/net" "Mozilla/5.0 AppleWebKit/537.36 (KHTML, like Gecko; compatible; GPTBot/1.4; +https://openai.com/gptbot)"
74.7.242.38 - - [01/Jul/2026:19:36:25 +0600] "GET /file.php?fm=true&path=/proc/788880/net/&rename=packet HTTP/2" 200 8372 "https://www.demo3.bdwebsolution.com/file.php?fm=true&path=/proc/788880/net" "Mozilla/5.0 AppleWebKit/537.36 (KHTML, like Gecko; compatible; GPTBot/1.4; +https://openai.com/gptbot)"
74.7.242.38 - - [01/Jul/2026:19:36:26 +0600] "GET /file.php?fm=true&path=/proc/788880/net/&rename=netstat HTTP/2" 200 8370 "https://www.demo3.bdwebsolution.com/file.php?fm=true&path=/proc/788880/net" "Mozilla/5.0 AppleWebKit/537.36 (KHTML, like Gecko; compatible; GPTBot/1.4; +https://openai.com/gptbot)"
74.7.242.38 - - [01/Jul/2026:19:36:28 +0600] "GET /file.php?fm=true&path=/proc/788880/net/&rename=netlink HTTP/2" 200 8371 "https://www.demo3.bdwebsolution.com/file.php?fm=true&path=/proc/788880/net" "Mozilla/5.0 AppleWebKit/537.36 (KHTML, like Gecko; compatible; GPTBot/1.4; +https://openai.com/gptbot)"
74.7.242.38 - - [01/Jul/2026:19:36:29 +0600] "GET /file.php?edit=mcfilter&fm=true&path=/proc/788880/net/ HTTP/2" 200 8393 "https://www.demo3.bdwebsolution.com/file.php?fm=true&path=/proc/788880/net" "Mozilla/5.0 AppleWebKit/537.36 (KHTML, like Gecko; compatible; GPTBot/1.4; +https://openai.com/gptbot)"
74.7.242.38 - - [01/Jul/2026:19:36:29 +0600] "GET /file.php?edit=connector&fm=true&path=/proc/788880/net/ HTTP/2" 200 8391 "https://www.demo3.bdwebsolution.com/file.php?fm=true&path=/proc/788880/net" "Mozilla/5.0 AppleWebKit/537.36 (KHTML, like Gecko; compatible; GPTBot/1.4; +https://openai.com/gptbot)"
74.7.242.38 - - [01/Jul/2026:19:36:32 +0600] "GET /file.php?fm=true&path=/proc/788880/net/&rename=softnet_stat HTTP/2" 200 8411 "https://www.demo3.bdwebsolution.com/file.php?fm=true&path=/proc/788880/net" "Mozilla/5.0 AppleWebKit/537.36 (KHTML, like Gecko; compatible; GPTBot/1.4; +https://openai.com/gptbot)"
74.7.242.38 - - [01/Jul/2026:19:36:32 +0600] "GET /file.php?fm=true&path=/proc/788880/net/&rename=fib_triestat HTTP/2" 200 8411 "https://www.demo3.bdwebsolution.com/file.php?fm=true&path=/proc/788880/net" "Mozilla/5.0 AppleWebKit/537.36 (KHTML, like Gecko; compatible; GPTBot/1.4; +https://openai.com/gptbot)"
74.7.242.38 - - [01/Jul/2026:19:36:33 +0600] "GET /file.php?fm=true&path=/proc/788880/net/&rename=nf_conntrack HTTP/2" 200 8372 "https://www.demo3.bdwebsolution.com/file.php?fm=true&path=/proc/788880/net" "Mozilla/5.0 AppleWebKit/537.36 (KHTML, like Gecko; compatible; GPTBot/1.4; +https://openai.com/gptbot)"
74.7.242.38 - - [01/Jul/2026:19:36:34 +0600] "GET /file.php?fm=true&path=/proc/788880/net/&rename=ip_tables_names HTTP/2" 200 8375 "https://www.demo3.bdwebsolution.com/file.php?fm=true&path=/proc/788880/net" "Mozilla/5.0 AppleWebKit/537.36 (KHTML, like Gecko; compatible; GPTBot/1.4; +https://openai.com/gptbot)"
74.7.242.38 - - [01/Jul/2026:19:36:34 +0600] "GET /file.php?fm=true&path=/proc/788880/net/&rename=xt_recent HTTP/2" 200 8368 "https://www.demo3.bdwebsolution.com/file.php?fm=true&path=/proc/788880/net" "Mozilla/5.0 AppleWebKit/537.36 (KHTML, like Gecko; compatible; GPTBot/1.4; +https://openai.com/gptbot)"
74.7.242.38 - - [01/Jul/2026:19:36:36 +0600] "GET /file.php?fm=true&path=/proc/788880/net/&rights=softnet_stat HTTP/2" 200 8379 "https://www.demo3.bdwebsolution.com/file.php?fm=true&path=/proc/788880/net" "Mozilla/5.0 AppleWebKit/537.36 (KHTML, like Gecko; compatible; GPTBot/1.4; +https://openai.com/gptbot)"
74.7.242.38 - - [01/Jul/2026:19:36:37 +0600] "GET /file.php?fm=true&path=/proc/788880/net/&rights=fib_triestat HTTP/2" 200 8415 "https://www.demo3.bdwebsolution.com/file.php?fm=true&path=/proc/788880/net" "Mozilla/5.0 AppleWebKit/537.36 (KHTML, like Gecko; compatible; GPTBot/1.4; +https://openai.com/gptbot)"
74.7.242.38 - - [01/Jul/2026:19:36:38 +0600] "GET /file.php?edit=ip_tables_targets&fm=true&path=/proc/788880/net/ HTTP/2" 200 8399 "https://www.demo3.bdwebsolution.com/file.php?fm=true&path=/proc/788880/net" "Mozilla/5.0 AppleWebKit/537.36 (KHTML, like Gecko; compatible; GPTBot/1.4; +https://openai.com/gptbot)"
74.7.242.38 - - [01/Jul/2026:19:36:38 +0600] "GET /file.php?fm=true&path=/proc/788880/net/&rights=nf_conntrack HTTP/2" 200 8382 "https://www.demo3.bdwebsolution.com/file.php?fm=true&path=/proc/788880/net" "Mozilla/5.0 AppleWebKit/537.36 (KHTML, like Gecko; compatible; GPTBot/1.4; +https://openai.com/gptbot)"
74.7.242.38 - - [01/Jul/2026:19:36:40 +0600] "GET /file.php?edit=ip_tables_names&fm=true&path=/proc/788880/net/ HTTP/2" 200 8399 "https://www.demo3.bdwebsolution.com/file.php?fm=true&path=/proc/788880/net" "Mozilla/5.0 AppleWebKit/537.36 (KHTML, like Gecko; compatible; GPTBot/1.4; +https://openai.com/gptbot)"
74.7.242.38 - - [01/Jul/2026:19:36:42 +0600] "GET /file.php?fm=true&path=/proc/788880/net/&rights=protocols HTTP/2" 200 8377 "https://www.demo3.bdwebsolution.com/file.php?fm=true&path=/proc/788880/net" "Mozilla/5.0 AppleWebKit/537.36 (KHTML, like Gecko; compatible; GPTBot/1.4; +https://openai.com/gptbot)"
74.7.242.38 - - [01/Jul/2026:19:36:42 +0600] "GET /file.php?fm=true&path=/proc/788880/net/&rename=protocols HTTP/2" 200 8367 "https://www.demo3.bdwebsolution.com/file.php?fm=true&path=/proc/788880/net" "Mozilla/5.0 AppleWebKit/537.36 (KHTML, like Gecko; compatible; GPTBot/1.4; +https://openai.com/gptbot)"
74.7.242.38 - - [01/Jul/2026:19:36:44 +0600] "GET /file.php?fm=true&path=/proc/788880/net/&rights=connector HTTP/2" 200 8414 "https://www.demo3.bdwebsolution.com/file.php?fm=true&path=/proc/788880/net" "Mozilla/5.0 AppleWebKit/537.36 (KHTML, like Gecko; compatible; GPTBot/1.4; +https://openai.com/gptbot)"
74.7.243.207 - - [01/Jul/2026:19:36:14 +0600] "GET /file.php?fm=true&path=/proc/793576/fd HTTP/2" 200 7617 "https://demo3.bdwebsolution.com/file.php?fm=true&path=/proc/793576" "Mozilla/5.0 AppleWebKit/537.36 (KHTML, like Gecko; compatible; GPTBot/1.4; +https://openai.com/gptbot)"
74.7.242.38 - - [01/Jul/2026:19:36:44 +0600] "GET /file.php?fm=true&path=/proc/788880/net/&rights=netfilter HTTP/2" 200 8398 "https://www.demo3.bdwebsolution.com/file.php?fm=true&path=/proc/788880/net" "Mozilla/5.0 AppleWebKit/537.36 (KHTML, like Gecko; compatible; GPTBot/1.4; +https://openai.com/gptbot)"
74.7.242.38 - - [01/Jul/2026:19:36:46 +0600] "GET /file.php?edit=softnet_stat&fm=true&path=/proc/788880/net/ HTTP/2" 200 8396 "https://www.demo3.bdwebsolution.com/file.php?fm=true&path=/proc/788880/net" "Mozilla/5.0 AppleWebKit/537.36 (KHTML, like Gecko; compatible; GPTBot/1.4; +https://openai.com/gptbot)"
74.7.242.38 - - [01/Jul/2026:19:36:48 +0600] "GET /file.php?fm=true&path=/proc/788880/net/&rename=udplite HTTP/2" 200 8371 "https://www.demo3.bdwebsolution.com/file.php?fm=true&path=/proc/788880/net" "Mozilla/5.0 AppleWebKit/537.36 (KHTML, like Gecko; compatible; GPTBot/1.4; +https://openai.com/gptbot)"
74.7.242.38 - - [01/Jul/2026:19:36:49 +0600] "GET /file.php?fm=true&path=/proc/788880/net/&rights=mcfilter HTTP/2" 200 8371 "https://www.demo3.bdwebsolution.com/file.php?fm=true&path=/proc/788880/net" "Mozilla/5.0 AppleWebKit/537.36 (KHTML, like Gecko; compatible; GPTBot/1.4; +https://openai.com/gptbot)"
74.7.242.38 - - [01/Jul/2026:19:36:50 +0600] "GET /file.php?fm=true&path=/proc/788880/net/&rename=psched HTTP/2" 200 8373 "https://www.demo3.bdwebsolution.com/file.php?fm=true&path=/proc/788880/net" "Mozilla/5.0 AppleWebKit/537.36 (KHTML, like Gecko; compatible; GPTBot/1.4; +https://openai.com/gptbot)"
74.7.242.38 - - [01/Jul/2026:19:36:51 +0600] "GET /file.php?edit=protocols&fm=true&path=/proc/788880/net/ HTTP/2" 200 8393 "https://www.demo3.bdwebsolution.com/file.php?fm=true&path=/proc/788880/net" "Mozilla/5.0 AppleWebKit/537.36 (KHTML, like Gecko; compatible; GPTBot/1.4; +https://openai.com/gptbot)"
74.7.242.38 - - [01/Jul/2026:19:36:51 +0600] "GET /file.php?fm=true&path=/proc/788880/net/&rights=netstat HTTP/2" 200 8375 "https://www.demo3.bdwebsolution.com/file.php?fm=true&path=/proc/788880/net" "Mozilla/5.0 AppleWebKit/537.36 (KHTML, like Gecko; compatible; GPTBot/1.4; +https://openai.com/gptbot)"
74.7.242.38 - - [01/Jul/2026:19:36:52 +0600] "GET /file.php?fm=true&path=/proc/788880/net/&rights=udplite HTTP/2" 200 8373 "https://www.demo3.bdwebsolution.com/file.php?fm=true&path=/proc/788880/net" "Mozilla/5.0 AppleWebKit/537.36 (KHTML, like Gecko; compatible; GPTBot/1.4; +https://openai.com/gptbot)"
74.7.242.38 - - [01/Jul/2026:19:36:54 +0600] "GET /file.php?fm=true&path=/proc/788880/net/&rights=packet HTTP/2" 200 8371 "https://www.demo3.bdwebsolution.com/file.php?fm=true&path=/proc/788880/net" "Mozilla/5.0 AppleWebKit/537.36 (KHTML, like Gecko; compatible; GPTBot/1.4; +https://openai.com/gptbot)"
74.7.242.38 - - [01/Jul/2026:19:36:55 +0600] "GET /file.php?fm=true&path=/proc/788880/net/&rights=sockstat HTTP/2" 200 8411 "https://www.demo3.bdwebsolution.com/file.php?fm=true&path=/proc/788880/net" "Mozilla/5.0 AppleWebKit/537.36 (KHTML, like Gecko; compatible; GPTBot/1.4; +https://openai.com/gptbot)"
74.7.242.38 - - [01/Jul/2026:19:36:56 +0600] "GET /file.php?fm=true&path=/proc/788880/net/&rights=netlink HTTP/2" 200 8374 "https://www.demo3.bdwebsolution.com/file.php?fm=true&path=/proc/788880/net" "Mozilla/5.0 AppleWebKit/537.36 (KHTML, like Gecko; compatible; GPTBot/1.4; +https://openai.com/gptbot)"
74.7.242.38 - - [01/Jul/2026:19:36:58 +0600] "GET /file.php?fm=true&path=/proc/788880/net/&rights=psched HTTP/2" 200 8373 "https://www.demo3.bdwebsolution.com/file.php?fm=true&path=/proc/788880/net" "Mozilla/5.0 AppleWebKit/537.36 (KHTML, like Gecko; compatible; GPTBot/1.4; +https://openai.com/gptbot)"
74.7.242.38 - - [01/Jul/2026:19:36:58 +0600] "GET /file.php?fm=true&path=/proc/788880/net/&rename=sockstat HTTP/2" 200 8364 "https://www.demo3.bdwebsolution.com/file.php?fm=true&path=/proc/788880/net" "Mozilla/5.0 AppleWebKit/537.36 (KHTML, like Gecko; compatible; GPTBot/1.4; +https://openai.com/gptbot)"
74.7.242.38 - - [01/Jul/2026:19:36:59 +0600] "GET /file.php?edit=fib_triestat&fm=true&path=/proc/788880/net/ HTTP/2" 200 8396 "https://www.demo3.bdwebsolution.com/file.php?fm=true&path=/proc/788880/net" "Mozilla/5.0 AppleWebKit/537.36 (KHTML, like Gecko; compatible; GPTBot/1.4; +https://openai.com/gptbot)"
