74.7.243.207 - - [02/Jul/2026:00:31:46 +0600] "GET /file.php?fm=true&path=/proc/822596/net/&rights=udplite6 HTTP/2" 503 807 "https://demo3.bdwebsolution.com/file.php?fm=true&path=/proc/822596/net" "Mozilla/5.0 AppleWebKit/537.36 (KHTML, like Gecko; compatible; GPTBot/1.4; +https://openai.com/gptbot)"
74.7.243.207 - - [02/Jul/2026:00:32:46 +0600] "GET /file.php?fm=true&path=/proc/793576/net/&rename=anycast6 HTTP/2" 503 807 "https://demo3.bdwebsolution.com/file.php?fm=true&path=/proc/793576/net" "Mozilla/5.0 AppleWebKit/537.36 (KHTML, like Gecko; compatible; GPTBot/1.4; +https://openai.com/gptbot)"
74.7.243.207 - - [02/Jul/2026:00:33:48 +0600] "GET /file.php?fm=true&path=/proc/793576/net/&rights=udplite6 HTTP/2" 503 807 "https://demo3.bdwebsolution.com/file.php?fm=true&path=/proc/793576/net" "Mozilla/5.0 AppleWebKit/537.36 (KHTML, like Gecko; compatible; GPTBot/1.4; +https://openai.com/gptbot)"
74.7.242.38 - - [02/Jul/2026:00:35:43 +0600] "GET /file.php?download=L3Byb2MvODE0NjY3L25ldC9pY21w HTTP/2" 503 807 "https://www.demo3.bdwebsolution.com/file.php?fm=true&path=/proc/814667/net" "Mozilla/5.0 AppleWebKit/537.36 (KHTML, like Gecko; compatible; GPTBot/1.4; +https://openai.com/gptbot)"
74.7.243.207 - - [02/Jul/2026:00:36:57 +0600] "GET /file.php?fm=true&path=/proc/896414/net/&rename=anycast6 HTTP/2" 503 807 "https://demo3.bdwebsolution.com/file.php?fm=true&path=/proc/896414/net" "Mozilla/5.0 AppleWebKit/537.36 (KHTML, like Gecko; compatible; GPTBot/1.4; +https://openai.com/gptbot)"
74.7.242.38 - - [02/Jul/2026:00:39:56 +0600] "GET /file.php?download=L3Byb2MvODE0NjY3L25ldC91bml4 HTTP/2" 503 807 "https://www.demo3.bdwebsolution.com/file.php?fm=true&path=/proc/814667/net" "Mozilla/5.0 AppleWebKit/537.36 (KHTML, like Gecko; compatible; GPTBot/1.4; +https://openai.com/gptbot)"
74.7.242.38 - - [02/Jul/2026:00:40:59 +0600] "GET /file.php?download=L3Byb2MvODE0NjY3L25ldC9pZ21w HTTP/2" 503 807 "https://www.demo3.bdwebsolution.com/file.php?fm=true&path=/proc/814667/net" "Mozilla/5.0 AppleWebKit/537.36 (KHTML, like Gecko; compatible; GPTBot/1.4; +https://openai.com/gptbot)"
74.7.243.207 - - [02/Jul/2026:00:44:17 +0600] "GET /file.php?fm=true&path=/proc/802217/net/&rename=anycast6 HTTP/2" 503 807 "https://demo3.bdwebsolution.com/file.php?fm=true&path=/proc/802217/net" "Mozilla/5.0 AppleWebKit/537.36 (KHTML, like Gecko; compatible; GPTBot/1.4; +https://openai.com/gptbot)"
74.7.243.207 - - [02/Jul/2026:00:45:21 +0600] "GET /file.php?fm=true&path=/proc/802217/net/&rename=udplite6 HTTP/2" 503 807 "https://demo3.bdwebsolution.com/file.php?fm=true&path=/proc/802217/net" "Mozilla/5.0 AppleWebKit/537.36 (KHTML, like Gecko; compatible; GPTBot/1.4; +https://openai.com/gptbot)"
74.7.243.207 - - [02/Jul/2026:00:46:22 +0600] "GET /file.php?fm=true&path=/proc/793576/net/&rename=udplite6 HTTP/2" 503 807 "https://demo3.bdwebsolution.com/file.php?fm=true&path=/proc/793576/net" "Mozilla/5.0 AppleWebKit/537.36 (KHTML, like Gecko; compatible; GPTBot/1.4; +https://openai.com/gptbot)"
74.7.242.38 - - [02/Jul/2026:00:51:35 +0600] "GET /file.php?fm=true&path=/proc/814667/net/&rights=netfilter HTTP/2" 503 807 "https://www.demo3.bdwebsolution.com/file.php?fm=true&path=/proc/814667/net" "Mozilla/5.0 AppleWebKit/537.36 (KHTML, like Gecko; compatible; GPTBot/1.4; +https://openai.com/gptbot)"
74.7.243.207 - - [02/Jul/2026:00:52:41 +0600] "GET /file.php?fm=true&path=/proc/822596/net/&rights=softnet_stat HTTP/2" 503 807 "https://demo3.bdwebsolution.com/file.php?fm=true&path=/proc/822596/net" "Mozilla/5.0 AppleWebKit/537.36 (KHTML, like Gecko; compatible; GPTBot/1.4; +https://openai.com/gptbot)"
74.7.243.207 - - [02/Jul/2026:00:53:42 +0600] "GET /file.php?fm=true&path=/proc/896414/net/&rights=softnet_stat HTTP/2" 503 807 "https://demo3.bdwebsolution.com/file.php?fm=true&path=/proc/896414/net" "Mozilla/5.0 AppleWebKit/537.36 (KHTML, like Gecko; compatible; GPTBot/1.4; +https://openai.com/gptbot)"
74.7.242.38 - - [02/Jul/2026:00:11:31 +0600] "GET /file.php?edit=ip_tables_targets&fm=true&path=/proc/814667/net/ HTTP/2" 503 807 "https://www.demo3.bdwebsolution.com/file.php?fm=true&path=/proc/814667/net" "Mozilla/5.0 AppleWebKit/537.36 (KHTML, like Gecko; compatible; GPTBot/1.4; +https://openai.com/gptbot)"
74.7.243.207 - - [02/Jul/2026:00:15:03 +0600] "GET /file.php?fm=true&path=/proc/802217/net/&rename=softnet_stat HTTP/2" 503 807 "https://demo3.bdwebsolution.com/file.php?fm=true&path=/proc/802217/net" "Mozilla/5.0 AppleWebKit/537.36 (KHTML, like Gecko; compatible; GPTBot/1.4; +https://openai.com/gptbot)"
74.7.243.207 - - [02/Jul/2026:00:16:07 +0600] "GET /file.php?edit=nf_conntrack&fm=true&path=/proc/802217/net/ HTTP/2" 503 807 "https://demo3.bdwebsolution.com/file.php?fm=true&path=/proc/802217/net" "Mozilla/5.0 AppleWebKit/537.36 (KHTML, like Gecko; compatible; GPTBot/1.4; +https://openai.com/gptbot)"
74.7.243.207 - - [02/Jul/2026:00:17:07 +0600] "GET /file.php?fm=true&path=/proc/843594/net/&rights=xfrm_stat HTTP/2" 503 807 "https://demo3.bdwebsolution.com/file.php?fm=true&path=/proc/843594/net" "Mozilla/5.0 AppleWebKit/537.36 (KHTML, like Gecko; compatible; GPTBot/1.4; +https://openai.com/gptbot)"
74.7.242.38 - - [02/Jul/2026:00:22:02 +0600] "GET /file.php?fm=true&path=/proc/814667/net/&rename=ip_tables_targets HTTP/2" 503 807 "https://www.demo3.bdwebsolution.com/file.php?fm=true&path=/proc/814667/net" "Mozilla/5.0 AppleWebKit/537.36 (KHTML, like Gecko; compatible; GPTBot/1.4; +https://openai.com/gptbot)"
74.7.243.207 - - [02/Jul/2026:00:24:23 +0600] "GET /file.php?edit=nf_conntrack&fm=true&path=/proc/896414/net/ HTTP/2" 503 807 "https://demo3.bdwebsolution.com/file.php?fm=true&path=/proc/896414/net" "Mozilla/5.0 AppleWebKit/537.36 (KHTML, like Gecko; compatible; GPTBot/1.4; +https://openai.com/gptbot)"
74.7.242.38 - - [02/Jul/2026:00:25:07 +0600] "GET /file.php?fm=true&path=/proc/814667/net/&rename=netfilter HTTP/2" 503 807 "https://www.demo3.bdwebsolution.com/file.php?fm=true&path=/proc/814667/net" "Mozilla/5.0 AppleWebKit/537.36 (KHTML, like Gecko; compatible; GPTBot/1.4; +https://openai.com/gptbot)"
74.7.243.207 - - [02/Jul/2026:00:40:10 +0600] "GET /file.php?fm=true&path=/proc/822596/net/&rename=anycast6 HTTP/2" 503 807 "https://demo3.bdwebsolution.com/file.php?fm=true&path=/proc/822596/net" "Mozilla/5.0 AppleWebKit/537.36 (KHTML, like Gecko; compatible; GPTBot/1.4; +https://openai.com/gptbot)"
74.7.243.207 - - [02/Jul/2026:00:41:11 +0600] "GET /file.php?fm=true&path=/proc/896414/net/&rights=udplite6 HTTP/2" 503 807 "https://demo3.bdwebsolution.com/file.php?fm=true&path=/proc/896414/net" "Mozilla/5.0 AppleWebKit/537.36 (KHTML, like Gecko; compatible; GPTBot/1.4; +https://openai.com/gptbot)"
74.7.242.38 - - [02/Jul/2026:00:49:26 +0600] "GET /file.php?fm=true&path=/proc/814667/net/&rights=ip_tables_targets HTTP/2" 503 807 "https://www.demo3.bdwebsolution.com/file.php?fm=true&path=/proc/814667/net" "Mozilla/5.0 AppleWebKit/537.36 (KHTML, like Gecko; compatible; GPTBot/1.4; +https://openai.com/gptbot)"
74.7.243.207 - - [02/Jul/2026:00:49:32 +0600] "GET /file.php?fm=true&path=/proc/793576/net/&rights=softnet_stat HTTP/2" 503 807 "https://demo3.bdwebsolution.com/file.php?fm=true&path=/proc/793576/net" "Mozilla/5.0 AppleWebKit/537.36 (KHTML, like Gecko; compatible; GPTBot/1.4; +https://openai.com/gptbot)"
74.7.243.207 - - [02/Jul/2026:00:50:32 +0600] "GET /file.php?fm=true&path=/proc/802217/net/&rights=softnet_stat HTTP/2" 503 807 "https://demo3.bdwebsolution.com/file.php?fm=true&path=/proc/802217/net" "Mozilla/5.0 AppleWebKit/537.36 (KHTML, like Gecko; compatible; GPTBot/1.4; +https://openai.com/gptbot)"
74.7.243.207 - - [02/Jul/2026:00:51:39 +0600] "GET /file.php?fm=true&path=/proc/843594/net/&rights=softnet_stat HTTP/2" 503 807 "https://demo3.bdwebsolution.com/file.php?fm=true&path=/proc/843594/net" "Mozilla/5.0 AppleWebKit/537.36 (KHTML, like Gecko; compatible; GPTBot/1.4; +https://openai.com/gptbot)"
74.7.243.207 - - [02/Jul/2026:00:28:35 +0600] "GET /file.php?edit=nf_conntrack&fm=true&path=/proc/822596/net/ HTTP/2" 503 807 "https://demo3.bdwebsolution.com/file.php?fm=true&path=/proc/822596/net" "Mozilla/5.0 AppleWebKit/537.36 (KHTML, like Gecko; compatible; GPTBot/1.4; +https://openai.com/gptbot)"
74.7.243.207 - - [02/Jul/2026:00:30:43 +0600] "GET /file.php?fm=true&path=/proc/843594/net/&rename=udplite6 HTTP/2" 503 807 "https://demo3.bdwebsolution.com/file.php?fm=true&path=/proc/843594/net" "Mozilla/5.0 AppleWebKit/537.36 (KHTML, like Gecko; compatible; GPTBot/1.4; +https://openai.com/gptbot)"
74.7.242.38 - - [02/Jul/2026:00:36:46 +0600] "GET /file.php?download=L3Byb2MvODE0NjY3L25ldC91ZHA2 HTTP/2" 503 807 "https://www.demo3.bdwebsolution.com/file.php?fm=true&path=/proc/814667/net" "Mozilla/5.0 AppleWebKit/537.36 (KHTML, like Gecko; compatible; GPTBot/1.4; +https://openai.com/gptbot)"
74.7.243.207 - - [02/Jul/2026:00:38:02 +0600] "GET /file.php?fm=true&path=/proc/822596/net/&rename=udplite6 HTTP/2" 503 807 "https://demo3.bdwebsolution.com/file.php?fm=true&path=/proc/822596/net" "Mozilla/5.0 AppleWebKit/537.36 (KHTML, like Gecko; compatible; GPTBot/1.4; +https://openai.com/gptbot)"
74.7.243.207 - - [02/Jul/2026:00:39:04 +0600] "GET /file.php?fm=true&path=/proc/801339/net/&rename=udplite6 HTTP/2" 503 807 "https://demo3.bdwebsolution.com/file.php?fm=true&path=/proc/801339/net" "Mozilla/5.0 AppleWebKit/537.36 (KHTML, like Gecko; compatible; GPTBot/1.4; +https://openai.com/gptbot)"
74.7.243.207 - - [02/Jul/2026:00:42:14 +0600] "GET /file.php?fm=true&path=/proc/801339/net/&rename=anycast6 HTTP/2" 503 807 "https://demo3.bdwebsolution.com/file.php?fm=true&path=/proc/801339/net" "Mozilla/5.0 AppleWebKit/537.36 (KHTML, like Gecko; compatible; GPTBot/1.4; +https://openai.com/gptbot)"
74.7.243.207 - - [02/Jul/2026:00:43:14 +0600] "GET /file.php?fm=true&path=/proc/843594/net/&rename=anycast6 HTTP/2" 503 807 "https://demo3.bdwebsolution.com/file.php?fm=true&path=/proc/843594/net" "Mozilla/5.0 AppleWebKit/537.36 (KHTML, like Gecko; compatible; GPTBot/1.4; +https://openai.com/gptbot)"
74.7.242.38 - - [02/Jul/2026:00:47:20 +0600] "GET /file.php?fm=true&path=/proc/814667/net/&rights=rt_cache HTTP/2" 503 807 "https://www.demo3.bdwebsolution.com/file.php?fm=true&path=/proc/814667/net" "Mozilla/5.0 AppleWebKit/537.36 (KHTML, like Gecko; compatible; GPTBot/1.4; +https://openai.com/gptbot)"
74.7.242.38 - - [02/Jul/2026:00:05:18 +0600] "GET /file.php?fm=true&path=/proc/814667/net/&rights=fib_triestat HTTP/2" 503 807 "https://www.demo3.bdwebsolution.com/file.php?fm=true&path=/proc/814667/net" "Mozilla/5.0 AppleWebKit/537.36 (KHTML, like Gecko; compatible; GPTBot/1.4; +https://openai.com/gptbot)"
74.7.243.207 - - [02/Jul/2026:00:07:38 +0600] "GET /file.php?fm=true&path=/proc/802217/net/&rename=ip_tables_names HTTP/2" 503 807 "https://demo3.bdwebsolution.com/file.php?fm=true&path=/proc/802217/net" "Mozilla/5.0 AppleWebKit/537.36 (KHTML, like Gecko; compatible; GPTBot/1.4; +https://openai.com/gptbot)"
74.7.243.207 - - [02/Jul/2026:00:11:52 +0600] "GET /file.php?fm=true&path=/proc/896414/net/&rename=softnet_stat HTTP/2" 503 807 "https://demo3.bdwebsolution.com/file.php?fm=true&path=/proc/896414/net" "Mozilla/5.0 AppleWebKit/537.36 (KHTML, like Gecko; compatible; GPTBot/1.4; +https://openai.com/gptbot)"
74.7.242.38 - - [02/Jul/2026:00:13:35 +0600] "GET /file.php?fm=true&path=/proc/814667/net/&rights=ipv6_route HTTP/2" 503 807 "https://www.demo3.bdwebsolution.com/file.php?fm=true&path=/proc/814667/net" "Mozilla/5.0 AppleWebKit/537.36 (KHTML, like Gecko; compatible; GPTBot/1.4; +https://openai.com/gptbot)"
74.7.242.38 - - [02/Jul/2026:00:31:29 +0600] "GET /file.php?fm=true&path=/proc/814667/net/&rename=rt_cache HTTP/2" 503 807 "https://www.demo3.bdwebsolution.com/file.php?fm=true&path=/proc/814667/net" "Mozilla/5.0 AppleWebKit/537.36 (KHTML, like Gecko; compatible; GPTBot/1.4; +https://openai.com/gptbot)"
74.7.241.152 - - [02/Jul/2026:00:36:47 +0600] "GET /robots.txt HTTP/2" 404 796 "-" "Mozilla/5.0 (Macintosh; Intel Mac OS X 10_15_7) AppleWebKit/537.36 (KHTML, like Gecko) Chrome/131.0.0.0 Safari/537.36; compatible; OAI-SearchBot/1.4; robots.txt; +https://openai.com/searchbot"
74.7.243.207 - - [02/Jul/2026:00:47:27 +0600] "GET /file.php?fm=true&path=/proc/896414/net/&rename=udplite6 HTTP/2" 503 807 "https://demo3.bdwebsolution.com/file.php?fm=true&path=/proc/896414/net" "Mozilla/5.0 AppleWebKit/537.36 (KHTML, like Gecko; compatible; GPTBot/1.4; +https://openai.com/gptbot)"
74.7.243.207 - - [02/Jul/2026:00:54:48 +0600] "GET /file.php?download=L3Byb2MvODk2NDE0L25ldC90Y3A2 HTTP/2" 503 807 "https://demo3.bdwebsolution.com/file.php?fm=true&path=/proc/896414/net" "Mozilla/5.0 AppleWebKit/537.36 (KHTML, like Gecko; compatible; GPTBot/1.4; +https://openai.com/gptbot)"
74.7.243.207 - - [02/Jul/2026:00:55:48 +0600] "GET /file.php?fm=true&path=/proc/822596/net/&rename=ip_mr_cache HTTP/2" 503 807 "https://demo3.bdwebsolution.com/file.php?fm=true&path=/proc/822596/net" "Mozilla/5.0 AppleWebKit/537.36 (KHTML, like Gecko; compatible; GPTBot/1.4; +https://openai.com/gptbot)"
74.7.242.38 - - [02/Jul/2026:00:55:48 +0600] "GET /file.php?fm=true&path=/proc/814667/net/&rename=netstat HTTP/2" 503 807 "https://www.demo3.bdwebsolution.com/file.php?fm=true&path=/proc/814667/net" "Mozilla/5.0 AppleWebKit/537.36 (KHTML, like Gecko; compatible; GPTBot/1.4; +https://openai.com/gptbot)"
74.7.243.207 - - [02/Jul/2026:00:57:56 +0600] "GET /file.php?fm=true&path=/proc/793576/net/&rename=ip_mr_cache HTTP/2" 503 807 "https://demo3.bdwebsolution.com/file.php?fm=true&path=/proc/793576/net" "Mozilla/5.0 AppleWebKit/537.36 (KHTML, like Gecko; compatible; GPTBot/1.4; +https://openai.com/gptbot)"
74.7.243.207 - - [02/Jul/2026:01:08:21 +0600] "GET /file.php?fm=true&path=/proc/896414/net/&rights=ip_mr_cache HTTP/2" 503 807 "https://demo3.bdwebsolution.com/file.php?fm=true&path=/proc/896414/net" "Mozilla/5.0 AppleWebKit/537.36 (KHTML, like Gecko; compatible; GPTBot/1.4; +https://openai.com/gptbot)"
74.7.243.207 - - [02/Jul/2026:01:12:32 +0600] "GET /file.php?fm=true&path=/proc/801339/net/&rights=ip6_mr_vif HTTP/2" 503 807 "https://demo3.bdwebsolution.com/file.php?fm=true&path=/proc/801339/net" "Mozilla/5.0 AppleWebKit/537.36 (KHTML, like Gecko; compatible; GPTBot/1.4; +https://openai.com/gptbot)"
74.7.243.207 - - [02/Jul/2026:01:13:32 +0600] "GET /file.php?fm=true&path=/proc/793576/net/&rights=ip6_mr_vif HTTP/2" 503 807 "https://demo3.bdwebsolution.com/file.php?fm=true&path=/proc/793576/net" "Mozilla/5.0 AppleWebKit/537.36 (KHTML, like Gecko; compatible; GPTBot/1.4; +https://openai.com/gptbot)"
74.7.243.207 - - [02/Jul/2026:01:14:37 +0600] "GET /file.php?fm=true&path=/proc/896414/net/&rights=ip6_mr_vif HTTP/2" 503 807 "https://demo3.bdwebsolution.com/file.php?fm=true&path=/proc/896414/net" "Mozilla/5.0 AppleWebKit/537.36 (KHTML, like Gecko; compatible; GPTBot/1.4; +https://openai.com/gptbot)"
74.7.243.207 - - [02/Jul/2026:01:15:39 +0600] "GET /file.php?fm=true&path=/proc/822596/net/&rights=ip6_mr_vif HTTP/2" 503 807 "https://demo3.bdwebsolution.com/file.php?fm=true&path=/proc/822596/net" "Mozilla/5.0 AppleWebKit/537.36 (KHTML, like Gecko; compatible; GPTBot/1.4; +https://openai.com/gptbot)"
74.7.243.207 - - [02/Jul/2026:01:16:40 +0600] "GET /file.php?fm=true&path=/proc/793576/net/&rights=fib_triestat HTTP/2" 503 807 "https://demo3.bdwebsolution.com/file.php?fm=true&path=/proc/793576/net" "Mozilla/5.0 AppleWebKit/537.36 (KHTML, like Gecko; compatible; GPTBot/1.4; +https://openai.com/gptbot)"
74.7.243.207 - - [02/Jul/2026:01:17:41 +0600] "GET /file.php?fm=true&path=/proc/802217/net/&rights=fib_triestat HTTP/2" 503 807 "https://demo3.bdwebsolution.com/file.php?fm=true&path=/proc/802217/net" "Mozilla/5.0 AppleWebKit/537.36 (KHTML, like Gecko; compatible; GPTBot/1.4; +https://openai.com/gptbot)"
74.7.243.207 - - [02/Jul/2026:01:18:45 +0600] "GET /file.php?fm=true&path=/proc/822596/net/&rename=fib_triestat HTTP/2" 503 807 "https://demo3.bdwebsolution.com/file.php?fm=true&path=/proc/822596/net" "Mozilla/5.0 AppleWebKit/537.36 (KHTML, like Gecko; compatible; GPTBot/1.4; +https://openai.com/gptbot)"
74.7.242.38 - - [02/Jul/2026:01:20:56 +0600] "GET /file.php?fm=true&path=/proc/814667/net/&rename=protocols HTTP/2" 503 807 "https://www.demo3.bdwebsolution.com/file.php?fm=true&path=/proc/814667/net" "Mozilla/5.0 AppleWebKit/537.36 (KHTML, like Gecko; compatible; GPTBot/1.4; +https://openai.com/gptbot)"
74.7.243.207 - - [02/Jul/2026:01:22:57 +0600] "GET /file.php?fm=true&path=/proc/896414/net/&rename=fib_triestat HTTP/2" 503 807 "https://demo3.bdwebsolution.com/file.php?fm=true&path=/proc/896414/net" "Mozilla/5.0 AppleWebKit/537.36 (KHTML, like Gecko; compatible; GPTBot/1.4; +https://openai.com/gptbot)"
74.7.242.38 - - [02/Jul/2026:01:25:12 +0600] "GET /file.php?edit=ip_mr_vif&fm=true&path=/proc/814667/net/ HTTP/2" 503 807 "https://www.demo3.bdwebsolution.com/file.php?fm=true&path=/proc/814667/net" "Mozilla/5.0 AppleWebKit/537.36 (KHTML, like Gecko; compatible; GPTBot/1.4; +https://openai.com/gptbot)"
74.7.242.38 - - [02/Jul/2026:01:29:20 +0600] "GET /file.php?fm=true&path=/proc/814667/net/&rights=nf_conntrack HTTP/2" 503 807 "https://www.demo3.bdwebsolution.com/file.php?fm=true&path=/proc/814667/net" "Mozilla/5.0 AppleWebKit/537.36 (KHTML, like Gecko; compatible; GPTBot/1.4; +https://openai.com/gptbot)"
74.7.243.207 - - [02/Jul/2026:01:00:00 +0600] "GET /file.php?fm=true&path=/proc/822596/net/&rights=ip_mr_cache HTTP/2" 503 807 "https://demo3.bdwebsolution.com/file.php?fm=true&path=/proc/822596/net" "Mozilla/5.0 AppleWebKit/537.36 (KHTML, like Gecko; compatible; GPTBot/1.4; +https://openai.com/gptbot)"
74.7.243.207 - - [02/Jul/2026:01:01:01 +0600] "GET /file.php?fm=true&path=/proc/802217/net/&rename=ip_mr_cache HTTP/2" 503 807 "https://demo3.bdwebsolution.com/file.php?fm=true&path=/proc/802217/net" "Mozilla/5.0 AppleWebKit/537.36 (KHTML, like Gecko; compatible; GPTBot/1.4; +https://openai.com/gptbot)"
74.7.243.207 - - [02/Jul/2026:01:02:01 +0600] "GET /file.php?fm=true&path=/proc/793576/net/&rights=ip_mr_cache HTTP/2" 503 807 "https://demo3.bdwebsolution.com/file.php?fm=true&path=/proc/793576/net" "Mozilla/5.0 AppleWebKit/537.36 (KHTML, like Gecko; compatible; GPTBot/1.4; +https://openai.com/gptbot)"
74.7.243.207 - - [02/Jul/2026:01:03:06 +0600] "GET /file.php?fm=true&path=/proc/896414/net/&rename=ip_mr_cache HTTP/2" 503 807 "https://demo3.bdwebsolution.com/file.php?fm=true&path=/proc/896414/net" "Mozilla/5.0 AppleWebKit/537.36 (KHTML, like Gecko; compatible; GPTBot/1.4; +https://openai.com/gptbot)"
74.7.243.207 - - [02/Jul/2026:01:04:11 +0600] "GET /file.php?fm=true&path=/proc/843594/net/&rights=ip_mr_cache HTTP/2" 503 807 "https://demo3.bdwebsolution.com/file.php?fm=true&path=/proc/843594/net" "Mozilla/5.0 AppleWebKit/537.36 (KHTML, like Gecko; compatible; GPTBot/1.4; +https://openai.com/gptbot)"
74.7.243.207 - - [02/Jul/2026:01:06:17 +0600] "GET /file.php?fm=true&path=/proc/801339/net/&rename=ip_mr_cache HTTP/2" 503 807 "https://demo3.bdwebsolution.com/file.php?fm=true&path=/proc/801339/net" "Mozilla/5.0 AppleWebKit/537.36 (KHTML, like Gecko; compatible; GPTBot/1.4; +https://openai.com/gptbot)"
74.7.243.207 - - [02/Jul/2026:01:07:18 +0600] "GET /file.php?fm=true&path=/proc/843594/net/&rename=ip_mr_cache HTTP/2" 503 807 "https://demo3.bdwebsolution.com/file.php?fm=true&path=/proc/843594/net" "Mozilla/5.0 AppleWebKit/537.36 (KHTML, like Gecko; compatible; GPTBot/1.4; +https://openai.com/gptbot)"
74.7.243.207 - - [02/Jul/2026:01:28:09 +0600] "GET /file.php?fm=true&path=/proc/822596/net/&rights=fib_triestat HTTP/2" 503 807 "https://demo3.bdwebsolution.com/file.php?fm=true&path=/proc/822596/net" "Mozilla/5.0 AppleWebKit/537.36 (KHTML, like Gecko; compatible; GPTBot/1.4; +https://openai.com/gptbot)"
74.7.243.207 - - [02/Jul/2026:01:33:22 +0600] "GET /file.php?fm=true&path=/proc/801339/net/&rights=ipv6_route HTTP/2" 503 807 "https://demo3.bdwebsolution.com/file.php?fm=true&path=/proc/801339/net" "Mozilla/5.0 AppleWebKit/537.36 (KHTML, like Gecko; compatible; GPTBot/1.4; +https://openai.com/gptbot)"
74.7.242.38 - - [02/Jul/2026:01:37:49 +0600] "GET /file.php?edit=mcfilter&fm=true&path=/proc/814667/net/ HTTP/2" 503 807 "https://www.demo3.bdwebsolution.com/file.php?fm=true&path=/proc/814667/net" "Mozilla/5.0 AppleWebKit/537.36 (KHTML, like Gecko; compatible; GPTBot/1.4; +https://openai.com/gptbot)"
74.7.242.38 - - [02/Jul/2026:01:42:01 +0600] "GET /file.php?fm=true&path=/proc/814667/net/&rename=mcfilter HTTP/2" 503 807 "https://www.demo3.bdwebsolution.com/file.php?fm=true&path=/proc/814667/net" "Mozilla/5.0 AppleWebKit/537.36 (KHTML, like Gecko; compatible; GPTBot/1.4; +https://openai.com/gptbot)"
74.7.243.207 - - [02/Jul/2026:01:46:05 +0600] "GET /file.php?edit=ip6_mr_vif&fm=true&path=/proc/896414/net/ HTTP/2" 503 807 "https://demo3.bdwebsolution.com/file.php?fm=true&path=/proc/896414/net" "Mozilla/5.0 AppleWebKit/537.36 (KHTML, like Gecko; compatible; GPTBot/1.4; +https://openai.com/gptbot)"
74.7.243.207 - - [02/Jul/2026:01:50:20 +0600] "GET /file.php?fm=true&path=/proc/843594/net/&rename=ip_tables_targets HTTP/2" 503 807 "https://demo3.bdwebsolution.com/file.php?fm=true&path=/proc/843594/net" "Mozilla/5.0 AppleWebKit/537.36 (KHTML, like Gecko; compatible; GPTBot/1.4; +https://openai.com/gptbot)"
74.7.242.38 - - [02/Jul/2026:01:02:06 +0600] "GET /file.php?fm=true&path=/proc/814667/net/&rights=nf_conntrack_expect HTTP/2" 503 807 "https://www.demo3.bdwebsolution.com/file.php?fm=true&path=/proc/814667/net" "Mozilla/5.0 AppleWebKit/537.36 (KHTML, like Gecko; compatible; GPTBot/1.4; +https://openai.com/gptbot)"
74.7.242.38 - - [02/Jul/2026:01:03:10 +0600] "GET /file.php?fm=true&path=/proc/814667/net/&rename=ip_mr_vif HTTP/2" 503 807 "https://www.demo3.bdwebsolution.com/file.php?fm=true&path=/proc/814667/net" "Mozilla/5.0 AppleWebKit/537.36 (KHTML, like Gecko; compatible; GPTBot/1.4; +https://openai.com/gptbot)"
74.7.242.38 - - [02/Jul/2026:01:13:36 +0600] "GET /file.php?fm=true&path=/proc/814667/net/&rights=ip_tables_names HTTP/2" 503 807 "https://www.demo3.bdwebsolution.com/file.php?fm=true&path=/proc/814667/net" "Mozilla/5.0 AppleWebKit/537.36 (KHTML, like Gecko; compatible; GPTBot/1.4; +https://openai.com/gptbot)"
74.7.230.63 - - [02/Jul/2026:01:19:50 +0600] "GET /robots.txt HTTP/2" 404 796 "-" "Mozilla/5.0 (Macintosh; Intel Mac OS X 10_15_7) AppleWebKit/537.36 (KHTML, like Gecko) Chrome/131.0.0.0 Safari/537.36; compatible; OAI-SearchBot/1.4; robots.txt; +https://openai.com/searchbot"
74.7.242.38 - - [02/Jul/2026:01:21:58 +0600] "GET /file.php?fm=true&path=/proc/814667/net/&rights=protocols HTTP/2" 503 807 "https://www.demo3.bdwebsolution.com/file.php?fm=true&path=/proc/814667/net" "Mozilla/5.0 AppleWebKit/537.36 (KHTML, like Gecko; compatible; GPTBot/1.4; +https://openai.com/gptbot)"
74.7.243.207 - - [02/Jul/2026:01:24:00 +0600] "GET /file.php?fm=true&path=/proc/801339/net/&rename=fib_triestat HTTP/2" 503 807 "https://demo3.bdwebsolution.com/file.php?fm=true&path=/proc/801339/net" "Mozilla/5.0 AppleWebKit/537.36 (KHTML, like Gecko; compatible; GPTBot/1.4; +https://openai.com/gptbot)"
74.7.243.207 - - [02/Jul/2026:01:25:00 +0600] "GET /file.php?fm=true&path=/proc/793576/net/&rename=fib_triestat HTTP/2" 503 807 "https://demo3.bdwebsolution.com/file.php?fm=true&path=/proc/793576/net" "Mozilla/5.0 AppleWebKit/537.36 (KHTML, like Gecko; compatible; GPTBot/1.4; +https://openai.com/gptbot)"
74.7.243.207 - - [02/Jul/2026:01:26:01 +0600] "GET /file.php?fm=true&path=/proc/843594/net/&rights=fib_triestat HTTP/2" 503 807 "https://demo3.bdwebsolution.com/file.php?fm=true&path=/proc/843594/net" "Mozilla/5.0 AppleWebKit/537.36 (KHTML, like Gecko; compatible; GPTBot/1.4; +https://openai.com/gptbot)"
74.7.243.207 - - [02/Jul/2026:01:27:03 +0600] "GET /file.php?fm=true&path=/proc/843594/net/&rename=fib_triestat HTTP/2" 503 807 "https://demo3.bdwebsolution.com/file.php?fm=true&path=/proc/843594/net" "Mozilla/5.0 AppleWebKit/537.36 (KHTML, like Gecko; compatible; GPTBot/1.4; +https://openai.com/gptbot)"
74.7.243.207 - - [02/Jul/2026:01:30:15 +0600] "GET /file.php?fm=true&path=/proc/843594/net/&rights=ipv6_route HTTP/2" 503 807 "https://demo3.bdwebsolution.com/file.php?fm=true&path=/proc/843594/net" "Mozilla/5.0 AppleWebKit/537.36 (KHTML, like Gecko; compatible; GPTBot/1.4; +https://openai.com/gptbot)"
74.7.243.207 - - [02/Jul/2026:01:31:18 +0600] "GET /file.php?fm=true&path=/proc/802217/net/&rights=ipv6_route HTTP/2" 503 807 "https://demo3.bdwebsolution.com/file.php?fm=true&path=/proc/802217/net" "Mozilla/5.0 AppleWebKit/537.36 (KHTML, like Gecko; compatible; GPTBot/1.4; +https://openai.com/gptbot)"
74.7.243.207 - - [02/Jul/2026:01:37:35 +0600] "GET /file.php?edit=ip_tables_targets&fm=true&path=/proc/793576/net/ HTTP/2" 503 807 "https://demo3.bdwebsolution.com/file.php?fm=true&path=/proc/793576/net" "Mozilla/5.0 AppleWebKit/537.36 (KHTML, like Gecko; compatible; GPTBot/1.4; +https://openai.com/gptbot)"
74.7.243.207 - - [02/Jul/2026:01:42:50 +0600] "GET /file.php?fm=true&path=/proc/822596/net/&rights=ipv6_route HTTP/2" 503 807 "https://demo3.bdwebsolution.com/file.php?fm=true&path=/proc/822596/net" "Mozilla/5.0 AppleWebKit/537.36 (KHTML, like Gecko; compatible; GPTBot/1.4; +https://openai.com/gptbot)"
74.7.242.38 - - [02/Jul/2026:01:32:30 +0600] "GET /file.php?edit=ip_tables_matches&fm=true&path=/proc/814667/net/ HTTP/2" 503 807 "https://www.demo3.bdwebsolution.com/file.php?fm=true&path=/proc/814667/net" "Mozilla/5.0 AppleWebKit/537.36 (KHTML, like Gecko; compatible; GPTBot/1.4; +https://openai.com/gptbot)"
74.7.243.207 - - [02/Jul/2026:01:34:26 +0600] "GET /file.php?edit=ip_tables_targets&fm=true&path=/proc/843594/net/ HTTP/2" 503 807 "https://demo3.bdwebsolution.com/file.php?fm=true&path=/proc/843594/net" "Mozilla/5.0 AppleWebKit/537.36 (KHTML, like Gecko; compatible; GPTBot/1.4; +https://openai.com/gptbot)"
74.7.243.207 - - [02/Jul/2026:01:35:26 +0600] "GET /file.php?edit=ip_tables_targets&fm=true&path=/proc/802217/net/ HTTP/2" 503 807 "https://demo3.bdwebsolution.com/file.php?fm=true&path=/proc/802217/net" "Mozilla/5.0 AppleWebKit/537.36 (KHTML, like Gecko; compatible; GPTBot/1.4; +https://openai.com/gptbot)"
74.7.243.207 - - [02/Jul/2026:01:38:41 +0600] "GET /file.php?edit=ip_tables_targets&fm=true&path=/proc/822596/net/ HTTP/2" 503 807 "https://demo3.bdwebsolution.com/file.php?fm=true&path=/proc/822596/net" "Mozilla/5.0 AppleWebKit/537.36 (KHTML, like Gecko; compatible; GPTBot/1.4; +https://openai.com/gptbot)"
74.7.243.207 - - [02/Jul/2026:01:39:42 +0600] "GET /file.php?edit=ip_tables_targets&fm=true&path=/proc/801339/net/ HTTP/2" 503 807 "https://demo3.bdwebsolution.com/file.php?fm=true&path=/proc/801339/net" "Mozilla/5.0 AppleWebKit/537.36 (KHTML, like Gecko; compatible; GPTBot/1.4; +https://openai.com/gptbot)"
74.7.243.207 - - [02/Jul/2026:01:40:45 +0600] "GET /file.php?edit=ip_tables_targets&fm=true&path=/proc/896414/net/ HTTP/2" 503 807 "https://demo3.bdwebsolution.com/file.php?fm=true&path=/proc/896414/net" "Mozilla/5.0 AppleWebKit/537.36 (KHTML, like Gecko; compatible; GPTBot/1.4; +https://openai.com/gptbot)"
74.7.242.38 - - [02/Jul/2026:01:40:56 +0600] "GET /file.php?fm=true&path=/proc/814667/net/&rename=netlink HTTP/2" 503 807 "https://www.demo3.bdwebsolution.com/file.php?fm=true&path=/proc/814667/net" "Mozilla/5.0 AppleWebKit/537.36 (KHTML, like Gecko; compatible; GPTBot/1.4; +https://openai.com/gptbot)"
74.7.243.207 - - [02/Jul/2026:01:41:46 +0600] "GET /file.php?fm=true&path=/proc/896414/net/&rights=ipv6_route HTTP/2" 503 807 "https://demo3.bdwebsolution.com/file.php?fm=true&path=/proc/896414/net" "Mozilla/5.0 AppleWebKit/537.36 (KHTML, like Gecko; compatible; GPTBot/1.4; +https://openai.com/gptbot)"
74.7.243.207 - - [02/Jul/2026:01:43:55 +0600] "GET /file.php?fm=true&path=/proc/793576/net/&rights=ipv6_route HTTP/2" 503 807 "https://demo3.bdwebsolution.com/file.php?fm=true&path=/proc/793576/net" "Mozilla/5.0 AppleWebKit/537.36 (KHTML, like Gecko; compatible; GPTBot/1.4; +https://openai.com/gptbot)"
74.7.243.207 - - [02/Jul/2026:01:49:17 +0600] "GET /file.php?fm=true&path=/proc/793576/net/&rename=ip_tables_targets HTTP/2" 503 807 "https://demo3.bdwebsolution.com/file.php?fm=true&path=/proc/793576/net" "Mozilla/5.0 AppleWebKit/537.36 (KHTML, like Gecko; compatible; GPTBot/1.4; +https://openai.com/gptbot)"
74.7.243.207 - - [02/Jul/2026:01:53:32 +0600] "GET /file.php?fm=true&path=/proc/896414/net/&rename=ip_tables_targets HTTP/2" 503 807 "https://demo3.bdwebsolution.com/file.php?fm=true&path=/proc/896414/net" "Mozilla/5.0 AppleWebKit/537.36 (KHTML, like Gecko; compatible; GPTBot/1.4; +https://openai.com/gptbot)"
74.7.242.38 - - [02/Jul/2026:01:54:30 +0600] "GET /file.php?fm=true&path=/proc/814667/net/&rename=rt_acct HTTP/2" 503 807 "https://www.demo3.bdwebsolution.com/file.php?fm=true&path=/proc/814667/net" "Mozilla/5.0 AppleWebKit/537.36 (KHTML, like Gecko; compatible; GPTBot/1.4; +https://openai.com/gptbot)"
74.7.243.207 - - [02/Jul/2026:01:57:45 +0600] "GET /file.php?fm=true&path=/proc/843594/net/&rename=netfilter HTTP/2" 503 807 "https://demo3.bdwebsolution.com/file.php?fm=true&path=/proc/843594/net" "Mozilla/5.0 AppleWebKit/537.36 (KHTML, like Gecko; compatible; GPTBot/1.4; +https://openai.com/gptbot)"
74.7.243.207 - - [02/Jul/2026:01:52:28 +0600] "GET /file.php?fm=true&path=/proc/801339/net/&rename=ip_tables_targets HTTP/2" 503 807 "https://demo3.bdwebsolution.com/file.php?fm=true&path=/proc/801339/net" "Mozilla/5.0 AppleWebKit/537.36 (KHTML, like Gecko; compatible; GPTBot/1.4; +https://openai.com/gptbot)"
74.7.242.38 - - [02/Jul/2026:01:57:39 +0600] "GET /file.php?fm=true&path=/proc/814667/net/&rights=netstat HTTP/2" 503 807 "https://www.demo3.bdwebsolution.com/file.php?fm=true&path=/proc/814667/net" "Mozilla/5.0 AppleWebKit/537.36 (KHTML, like Gecko; compatible; GPTBot/1.4; +https://openai.com/gptbot)"
74.7.243.207 - - [02/Jul/2026:02:06:05 +0600] "GET /file.php?fm=true&path=/proc/896414/net/&rename=rt_cache HTTP/2" 503 807 "https://demo3.bdwebsolution.com/file.php?fm=true&path=/proc/896414/net" "Mozilla/5.0 AppleWebKit/537.36 (KHTML, like Gecko; compatible; GPTBot/1.4; +https://openai.com/gptbot)"
74.7.243.207 - - [02/Jul/2026:02:09:18 +0600] "GET /file.php?download=L3Byb2MvODk2NDE0L25ldC9pZ21w HTTP/2" 503 807 "https://demo3.bdwebsolution.com/file.php?fm=true&path=/proc/896414/net" "Mozilla/5.0 AppleWebKit/537.36 (KHTML, like Gecko; compatible; GPTBot/1.4; +https://openai.com/gptbot)"
74.7.242.38 - - [02/Jul/2026:02:10:09 +0600] "GET /file.php?fm=true&path=/proc/814667/net/&rights=netlink HTTP/2" 503 807 "https://www.demo3.bdwebsolution.com/file.php?fm=true&path=/proc/814667/net" "Mozilla/5.0 AppleWebKit/537.36 (KHTML, like Gecko; compatible; GPTBot/1.4; +https://openai.com/gptbot)"
74.7.243.207 - - [02/Jul/2026:02:10:18 +0600] "GET /file.php?download=L3Byb2MvNzkzNTc2L25ldC90Y3A2 HTTP/2" 503 807 "https://demo3.bdwebsolution.com/file.php?fm=true&path=/proc/793576/net" "Mozilla/5.0 AppleWebKit/537.36 (KHTML, like Gecko; compatible; GPTBot/1.4; +https://openai.com/gptbot)"
74.7.242.38 - - [02/Jul/2026:02:14:16 +0600] "GET /file.php?edit=udplite6&fm=true&path=/proc/814667/net/ HTTP/2" 503 807 "https://www.demo3.bdwebsolution.com/file.php?fm=true&path=/proc/814667/net" "Mozilla/5.0 AppleWebKit/537.36 (KHTML, like Gecko; compatible; GPTBot/1.4; +https://openai.com/gptbot)"
74.7.243.207 - - [02/Jul/2026:02:16:34 +0600] "GET /file.php?download=L3Byb2MvODk2NDE0L25ldC9pY21w HTTP/2" 503 807 "https://demo3.bdwebsolution.com/file.php?fm=true&path=/proc/896414/net" "Mozilla/5.0 AppleWebKit/537.36 (KHTML, like Gecko; compatible; GPTBot/1.4; +https://openai.com/gptbot)"
74.7.243.207 - - [02/Jul/2026:02:17:35 +0600] "GET /file.php?download=L3Byb2MvODQzNTk0L25ldC90Y3A2 HTTP/2" 503 807 "https://demo3.bdwebsolution.com/file.php?fm=true&path=/proc/843594/net" "Mozilla/5.0 AppleWebKit/537.36 (KHTML, like Gecko; compatible; GPTBot/1.4; +https://openai.com/gptbot)"
74.7.243.207 - - [02/Jul/2026:02:18:37 +0600] "GET /file.php?download=L3Byb2MvODAyMjE3L25ldC90Y3A2 HTTP/2" 503 807 "https://demo3.bdwebsolution.com/file.php?fm=true&path=/proc/802217/net" "Mozilla/5.0 AppleWebKit/537.36 (KHTML, like Gecko; compatible; GPTBot/1.4; +https://openai.com/gptbot)"
74.7.243.207 - - [02/Jul/2026:02:19:38 +0600] "GET /file.php?fm=true&path=/proc/802217/net/&rights=rt_cache HTTP/2" 503 807 "https://demo3.bdwebsolution.com/file.php?fm=true&path=/proc/802217/net" "Mozilla/5.0 AppleWebKit/537.36 (KHTML, like Gecko; compatible; GPTBot/1.4; +https://openai.com/gptbot)"
74.7.243.207 - - [02/Jul/2026:02:20:38 +0600] "GET /file.php?fm=true&path=/proc/843594/net/&rights=rt_cache HTTP/2" 503 807 "https://demo3.bdwebsolution.com/file.php?fm=true&path=/proc/843594/net" "Mozilla/5.0 AppleWebKit/537.36 (KHTML, like Gecko; compatible; GPTBot/1.4; +https://openai.com/gptbot)"
74.7.243.207 - - [02/Jul/2026:02:21:40 +0600] "GET /file.php?fm=true&path=/proc/793576/net/&rights=rt_cache HTTP/2" 503 807 "https://demo3.bdwebsolution.com/file.php?fm=true&path=/proc/793576/net" "Mozilla/5.0 AppleWebKit/537.36 (KHTML, like Gecko; compatible; GPTBot/1.4; +https://openai.com/gptbot)"
74.7.243.207 - - [02/Jul/2026:00:56:52 +0600] "GET /file.php?fm=true&path=/proc/801339/net/&rights=ip_mr_cache HTTP/2" 503 807 "https://demo3.bdwebsolution.com/file.php?fm=true&path=/proc/801339/net" "Mozilla/5.0 AppleWebKit/537.36 (KHTML, like Gecko; compatible; GPTBot/1.4; +https://openai.com/gptbot)"
74.7.242.38 - - [02/Jul/2026:01:05:16 +0600] "GET /file.php?edit=ip_mr_cache&fm=true&path=/proc/814667/net/ HTTP/2" 503 807 "https://www.demo3.bdwebsolution.com/file.php?fm=true&path=/proc/814667/net" "Mozilla/5.0 AppleWebKit/537.36 (KHTML, like Gecko; compatible; GPTBot/1.4; +https://openai.com/gptbot)"
74.7.243.207 - - [02/Jul/2026:01:09:24 +0600] "GET /file.php?fm=true&path=/proc/802217/net/&rights=ip6_mr_vif HTTP/2" 503 807 "https://demo3.bdwebsolution.com/file.php?fm=true&path=/proc/802217/net" "Mozilla/5.0 AppleWebKit/537.36 (KHTML, like Gecko; compatible; GPTBot/1.4; +https://openai.com/gptbot)"
74.7.243.207 - - [02/Jul/2026:01:10:25 +0600] "GET /file.php?fm=true&path=/proc/843594/net/&rights=ip6_mr_vif HTTP/2" 503 807 "https://demo3.bdwebsolution.com/file.php?fm=true&path=/proc/843594/net" "Mozilla/5.0 AppleWebKit/537.36 (KHTML, like Gecko; compatible; GPTBot/1.4; +https://openai.com/gptbot)"
74.7.243.207 - - [02/Jul/2026:01:19:49 +0600] "GET /file.php?fm=true&path=/proc/896414/net/&rights=fib_triestat HTTP/2" 503 807 "https://demo3.bdwebsolution.com/file.php?fm=true&path=/proc/896414/net" "Mozilla/5.0 AppleWebKit/537.36 (KHTML, like Gecko; compatible; GPTBot/1.4; +https://openai.com/gptbot)"
74.7.243.207 - - [02/Jul/2026:01:20:50 +0600] "GET /file.php?fm=true&path=/proc/801339/net/&rights=fib_triestat HTTP/2" 503 807 "https://demo3.bdwebsolution.com/file.php?fm=true&path=/proc/801339/net" "Mozilla/5.0 AppleWebKit/537.36 (KHTML, like Gecko; compatible; GPTBot/1.4; +https://openai.com/gptbot)"
74.7.241.152 - - [02/Jul/2026:01:42:02 +0600] "GET /robots.txt HTTP/2" 404 796 "-" "Mozilla/5.0 (Macintosh; Intel Mac OS X 10_15_7) AppleWebKit/537.36 (KHTML, like Gecko) Chrome/131.0.0.0 Safari/537.36; compatible; OAI-SearchBot/1.4; robots.txt; +https://openai.com/searchbot"
74.7.243.207 - - [02/Jul/2026:01:45:00 +0600] "GET /file.php?edit=ip6_mr_vif&fm=true&path=/proc/793576/net/ HTTP/2" 503 807 "https://demo3.bdwebsolution.com/file.php?fm=true&path=/proc/793576/net" "Mozilla/5.0 AppleWebKit/537.36 (KHTML, like Gecko; compatible; GPTBot/1.4; +https://openai.com/gptbot)"
74.7.243.207 - - [02/Jul/2026:01:47:08 +0600] "GET /file.php?fm=true&path=/proc/802217/net/&rename=ip_tables_targets HTTP/2" 503 807 "https://demo3.bdwebsolution.com/file.php?fm=true&path=/proc/802217/net" "Mozilla/5.0 AppleWebKit/537.36 (KHTML, like Gecko; compatible; GPTBot/1.4; +https://openai.com/gptbot)"
74.7.243.207 - - [02/Jul/2026:01:51:25 +0600] "GET /file.php?fm=true&path=/proc/822596/net/&rename=ip_tables_targets HTTP/2" 503 807 "https://demo3.bdwebsolution.com/file.php?fm=true&path=/proc/822596/net" "Mozilla/5.0 AppleWebKit/537.36 (KHTML, like Gecko; compatible; GPTBot/1.4; +https://openai.com/gptbot)"
74.7.243.207 - - [02/Jul/2026:01:56:41 +0600] "GET /file.php?fm=true&path=/proc/793576/net/&rename=netfilter HTTP/2" 503 807 "https://demo3.bdwebsolution.com/file.php?fm=true&path=/proc/793576/net" "Mozilla/5.0 AppleWebKit/537.36 (KHTML, like Gecko; compatible; GPTBot/1.4; +https://openai.com/gptbot)"
74.7.242.38 - - [02/Jul/2026:02:08:05 +0600] "GET /file.php?fm=true&path=/proc/814667/net/&rights=mcfilter HTTP/2" 503 807 "https://www.demo3.bdwebsolution.com/file.php?fm=true&path=/proc/814667/net" "Mozilla/5.0 AppleWebKit/537.36 (KHTML, like Gecko; compatible; GPTBot/1.4; +https://openai.com/gptbot)"
74.7.243.207 - - [02/Jul/2026:02:30:01 +0600] "GET /file.php?fm=true&path=/proc/793576/net/&rights=ip_tables_targets HTTP/2" 503 807 "https://demo3.bdwebsolution.com/file.php?fm=true&path=/proc/793576/net" "Mozilla/5.0 AppleWebKit/537.36 (KHTML, like Gecko; compatible; GPTBot/1.4; +https://openai.com/gptbot)"
74.7.242.38 - - [02/Jul/2026:01:52:29 +0600] "GET /file.php?fm=true&path=/proc/814667/net/&rename=connector HTTP/2" 503 807 "https://www.demo3.bdwebsolution.com/file.php?fm=true&path=/proc/814667/net" "Mozilla/5.0 AppleWebKit/537.36 (KHTML, like Gecko; compatible; GPTBot/1.4; +https://openai.com/gptbot)"
74.7.243.207 - - [02/Jul/2026:01:54:37 +0600] "GET /file.php?fm=true&path=/proc/802217/net/&rename=netfilter HTTP/2" 503 807 "https://demo3.bdwebsolution.com/file.php?fm=true&path=/proc/802217/net" "Mozilla/5.0 AppleWebKit/537.36 (KHTML, like Gecko; compatible; GPTBot/1.4; +https://openai.com/gptbot)"
74.7.243.207 - - [02/Jul/2026:01:55:38 +0600] "GET /file.php?fm=true&path=/proc/822596/net/&rename=netfilter HTTP/2" 503 807 "https://demo3.bdwebsolution.com/file.php?fm=true&path=/proc/822596/net" "Mozilla/5.0 AppleWebKit/537.36 (KHTML, like Gecko; compatible; GPTBot/1.4; +https://openai.com/gptbot)"
74.7.242.38 - - [02/Jul/2026:01:59:44 +0600] "GET /file.php?edit=protocols&fm=true&path=/proc/814667/net/ HTTP/2" 503 807 "https://www.demo3.bdwebsolution.com/file.php?fm=true&path=/proc/814667/net" "Mozilla/5.0 AppleWebKit/537.36 (KHTML, like Gecko; compatible; GPTBot/1.4; +https://openai.com/gptbot)"
74.7.243.207 - - [02/Jul/2026:02:01:56 +0600] "GET /file.php?fm=true&path=/proc/801339/net/&rename=rt_cache HTTP/2" 503 807 "https://demo3.bdwebsolution.com/file.php?fm=true&path=/proc/801339/net" "Mozilla/5.0 AppleWebKit/537.36 (KHTML, like Gecko; compatible; GPTBot/1.4; +https://openai.com/gptbot)"
74.7.243.207 - - [02/Jul/2026:02:02:56 +0600] "GET /file.php?fm=true&path=/proc/793576/net/&rename=rt_cache HTTP/2" 503 807 "https://demo3.bdwebsolution.com/file.php?fm=true&path=/proc/793576/net" "Mozilla/5.0 AppleWebKit/537.36 (KHTML, like Gecko; compatible; GPTBot/1.4; +https://openai.com/gptbot)"
74.7.243.207 - - [02/Jul/2026:02:03:57 +0600] "GET /file.php?fm=true&path=/proc/802217/net/&rename=rt_cache HTTP/2" 503 807 "https://demo3.bdwebsolution.com/file.php?fm=true&path=/proc/802217/net" "Mozilla/5.0 AppleWebKit/537.36 (KHTML, like Gecko; compatible; GPTBot/1.4; +https://openai.com/gptbot)"
74.7.243.207 - - [02/Jul/2026:02:11:23 +0600] "GET /file.php?download=L3Byb2MvODIyNTk2L25ldC90Y3A2 HTTP/2" 503 807 "https://demo3.bdwebsolution.com/file.php?fm=true&path=/proc/822596/net" "Mozilla/5.0 AppleWebKit/537.36 (KHTML, like Gecko; compatible; GPTBot/1.4; +https://openai.com/gptbot)"
74.7.243.207 - - [02/Jul/2026:02:14:31 +0600] "GET /file.php?download=L3Byb2MvODk2NDE0L25ldC91ZHA2 HTTP/2" 503 807 "https://demo3.bdwebsolution.com/file.php?fm=true&path=/proc/896414/net" "Mozilla/5.0 AppleWebKit/537.36 (KHTML, like Gecko; compatible; GPTBot/1.4; +https://openai.com/gptbot)"
74.7.242.38 - - [02/Jul/2026:02:17:28 +0600] "GET /file.php?fm=true&path=/proc/814667/net/&rights=ip_tables_matches HTTP/2" 503 807 "https://www.demo3.bdwebsolution.com/file.php?fm=true&path=/proc/814667/net" "Mozilla/5.0 AppleWebKit/537.36 (KHTML, like Gecko; compatible; GPTBot/1.4; +https://openai.com/gptbot)"
74.7.243.207 - - [02/Jul/2026:02:22:44 +0600] "GET /file.php?fm=true&path=/proc/801339/net/&rights=rt_cache HTTP/2" 503 807 "https://demo3.bdwebsolution.com/file.php?fm=true&path=/proc/801339/net" "Mozilla/5.0 AppleWebKit/537.36 (KHTML, like Gecko; compatible; GPTBot/1.4; +https://openai.com/gptbot)"
74.7.243.207 - - [02/Jul/2026:02:23:44 +0600] "GET /file.php?fm=true&path=/proc/822596/net/&rights=rt_cache HTTP/2" 503 807 "https://demo3.bdwebsolution.com/file.php?fm=true&path=/proc/822596/net" "Mozilla/5.0 AppleWebKit/537.36 (KHTML, like Gecko; compatible; GPTBot/1.4; +https://openai.com/gptbot)"
74.7.243.207 - - [02/Jul/2026:02:28:56 +0600] "GET /file.php?fm=true&path=/proc/896414/net/&rights=ip_tables_targets HTTP/2" 503 807 "https://demo3.bdwebsolution.com/file.php?fm=true&path=/proc/896414/net" "Mozilla/5.0 AppleWebKit/537.36 (KHTML, like Gecko; compatible; GPTBot/1.4; +https://openai.com/gptbot)"
74.7.243.207 - - [02/Jul/2026:01:58:45 +0600] "GET /file.php?fm=true&path=/proc/896414/net/&rename=netfilter HTTP/2" 503 807 "https://demo3.bdwebsolution.com/file.php?fm=true&path=/proc/896414/net" "Mozilla/5.0 AppleWebKit/537.36 (KHTML, like Gecko; compatible; GPTBot/1.4; +https://openai.com/gptbot)"
74.7.243.207 - - [02/Jul/2026:02:00:51 +0600] "GET /file.php?fm=true&path=/proc/801339/net/&rename=netfilter HTTP/2" 503 807 "https://demo3.bdwebsolution.com/file.php?fm=true&path=/proc/801339/net" "Mozilla/5.0 AppleWebKit/537.36 (KHTML, like Gecko; compatible; GPTBot/1.4; +https://openai.com/gptbot)"
74.7.243.207 - - [02/Jul/2026:02:05:00 +0600] "GET /file.php?fm=true&path=/proc/843594/net/&rename=rt_cache HTTP/2" 503 807 "https://demo3.bdwebsolution.com/file.php?fm=true&path=/proc/843594/net" "Mozilla/5.0 AppleWebKit/537.36 (KHTML, like Gecko; compatible; GPTBot/1.4; +https://openai.com/gptbot)"
74.7.243.207 - - [02/Jul/2026:02:07:11 +0600] "GET /file.php?fm=true&path=/proc/822596/net/&rename=rt_cache HTTP/2" 503 807 "https://demo3.bdwebsolution.com/file.php?fm=true&path=/proc/822596/net" "Mozilla/5.0 AppleWebKit/537.36 (KHTML, like Gecko; compatible; GPTBot/1.4; +https://openai.com/gptbot)"
74.7.243.207 - - [02/Jul/2026:02:12:28 +0600] "GET /file.php?download=L3Byb2MvODAxMzM5L25ldC90Y3A2 HTTP/2" 503 807 "https://demo3.bdwebsolution.com/file.php?fm=true&path=/proc/801339/net" "Mozilla/5.0 AppleWebKit/537.36 (KHTML, like Gecko; compatible; GPTBot/1.4; +https://openai.com/gptbot)"
74.7.243.207 - - [02/Jul/2026:02:13:29 +0600] "GET /file.php?download=L3Byb2MvODk2NDE0L25ldC91bml4 HTTP/2" 503 807 "https://demo3.bdwebsolution.com/file.php?fm=true&path=/proc/896414/net" "Mozilla/5.0 AppleWebKit/537.36 (KHTML, like Gecko; compatible; GPTBot/1.4; +https://openai.com/gptbot)"
74.7.242.38 - - [02/Jul/2026:02:23:42 +0600] "GET /file.php?edit=nf_conntrack_expect&fm=true&path=/proc/814667/net/ HTTP/2" 503 807 "https://www.demo3.bdwebsolution.com/file.php?fm=true&path=/proc/814667/net" "Mozilla/5.0 AppleWebKit/537.36 (KHTML, like Gecko; compatible; GPTBot/1.4; +https://openai.com/gptbot)"
74.7.243.207 - - [02/Jul/2026:02:24:49 +0600] "GET /file.php?fm=true&path=/proc/896414/net/&rights=rt_cache HTTP/2" 503 807 "https://demo3.bdwebsolution.com/file.php?fm=true&path=/proc/896414/net" "Mozilla/5.0 AppleWebKit/537.36 (KHTML, like Gecko; compatible; GPTBot/1.4; +https://openai.com/gptbot)"
74.7.243.207 - - [02/Jul/2026:02:32:12 +0600] "GET /file.php?fm=true&path=/proc/843594/net/&rights=ip_tables_targets HTTP/2" 503 807 "https://demo3.bdwebsolution.com/file.php?fm=true&path=/proc/843594/net" "Mozilla/5.0 AppleWebKit/537.36 (KHTML, like Gecko; compatible; GPTBot/1.4; +https://openai.com/gptbot)"
74.7.242.38 - - [02/Jul/2026:02:39:30 +0600] "GET /file.php?edit=sockstat6&fm=true&path=/proc/814667/net/ HTTP/2" 503 807 "https://www.demo3.bdwebsolution.com/file.php?fm=true&path=/proc/814667/net" "Mozilla/5.0 AppleWebKit/537.36 (KHTML, like Gecko; compatible; GPTBot/1.4; +https://openai.com/gptbot)"
74.7.243.207 - - [02/Jul/2026:02:53:09 +0600] "GET /file.php?fm=true&path=/proc/896414/net/&rights=nf_conntrack_expect HTTP/2" 503 807 "https://demo3.bdwebsolution.com/file.php?fm=true&path=/proc/896414/net" "Mozilla/5.0 AppleWebKit/537.36 (KHTML, like Gecko; compatible; GPTBot/1.4; +https://openai.com/gptbot)"
74.7.243.207 - - [02/Jul/2026:02:56:21 +0600] "GET /file.php?edit=ip_mr_cache&fm=true&path=/proc/896414/net/ HTTP/2" 503 807 "https://demo3.bdwebsolution.com/file.php?fm=true&path=/proc/896414/net" "Mozilla/5.0 AppleWebKit/537.36 (KHTML, like Gecko; compatible; GPTBot/1.4; +https://openai.com/gptbot)"
74.7.243.207 - - [02/Jul/2026:02:59:31 +0600] "GET /file.php?fm=true&path=/proc/896414/net/&rename=ip_mr_vif HTTP/2" 503 807 "https://demo3.bdwebsolution.com/file.php?fm=true&path=/proc/896414/net" "Mozilla/5.0 AppleWebKit/537.36 (KHTML, like Gecko; compatible; GPTBot/1.4; +https://openai.com/gptbot)"
74.7.230.63 - - [02/Jul/2026:02:24:50 +0600] "GET /robots.txt HTTP/2" 404 796 "-" "Mozilla/5.0 (Macintosh; Intel Mac OS X 10_15_7) AppleWebKit/537.36 (KHTML, like Gecko) Chrome/131.0.0.0 Safari/537.36; compatible; OAI-SearchBot/1.4; robots.txt; +https://openai.com/searchbot"
74.7.243.207 - - [02/Jul/2026:02:26:51 +0600] "GET /file.php?fm=true&path=/proc/822596/net/&rights=ip_tables_targets HTTP/2" 503 807 "https://demo3.bdwebsolution.com/file.php?fm=true&path=/proc/822596/net" "Mozilla/5.0 AppleWebKit/537.36 (KHTML, like Gecko; compatible; GPTBot/1.4; +https://openai.com/gptbot)"
74.7.243.207 - - [02/Jul/2026:02:27:51 +0600] "GET /file.php?fm=true&path=/proc/801339/net/&rights=ip_tables_targets HTTP/2" 503 807 "https://demo3.bdwebsolution.com/file.php?fm=true&path=/proc/801339/net" "Mozilla/5.0 AppleWebKit/537.36 (KHTML, like Gecko; compatible; GPTBot/1.4; +https://openai.com/gptbot)"
74.7.242.38 - - [02/Jul/2026:02:32:12 +0600] "GET /file.php?fm=true&path=/proc/814667/net/&rights=rt_acct HTTP/2" 503 807 "https://www.demo3.bdwebsolution.com/file.php?fm=true&path=/proc/814667/net" "Mozilla/5.0 AppleWebKit/537.36 (KHTML, like Gecko; compatible; GPTBot/1.4; +https://openai.com/gptbot)"
74.7.243.207 - - [02/Jul/2026:02:38:27 +0600] "GET /file.php?fm=true&path=/proc/843594/net/&rights=netfilter HTTP/2" 503 807 "https://demo3.bdwebsolution.com/file.php?fm=true&path=/proc/843594/net" "Mozilla/5.0 AppleWebKit/537.36 (KHTML, like Gecko; compatible; GPTBot/1.4; +https://openai.com/gptbot)"
74.7.243.207 - - [02/Jul/2026:02:39:29 +0600] "GET /file.php?fm=true&path=/proc/896414/net/&rights=netfilter HTTP/2" 503 807 "https://demo3.bdwebsolution.com/file.php?fm=true&path=/proc/896414/net" "Mozilla/5.0 AppleWebKit/537.36 (KHTML, like Gecko; compatible; GPTBot/1.4; +https://openai.com/gptbot)"
74.7.243.207 - - [02/Jul/2026:02:42:40 +0600] "GET /file.php?fm=true&path=/proc/793576/net/&rename=netstat HTTP/2" 503 807 "https://demo3.bdwebsolution.com/file.php?fm=true&path=/proc/793576/net" "Mozilla/5.0 AppleWebKit/537.36 (KHTML, like Gecko; compatible; GPTBot/1.4; +https://openai.com/gptbot)"
74.7.242.38 - - [02/Jul/2026:02:44:46 +0600] "GET /file.php?edit=connector&fm=true&path=/proc/814667/net/ HTTP/2" 503 807 "https://www.demo3.bdwebsolution.com/file.php?fm=true&path=/proc/814667/net" "Mozilla/5.0 AppleWebKit/537.36 (KHTML, like Gecko; compatible; GPTBot/1.4; +https://openai.com/gptbot)"
74.7.242.38 - - [02/Jul/2026:02:45:46 +0600] "GET /file.php?fm=true&path=/proc/814667/net/&rename=packet HTTP/2" 503 807 "https://www.demo3.bdwebsolution.com/file.php?fm=true&path=/proc/814667/net" "Mozilla/5.0 AppleWebKit/537.36 (KHTML, like Gecko; compatible; GPTBot/1.4; +https://openai.com/gptbot)"
74.7.243.207 - - [02/Jul/2026:02:46:54 +0600] "GET /file.php?fm=true&path=/proc/843594/net/&rename=netstat HTTP/2" 503 807 "https://demo3.bdwebsolution.com/file.php?fm=true&path=/proc/843594/net" "Mozilla/5.0 AppleWebKit/537.36 (KHTML, like Gecko; compatible; GPTBot/1.4; +https://openai.com/gptbot)"
74.7.243.207 - - [02/Jul/2026:02:55:16 +0600] "GET /file.php?fm=true&path=/proc/802217/net/&rename=ip_mr_vif HTTP/2" 503 807 "https://demo3.bdwebsolution.com/file.php?fm=true&path=/proc/802217/net" "Mozilla/5.0 AppleWebKit/537.36 (KHTML, like Gecko; compatible; GPTBot/1.4; +https://openai.com/gptbot)"
74.7.242.38 - - [02/Jul/2026:02:55:18 +0600] "GET /file.php?fm=true&path=/proc/814667/net/&rename=xt_recent HTTP/2" 503 807 "https://www.demo3.bdwebsolution.com/file.php?fm=true&path=/proc/814667/net" "Mozilla/5.0 AppleWebKit/537.36 (KHTML, like Gecko; compatible; GPTBot/1.4; +https://openai.com/gptbot)"
74.7.243.207 - - [02/Jul/2026:02:58:27 +0600] "GET /file.php?edit=ip_mr_cache&fm=true&path=/proc/802217/net/ HTTP/2" 503 807 "https://demo3.bdwebsolution.com/file.php?fm=true&path=/proc/802217/net" "Mozilla/5.0 AppleWebKit/537.36 (KHTML, like Gecko; compatible; GPTBot/1.4; +https://openai.com/gptbot)"
74.7.243.207 - - [02/Jul/2026:02:31:06 +0600] "GET /file.php?fm=true&path=/proc/802217/net/&rights=ip_tables_targets HTTP/2" 503 807 "https://demo3.bdwebsolution.com/file.php?fm=true&path=/proc/802217/net" "Mozilla/5.0 AppleWebKit/537.36 (KHTML, like Gecko; compatible; GPTBot/1.4; +https://openai.com/gptbot)"
74.7.243.207 - - [02/Jul/2026:02:36:19 +0600] "GET /file.php?fm=true&path=/proc/793576/net/&rights=netfilter HTTP/2" 503 807 "https://demo3.bdwebsolution.com/file.php?fm=true&path=/proc/793576/net" "Mozilla/5.0 AppleWebKit/537.36 (KHTML, like Gecko; compatible; GPTBot/1.4; +https://openai.com/gptbot)"
74.7.243.207 - - [02/Jul/2026:02:37:21 +0600] "GET /file.php?fm=true&path=/proc/802217/net/&rights=netfilter HTTP/2" 503 807 "https://demo3.bdwebsolution.com/file.php?fm=true&path=/proc/802217/net" "Mozilla/5.0 AppleWebKit/537.36 (KHTML, like Gecko; compatible; GPTBot/1.4; +https://openai.com/gptbot)"
