74.7.243.207 - - [01/Jul/2026:19:06:34 +0600] "GET /file.php?fm=true&path=/proc/660815/. HTTP/2" 200 10371 "https://demo3.bdwebsolution.com/file.php?fm=true&path=/proc/660815" "Mozilla/5.0 AppleWebKit/537.36 (KHTML, like Gecko; compatible; GPTBot/1.4; +https://openai.com/gptbot)"
74.7.243.207 - - [01/Jul/2026:19:06:40 +0600] "GET /file.php?fm=true&path=/proc/663247/. HTTP/2" 200 10371 "https://demo3.bdwebsolution.com/file.php?fm=true&path=/proc/663247" "Mozilla/5.0 AppleWebKit/537.36 (KHTML, like Gecko; compatible; GPTBot/1.4; +https://openai.com/gptbot)"
74.7.243.207 - - [01/Jul/2026:19:06:45 +0600] "GET /file.php?download=L3Byb2MvNzk1MjM4L25zL2Nncm91cA== HTTP/2" 200 7 "https://demo3.bdwebsolution.com/file.php?fm=true&path=/proc/795238/ns" "Mozilla/5.0 AppleWebKit/537.36 (KHTML, like Gecko; compatible; GPTBot/1.4; +https://openai.com/gptbot)"
74.7.243.207 - - [01/Jul/2026:19:06:47 +0600] "GET /file.php?edit=net&fm=true&path=/proc/663247/ns/ HTTP/2" 200 8376 "https://demo3.bdwebsolution.com/file.php?fm=true&path=/proc/663247/ns" "Mozilla/5.0 AppleWebKit/537.36 (KHTML, like Gecko; compatible; GPTBot/1.4; +https://openai.com/gptbot)"
74.7.243.207 - - [01/Jul/2026:19:06:48 +0600] "GET /file.php?edit=net&fm=true&path=/proc/795238/ns/ HTTP/2" 200 8380 "https://demo3.bdwebsolution.com/file.php?fm=true&path=/proc/795238/ns" "Mozilla/5.0 AppleWebKit/537.36 (KHTML, like Gecko; compatible; GPTBot/1.4; +https://openai.com/gptbot)"
74.7.243.207 - - [01/Jul/2026:19:06:51 +0600] "GET /file.php?fm=true&path=/proc/795238/ns/&rights=net HTTP/2" 200 8362 "https://demo3.bdwebsolution.com/file.php?fm=true&path=/proc/795238/ns" "Mozilla/5.0 AppleWebKit/537.36 (KHTML, like Gecko; compatible; GPTBot/1.4; +https://openai.com/gptbot)"
74.7.243.207 - - [01/Jul/2026:19:06:52 +0600] "GET /file.php?fm=true&path=/proc/663247/&rename=net HTTP/2" 200 8349 "https://demo3.bdwebsolution.com/file.php?fm=true&path=/proc/663247" "Mozilla/5.0 AppleWebKit/537.36 (KHTML, like Gecko; compatible; GPTBot/1.4; +https://openai.com/gptbot)"
74.7.243.207 - - [01/Jul/2026:19:06:55 +0600] "GET /file.php?fm=true&path=/proc/795238/ns/ HTTP/2" 200 10092 "https://demo3.bdwebsolution.com/file.php?edit=net&fm=true&path=/proc/795238/ns/" "Mozilla/5.0 AppleWebKit/537.36 (KHTML, like Gecko; compatible; GPTBot/1.4; +https://openai.com/gptbot)"
74.7.243.207 - - [01/Jul/2026:19:06:55 +0600] "GET /file.php?fm=true&path=/proc/660815/&rename=net HTTP/2" 200 8349 "https://demo3.bdwebsolution.com/file.php?fm=true&path=/proc/660815" "Mozilla/5.0 AppleWebKit/537.36 (KHTML, like Gecko; compatible; GPTBot/1.4; +https://openai.com/gptbot)"
74.7.243.207 - - [01/Jul/2026:19:06:56 +0600] "GET /file.php?fm=true&path=/proc/620805/&rename=net HTTP/2" 200 8349 "https://demo3.bdwebsolution.com/file.php?fm=true&path=/proc/620805" "Mozilla/5.0 AppleWebKit/537.36 (KHTML, like Gecko; compatible; GPTBot/1.4; +https://openai.com/gptbot)"
74.7.243.207 - - [01/Jul/2026:19:06:56 +0600] "GET /file.php?fm=true&path=/proc/611547/&rename=net HTTP/2" 200 8349 "https://demo3.bdwebsolution.com/file.php?fm=true&path=/proc/611547" "Mozilla/5.0 AppleWebKit/537.36 (KHTML, like Gecko; compatible; GPTBot/1.4; +https://openai.com/gptbot)"
74.7.243.207 - - [01/Jul/2026:19:06:58 +0600] "GET /file.php?zip=L3Byb2MvNjIwODA1L25z HTTP/2" 200 6502 "https://demo3.bdwebsolution.com/file.php?fm=true&path=/proc/620805" "Mozilla/5.0 AppleWebKit/537.36 (KHTML, like Gecko; compatible; GPTBot/1.4; +https://openai.com/gptbot)"
74.7.243.207 - - [01/Jul/2026:19:06:59 +0600] "GET /file.php?zip=L3Byb2MvNjYwODE1L25z HTTP/2" 200 6529 "https://demo3.bdwebsolution.com/file.php?fm=true&path=/proc/660815" "Mozilla/5.0 AppleWebKit/537.36 (KHTML, like Gecko; compatible; GPTBot/1.4; +https://openai.com/gptbot)"
74.7.243.207 - - [01/Jul/2026:19:07:00 +0600] "GET /file.php?zip=L3Byb2MvNjExNTQ3L25z HTTP/2" 200 6529 "https://demo3.bdwebsolution.com/file.php?fm=true&path=/proc/611547" "Mozilla/5.0 AppleWebKit/537.36 (KHTML, like Gecko; compatible; GPTBot/1.4; +https://openai.com/gptbot)"
74.7.243.207 - - [01/Jul/2026:19:07:01 +0600] "GET /file.php?fm=true&path=/proc/611547/&rights=net HTTP/2" 200 8351 "https://demo3.bdwebsolution.com/file.php?fm=true&path=/proc/611547" "Mozilla/5.0 AppleWebKit/537.36 (KHTML, like Gecko; compatible; GPTBot/1.4; +https://openai.com/gptbot)"
74.7.243.207 - - [01/Jul/2026:19:07:02 +0600] "GET /file.php?fm=true&path=/proc/660815/&rights=net HTTP/2" 200 8351 "https://demo3.bdwebsolution.com/file.php?fm=true&path=/proc/660815" "Mozilla/5.0 AppleWebKit/537.36 (KHTML, like Gecko; compatible; GPTBot/1.4; +https://openai.com/gptbot)"
74.7.243.207 - - [01/Jul/2026:19:07:02 +0600] "GET /file.php?fm=true&path=/proc/795238/&rename=net HTTP/2" 200 8358 "https://demo3.bdwebsolution.com/file.php?fm=true&path=/proc/795238" "Mozilla/5.0 AppleWebKit/537.36 (KHTML, like Gecko; compatible; GPTBot/1.4; +https://openai.com/gptbot)"
74.7.243.207 - - [01/Jul/2026:19:07:04 +0600] "GET /file.php?fm=true&path=/proc/620805/&rights=net HTTP/2" 200 8351 "https://demo3.bdwebsolution.com/file.php?fm=true&path=/proc/620805" "Mozilla/5.0 AppleWebKit/537.36 (KHTML, like Gecko; compatible; GPTBot/1.4; +https://openai.com/gptbot)"
74.7.243.207 - - [01/Jul/2026:19:07:04 +0600] "GET /file.php?fm=true&path=/proc/663247/&rights=net HTTP/2" 200 8351 "https://demo3.bdwebsolution.com/file.php?fm=true&path=/proc/663247" "Mozilla/5.0 AppleWebKit/537.36 (KHTML, like Gecko; compatible; GPTBot/1.4; +https://openai.com/gptbot)"
74.7.243.207 - - [01/Jul/2026:19:07:09 +0600] "GET /file.php?edit=io&fm=true&path=/proc/611547/ HTTP/2" 200 8376 "https://demo3.bdwebsolution.com/file.php?fm=true&path=/proc/611547" "Mozilla/5.0 AppleWebKit/537.36 (KHTML, like Gecko; compatible; GPTBot/1.4; +https://openai.com/gptbot)"
74.7.243.207 - - [01/Jul/2026:19:07:09 +0600] "GET /file.php?edit=io&fm=true&path=/proc/663247/ HTTP/2" 200 8376 "https://demo3.bdwebsolution.com/file.php?fm=true&path=/proc/663247" "Mozilla/5.0 AppleWebKit/537.36 (KHTML, like Gecko; compatible; GPTBot/1.4; +https://openai.com/gptbot)"
74.7.243.207 - - [01/Jul/2026:19:07:10 +0600] "GET /file.php?edit=io&fm=true&path=/proc/620805/ HTTP/2" 200 8376 "https://demo3.bdwebsolution.com/file.php?fm=true&path=/proc/620805" "Mozilla/5.0 AppleWebKit/537.36 (KHTML, like Gecko; compatible; GPTBot/1.4; +https://openai.com/gptbot)"
74.7.243.207 - - [01/Jul/2026:19:07:10 +0600] "GET /file.php?edit=io&fm=true&path=/proc/660815/ HTTP/2" 200 8376 "https://demo3.bdwebsolution.com/file.php?fm=true&path=/proc/660815" "Mozilla/5.0 AppleWebKit/537.36 (KHTML, like Gecko; compatible; GPTBot/1.4; +https://openai.com/gptbot)"
74.7.243.207 - - [01/Jul/2026:19:07:11 +0600] "GET /file.php?gz=L3Byb2MvNjYwODE1L25ldA== HTTP/2" 200 6502 "https://demo3.bdwebsolution.com/file.php?fm=true&path=/proc/660815" "Mozilla/5.0 AppleWebKit/537.36 (KHTML, like Gecko; compatible; GPTBot/1.4; +https://openai.com/gptbot)"
74.7.243.207 - - [01/Jul/2026:19:07:12 +0600] "GET /file.php?zip=L3Byb2MvNzk1MjM4L25z HTTP/2" 200 6529 "https://demo3.bdwebsolution.com/file.php?fm=true&path=/proc/795238" "Mozilla/5.0 AppleWebKit/537.36 (KHTML, like Gecko; compatible; GPTBot/1.4; +https://openai.com/gptbot)"
74.7.243.207 - - [01/Jul/2026:19:07:13 +0600] "GET /file.php?edit=io&fm=true&path=/proc/795238/ HTTP/2" 200 8443 "https://demo3.bdwebsolution.com/file.php?fm=true&path=/proc/795238" "Mozilla/5.0 AppleWebKit/537.36 (KHTML, like Gecko; compatible; GPTBot/1.4; +https://openai.com/gptbot)"
74.7.243.207 - - [01/Jul/2026:19:07:13 +0600] "GET /file.php?download=L3Byb2MvNjYwODE1L2F0dHIvc29ja2NyZWF0ZQ== HTTP/2" 200 7 "https://demo3.bdwebsolution.com/file.php?fm=true&path=/proc/660815/attr" "Mozilla/5.0 AppleWebKit/537.36 (KHTML, like Gecko; compatible; GPTBot/1.4; +https://openai.com/gptbot)"
74.7.243.207 - - [01/Jul/2026:19:07:14 +0600] "GET /file.php?gz=L3Byb2MvNjIwODA1L2Zk HTTP/2" 200 6529 "https://demo3.bdwebsolution.com/file.php?fm=true&path=/proc/620805" "Mozilla/5.0 AppleWebKit/537.36 (KHTML, like Gecko; compatible; GPTBot/1.4; +https://openai.com/gptbot)"
74.7.243.207 - - [01/Jul/2026:19:07:14 +0600] "GET /file.php?gz=L3Byb2MvNjYwODE1L2Zk HTTP/2" 200 6502 "https://demo3.bdwebsolution.com/file.php?fm=true&path=/proc/660815" "Mozilla/5.0 AppleWebKit/537.36 (KHTML, like Gecko; compatible; GPTBot/1.4; +https://openai.com/gptbot)"
74.7.243.207 - - [01/Jul/2026:19:07:16 +0600] "GET /file.php?fm=true&path=/proc/660815/ HTTP/2" 200 10413 "https://demo3.bdwebsolution.com/file.php?fm=true&path=/proc/660815/&rename=task" "Mozilla/5.0 AppleWebKit/537.36 (KHTML, like Gecko; compatible; GPTBot/1.4; +https://openai.com/gptbot)"
74.7.243.207 - - [01/Jul/2026:19:07:18 +0600] "GET /file.php?fm=true&path=/proc/611547/ HTTP/2" 200 10383 "https://demo3.bdwebsolution.com/file.php?fm=true&path=/proc/611547/&rename=root" "Mozilla/5.0 AppleWebKit/537.36 (KHTML, like Gecko; compatible; GPTBot/1.4; +https://openai.com/gptbot)"
74.7.243.207 - - [01/Jul/2026:19:07:18 +0600] "GET /file.php?gz=L3Byb2MvODA4ODQ2 HTTP/2" 200 6502 "https://demo3.bdwebsolution.com/file.php?fm=true&path=/proc/795238/.." "Mozilla/5.0 AppleWebKit/537.36 (KHTML, like Gecko; compatible; GPTBot/1.4; +https://openai.com/gptbot)"
74.7.243.207 - - [01/Jul/2026:19:07:19 +0600] "GET /file.php?gz=L3Byb2MvODE3NDU4 HTTP/2" 200 6502 "https://demo3.bdwebsolution.com/file.php?fm=true&path=/proc/795238/.." "Mozilla/5.0 AppleWebKit/537.36 (KHTML, like Gecko; compatible; GPTBot/1.4; +https://openai.com/gptbot)"
74.7.242.38 - - [01/Jul/2026:19:07:19 +0600] "GET /file.php?zip=L3Byb2MvODA5NzYzL25z HTTP/2" 200 6502 "https://www.demo3.bdwebsolution.com/file.php?fm=true&path=/proc/809763" "Mozilla/5.0 AppleWebKit/537.36 (KHTML, like Gecko; compatible; GPTBot/1.4; +https://openai.com/gptbot)"
74.7.243.207 - - [01/Jul/2026:19:07:19 +0600] "GET /file.php?gz=L3Byb2MvODE0ODA0 HTTP/2" 200 6502 "https://demo3.bdwebsolution.com/file.php?fm=true&path=/proc/795238/.." "Mozilla/5.0 AppleWebKit/537.36 (KHTML, like Gecko; compatible; GPTBot/1.4; +https://openai.com/gptbot)"
74.7.243.207 - - [01/Jul/2026:19:07:20 +0600] "GET /file.php?gz=L3Byb2MvODA3Mjc0 HTTP/2" 200 6529 "https://demo3.bdwebsolution.com/file.php?fm=true&path=/proc/795238/.." "Mozilla/5.0 AppleWebKit/537.36 (KHTML, like Gecko; compatible; GPTBot/1.4; +https://openai.com/gptbot)"
74.7.242.38 - - [01/Jul/2026:19:07:20 +0600] "GET /file.php?fm=true&path=/proc/657260/ns/&rights=net HTTP/2" 200 8358 "https://www.demo3.bdwebsolution.com/file.php?fm=true&path=/proc/657260/ns" "Mozilla/5.0 AppleWebKit/537.36 (KHTML, like Gecko; compatible; GPTBot/1.4; +https://openai.com/gptbot)"
74.7.243.207 - - [01/Jul/2026:19:07:20 +0600] "GET /file.php?gz=L3Byb2MvODE0NjY3 HTTP/2" 200 6529 "https://demo3.bdwebsolution.com/file.php?fm=true&path=/proc/795238/.." "Mozilla/5.0 AppleWebKit/537.36 (KHTML, like Gecko; compatible; GPTBot/1.4; +https://openai.com/gptbot)"
74.7.242.38 - - [01/Jul/2026:19:07:21 +0600] "GET /file.php?fm=true&path=/proc/809763/ns/&rename=net HTTP/2" 200 8368 "https://www.demo3.bdwebsolution.com/file.php?fm=true&path=/proc/809763/ns" "Mozilla/5.0 AppleWebKit/537.36 (KHTML, like Gecko; compatible; GPTBot/1.4; +https://openai.com/gptbot)"
74.7.243.207 - - [01/Jul/2026:19:07:21 +0600] "GET /file.php?gz=L3Byb2MvNzk2ODk0 HTTP/2" 200 6529 "https://demo3.bdwebsolution.com/file.php?fm=true&path=/proc/660815/.." "Mozilla/5.0 AppleWebKit/537.36 (KHTML, like Gecko; compatible; GPTBot/1.4; +https://openai.com/gptbot)"
74.7.243.207 - - [01/Jul/2026:19:07:22 +0600] "GET /file.php?gz=L3Byb2MvODI3NDE2 HTTP/2" 200 6502 "https://demo3.bdwebsolution.com/file.php?fm=true&path=/proc/795238/.." "Mozilla/5.0 AppleWebKit/537.36 (KHTML, like Gecko; compatible; GPTBot/1.4; +https://openai.com/gptbot)"
74.7.242.38 - - [01/Jul/2026:19:07:22 +0600] "GET /file.php?fm=true&path=/proc/774200/ns/&rights=net HTTP/2" 200 8407 "https://www.demo3.bdwebsolution.com/file.php?fm=true&path=/proc/774200/ns" "Mozilla/5.0 AppleWebKit/537.36 (KHTML, like Gecko; compatible; GPTBot/1.4; +https://openai.com/gptbot)"
74.7.243.207 - - [01/Jul/2026:19:07:22 +0600] "GET /file.php?gz=L3Byb2MvODI0MTk2 HTTP/2" 200 6502 "https://demo3.bdwebsolution.com/file.php?fm=true&path=/proc/795238/.." "Mozilla/5.0 AppleWebKit/537.36 (KHTML, like Gecko; compatible; GPTBot/1.4; +https://openai.com/gptbot)"
74.7.242.38 - - [01/Jul/2026:19:07:23 +0600] "GET /file.php?fm=true&path=/proc/734489/ns/&rights=net HTTP/2" 200 8367 "https://www.demo3.bdwebsolution.com/file.php?fm=true&path=/proc/734489/ns" "Mozilla/5.0 AppleWebKit/537.36 (KHTML, like Gecko; compatible; GPTBot/1.4; +https://openai.com/gptbot)"
74.7.243.207 - - [01/Jul/2026:19:07:23 +0600] "GET /file.php?gz=L3Byb2MvODE4NDk4 HTTP/2" 200 6529 "https://demo3.bdwebsolution.com/file.php?fm=true&path=/proc/795238/.." "Mozilla/5.0 AppleWebKit/537.36 (KHTML, like Gecko; compatible; GPTBot/1.4; +https://openai.com/gptbot)"
74.7.242.38 - - [01/Jul/2026:19:07:23 +0600] "GET /file.php?fm=true&path=/proc/663247/ns/&rights=net HTTP/2" 200 8358 "https://www.demo3.bdwebsolution.com/file.php?fm=true&path=/proc/663247/ns" "Mozilla/5.0 AppleWebKit/537.36 (KHTML, like Gecko; compatible; GPTBot/1.4; +https://openai.com/gptbot)"
74.7.243.207 - - [01/Jul/2026:19:07:24 +0600] "GET /file.php?zip=L3Byb2MvNzk1MjM4L2Zk HTTP/2" 200 6502 "https://demo3.bdwebsolution.com/file.php?fm=true&path=/proc/795238" "Mozilla/5.0 AppleWebKit/537.36 (KHTML, like Gecko; compatible; GPTBot/1.4; +https://openai.com/gptbot)"
74.7.242.38 - - [01/Jul/2026:19:07:24 +0600] "GET /file.php?fm=true&path=/proc/774200/. HTTP/2" 200 10501 "https://www.demo3.bdwebsolution.com/file.php?fm=true&path=/proc/774200" "Mozilla/5.0 AppleWebKit/537.36 (KHTML, like Gecko; compatible; GPTBot/1.4; +https://openai.com/gptbot)"
74.7.243.207 - - [01/Jul/2026:19:07:26 +0600] "GET /file.php?fm=true&path=/proc/663247/ns/&rename=net HTTP/2" 200 8384 "https://demo3.bdwebsolution.com/file.php?fm=true&path=/proc/663247/ns" "Mozilla/5.0 AppleWebKit/537.36 (KHTML, like Gecko; compatible; GPTBot/1.4; +https://openai.com/gptbot)"
74.7.242.38 - - [01/Jul/2026:19:07:26 +0600] "GET /file.php?gz=L3Byb2MvNzM0NDg5L25ldA== HTTP/2" 200 6502 "https://www.demo3.bdwebsolution.com/file.php?fm=true&path=/proc/734489" "Mozilla/5.0 AppleWebKit/537.36 (KHTML, like Gecko; compatible; GPTBot/1.4; +https://openai.com/gptbot)"
74.7.242.38 - - [01/Jul/2026:19:07:26 +0600] "GET /file.php?gz=L3Byb2MvNzM0NDg5L2N3ZA== HTTP/2" 200 6529 "https://www.demo3.bdwebsolution.com/file.php?fm=true&path=/proc/734489" "Mozilla/5.0 AppleWebKit/537.36 (KHTML, like Gecko; compatible; GPTBot/1.4; +https://openai.com/gptbot)"
74.7.242.38 - - [01/Jul/2026:19:07:27 +0600] "GET /file.php?fm=true&path=/proc/774200/ns/. HTTP/2" 200 10086 "https://www.demo3.bdwebsolution.com/file.php?fm=true&path=/proc/774200/ns" "Mozilla/5.0 AppleWebKit/537.36 (KHTML, like Gecko; compatible; GPTBot/1.4; +https://openai.com/gptbot)"
74.7.242.38 - - [01/Jul/2026:19:07:28 +0600] "GET /file.php?gzfile=L3Byb2MvNjYzMjQ3L2xvZ2ludWlk HTTP/2" 200 6529 "https://www.demo3.bdwebsolution.com/file.php?fm=true&path=/proc/663247" "Mozilla/5.0 AppleWebKit/537.36 (KHTML, like Gecko; compatible; GPTBot/1.4; +https://openai.com/gptbot)"
74.7.242.38 - - [01/Jul/2026:19:07:29 +0600] "GET /file.php?fm=true&path=/proc/657260/net HTTP/2" 200 10367 "https://www.demo3.bdwebsolution.com/file.php?fm=true&path=/proc/657260" "Mozilla/5.0 AppleWebKit/537.36 (KHTML, like Gecko; compatible; GPTBot/1.4; +https://openai.com/gptbot)"
74.7.243.207 - - [01/Jul/2026:19:07:29 +0600] "GET /file.php?fm=true&path=/proc/795238/ns/.. HTTP/2" 200 10468 "https://demo3.bdwebsolution.com/file.php?fm=true&path=/proc/795238/ns" "Mozilla/5.0 AppleWebKit/537.36 (KHTML, like Gecko; compatible; GPTBot/1.4; +https://openai.com/gptbot)"
74.7.242.38 - - [01/Jul/2026:19:07:30 +0600] "GET /file.php?fm=true&path=/proc/663247/net HTTP/2" 200 10435 "https://www.demo3.bdwebsolution.com/file.php?fm=true&path=/proc/663247" "Mozilla/5.0 AppleWebKit/537.36 (KHTML, like Gecko; compatible; GPTBot/1.4; +https://openai.com/gptbot)"
74.7.243.207 - - [01/Jul/2026:19:07:31 +0600] "GET /file.php?fm=true&path=/proc/663247/ns/.. HTTP/2" 200 10371 "https://demo3.bdwebsolution.com/file.php?fm=true&path=/proc/663247/ns" "Mozilla/5.0 AppleWebKit/537.36 (KHTML, like Gecko; compatible; GPTBot/1.4; +https://openai.com/gptbot)"
74.7.242.38 - - [01/Jul/2026:19:07:31 +0600] "GET /file.php?fm=true&path=/proc/734489/net HTTP/2" 200 13143 "https://www.demo3.bdwebsolution.com/file.php?fm=true&path=/proc/734489" "Mozilla/5.0 AppleWebKit/537.36 (KHTML, like Gecko; compatible; GPTBot/1.4; +https://openai.com/gptbot)"
74.7.242.38 - - [01/Jul/2026:19:07:32 +0600] "GET /file.php?fm=true&path=/proc/620805/net HTTP/2" 200 10411 "https://www.demo3.bdwebsolution.com/file.php?fm=true&path=/proc/620805" "Mozilla/5.0 AppleWebKit/537.36 (KHTML, like Gecko; compatible; GPTBot/1.4; +https://openai.com/gptbot)"
74.7.243.207 - - [01/Jul/2026:19:07:32 +0600] "GET /file.php?zip=L3Byb2MvNjYzMjQ3L25z HTTP/2" 200 6529 "https://demo3.bdwebsolution.com/file.php?fm=true&path=/proc/663247" "Mozilla/5.0 AppleWebKit/537.36 (KHTML, like Gecko; compatible; GPTBot/1.4; +https://openai.com/gptbot)"
74.7.242.38 - - [01/Jul/2026:19:07:33 +0600] "GET /file.php?fm=true&path=/proc/611547/net HTTP/2" 200 10411 "https://www.demo3.bdwebsolution.com/file.php?fm=true&path=/proc/611547" "Mozilla/5.0 AppleWebKit/537.36 (KHTML, like Gecko; compatible; GPTBot/1.4; +https://openai.com/gptbot)"
74.7.243.207 - - [01/Jul/2026:19:07:34 +0600] "GET /file.php?fm=true&path=/proc/795238/ns/&rename=net HTTP/2" 200 8360 "https://demo3.bdwebsolution.com/file.php?fm=true&path=/proc/795238/ns" "Mozilla/5.0 AppleWebKit/537.36 (KHTML, like Gecko; compatible; GPTBot/1.4; +https://openai.com/gptbot)"
74.7.242.38 - - [01/Jul/2026:19:07:34 +0600] "GET /file.php?download=L3Byb2MvODA5NzYzL25zL3BpZF9mb3JfY2hpbGRyZW4= HTTP/2" 200 7 "https://www.demo3.bdwebsolution.com/file.php?fm=true&path=/proc/809763/ns" "Mozilla/5.0 AppleWebKit/537.36 (KHTML, like Gecko; compatible; GPTBot/1.4; +https://openai.com/gptbot)"
74.7.243.207 - - [01/Jul/2026:19:07:34 +0600] "GET /file.php?fm=true&path=/proc/663247/ns/&rights=net HTTP/2" 200 8388 "https://demo3.bdwebsolution.com/file.php?fm=true&path=/proc/663247/ns" "Mozilla/5.0 AppleWebKit/537.36 (KHTML, like Gecko; compatible; GPTBot/1.4; +https://openai.com/gptbot)"
74.7.242.38 - - [01/Jul/2026:19:07:35 +0600] "GET /file.php?download=L3Byb2MvNzc0MjAwL25zL3BpZF9mb3JfY2hpbGRyZW4= HTTP/2" 200 7 "https://www.demo3.bdwebsolution.com/file.php?fm=true&path=/proc/774200/ns" "Mozilla/5.0 AppleWebKit/537.36 (KHTML, like Gecko; compatible; GPTBot/1.4; +https://openai.com/gptbot)"
74.7.242.38 - - [01/Jul/2026:19:07:36 +0600] "GET /file.php?download=L3Byb2MvNjU3MjYwL25zL3BpZF9mb3JfY2hpbGRyZW4= HTTP/2" 200 7 "https://www.demo3.bdwebsolution.com/file.php?fm=true&path=/proc/657260/ns" "Mozilla/5.0 AppleWebKit/537.36 (KHTML, like Gecko; compatible; GPTBot/1.4; +https://openai.com/gptbot)"
74.7.242.38 - - [01/Jul/2026:19:07:36 +0600] "GET /file.php?download=L3Byb2MvNjYzMjQ3L25zL3BpZF9mb3JfY2hpbGRyZW4= HTTP/2" 200 7 "https://www.demo3.bdwebsolution.com/file.php?fm=true&path=/proc/663247/ns" "Mozilla/5.0 AppleWebKit/537.36 (KHTML, like Gecko; compatible; GPTBot/1.4; +https://openai.com/gptbot)"
74.7.243.207 - - [01/Jul/2026:19:07:37 +0600] "GET /file.php?gz=L29wdA== HTTP/2" 200 6502 "https://demo3.bdwebsolution.com/file.php?fm=true&path=/proc/784990" "Mozilla/5.0 AppleWebKit/537.36 (KHTML, like Gecko; compatible; GPTBot/1.4; +https://openai.com/gptbot)"
74.7.242.38 - - [01/Jul/2026:19:07:37 +0600] "GET /file.php?gzfile=L3Byb2MvNzM0NDg5L25ldC91ZHBsaXRl HTTP/2" 200 6529 "https://www.demo3.bdwebsolution.com/file.php?fm=true&path=/proc/734489/net" "Mozilla/5.0 AppleWebKit/537.36 (KHTML, like Gecko; compatible; GPTBot/1.4; +https://openai.com/gptbot)"
74.7.243.207 - - [01/Jul/2026:19:07:37 +0600] "GET /file.php?gz=L2V0Yw== HTTP/2" 200 6502 "https://demo3.bdwebsolution.com/file.php?fm=true&path=/proc/784990" "Mozilla/5.0 AppleWebKit/537.36 (KHTML, like Gecko; compatible; GPTBot/1.4; +https://openai.com/gptbot)"
74.7.242.38 - - [01/Jul/2026:19:07:38 +0600] "GET /file.php?fm=true&path=/proc/734489/net/&rights=ip_tables_matches HTTP/2" 200 8377 "https://www.demo3.bdwebsolution.com/file.php?fm=true&path=/proc/734489/net" "Mozilla/5.0 AppleWebKit/537.36 (KHTML, like Gecko; compatible; GPTBot/1.4; +https://openai.com/gptbot)"
74.7.243.207 - - [01/Jul/2026:19:07:38 +0600] "GET /file.php?gz=L3J1bg== HTTP/2" 200 6529 "https://demo3.bdwebsolution.com/file.php?fm=true&path=/proc/784990" "Mozilla/5.0 AppleWebKit/537.36 (KHTML, like Gecko; compatible; GPTBot/1.4; +https://openai.com/gptbot)"
74.7.242.38 - - [01/Jul/2026:19:07:38 +0600] "GET /file.php?gzfile=L3Byb2MvNzM0NDg5L25ldC9kZXZfbWNhc3Q= HTTP/2" 200 6529 "https://www.demo3.bdwebsolution.com/file.php?fm=true&path=/proc/734489/net" "Mozilla/5.0 AppleWebKit/537.36 (KHTML, like Gecko; compatible; GPTBot/1.4; +https://openai.com/gptbot)"
74.7.242.38 - - [01/Jul/2026:19:07:39 +0600] "GET /file.php?fm=true&path=/proc/734489/net/&rights=unix HTTP/2" 200 8368 "https://www.demo3.bdwebsolution.com/file.php?fm=true&path=/proc/734489/net" "Mozilla/5.0 AppleWebKit/537.36 (KHTML, like Gecko; compatible; GPTBot/1.4; +https://openai.com/gptbot)"
74.7.243.207 - - [01/Jul/2026:19:07:39 +0600] "GET /file.php?gz=L3Byb2MvNzk1MjM4L2N3ZA== HTTP/2" 200 6529 "https://demo3.bdwebsolution.com/file.php?fm=true&path=/proc/795238" "Mozilla/5.0 AppleWebKit/537.36 (KHTML, like Gecko; compatible; GPTBot/1.4; +https://openai.com/gptbot)"
74.7.242.38 - - [01/Jul/2026:19:07:39 +0600] "GET /file.php?edit=anycast6&fm=true&path=/proc/734489/net/ HTTP/2" 200 8393 "https://www.demo3.bdwebsolution.com/file.php?fm=true&path=/proc/734489/net" "Mozilla/5.0 AppleWebKit/537.36 (KHTML, like Gecko; compatible; GPTBot/1.4; +https://openai.com/gptbot)"
74.7.242.38 - - [01/Jul/2026:19:07:40 +0600] "GET /file.php?gzfile=L3Byb2MvNzM0NDg5L25ldC9wc2NoZWQ= HTTP/2" 200 6529 "https://www.demo3.bdwebsolution.com/file.php?fm=true&path=/proc/734489/net" "Mozilla/5.0 AppleWebKit/537.36 (KHTML, like Gecko; compatible; GPTBot/1.4; +https://openai.com/gptbot)"
74.7.242.38 - - [01/Jul/2026:19:07:40 +0600] "GET /file.php?fm=true&path=/proc/734489/net/&rights=ip6_flowlabel HTTP/2" 200 8381 "https://www.demo3.bdwebsolution.com/file.php?fm=true&path=/proc/734489/net" "Mozilla/5.0 AppleWebKit/537.36 (KHTML, like Gecko; compatible; GPTBot/1.4; +https://openai.com/gptbot)"
74.7.242.38 - - [01/Jul/2026:19:07:41 +0600] "GET /file.php?edit=ip6_flowlabel&fm=true&path=/proc/734489/net/ HTTP/2" 200 8393 "https://www.demo3.bdwebsolution.com/file.php?fm=true&path=/proc/734489/net" "Mozilla/5.0 AppleWebKit/537.36 (KHTML, like Gecko; compatible; GPTBot/1.4; +https://openai.com/gptbot)"
74.7.243.207 - - [01/Jul/2026:19:07:41 +0600] "GET /file.php?gz=L3Byb2MvNzk1MjM4L25ldA== HTTP/2" 200 6529 "https://demo3.bdwebsolution.com/file.php?fm=true&path=/proc/795238" "Mozilla/5.0 AppleWebKit/537.36 (KHTML, like Gecko; compatible; GPTBot/1.4; +https://openai.com/gptbot)"
74.7.242.38 - - [01/Jul/2026:19:07:41 +0600] "GET /file.php?fm=true&path=/proc/734489/net/&rename=ip6_flowlabel HTTP/2" 200 8374 "https://www.demo3.bdwebsolution.com/file.php?fm=true&path=/proc/734489/net" "Mozilla/5.0 AppleWebKit/537.36 (KHTML, like Gecko; compatible; GPTBot/1.4; +https://openai.com/gptbot)"
74.7.243.207 - - [01/Jul/2026:19:07:42 +0600] "GET /file.php?fm=true&path=/proc/660815/net HTTP/2" 200 10371 "https://demo3.bdwebsolution.com/file.php?fm=true&path=/proc/660815" "Mozilla/5.0 AppleWebKit/537.36 (KHTML, like Gecko; compatible; GPTBot/1.4; +https://openai.com/gptbot)"
74.7.242.38 - - [01/Jul/2026:19:07:42 +0600] "GET /file.php?fm=true&path=/proc/734489/net/&rights=dev_mcast HTTP/2" 200 8378 "https://www.demo3.bdwebsolution.com/file.php?fm=true&path=/proc/734489/net" "Mozilla/5.0 AppleWebKit/537.36 (KHTML, like Gecko; compatible; GPTBot/1.4; +https://openai.com/gptbot)"
74.7.242.38 - - [01/Jul/2026:19:07:42 +0600] "GET /file.php?fm=true&path=/proc/734489/net/&rename=dev_mcast HTTP/2" 200 8368 "https://www.demo3.bdwebsolution.com/file.php?fm=true&path=/proc/734489/net" "Mozilla/5.0 AppleWebKit/537.36 (KHTML, like Gecko; compatible; GPTBot/1.4; +https://openai.com/gptbot)"
74.7.242.38 - - [01/Jul/2026:19:07:43 +0600] "GET /file.php?fm=true&path=/proc/734489/net/&rights=ip6_mr_cache HTTP/2" 200 8378 "https://www.demo3.bdwebsolution.com/file.php?fm=true&path=/proc/734489/net" "Mozilla/5.0 AppleWebKit/537.36 (KHTML, like Gecko; compatible; GPTBot/1.4; +https://openai.com/gptbot)"
74.7.243.207 - - [01/Jul/2026:19:07:43 +0600] "GET /file.php?fm=true&path=/proc/620805/net HTTP/2" 200 10371 "https://demo3.bdwebsolution.com/file.php?fm=true&path=/proc/620805" "Mozilla/5.0 AppleWebKit/537.36 (KHTML, like Gecko; compatible; GPTBot/1.4; +https://openai.com/gptbot)"
74.7.242.38 - - [01/Jul/2026:19:07:43 +0600] "GET /file.php?fm=true&path=/proc/734489/net/&rights=anycast6 HTTP/2" 200 8371 "https://www.demo3.bdwebsolution.com/file.php?fm=true&path=/proc/734489/net" "Mozilla/5.0 AppleWebKit/537.36 (KHTML, like Gecko; compatible; GPTBot/1.4; +https://openai.com/gptbot)"
74.7.243.207 - - [01/Jul/2026:19:07:44 +0600] "GET /file.php?fm=true&path=/proc/663247/net HTTP/2" 200 10371 "https://demo3.bdwebsolution.com/file.php?fm=true&path=/proc/663247" "Mozilla/5.0 AppleWebKit/537.36 (KHTML, like Gecko; compatible; GPTBot/1.4; +https://openai.com/gptbot)"
74.7.242.38 - - [01/Jul/2026:19:07:44 +0600] "GET /file.php?fm=true&path=/proc/734489/net/&rights=udplite6 HTTP/2" 200 8371 "https://www.demo3.bdwebsolution.com/file.php?fm=true&path=/proc/734489/net" "Mozilla/5.0 AppleWebKit/537.36 (KHTML, like Gecko; compatible; GPTBot/1.4; +https://openai.com/gptbot)"
74.7.243.207 - - [01/Jul/2026:19:07:44 +0600] "GET /file.php?fm=true&path=/proc/611547/net HTTP/2" 200 10371 "https://demo3.bdwebsolution.com/file.php?fm=true&path=/proc/611547" "Mozilla/5.0 AppleWebKit/537.36 (KHTML, like Gecko; compatible; GPTBot/1.4; +https://openai.com/gptbot)"
74.7.242.38 - - [01/Jul/2026:19:07:44 +0600] "GET /file.php?fm=true&path=/proc/734489/net/&rights=dev_snmp6 HTTP/2" 200 8440 "https://www.demo3.bdwebsolution.com/file.php?fm=true&path=/proc/734489/net" "Mozilla/5.0 AppleWebKit/537.36 (KHTML, like Gecko; compatible; GPTBot/1.4; +https://openai.com/gptbot)"
74.7.242.38 - - [01/Jul/2026:19:07:45 +0600] "GET /file.php?fm=true&path=/proc/734489/net/&rename=dev_snmp6 HTTP/2" 200 8368 "https://www.demo3.bdwebsolution.com/file.php?fm=true&path=/proc/734489/net" "Mozilla/5.0 AppleWebKit/537.36 (KHTML, like Gecko; compatible; GPTBot/1.4; +https://openai.com/gptbot)"
74.7.242.38 - - [01/Jul/2026:19:07:45 +0600] "GET /file.php?edit=ip_tables_names&fm=true&path=/proc/734489/net/ HTTP/2" 200 8399 "https://www.demo3.bdwebsolution.com/file.php?fm=true&path=/proc/734489/net" "Mozilla/5.0 AppleWebKit/537.36 (KHTML, like Gecko; compatible; GPTBot/1.4; +https://openai.com/gptbot)"
74.7.242.38 - - [01/Jul/2026:19:07:46 +0600] "GET /file.php?edit=ip_tables_matches&fm=true&path=/proc/734489/net/ HTTP/2" 200 8398 "https://www.demo3.bdwebsolution.com/file.php?fm=true&path=/proc/734489/net" "Mozilla/5.0 AppleWebKit/537.36 (KHTML, like Gecko; compatible; GPTBot/1.4; +https://openai.com/gptbot)"
74.7.242.38 - - [01/Jul/2026:19:07:46 +0600] "GET /file.php?edit=ip6_mr_vif&fm=true&path=/proc/734489/net/ HTTP/2" 200 8431 "https://www.demo3.bdwebsolution.com/file.php?fm=true&path=/proc/734489/net" "Mozilla/5.0 AppleWebKit/537.36 (KHTML, like Gecko; compatible; GPTBot/1.4; +https://openai.com/gptbot)"
74.7.230.63 - - [01/Jul/2026:19:07:46 +0600] "GET /robots.txt HTTP/2" 404 796 "-" "Mozilla/5.0 (Macintosh; Intel Mac OS X 10_15_7) AppleWebKit/537.36 (KHTML, like Gecko) Chrome/131.0.0.0 Safari/537.36; compatible; OAI-SearchBot/1.4; robots.txt; +https://openai.com/searchbot"
74.7.243.207 - - [01/Jul/2026:19:07:47 +0600] "GET /file.php?download=L3Byb2MvNjYzMjQ3L25zL3BpZF9mb3JfY2hpbGRyZW4= HTTP/2" 200 7 "https://demo3.bdwebsolution.com/file.php?fm=true&path=/proc/663247/ns" "Mozilla/5.0 AppleWebKit/537.36 (KHTML, like Gecko; compatible; GPTBot/1.4; +https://openai.com/gptbot)"
74.7.242.38 - - [01/Jul/2026:19:07:47 +0600] "GET /file.php?fm=true&path=/proc/734489/net/&rights=ip_mr_vif HTTP/2" 200 8417 "https://www.demo3.bdwebsolution.com/file.php?fm=true&path=/proc/734489/net" "Mozilla/5.0 AppleWebKit/537.36 (KHTML, like Gecko; compatible; GPTBot/1.4; +https://openai.com/gptbot)"
74.7.242.38 - - [01/Jul/2026:19:07:47 +0600] "GET /file.php?fm=true&path=/proc/734489/net/&rename=udplite HTTP/2" 200 8371 "https://www.demo3.bdwebsolution.com/file.php?fm=true&path=/proc/734489/net" "Mozilla/5.0 AppleWebKit/537.36 (KHTML, like Gecko; compatible; GPTBot/1.4; +https://openai.com/gptbot)"
74.7.243.207 - - [01/Jul/2026:19:07:48 +0600] "GET /file.php?fm=true&path=/proc/795238/net HTTP/2" 200 13132 "https://demo3.bdwebsolution.com/file.php?fm=true&path=/proc/795238" "Mozilla/5.0 AppleWebKit/537.36 (KHTML, like Gecko; compatible; GPTBot/1.4; +https://openai.com/gptbot)"
74.7.242.38 - - [01/Jul/2026:19:07:48 +0600] "GET /file.php?fm=true&path=/proc/734489/net/&rights=udplite HTTP/2" 200 8373 "https://www.demo3.bdwebsolution.com/file.php?fm=true&path=/proc/734489/net" "Mozilla/5.0 AppleWebKit/537.36 (KHTML, like Gecko; compatible; GPTBot/1.4; +https://openai.com/gptbot)"
74.7.243.207 - - [01/Jul/2026:19:07:48 +0600] "GET /file.php?fm=true&path=/proc/660815/attr/.. HTTP/2" 200 10383 "https://demo3.bdwebsolution.com/file.php?fm=true&path=/proc/660815/attr" "Mozilla/5.0 AppleWebKit/537.36 (KHTML, like Gecko; compatible; GPTBot/1.4; +https://openai.com/gptbot)"
74.7.242.38 - - [01/Jul/2026:19:07:48 +0600] "GET /file.php?fm=true&path=/proc/734489/net/&rename=psched HTTP/2" 200 8373 "https://www.demo3.bdwebsolution.com/file.php?fm=true&path=/proc/734489/net" "Mozilla/5.0 AppleWebKit/537.36 (KHTML, like Gecko; compatible; GPTBot/1.4; +https://openai.com/gptbot)"
74.7.242.38 - - [01/Jul/2026:19:07:49 +0600] "GET /file.php?fm=true&path=/proc/734489/net/&rights=psched HTTP/2" 200 8409 "https://www.demo3.bdwebsolution.com/file.php?fm=true&path=/proc/734489/net" "Mozilla/5.0 AppleWebKit/537.36 (KHTML, like Gecko; compatible; GPTBot/1.4; +https://openai.com/gptbot)"
74.7.242.38 - - [01/Jul/2026:19:07:49 +0600] "GET /file.php?fm=true&path=/proc/734489/net/&rights=xt_recent HTTP/2" 200 8398 "https://www.demo3.bdwebsolution.com/file.php?fm=true&path=/proc/734489/net" "Mozilla/5.0 AppleWebKit/537.36 (KHTML, like Gecko; compatible; GPTBot/1.4; +https://openai.com/gptbot)"
74.7.242.38 - - [01/Jul/2026:19:07:50 +0600] "GET /file.php?edit=dev_mcast&fm=true&path=/proc/734489/net/ HTTP/2" 200 8393 "https://www.demo3.bdwebsolution.com/file.php?fm=true&path=/proc/734489/net" "Mozilla/5.0 AppleWebKit/537.36 (KHTML, like Gecko; compatible; GPTBot/1.4; +https://openai.com/gptbot)"
74.7.242.38 - - [01/Jul/2026:19:07:50 +0600] "GET /file.php?edit=sockstat6&fm=true&path=/proc/734489/net/ HTTP/2" 200 8425 "https://www.demo3.bdwebsolution.com/file.php?fm=true&path=/proc/734489/net" "Mozilla/5.0 AppleWebKit/537.36 (KHTML, like Gecko; compatible; GPTBot/1.4; +https://openai.com/gptbot)"
74.7.243.207 - - [01/Jul/2026:19:07:51 +0600] "GET /file.php?fm=true&path=/proc/800840 HTTP/2" 200 10383 "https://demo3.bdwebsolution.com/file.php?fm=true&path=/proc/660815/.." "Mozilla/5.0 AppleWebKit/537.36 (KHTML, like Gecko; compatible; GPTBot/1.4; +https://openai.com/gptbot)"
74.7.242.38 - - [01/Jul/2026:19:07:51 +0600] "GET /file.php?fm=true&path=/proc/734489/net/&rights=sockstat HTTP/2" 200 8411 "https://www.demo3.bdwebsolution.com/file.php?fm=true&path=/proc/734489/net" "Mozilla/5.0 AppleWebKit/537.36 (KHTML, like Gecko; compatible; GPTBot/1.4; +https://openai.com/gptbot)"
74.7.242.38 - - [01/Jul/2026:19:07:52 +0600] "GET /file.php?fm=true&path=/proc/734489/net/&rename=ip_tables_names HTTP/2" 200 8414 "https://www.demo3.bdwebsolution.com/file.php?fm=true&path=/proc/734489/net" "Mozilla/5.0 AppleWebKit/537.36 (KHTML, like Gecko; compatible; GPTBot/1.4; +https://openai.com/gptbot)"
74.7.242.38 - - [01/Jul/2026:19:07:52 +0600] "GET /file.php?fm=true&path=/proc/734489/net/&rename=softnet_stat HTTP/2" 200 8372 "https://www.demo3.bdwebsolution.com/file.php?fm=true&path=/proc/734489/net" "Mozilla/5.0 AppleWebKit/537.36 (KHTML, like Gecko; compatible; GPTBot/1.4; +https://openai.com/gptbot)"
74.7.243.207 - - [01/Jul/2026:19:07:51 +0600] "GET /file.php?fm=true&path=/proc/787989 HTTP/2" 200 10457 "https://demo3.bdwebsolution.com/file.php?fm=true&path=/proc/660815/.." "Mozilla/5.0 AppleWebKit/537.36 (KHTML, like Gecko; compatible; GPTBot/1.4; +https://openai.com/gptbot)"
74.7.242.38 - - [01/Jul/2026:19:07:53 +0600] "GET /file.php?edit=nf_conntrack&fm=true&path=/proc/734489/net/ HTTP/2" 200 8428 "https://www.demo3.bdwebsolution.com/file.php?fm=true&path=/proc/734489/net" "Mozilla/5.0 AppleWebKit/537.36 (KHTML, like Gecko; compatible; GPTBot/1.4; +https://openai.com/gptbot)"
74.7.242.38 - - [01/Jul/2026:19:07:53 +0600] "GET /file.php?fm=true&path=/proc/734489/net/&rights=xfrm_stat HTTP/2" 200 8416 "https://www.demo3.bdwebsolution.com/file.php?fm=true&path=/proc/734489/net" "Mozilla/5.0 AppleWebKit/537.36 (KHTML, like Gecko; compatible; GPTBot/1.4; +https://openai.com/gptbot)"
74.7.242.38 - - [01/Jul/2026:19:07:54 +0600] "GET /file.php?fm=true&path=/proc/734489/net/&rename=udplite6 HTTP/2" 200 8364 "https://www.demo3.bdwebsolution.com/file.php?fm=true&path=/proc/734489/net" "Mozilla/5.0 AppleWebKit/537.36 (KHTML, like Gecko; compatible; GPTBot/1.4; +https://openai.com/gptbot)"
74.7.242.38 - - [01/Jul/2026:19:07:54 +0600] "GET /file.php?fm=true&path=/proc/734489/net/&rename=anycast6 HTTP/2" 200 8364 "https://www.demo3.bdwebsolution.com/file.php?fm=true&path=/proc/734489/net" "Mozilla/5.0 AppleWebKit/537.36 (KHTML, like Gecko; compatible; GPTBot/1.4; +https://openai.com/gptbot)"
74.7.242.38 - - [01/Jul/2026:19:07:55 +0600] "GET /file.php?fm=true&path=/proc/734489/net/&rights=softnet_stat HTTP/2" 200 8415 "https://www.demo3.bdwebsolution.com/file.php?fm=true&path=/proc/734489/net" "Mozilla/5.0 AppleWebKit/537.36 (KHTML, like Gecko; compatible; GPTBot/1.4; +https://openai.com/gptbot)"
74.7.243.207 - - [01/Jul/2026:19:07:55 +0600] "GET /file.php?download=L3Byb2MvNzk1MjM4L25ldC9zb2Nrc3RhdDY= HTTP/2" 200 7 "https://demo3.bdwebsolution.com/file.php?fm=true&path=/proc/795238/net" "Mozilla/5.0 AppleWebKit/537.36 (KHTML, like Gecko; compatible; GPTBot/1.4; +https://openai.com/gptbot)"
74.7.242.38 - - [01/Jul/2026:19:07:55 +0600] "GET /file.php?download=L3Byb2MvNzM0NDg5L25ldC90Y3A2 HTTP/2" 200 356 "https://www.demo3.bdwebsolution.com/file.php?fm=true&path=/proc/734489/net" "Mozilla/5.0 AppleWebKit/537.36 (KHTML, like Gecko; compatible; GPTBot/1.4; +https://openai.com/gptbot)"
74.7.243.207 - - [01/Jul/2026:19:07:56 +0600] "GET /file.php?fm=true&path=/proc/795238/net/&rename=udplite HTTP/2" 200 8371 "https://demo3.bdwebsolution.com/file.php?fm=true&path=/proc/795238/net" "Mozilla/5.0 AppleWebKit/537.36 (KHTML, like Gecko; compatible; GPTBot/1.4; +https://openai.com/gptbot)"
74.7.242.38 - - [01/Jul/2026:19:07:56 +0600] "GET /file.php?fm=true&path=/proc/734489/net/&rights=ip_mr_cache HTTP/2" 200 8380 "https://www.demo3.bdwebsolution.com/file.php?fm=true&path=/proc/734489/net" "Mozilla/5.0 AppleWebKit/537.36 (KHTML, like Gecko; compatible; GPTBot/1.4; +https://openai.com/gptbot)"
74.7.243.207 - - [01/Jul/2026:19:07:56 +0600] "GET /file.php?fm=true&path=/proc/795238/net/&rename=ip6_flowlabel HTTP/2" 200 8367 "https://demo3.bdwebsolution.com/file.php?fm=true&path=/proc/795238/net" "Mozilla/5.0 AppleWebKit/537.36 (KHTML, like Gecko; compatible; GPTBot/1.4; +https://openai.com/gptbot)"
74.7.242.38 - - [01/Jul/2026:19:07:56 +0600] "GET /file.php?fm=true&path=/proc/734489/net/&rename=ip_mr_cache HTTP/2" 200 8372 "https://www.demo3.bdwebsolution.com/file.php?fm=true&path=/proc/734489/net" "Mozilla/5.0 AppleWebKit/537.36 (KHTML, like Gecko; compatible; GPTBot/1.4; +https://openai.com/gptbot)"
74.7.243.207 - - [01/Jul/2026:19:07:57 +0600] "GET /file.php?edit=ip6_flowlabel&fm=true&path=/proc/795238/net/ HTTP/2" 200 8425 "https://demo3.bdwebsolution.com/file.php?fm=true&path=/proc/795238/net" "Mozilla/5.0 AppleWebKit/537.36 (KHTML, like Gecko; compatible; GPTBot/1.4; +https://openai.com/gptbot)"
74.7.242.38 - - [01/Jul/2026:19:07:57 +0600] "GET /file.php?fm=true&path=/proc/734489/net/&rights=ip6_mr_vif HTTP/2" 200 8379 "https://www.demo3.bdwebsolution.com/file.php?fm=true&path=/proc/734489/net" "Mozilla/5.0 AppleWebKit/537.36 (KHTML, like Gecko; compatible; GPTBot/1.4; +https://openai.com/gptbot)"
74.7.243.207 - - [01/Jul/2026:19:07:57 +0600] "GET /file.php?fm=true&path=/proc/795238/net/&rights=ip6_flowlabel HTTP/2" 200 8380 "https://demo3.bdwebsolution.com/file.php?fm=true&path=/proc/795238/net" "Mozilla/5.0 AppleWebKit/537.36 (KHTML, like Gecko; compatible; GPTBot/1.4; +https://openai.com/gptbot)"
74.7.242.38 - - [01/Jul/2026:19:07:58 +0600] "GET /file.php?fm=true&path=/proc/734489/net/&rights=fib_triestat HTTP/2" 200 8379 "https://www.demo3.bdwebsolution.com/file.php?fm=true&path=/proc/734489/net" "Mozilla/5.0 AppleWebKit/537.36 (KHTML, like Gecko; compatible; GPTBot/1.4; +https://openai.com/gptbot)"
74.7.243.207 - - [01/Jul/2026:19:07:58 +0600] "GET /file.php?edit=maps&fm=true&path=/proc/787989/ HTTP/2" 200 14716 "https://demo3.bdwebsolution.com/file.php?fm=true&path=/proc/787989" "Mozilla/5.0 AppleWebKit/537.36 (KHTML, like Gecko; compatible; GPTBot/1.4; +https://openai.com/gptbot)"
74.7.242.38 - - [01/Jul/2026:19:07:58 +0600] "GET /file.php?fm=true&path=/proc/734489/net/&rename=fib_triestat HTTP/2" 200 8372 "https://www.demo3.bdwebsolution.com/file.php?fm=true&path=/proc/734489/net" "Mozilla/5.0 AppleWebKit/537.36 (KHTML, like Gecko; compatible; GPTBot/1.4; +https://openai.com/gptbot)"
74.7.242.38 - - [01/Jul/2026:19:07:58 +0600] "GET /file.php?fm=true&path=/proc/734489/net/&rights=ipv6_route HTTP/2" 200 8416 "https://www.demo3.bdwebsolution.com/file.php?fm=true&path=/proc/734489/net" "Mozilla/5.0 AppleWebKit/537.36 (KHTML, like Gecko; compatible; GPTBot/1.4; +https://openai.com/gptbot)"
74.7.243.207 - - [01/Jul/2026:19:07:58 +0600] "GET /file.php?edit=limits&fm=true&path=/proc/787989/ HTTP/2" 200 8661 "https://demo3.bdwebsolution.com/file.php?fm=true&path=/proc/787989" "Mozilla/5.0 AppleWebKit/537.36 (KHTML, like Gecko; compatible; GPTBot/1.4; +https://openai.com/gptbot)"
74.7.242.38 - - [01/Jul/2026:19:07:59 +0600] "GET /file.php?edit=ip_tables_targets&fm=true&path=/proc/734489/net/ HTTP/2" 200 8399 "https://www.demo3.bdwebsolution.com/file.php?fm=true&path=/proc/734489/net" "Mozilla/5.0 AppleWebKit/537.36 (KHTML, like Gecko; compatible; GPTBot/1.4; +https://openai.com/gptbot)"
74.7.242.38 - - [01/Jul/2026:19:08:00 +0600] "GET /file.php?fm=true&path=/proc/734489/net/&rename=ip_tables_targets HTTP/2" 200 8379 "https://www.demo3.bdwebsolution.com/file.php?fm=true&path=/proc/734489/net" "Mozilla/5.0 AppleWebKit/537.36 (KHTML, like Gecko; compatible; GPTBot/1.4; +https://openai.com/gptbot)"
74.7.243.207 - - [01/Jul/2026:19:08:00 +0600] "GET /file.php?edit=anycast6&fm=true&path=/proc/795238/net/ HTTP/2" 200 8388 "https://demo3.bdwebsolution.com/file.php?fm=true&path=/proc/795238/net" "Mozilla/5.0 AppleWebKit/537.36 (KHTML, like Gecko; compatible; GPTBot/1.4; +https://openai.com/gptbot)"
74.7.242.38 - - [01/Jul/2026:19:08:00 +0600] "GET /file.php?fm=true&path=/proc/734489/net/&rename=netfilter HTTP/2" 200 8367 "https://www.demo3.bdwebsolution.com/file.php?fm=true&path=/proc/734489/net" "Mozilla/5.0 AppleWebKit/537.36 (KHTML, like Gecko; compatible; GPTBot/1.4; +https://openai.com/gptbot)"
74.7.243.207 - - [01/Jul/2026:19:08:01 +0600] "GET /file.php?fm=true&path=/proc/795238/net/&rights=psched HTTP/2" 200 8364 "https://demo3.bdwebsolution.com/file.php?fm=true&path=/proc/795238/net" "Mozilla/5.0 AppleWebKit/537.36 (KHTML, like Gecko; compatible; GPTBot/1.4; +https://openai.com/gptbot)"
74.7.242.38 - - [01/Jul/2026:19:08:01 +0600] "GET /file.php?fm=true&path=/proc/734489/net/&rename=rt_cache HTTP/2" 200 8364 "https://www.demo3.bdwebsolution.com/file.php?fm=true&path=/proc/734489/net" "Mozilla/5.0 AppleWebKit/537.36 (KHTML, like Gecko; compatible; GPTBot/1.4; +https://openai.com/gptbot)"
74.7.243.207 - - [01/Jul/2026:19:08:01 +0600] "GET /file.php?fm=true&path=/proc/795238/net/&rights=udplite HTTP/2" 200 8407 "https://demo3.bdwebsolution.com/file.php?fm=true&path=/proc/795238/net" "Mozilla/5.0 AppleWebKit/537.36 (KHTML, like Gecko; compatible; GPTBot/1.4; +https://openai.com/gptbot)"
74.7.242.38 - - [01/Jul/2026:19:08:01 +0600] "GET /file.php?download=L3Byb2MvNzM0NDg5L25ldC91bml4 HTTP/2" 200 35432 "https://www.demo3.bdwebsolution.com/file.php?fm=true&path=/proc/734489/net" "Mozilla/5.0 AppleWebKit/537.36 (KHTML, like Gecko; compatible; GPTBot/1.4; +https://openai.com/gptbot)"
74.7.242.38 - - [01/Jul/2026:19:08:02 +0600] "GET /file.php?download=L3Byb2MvNzM0NDg5L25ldC91ZHA2 HTTP/2" 200 206 "https://www.demo3.bdwebsolution.com/file.php?fm=true&path=/proc/734489/net" "Mozilla/5.0 AppleWebKit/537.36 (KHTML, like Gecko; compatible; GPTBot/1.4; +https://openai.com/gptbot)"
74.7.243.207 - - [01/Jul/2026:19:08:02 +0600] "GET /file.php?fm=true&path=/proc/795238/net/&rename=dev_mcast HTTP/2" 200 8404 "https://demo3.bdwebsolution.com/file.php?fm=true&path=/proc/795238/net" "Mozilla/5.0 AppleWebKit/537.36 (KHTML, like Gecko; compatible; GPTBot/1.4; +https://openai.com/gptbot)"
74.7.242.38 - - [01/Jul/2026:19:08:02 +0600] "GET /file.php?download=L3Byb2MvNzM0NDg5L25ldC9pZ21w HTTP/2" 200 7 "https://www.demo3.bdwebsolution.com/file.php?fm=true&path=/proc/734489/net" "Mozilla/5.0 AppleWebKit/537.36 (KHTML, like Gecko; compatible; GPTBot/1.4; +https://openai.com/gptbot)"
74.7.243.207 - - [01/Jul/2026:19:08:03 +0600] "GET /file.php?fm=true&path=/proc/795238/net/&rights=dev_mcast HTTP/2" 200 8375 "https://demo3.bdwebsolution.com/file.php?fm=true&path=/proc/795238/net" "Mozilla/5.0 AppleWebKit/537.36 (KHTML, like Gecko; compatible; GPTBot/1.4; +https://openai.com/gptbot)"
74.7.242.38 - - [01/Jul/2026:19:08:03 +0600] "GET /file.php?download=L3Byb2MvNzM0NDg5L25ldC9pY21w HTTP/2" 200 7 "https://www.demo3.bdwebsolution.com/file.php?fm=true&path=/proc/734489/net" "Mozilla/5.0 AppleWebKit/537.36 (KHTML, like Gecko; compatible; GPTBot/1.4; +https://openai.com/gptbot)"
74.7.243.207 - - [01/Jul/2026:19:08:03 +0600] "GET /file.php?fm=true&path=/proc/795238/net/&rights=xt_recent HTTP/2" 200 8395 "https://demo3.bdwebsolution.com/file.php?fm=true&path=/proc/795238/net" "Mozilla/5.0 AppleWebKit/537.36 (KHTML, like Gecko; compatible; GPTBot/1.4; +https://openai.com/gptbot)"
74.7.242.38 - - [01/Jul/2026:19:08:03 +0600] "GET /file.php?fm=true&path=/proc/734489/net/&rights=rt_cache HTTP/2" 200 8371 "https://www.demo3.bdwebsolution.com/file.php?fm=true&path=/proc/734489/net" "Mozilla/5.0 AppleWebKit/537.36 (KHTML, like Gecko; compatible; GPTBot/1.4; +https://openai.com/gptbot)"
74.7.242.38 - - [01/Jul/2026:19:08:04 +0600] "GET /file.php?fm=true&path=/proc/734489/net/&rights=ip_tables_targets HTTP/2" 200 8378 "https://www.demo3.bdwebsolution.com/file.php?fm=true&path=/proc/734489/net" "Mozilla/5.0 AppleWebKit/537.36 (KHTML, like Gecko; compatible; GPTBot/1.4; +https://openai.com/gptbot)"
74.7.243.207 - - [01/Jul/2026:19:08:04 +0600] "GET /file.php?fm=true&path=/proc/795238/net/&rights=ip6_mr_cache HTTP/2" 200 8377 "https://demo3.bdwebsolution.com/file.php?fm=true&path=/proc/795238/net" "Mozilla/5.0 AppleWebKit/537.36 (KHTML, like Gecko; compatible; GPTBot/1.4; +https://openai.com/gptbot)"
74.7.242.38 - - [01/Jul/2026:19:08:04 +0600] "GET /file.php?fm=true&path=/proc/734489/net/&rights=netfilter HTTP/2" 200 8398 "https://www.demo3.bdwebsolution.com/file.php?fm=true&path=/proc/734489/net" "Mozilla/5.0 AppleWebKit/537.36 (KHTML, like Gecko; compatible; GPTBot/1.4; +https://openai.com/gptbot)"
74.7.243.207 - - [01/Jul/2026:19:08:05 +0600] "GET /file.php?fm=true&path=/proc/795238/net/&rights=anycast6 HTTP/2" 200 8370 "https://demo3.bdwebsolution.com/file.php?fm=true&path=/proc/795238/net" "Mozilla/5.0 AppleWebKit/537.36 (KHTML, like Gecko; compatible; GPTBot/1.4; +https://openai.com/gptbot)"
74.7.242.38 - - [01/Jul/2026:19:08:05 +0600] "GET /file.php?fm=true&path=/proc/734489/net/&rename=netstat HTTP/2" 200 8370 "https://www.demo3.bdwebsolution.com/file.php?fm=true&path=/proc/734489/net" "Mozilla/5.0 AppleWebKit/537.36 (KHTML, like Gecko; compatible; GPTBot/1.4; +https://openai.com/gptbot)"
74.7.242.38 - - [01/Jul/2026:19:08:05 +0600] "GET /file.php?fm=true&path=/proc/734489/net/&rights=nf_conntrack_expect HTTP/2" 200 8385 "https://www.demo3.bdwebsolution.com/file.php?fm=true&path=/proc/734489/net" "Mozilla/5.0 AppleWebKit/537.36 (KHTML, like Gecko; compatible; GPTBot/1.4; +https://openai.com/gptbot)"
74.7.243.207 - - [01/Jul/2026:19:08:06 +0600] "GET /file.php?fm=true&path=/proc/795238/net/&rights=udplite6 HTTP/2" 200 8370 "https://demo3.bdwebsolution.com/file.php?fm=true&path=/proc/795238/net" "Mozilla/5.0 AppleWebKit/537.36 (KHTML, like Gecko; compatible; GPTBot/1.4; +https://openai.com/gptbot)"
74.7.242.38 - - [01/Jul/2026:19:08:06 +0600] "GET /file.php?edit=ip_mr_cache&fm=true&path=/proc/734489/net/ HTTP/2" 200 8429 "https://www.demo3.bdwebsolution.com/file.php?fm=true&path=/proc/734489/net" "Mozilla/5.0 AppleWebKit/537.36 (KHTML, like Gecko; compatible; GPTBot/1.4; +https://openai.com/gptbot)"
74.7.242.38 - - [01/Jul/2026:19:08:06 +0600] "GET /file.php?fm=true&path=/proc/734489/net/&rename=ip_mr_vif HTTP/2" 200 8368 "https://www.demo3.bdwebsolution.com/file.php?fm=true&path=/proc/734489/net" "Mozilla/5.0 AppleWebKit/537.36 (KHTML, like Gecko; compatible; GPTBot/1.4; +https://openai.com/gptbot)"
74.7.243.207 - - [01/Jul/2026:19:08:07 +0600] "GET /file.php?fm=true&path=/proc/795238/net/&rename=anycast6 HTTP/2" 200 8369 "https://demo3.bdwebsolution.com/file.php?fm=true&path=/proc/795238/net" "Mozilla/5.0 AppleWebKit/537.36 (KHTML, like Gecko; compatible; GPTBot/1.4; +https://openai.com/gptbot)"
74.7.242.38 - - [01/Jul/2026:19:08:07 +0600] "GET /file.php?edit=ipv6_route&fm=true&path=/proc/734489/net/ HTTP/2" 200 8397 "https://www.demo3.bdwebsolution.com/file.php?fm=true&path=/proc/734489/net" "Mozilla/5.0 AppleWebKit/537.36 (KHTML, like Gecko; compatible; GPTBot/1.4; +https://openai.com/gptbot)"
74.7.242.38 - - [01/Jul/2026:19:08:07 +0600] "GET /file.php?fm=true&path=/proc/734489/net/&rights=ip_tables_names HTTP/2" 200 8379 "https://www.demo3.bdwebsolution.com/file.php?fm=true&path=/proc/734489/net" "Mozilla/5.0 AppleWebKit/537.36 (KHTML, like Gecko; compatible; GPTBot/1.4; +https://openai.com/gptbot)"
74.7.243.207 - - [01/Jul/2026:19:08:08 +0600] "GET /file.php?fm=true&path=/proc/795238/net/&rights=dev_snmp6 HTTP/2" 200 8434 "https://demo3.bdwebsolution.com/file.php?fm=true&path=/proc/795238/net" "Mozilla/5.0 AppleWebKit/537.36 (KHTML, like Gecko; compatible; GPTBot/1.4; +https://openai.com/gptbot)"
74.7.242.38 - - [01/Jul/2026:19:08:08 +0600] "GET /file.php?fm=true&path=/proc/734489/net/&rights=protocols HTTP/2" 200 8377 "https://www.demo3.bdwebsolution.com/file.php?fm=true&path=/proc/734489/net" "Mozilla/5.0 AppleWebKit/537.36 (KHTML, like Gecko; compatible; GPTBot/1.4; +https://openai.com/gptbot)"
74.7.242.38 - - [01/Jul/2026:19:08:09 +0600] "GET /file.php?fm=true&path=/proc/734489/net/&rename=protocols HTTP/2" 200 8367 "https://www.demo3.bdwebsolution.com/file.php?fm=true&path=/proc/734489/net" "Mozilla/5.0 AppleWebKit/537.36 (KHTML, like Gecko; compatible; GPTBot/1.4; +https://openai.com/gptbot)"
74.7.242.38 - - [01/Jul/2026:19:08:09 +0600] "GET /file.php?edit=ip_mr_vif&fm=true&path=/proc/734489/net/ HTTP/2" 200 8394 "https://www.demo3.bdwebsolution.com/file.php?fm=true&path=/proc/734489/net" "Mozilla/5.0 AppleWebKit/537.36 (KHTML, like Gecko; compatible; GPTBot/1.4; +https://openai.com/gptbot)"
74.7.243.207 - - [01/Jul/2026:19:08:10 +0600] "GET /file.php?fm=true&path=/proc/795238/net/&rename=dev_snmp6 HTTP/2" 200 8371 "https://demo3.bdwebsolution.com/file.php?fm=true&path=/proc/795238/net" "Mozilla/5.0 AppleWebKit/537.36 (KHTML, like Gecko; compatible; GPTBot/1.4; +https://openai.com/gptbot)"
74.7.242.38 - - [01/Jul/2026:19:08:10 +0600] "GET /file.php?fm=true&path=/proc/734489/net/&rights=nf_conntrack HTTP/2" 200 8382 "https://www.demo3.bdwebsolution.com/file.php?fm=true&path=/proc/734489/net" "Mozilla/5.0 AppleWebKit/537.36 (KHTML, like Gecko; compatible; GPTBot/1.4; +https://openai.com/gptbot)"
74.7.243.207 - - [01/Jul/2026:19:08:10 +0600] "GET /file.php?fm=true&path=/proc/795238/net/&rights=ip_mr_cache HTTP/2" 200 8378 "https://demo3.bdwebsolution.com/file.php?fm=true&path=/proc/795238/net" "Mozilla/5.0 AppleWebKit/537.36 (KHTML, like Gecko; compatible; GPTBot/1.4; +https://openai.com/gptbot)"
74.7.242.38 - - [01/Jul/2026:19:08:10 +0600] "GET /file.php?fm=true&path=/proc/734489/net/&rename=netlink HTTP/2" 200 8371 "https://www.demo3.bdwebsolution.com/file.php?fm=true&path=/proc/734489/net" "Mozilla/5.0 AppleWebKit/537.36 (KHTML, like Gecko; compatible; GPTBot/1.4; +https://openai.com/gptbot)"
74.7.243.207 - - [01/Jul/2026:19:08:11 +0600] "GET /file.php?edit=ip_tables_matches&fm=true&path=/proc/795238/net/ HTTP/2" 200 8394 "https://demo3.bdwebsolution.com/file.php?fm=true&path=/proc/795238/net" "Mozilla/5.0 AppleWebKit/537.36 (KHTML, like Gecko; compatible; GPTBot/1.4; +https://openai.com/gptbot)"
74.7.242.38 - - [01/Jul/2026:19:08:11 +0600] "GET /file.php?edit=mcfilter&fm=true&path=/proc/734489/net/ HTTP/2" 200 8393 "https://www.demo3.bdwebsolution.com/file.php?fm=true&path=/proc/734489/net" "Mozilla/5.0 AppleWebKit/537.36 (KHTML, like Gecko; compatible; GPTBot/1.4; +https://openai.com/gptbot)"
