74.7.242.38 - - [01/Jul/2026:18:31:09 +0600] "GET /file.php?download=L3Vzci9sb2NhbC9sc3dzL0xJQ0VOU0UuT3BlbkxEQVA= HTTP/2" 200 1127 "https://www.demo3.bdwebsolution.com/file.php?fm=true&path=/usr/local/lsws" "Mozilla/5.0 AppleWebKit/537.36 (KHTML, like Gecko; compatible; GPTBot/1.4; +https://openai.com/gptbot)"
74.7.242.38 - - [01/Jul/2026:18:31:10 +0600] "GET /file.php?fm=true&path=/opt/plesk/php/7.3/&rename=lib64 HTTP/2" 200 8363 "https://www.demo3.bdwebsolution.com/file.php?fm=true&path=/opt/plesk/php/7.3" "Mozilla/5.0 AppleWebKit/537.36 (KHTML, like Gecko; compatible; GPTBot/1.4; +https://openai.com/gptbot)"
74.7.242.38 - - [01/Jul/2026:18:31:11 +0600] "GET /file.php?fm=true&path=/lib/modprobe.d/.. HTTP/2" 200 12545 "https://www.demo3.bdwebsolution.com/file.php?fm=true&path=/lib/modprobe.d" "Mozilla/5.0 AppleWebKit/537.36 (KHTML, like Gecko; compatible; GPTBot/1.4; +https://openai.com/gptbot)"
74.7.242.38 - - [01/Jul/2026:18:31:12 +0600] "GET /file.php?fm=true&path=/usr/local/lsws/.. HTTP/2" 200 9977 "https://www.demo3.bdwebsolution.com/file.php?fm=true&path=/usr/local/lsws" "Mozilla/5.0 AppleWebKit/537.36 (KHTML, like Gecko; compatible; GPTBot/1.4; +https://openai.com/gptbot)"
74.7.242.38 - - [01/Jul/2026:18:31:13 +0600] "GET /file.php?gzfile=L2xpYi9tb2Rwcm9iZS5kL1JFQURNRQ== HTTP/2" 200 6529 "https://www.demo3.bdwebsolution.com/file.php?fm=true&path=/lib/modprobe.d" "Mozilla/5.0 AppleWebKit/537.36 (KHTML, like Gecko; compatible; GPTBot/1.4; +https://openai.com/gptbot)"
74.7.242.38 - - [01/Jul/2026:18:31:14 +0600] "GET /file.php?download=L2xpYi9tb2Rwcm9iZS5kL2Rpc3QtYmxhY2tsaXN0LmNvbmY= HTTP/2" 200 457 "https://www.demo3.bdwebsolution.com/file.php?fm=true&path=/lib/modprobe.d" "Mozilla/5.0 AppleWebKit/537.36 (KHTML, like Gecko; compatible; GPTBot/1.4; +https://openai.com/gptbot)"
74.7.242.38 - - [01/Jul/2026:18:31:15 +0600] "GET /file.php?fm=true&path=/opt/plesk/php/8.0/. HTTP/2" 200 9411 "https://www.demo3.bdwebsolution.com/file.php?fm=true&path=/opt/plesk/php/8.0" "Mozilla/5.0 AppleWebKit/537.36 (KHTML, like Gecko; compatible; GPTBot/1.4; +https://openai.com/gptbot)"
74.7.243.207 - - [01/Jul/2026:18:31:09 +0600] "GET /file.php?download=L2xpYjY0L2xpYm5naHR0cDIuc28uMTQ= HTTP/2" 200 76931 "https://demo3.bdwebsolution.com/file.php?fm=true&path=//lib64" "Mozilla/5.0 AppleWebKit/537.36 (KHTML, like Gecko; compatible; GPTBot/1.4; +https://openai.com/gptbot)"
74.7.243.207 - - [01/Jul/2026:18:31:10 +0600] "GET /file.php?fm=true&path=/opt/plesk/php/7.0/&rename=lib64 HTTP/2" 200 8368 "https://demo3.bdwebsolution.com/file.php?fm=true&path=/opt/plesk/php/7.0" "Mozilla/5.0 AppleWebKit/537.36 (KHTML, like Gecko; compatible; GPTBot/1.4; +https://openai.com/gptbot)"
74.7.243.207 - - [01/Jul/2026:18:31:12 +0600] "GET /file.php?fm=true&path=/usr/local/lsws/&rename=tmp HTTP/2" 200 8360 "https://demo3.bdwebsolution.com/file.php?fm=true&path=/usr/local/lsws" "Mozilla/5.0 AppleWebKit/537.36 (KHTML, like Gecko; compatible; GPTBot/1.4; +https://openai.com/gptbot)"
74.7.243.207 - - [01/Jul/2026:18:31:13 +0600] "GET /file.php?download=L2xpYi9tb2Rwcm9iZS5kL3N5c3RlbWQuY29uZg== HTTP/2" 200 431 "https://demo3.bdwebsolution.com/file.php?fm=true&path=/lib/modprobe.d" "Mozilla/5.0 AppleWebKit/537.36 (KHTML, like Gecko; compatible; GPTBot/1.4; +https://openai.com/gptbot)"
74.7.243.207 - - [01/Jul/2026:18:31:13 +0600] "GET /file.php?download=L3Vzci9sb2NhbC9sc3dzL0xJQ0VOU0UuT3BlblNTTA== HTTP/2" 200 2033 "https://demo3.bdwebsolution.com/file.php?fm=true&path=/usr/local/lsws" "Mozilla/5.0 AppleWebKit/537.36 (KHTML, like Gecko; compatible; GPTBot/1.4; +https://openai.com/gptbot)"
74.7.243.207 - - [01/Jul/2026:18:31:14 +0600] "GET /file.php?download=L3Vzci9sb2NhbC9sc3dzL1ZFUlNJT04= HTTP/2" 200 13 "https://demo3.bdwebsolution.com/file.php?fm=true&path=/usr/local/lsws" "Mozilla/5.0 AppleWebKit/537.36 (KHTML, like Gecko; compatible; GPTBot/1.4; +https://openai.com/gptbot)"
74.7.243.207 - - [01/Jul/2026:18:31:15 +0600] "GET /file.php?download=L3Vzci9sb2NhbC9sc3dzL0xJQ0VOU0U= HTTP/2" 200 3031 "https://demo3.bdwebsolution.com/file.php?fm=true&path=/usr/local/lsws" "Mozilla/5.0 AppleWebKit/537.36 (KHTML, like Gecko; compatible; GPTBot/1.4; +https://openai.com/gptbot)"
74.7.243.207 - - [01/Jul/2026:18:31:17 +0600] "GET /file.php?download=L3Vzci9sb2NhbC9sc3dzL0JVSUxE HTTP/2" 200 9 "https://demo3.bdwebsolution.com/file.php?fm=true&path=/usr/local/lsws" "Mozilla/5.0 AppleWebKit/537.36 (KHTML, like Gecko; compatible; GPTBot/1.4; +https://openai.com/gptbot)"
74.7.243.207 - - [01/Jul/2026:18:31:17 +0600] "GET /file.php?download=L2xpYi9tb2Rwcm9iZS5kL1JFQURNRQ== HTTP/2" 200 200 "https://demo3.bdwebsolution.com/file.php?fm=true&path=/lib/modprobe.d" "Mozilla/5.0 AppleWebKit/537.36 (KHTML, like Gecko; compatible; GPTBot/1.4; +https://openai.com/gptbot)"
74.7.243.207 - - [01/Jul/2026:18:31:19 +0600] "GET /file.php?gz=L3Vzci9sb2NhbC9sc3dzL3BocGJ1aWxk HTTP/2" 200 6529 "https://demo3.bdwebsolution.com/file.php?fm=true&path=/usr/local/lsws" "Mozilla/5.0 AppleWebKit/537.36 (KHTML, like Gecko; compatible; GPTBot/1.4; +https://openai.com/gptbot)"
74.7.243.207 - - [01/Jul/2026:18:31:20 +0600] "GET /file.php?download=L3Vzci9sb2NhbC9sc3dzL0xJQ0VOU0UuT3BlbkxEQVA= HTTP/2" 200 1127 "https://demo3.bdwebsolution.com/file.php?fm=true&path=/usr/local/lsws" "Mozilla/5.0 AppleWebKit/537.36 (KHTML, like Gecko; compatible; GPTBot/1.4; +https://openai.com/gptbot)"
74.7.243.207 - - [01/Jul/2026:18:31:21 +0600] "GET /file.php?fm=true&path=/opt/plesk/php/7.0/&rights=lib64 HTTP/2" 200 8434 "https://demo3.bdwebsolution.com/file.php?fm=true&path=/opt/plesk/php/7.0" "Mozilla/5.0 AppleWebKit/537.36 (KHTML, like Gecko; compatible; GPTBot/1.4; +https://openai.com/gptbot)"
74.7.243.207 - - [01/Jul/2026:18:31:22 +0600] "GET /file.php?fm=true&path=/usr/local/lsws/.. HTTP/2" 200 9968 "https://demo3.bdwebsolution.com/file.php?fm=true&path=/usr/local/lsws" "Mozilla/5.0 AppleWebKit/537.36 (KHTML, like Gecko; compatible; GPTBot/1.4; +https://openai.com/gptbot)"
74.7.242.38 - - [01/Jul/2026:18:31:16 +0600] "GET /file.php?fm=true&path=/opt/plesk/php/8.0/ HTTP/2" 200 9420 "https://www.demo3.bdwebsolution.com/file.php?fm=true&path=/opt/plesk/php/8.0/&rename=lib64" "Mozilla/5.0 AppleWebKit/537.36 (KHTML, like Gecko; compatible; GPTBot/1.4; +https://openai.com/gptbot)"
74.7.242.38 - - [01/Jul/2026:18:31:16 +0600] "GET /file.php?fm=true&path=/opt/plesk/php/7.3/. HTTP/2" 200 9412 "https://www.demo3.bdwebsolution.com/file.php?fm=true&path=/opt/plesk/php/7.3" "Mozilla/5.0 AppleWebKit/537.36 (KHTML, like Gecko; compatible; GPTBot/1.4; +https://openai.com/gptbot)"
74.7.242.38 - - [01/Jul/2026:18:31:17 +0600] "GET /file.php?fm=true&path=/opt/plesk/php/7.3/ HTTP/2" 200 9412 "https://www.demo3.bdwebsolution.com/file.php?fm=true&path=/opt/plesk/php/7.3/&rights=lib64" "Mozilla/5.0 AppleWebKit/537.36 (KHTML, like Gecko; compatible; GPTBot/1.4; +https://openai.com/gptbot)"
74.7.242.38 - - [01/Jul/2026:18:31:17 +0600] "GET /file.php?fm=true&path=/usr/local/lsws/tmp HTTP/2" 200 7538 "https://www.demo3.bdwebsolution.com/file.php?fm=true&path=/usr/local/lsws" "Mozilla/5.0 AppleWebKit/537.36 (KHTML, like Gecko; compatible; GPTBot/1.4; +https://openai.com/gptbot)"
74.7.242.38 - - [01/Jul/2026:18:31:18 +0600] "GET /file.php?fm=true&path=/usr/local/lsws/lib HTTP/2" 200 9210 "https://www.demo3.bdwebsolution.com/file.php?fm=true&path=/usr/local/lsws" "Mozilla/5.0 AppleWebKit/537.36 (KHTML, like Gecko; compatible; GPTBot/1.4; +https://openai.com/gptbot)"
74.7.242.38 - - [01/Jul/2026:18:31:20 +0600] "GET /file.php?gz=L3Vzci9sb2NhbC9sc3dzL2Jpbg== HTTP/2" 200 6529 "https://www.demo3.bdwebsolution.com/file.php?fm=true&path=/usr/local/lsws" "Mozilla/5.0 AppleWebKit/537.36 (KHTML, like Gecko; compatible; GPTBot/1.4; +https://openai.com/gptbot)"
74.7.242.38 - - [01/Jul/2026:18:31:21 +0600] "GET /file.php?download=L2xpYi9tb2Rwcm9iZS5kL2Rpc3QtYWxzYS5jb25m HTTP/2" 200 243 "https://www.demo3.bdwebsolution.com/file.php?fm=true&path=/lib/modprobe.d" "Mozilla/5.0 AppleWebKit/537.36 (KHTML, like Gecko; compatible; GPTBot/1.4; +https://openai.com/gptbot)"
74.7.242.38 - - [01/Jul/2026:18:31:21 +0600] "GET /file.php?gz=L3Vzci9sb2NhbC9sc3dzL2ZjZ2ktYmlu HTTP/2" 200 6529 "https://www.demo3.bdwebsolution.com/file.php?fm=true&path=/usr/local/lsws" "Mozilla/5.0 AppleWebKit/537.36 (KHTML, like Gecko; compatible; GPTBot/1.4; +https://openai.com/gptbot)"
74.7.242.38 - - [01/Jul/2026:18:31:22 +0600] "GET /file.php?gz=L29wdC9wbGVzay9waHAvNy4zL2xpYjY0 HTTP/2" 200 6529 "https://www.demo3.bdwebsolution.com/file.php?fm=true&path=/opt/plesk/php/7.3" "Mozilla/5.0 AppleWebKit/537.36 (KHTML, like Gecko; compatible; GPTBot/1.4; +https://openai.com/gptbot)"
74.7.242.38 - - [01/Jul/2026:18:31:23 +0600] "GET /file.php?gz=L29wdC9wbGVzay9waHAvOC4wL2xpYjY0 HTTP/2" 200 6529 "https://www.demo3.bdwebsolution.com/file.php?fm=true&path=/opt/plesk/php/8.0" "Mozilla/5.0 AppleWebKit/537.36 (KHTML, like Gecko; compatible; GPTBot/1.4; +https://openai.com/gptbot)"
74.7.242.38 - - [01/Jul/2026:18:31:24 +0600] "GET /file.php?fm=true&path=/lib/modprobe.d/ HTTP/2" 200 9776 "https://www.demo3.bdwebsolution.com/file.php?fm=true&path=/lib/modprobe.d/&rights=README" "Mozilla/5.0 AppleWebKit/537.36 (KHTML, like Gecko; compatible; GPTBot/1.4; +https://openai.com/gptbot)"
74.7.242.38 - - [01/Jul/2026:18:31:24 +0600] "GET /file.php?fm=true&path=/usr/local/lsws/ HTTP/2" 200 11611 "https://www.demo3.bdwebsolution.com/file.php?edit=LICENSE.OpenLDAP&fm=true&path=/usr/local/lsws/" "Mozilla/5.0 AppleWebKit/537.36 (KHTML, like Gecko; compatible; GPTBot/1.4; +https://openai.com/gptbot)"
74.7.242.38 - - [01/Jul/2026:18:31:25 +0600] "GET /file.php?gz=L3Vzci9sb2NhbC9sc3dzL2RvY3M= HTTP/2" 200 6529 "https://www.demo3.bdwebsolution.com/file.php?fm=true&path=/usr/local/lsws" "Mozilla/5.0 AppleWebKit/537.36 (KHTML, like Gecko; compatible; GPTBot/1.4; +https://openai.com/gptbot)"
74.7.243.207 - - [01/Jul/2026:18:31:23 +0600] "GET /file.php?fm=true&path=/lib/modprobe.d/.. HTTP/2" 200 12536 "https://demo3.bdwebsolution.com/file.php?fm=true&path=/lib/modprobe.d" "Mozilla/5.0 AppleWebKit/537.36 (KHTML, like Gecko; compatible; GPTBot/1.4; +https://openai.com/gptbot)"
74.7.243.207 - - [01/Jul/2026:18:31:24 +0600] "GET /file.php?gzfile=L2xpYi9tb2Rwcm9iZS5kL3N5c3RlbWQuY29uZg== HTTP/2" 200 6529 "https://demo3.bdwebsolution.com/file.php?fm=true&path=/lib/modprobe.d" "Mozilla/5.0 AppleWebKit/537.36 (KHTML, like Gecko; compatible; GPTBot/1.4; +https://openai.com/gptbot)"
74.7.243.207 - - [01/Jul/2026:18:31:24 +0600] "GET /file.php?gzfile=L2xpYi9tb2Rwcm9iZS5kL1JFQURNRQ== HTTP/2" 200 6502 "https://demo3.bdwebsolution.com/file.php?fm=true&path=/lib/modprobe.d" "Mozilla/5.0 AppleWebKit/537.36 (KHTML, like Gecko; compatible; GPTBot/1.4; +https://openai.com/gptbot)"
74.7.243.207 - - [01/Jul/2026:18:31:26 +0600] "GET /file.php?download=L2xpYi9tb2Rwcm9iZS5kL2Rpc3QtYmxhY2tsaXN0LmNvbmY= HTTP/2" 200 459 "https://demo3.bdwebsolution.com/file.php?fm=true&path=/lib/modprobe.d" "Mozilla/5.0 AppleWebKit/537.36 (KHTML, like Gecko; compatible; GPTBot/1.4; +https://openai.com/gptbot)"
74.7.243.207 - - [01/Jul/2026:18:31:27 +0600] "GET /file.php?fm=true&path=/opt/plesk/php/7.0/ HTTP/2" 200 9411 "https://demo3.bdwebsolution.com/file.php?fm=true&path=/opt/plesk/php/7.0/&rename=lib64" "Mozilla/5.0 AppleWebKit/537.36 (KHTML, like Gecko; compatible; GPTBot/1.4; +https://openai.com/gptbot)"
74.7.243.207 - - [01/Jul/2026:18:31:28 +0600] "GET /file.php?fm=true&path=/opt/plesk/php/7.0/. HTTP/2" 200 9458 "https://demo3.bdwebsolution.com/file.php?fm=true&path=/opt/plesk/php/7.0" "Mozilla/5.0 AppleWebKit/537.36 (KHTML, like Gecko; compatible; GPTBot/1.4; +https://openai.com/gptbot)"
74.7.243.207 - - [01/Jul/2026:18:31:29 +0600] "GET /file.php?fm=true&path=/usr/local/lsws/lib HTTP/2" 200 9183 "https://demo3.bdwebsolution.com/file.php?fm=true&path=/usr/local/lsws" "Mozilla/5.0 AppleWebKit/537.36 (KHTML, like Gecko; compatible; GPTBot/1.4; +https://openai.com/gptbot)"
74.7.243.207 - - [01/Jul/2026:18:31:30 +0600] "GET /file.php?fm=true&path=/usr/local/lsws/tmp HTTP/2" 200 7509 "https://demo3.bdwebsolution.com/file.php?fm=true&path=/usr/local/lsws" "Mozilla/5.0 AppleWebKit/537.36 (KHTML, like Gecko; compatible; GPTBot/1.4; +https://openai.com/gptbot)"
74.7.243.207 - - [01/Jul/2026:18:31:31 +0600] "GET /file.php?gz=L3Vzci9sb2NhbC9sc3dzL2Jpbg== HTTP/2" 200 6529 "https://demo3.bdwebsolution.com/file.php?fm=true&path=/usr/local/lsws" "Mozilla/5.0 AppleWebKit/537.36 (KHTML, like Gecko; compatible; GPTBot/1.4; +https://openai.com/gptbot)"
74.7.243.207 - - [01/Jul/2026:18:31:32 +0600] "GET /file.php?download=L2xpYi9tb2Rwcm9iZS5kL2Rpc3QtYWxzYS5jb25m HTTP/2" 200 241 "https://demo3.bdwebsolution.com/file.php?fm=true&path=/lib/modprobe.d" "Mozilla/5.0 AppleWebKit/537.36 (KHTML, like Gecko; compatible; GPTBot/1.4; +https://openai.com/gptbot)"
74.7.243.207 - - [01/Jul/2026:18:31:33 +0600] "GET /file.php?gz=L3Vzci9sb2NhbC9sc3dzL2ZjZ2ktYmlu HTTP/2" 200 6529 "https://demo3.bdwebsolution.com/file.php?fm=true&path=/usr/local/lsws" "Mozilla/5.0 AppleWebKit/537.36 (KHTML, like Gecko; compatible; GPTBot/1.4; +https://openai.com/gptbot)"
74.7.243.207 - - [01/Jul/2026:18:31:34 +0600] "GET /file.php?gz=L29wdC9wbGVzay9waHAvNy4wL2xpYjY0 HTTP/2" 200 6529 "https://demo3.bdwebsolution.com/file.php?fm=true&path=/opt/plesk/php/7.0" "Mozilla/5.0 AppleWebKit/537.36 (KHTML, like Gecko; compatible; GPTBot/1.4; +https://openai.com/gptbot)"
74.7.243.207 - - [01/Jul/2026:18:31:35 +0600] "GET /file.php?fm=true&path=/usr/local/lsws/ HTTP/2" 200 11611 "https://demo3.bdwebsolution.com/file.php?fm=true&path=/usr/local/lsws/&rename=tmp" "Mozilla/5.0 AppleWebKit/537.36 (KHTML, like Gecko; compatible; GPTBot/1.4; +https://openai.com/gptbot)"
74.7.242.38 - - [01/Jul/2026:18:31:26 +0600] "GET /file.php?gz=L3Vzci9sb2NhbC9sc3dzL2xvZ3M= HTTP/2" 200 6529 "https://www.demo3.bdwebsolution.com/file.php?fm=true&path=/usr/local/lsws" "Mozilla/5.0 AppleWebKit/537.36 (KHTML, like Gecko; compatible; GPTBot/1.4; +https://openai.com/gptbot)"
74.7.242.38 - - [01/Jul/2026:18:31:27 +0600] "GET /file.php?zip=L3Vzci9sb2NhbC9sc3dzL2RvY3M= HTTP/2" 200 6529 "https://www.demo3.bdwebsolution.com/file.php?fm=true&path=/usr/local/lsws" "Mozilla/5.0 AppleWebKit/537.36 (KHTML, like Gecko; compatible; GPTBot/1.4; +https://openai.com/gptbot)"
74.7.242.38 - - [01/Jul/2026:18:31:28 +0600] "GET /file.php?zip=L3Vzci9sb2NhbC9sc3dzL2xvZ3M= HTTP/2" 200 6502 "https://www.demo3.bdwebsolution.com/file.php?fm=true&path=/usr/local/lsws" "Mozilla/5.0 AppleWebKit/537.36 (KHTML, like Gecko; compatible; GPTBot/1.4; +https://openai.com/gptbot)"
74.7.242.38 - - [01/Jul/2026:18:31:32 +0600] "GET /file.php?gz=L3Vzci9sb2NhbC9sc3dzL3RtcA== HTTP/2" 200 6529 "https://www.demo3.bdwebsolution.com/file.php?fm=true&path=/usr/local/lsws" "Mozilla/5.0 AppleWebKit/537.36 (KHTML, like Gecko; compatible; GPTBot/1.4; +https://openai.com/gptbot)"
74.7.242.38 - - [01/Jul/2026:18:31:32 +0600] "GET /file.php?gz=L3Vzci9sb2NhbC9sc3dzL2xpYg== HTTP/2" 200 6529 "https://www.demo3.bdwebsolution.com/file.php?fm=true&path=/usr/local/lsws" "Mozilla/5.0 AppleWebKit/537.36 (KHTML, like Gecko; compatible; GPTBot/1.4; +https://openai.com/gptbot)"
74.7.242.38 - - [01/Jul/2026:18:31:34 +0600] "GET /file.php?download=L2xpYjY0L2xpYm5naHR0cDIuc28uMTQ= HTTP/2" 200 77044 "https://www.demo3.bdwebsolution.com/file.php?fm=true&path=//lib64" "Mozilla/5.0 AppleWebKit/537.36 (KHTML, like Gecko; compatible; GPTBot/1.4; +https://openai.com/gptbot)"
74.7.242.38 - - [01/Jul/2026:18:31:35 +0600] "GET /file.php?download=L2xpYjY0L2xpYm5jdXJzZXMrK3cuc28= HTTP/2" 200 27463 "https://www.demo3.bdwebsolution.com/file.php?fm=true&path=//lib64" "Mozilla/5.0 AppleWebKit/537.36 (KHTML, like Gecko; compatible; GPTBot/1.4; +https://openai.com/gptbot)"
74.7.242.38 - - [01/Jul/2026:18:31:35 +0600] "GET /file.php?download=L2xpYjY0L2xpYmx6bWEuc28uNS4yLjU= HTTP/2" 200 90429 "https://www.demo3.bdwebsolution.com/file.php?fm=true&path=//lib64" "Mozilla/5.0 AppleWebKit/537.36 (KHTML, like Gecko; compatible; GPTBot/1.4; +https://openai.com/gptbot)"
74.7.242.38 - - [01/Jul/2026:18:31:37 +0600] "GET /file.php?download=L3Vzci9saWI2NC9saWJ1cmN1LW1iLnNvLjY= HTTP/2" 200 14795 "https://www.demo3.bdwebsolution.com/file.php?fm=true&path=/usr/lib64" "Mozilla/5.0 AppleWebKit/537.36 (KHTML, like Gecko; compatible; GPTBot/1.4; +https://openai.com/gptbot)"
74.7.242.38 - - [01/Jul/2026:18:31:39 +0600] "GET /file.php?fm=true&path=/opt/&rename=suphp HTTP/2" 200 8396 "https://www.demo3.bdwebsolution.com/file.php?fm=true&path=//opt" "Mozilla/5.0 AppleWebKit/537.36 (KHTML, like Gecko; compatible; GPTBot/1.4; +https://openai.com/gptbot)"
74.7.242.38 - - [01/Jul/2026:18:31:39 +0600] "GET /file.php?fm=true&path=/opt/&rights=suphp HTTP/2" 200 8384 "https://www.demo3.bdwebsolution.com/file.php?fm=true&path=//opt" "Mozilla/5.0 AppleWebKit/537.36 (KHTML, like Gecko; compatible; GPTBot/1.4; +https://openai.com/gptbot)"
74.7.242.38 - - [01/Jul/2026:18:31:41 +0600] "GET /file.php?gzfile=L3Vzci9iaW4vYXV0b21ha2UtMS4xNg== HTTP/2" 200 6529 "https://www.demo3.bdwebsolution.com/file.php?fm=true&path=//bin" "Mozilla/5.0 AppleWebKit/537.36 (KHTML, like Gecko; compatible; GPTBot/1.4; +https://openai.com/gptbot)"
74.7.242.38 - - [01/Jul/2026:18:31:43 +0600] "GET /file.php?gzfile=L3Vzci9saWI2NC9ydWJ5L2V0Yy5zbw== HTTP/2" 200 6529 "https://www.demo3.bdwebsolution.com/file.php?fm=true&path=/usr/lib64/ruby" "Mozilla/5.0 AppleWebKit/537.36 (KHTML, like Gecko; compatible; GPTBot/1.4; +https://openai.com/gptbot)"
74.7.242.38 - - [01/Jul/2026:18:31:43 +0600] "GET /file.php?gzfile=L3Vzci9saWI2NC94bWwyQ29uZi5zaA== HTTP/2" 200 6502 "https://www.demo3.bdwebsolution.com/file.php?fm=true&path=/usr/lib64" "Mozilla/5.0 AppleWebKit/537.36 (KHTML, like Gecko; compatible; GPTBot/1.4; +https://openai.com/gptbot)"
74.7.243.207 - - [01/Jul/2026:18:31:35 +0600] "GET /file.php?gz=L3Vzci9sb2NhbC9sc3dzL2xvZ3M= HTTP/2" 200 6502 "https://demo3.bdwebsolution.com/file.php?fm=true&path=/usr/local/lsws" "Mozilla/5.0 AppleWebKit/537.36 (KHTML, like Gecko; compatible; GPTBot/1.4; +https://openai.com/gptbot)"
74.7.243.207 - - [01/Jul/2026:18:31:36 +0600] "GET /file.php?gz=L3Vzci9sb2NhbC9sc3dzL2RvY3M= HTTP/2" 200 6529 "https://demo3.bdwebsolution.com/file.php?fm=true&path=/usr/local/lsws" "Mozilla/5.0 AppleWebKit/537.36 (KHTML, like Gecko; compatible; GPTBot/1.4; +https://openai.com/gptbot)"
74.7.243.207 - - [01/Jul/2026:18:31:38 +0600] "GET /file.php?zip=L3Vzci9sb2NhbC9sc3dzL2RvY3M= HTTP/2" 200 6529 "https://demo3.bdwebsolution.com/file.php?fm=true&path=/usr/local/lsws" "Mozilla/5.0 AppleWebKit/537.36 (KHTML, like Gecko; compatible; GPTBot/1.4; +https://openai.com/gptbot)"
74.7.243.207 - - [01/Jul/2026:18:31:39 +0600] "GET /file.php?zip=L3Vzci9sb2NhbC9sc3dzL2xvZ3M= HTTP/2" 200 6502 "https://demo3.bdwebsolution.com/file.php?fm=true&path=/usr/local/lsws" "Mozilla/5.0 AppleWebKit/537.36 (KHTML, like Gecko; compatible; GPTBot/1.4; +https://openai.com/gptbot)"
74.7.243.207 - - [01/Jul/2026:18:31:41 +0600] "GET /file.php?gz=L3Vzci9sb2NhbC9sc3dzL2xpYg== HTTP/2" 200 6502 "https://demo3.bdwebsolution.com/file.php?fm=true&path=/usr/local/lsws" "Mozilla/5.0 AppleWebKit/537.36 (KHTML, like Gecko; compatible; GPTBot/1.4; +https://openai.com/gptbot)"
74.7.243.207 - - [01/Jul/2026:18:31:41 +0600] "GET /file.php?gz=L3Vzci9sb2NhbC9sc3dzL3RtcA== HTTP/2" 200 6529 "https://demo3.bdwebsolution.com/file.php?fm=true&path=/usr/local/lsws" "Mozilla/5.0 AppleWebKit/537.36 (KHTML, like Gecko; compatible; GPTBot/1.4; +https://openai.com/gptbot)"
74.7.243.207 - - [01/Jul/2026:18:31:42 +0600] "GET /file.php?download=L2xpYjY0L2xpYmx6bWEuc28uNS4yLjU= HTTP/2" 200 90458 "https://demo3.bdwebsolution.com/file.php?fm=true&path=//lib64" "Mozilla/5.0 AppleWebKit/537.36 (KHTML, like Gecko; compatible; GPTBot/1.4; +https://openai.com/gptbot)"
74.7.243.207 - - [01/Jul/2026:18:31:42 +0600] "GET /file.php?download=L2xpYjY0L2xpYm5jdXJzZXMrK3cuc28= HTTP/2" 200 27463 "https://demo3.bdwebsolution.com/file.php?fm=true&path=//lib64" "Mozilla/5.0 AppleWebKit/537.36 (KHTML, like Gecko; compatible; GPTBot/1.4; +https://openai.com/gptbot)"
74.7.243.207 - - [01/Jul/2026:18:31:46 +0600] "GET /file.php?download=L3Vzci9saWI2NC9saWJ1cmN1LW1iLnNvLjY= HTTP/2" 200 14811 "https://demo3.bdwebsolution.com/file.php?fm=true&path=/usr/lib64" "Mozilla/5.0 AppleWebKit/537.36 (KHTML, like Gecko; compatible; GPTBot/1.4; +https://openai.com/gptbot)"
74.7.243.207 - - [01/Jul/2026:18:31:46 +0600] "GET /file.php?fm=true&path=/opt/&rights=suphp HTTP/2" 200 8388 "https://demo3.bdwebsolution.com/file.php?fm=true&path=//opt" "Mozilla/5.0 AppleWebKit/537.36 (KHTML, like Gecko; compatible; GPTBot/1.4; +https://openai.com/gptbot)"
74.7.243.207 - - [01/Jul/2026:18:31:47 +0600] "GET /file.php?fm=true&path=/opt/&rename=suphp HTTP/2" 200 8358 "https://demo3.bdwebsolution.com/file.php?fm=true&path=//opt" "Mozilla/5.0 AppleWebKit/537.36 (KHTML, like Gecko; compatible; GPTBot/1.4; +https://openai.com/gptbot)"
74.7.243.207 - - [01/Jul/2026:18:31:49 +0600] "GET /file.php?gzfile=L3Vzci9saWI2NC9ydWJ5L3B0eS5zbw== HTTP/2" 200 6529 "https://demo3.bdwebsolution.com/file.php?fm=true&path=/usr/lib64/ruby" "Mozilla/5.0 AppleWebKit/537.36 (KHTML, like Gecko; compatible; GPTBot/1.4; +https://openai.com/gptbot)"
74.7.243.207 - - [01/Jul/2026:18:31:49 +0600] "GET /file.php?gzfile=L3Vzci9iaW4vYXV0b21ha2UtMS4xNg== HTTP/2" 200 6529 "https://demo3.bdwebsolution.com/file.php?fm=true&path=//bin" "Mozilla/5.0 AppleWebKit/537.36 (KHTML, like Gecko; compatible; GPTBot/1.4; +https://openai.com/gptbot)"
74.7.243.207 - - [01/Jul/2026:18:31:52 +0600] "GET /file.php?gzfile=L3Vzci9saWI2NC94bWwyQ29uZi5zaA== HTTP/2" 200 6529 "https://demo3.bdwebsolution.com/file.php?fm=true&path=/usr/lib64" "Mozilla/5.0 AppleWebKit/537.36 (KHTML, like Gecko; compatible; GPTBot/1.4; +https://openai.com/gptbot)"
74.7.242.38 - - [01/Jul/2026:18:31:44 +0600] "GET /file.php?gzfile=L3Vzci9saWI2NC9ydWJ5L3B0eS5zbw== HTTP/2" 200 6529 "https://www.demo3.bdwebsolution.com/file.php?fm=true&path=/usr/lib64/ruby" "Mozilla/5.0 AppleWebKit/537.36 (KHTML, like Gecko; compatible; GPTBot/1.4; +https://openai.com/gptbot)"
74.7.242.38 - - [01/Jul/2026:18:31:44 +0600] "GET /file.php?gzfile=L3Vzci9saWI2NC9saWJyZWNvZGUuc28uMw== HTTP/2" 200 6529 "https://www.demo3.bdwebsolution.com/file.php?fm=true&path=/usr/lib64" "Mozilla/5.0 AppleWebKit/537.36 (KHTML, like Gecko; compatible; GPTBot/1.4; +https://openai.com/gptbot)"
74.7.242.38 - - [01/Jul/2026:18:31:46 +0600] "GET /file.php?gzfile=L3Vzci9saWI2NC9saWJzdGRjKysuc28uNg== HTTP/2" 200 6529 "https://www.demo3.bdwebsolution.com/file.php?fm=true&path=/usr/lib64" "Mozilla/5.0 AppleWebKit/537.36 (KHTML, like Gecko; compatible; GPTBot/1.4; +https://openai.com/gptbot)"
74.7.242.38 - - [01/Jul/2026:18:31:48 +0600] "GET /file.php?gzfile=L3Vzci9saWI2NC9saWJubS5zby4wLjEuMA== HTTP/2" 200 6529 "https://www.demo3.bdwebsolution.com/file.php?fm=true&path=/usr/lib64" "Mozilla/5.0 AppleWebKit/537.36 (KHTML, like Gecko; compatible; GPTBot/1.4; +https://openai.com/gptbot)"
74.7.242.38 - - [01/Jul/2026:18:31:49 +0600] "GET /file.php?gzfile=L3Vzci9saWI2NC9saWJuZnRubC5zby4xMQ== HTTP/2" 200 6502 "https://www.demo3.bdwebsolution.com/file.php?fm=true&path=/usr/lib64" "Mozilla/5.0 AppleWebKit/537.36 (KHTML, like Gecko; compatible; GPTBot/1.4; +https://openai.com/gptbot)"
74.7.242.38 - - [01/Jul/2026:18:31:49 +0600] "GET /file.php?gzfile=L3Vzci9saWI2NC9saWJYdi5zby4xLjAuMA== HTTP/2" 200 6502 "https://www.demo3.bdwebsolution.com/file.php?fm=true&path=/usr/lib64" "Mozilla/5.0 AppleWebKit/537.36 (KHTML, like Gecko; compatible; GPTBot/1.4; +https://openai.com/gptbot)"
74.7.242.38 - - [01/Jul/2026:18:31:51 +0600] "GET /file.php?gzfile=L3Vzci9saWI2NC9saWJtYXRpby5zby4xMw== HTTP/2" 200 6502 "https://www.demo3.bdwebsolution.com/file.php?fm=true&path=/usr/lib64" "Mozilla/5.0 AppleWebKit/537.36 (KHTML, like Gecko; compatible; GPTBot/1.4; +https://openai.com/gptbot)"
74.7.242.38 - - [01/Jul/2026:18:31:51 +0600] "GET /file.php?gzfile=L3Vzci9saWI2NC9saWJkYnVzLTEuc28uMw== HTTP/2" 200 6502 "https://www.demo3.bdwebsolution.com/file.php?fm=true&path=/usr/lib64" "Mozilla/5.0 AppleWebKit/537.36 (KHTML, like Gecko; compatible; GPTBot/1.4; +https://openai.com/gptbot)"
74.7.242.38 - - [01/Jul/2026:18:31:53 +0600] "GET /file.php?gzfile=L2xpYjY0L3JzeXNsb2cvcG1zbmFyZS5zbw== HTTP/2" 200 6502 "https://www.demo3.bdwebsolution.com/file.php?fm=true&path=/lib64/rsyslog" "Mozilla/5.0 AppleWebKit/537.36 (KHTML, like Gecko; compatible; GPTBot/1.4; +https://openai.com/gptbot)"
74.7.242.38 - - [01/Jul/2026:18:31:54 +0600] "GET /file.php?gzfile=L3Vzci9saWI2NC9saWJyZXNvbHYuc28uMg== HTTP/2" 200 6502 "https://www.demo3.bdwebsolution.com/file.php?fm=true&path=/usr/lib64" "Mozilla/5.0 AppleWebKit/537.36 (KHTML, like Gecko; compatible; GPTBot/1.4; +https://openai.com/gptbot)"
74.7.242.38 - - [01/Jul/2026:18:31:55 +0600] "GET /file.php?gzfile=L3Vzci9saWI2NC9saWJubi5zby4yLjAuMA== HTTP/2" 200 6529 "https://www.demo3.bdwebsolution.com/file.php?fm=true&path=/usr/lib64" "Mozilla/5.0 AppleWebKit/537.36 (KHTML, like Gecko; compatible; GPTBot/1.4; +https://openai.com/gptbot)"
74.7.242.38 - - [01/Jul/2026:18:31:56 +0600] "GET /file.php?gzfile=L3Vzci9saWI2NC9saWJncGdtZS5zby4xMQ== HTTP/2" 200 6529 "https://www.demo3.bdwebsolution.com/file.php?fm=true&path=/usr/lib64" "Mozilla/5.0 AppleWebKit/537.36 (KHTML, like Gecko; compatible; GPTBot/1.4; +https://openai.com/gptbot)"
74.7.242.38 - - [01/Jul/2026:18:31:56 +0600] "GET /file.php?gzfile=L3Vzci9saWI2NC9saWJHTC5zby4xLjcuMA== HTTP/2" 200 6529 "https://www.demo3.bdwebsolution.com/file.php?fm=true&path=/usr/lib64" "Mozilla/5.0 AppleWebKit/537.36 (KHTML, like Gecko; compatible; GPTBot/1.4; +https://openai.com/gptbot)"
74.7.243.207 - - [01/Jul/2026:18:31:52 +0600] "GET /file.php?gzfile=L3Vzci9saWI2NC9ydWJ5L2V0Yy5zbw== HTTP/2" 200 6529 "https://demo3.bdwebsolution.com/file.php?fm=true&path=/usr/lib64/ruby" "Mozilla/5.0 AppleWebKit/537.36 (KHTML, like Gecko; compatible; GPTBot/1.4; +https://openai.com/gptbot)"
74.7.243.207 - - [01/Jul/2026:18:31:53 +0600] "GET /file.php?gzfile=L3Vzci9saWI2NC9saWJtZC5zby4wLjIuMA== HTTP/2" 200 6502 "https://demo3.bdwebsolution.com/file.php?fm=true&path=/usr/lib64" "Mozilla/5.0 AppleWebKit/537.36 (KHTML, like Gecko; compatible; GPTBot/1.4; +https://openai.com/gptbot)"
74.7.243.207 - - [01/Jul/2026:18:31:53 +0600] "GET /file.php?gzfile=L3Vzci9saWI2NC9saWJYcmFuZHIuc28uMg== HTTP/2" 200 6502 "https://demo3.bdwebsolution.com/file.php?fm=true&path=/usr/lib64" "Mozilla/5.0 AppleWebKit/537.36 (KHTML, like Gecko; compatible; GPTBot/1.4; +https://openai.com/gptbot)"
74.7.243.207 - - [01/Jul/2026:18:31:56 +0600] "GET /file.php?gzfile=L3Vzci9saWI2NC9saWJleHQyZnMuc28uMg== HTTP/2" 200 6529 "https://demo3.bdwebsolution.com/file.php?fm=true&path=/usr/lib64" "Mozilla/5.0 AppleWebKit/537.36 (KHTML, like Gecko; compatible; GPTBot/1.4; +https://openai.com/gptbot)"
74.7.243.207 - - [01/Jul/2026:18:31:56 +0600] "GET /file.php?gzfile=L3Vzci9saWI2NC9saWJjYXAtbmcuc28uMA== HTTP/2" 200 6529 "https://demo3.bdwebsolution.com/file.php?fm=true&path=/usr/lib64" "Mozilla/5.0 AppleWebKit/537.36 (KHTML, like Gecko; compatible; GPTBot/1.4; +https://openai.com/gptbot)"
74.7.243.207 - - [01/Jul/2026:18:31:58 +0600] "GET /file.php?gzfile=L2xpYjY0L3J1YnkvYmlnZGVjaW1hbC5zbw== HTTP/2" 200 6529 "https://demo3.bdwebsolution.com/file.php?fm=true&path=/lib64/ruby" "Mozilla/5.0 AppleWebKit/537.36 (KHTML, like Gecko; compatible; GPTBot/1.4; +https://openai.com/gptbot)"
74.7.243.207 - - [01/Jul/2026:18:31:59 +0600] "GET /file.php?gzfile=L3Vzci9saWI2NC9saWJkYnVzLTEuc28uMw== HTTP/2" 200 6529 "https://demo3.bdwebsolution.com/file.php?fm=true&path=/usr/lib64" "Mozilla/5.0 AppleWebKit/537.36 (KHTML, like Gecko; compatible; GPTBot/1.4; +https://openai.com/gptbot)"
74.7.243.207 - - [01/Jul/2026:18:32:00 +0600] "GET /file.php?gzfile=L3Vzci9saWI2NC9saWJkYXRyaWUuc28uMQ== HTTP/2" 200 6502 "https://demo3.bdwebsolution.com/file.php?fm=true&path=/usr/lib64" "Mozilla/5.0 AppleWebKit/537.36 (KHTML, like Gecko; compatible; GPTBot/1.4; +https://openai.com/gptbot)"
74.7.243.207 - - [01/Jul/2026:18:32:01 +0600] "GET /file.php?gzfile=L3Vzci9saWI2NC9saWJyYXdfci5zby4yMw== HTTP/2" 200 6529 "https://demo3.bdwebsolution.com/file.php?fm=true&path=/usr/lib64" "Mozilla/5.0 AppleWebKit/537.36 (KHTML, like Gecko; compatible; GPTBot/1.4; +https://openai.com/gptbot)"
74.7.243.207 - - [01/Jul/2026:18:32:02 +0600] "GET /file.php?gzfile=L3Vzci9saWI2NC9saWJGTEFDKysuc28uNg== HTTP/2" 200 6529 "https://demo3.bdwebsolution.com/file.php?fm=true&path=/usr/lib64" "Mozilla/5.0 AppleWebKit/537.36 (KHTML, like Gecko; compatible; GPTBot/1.4; +https://openai.com/gptbot)"
74.7.243.207 - - [01/Jul/2026:18:32:03 +0600] "GET /file.php?gzfile=L2xpYjY0Ly5saWJnbXAuc28uMTAuaG1hYw== HTTP/2" 200 6502 "https://demo3.bdwebsolution.com/file.php?fm=true&path=//lib64" "Mozilla/5.0 AppleWebKit/537.36 (KHTML, like Gecko; compatible; GPTBot/1.4; +https://openai.com/gptbot)"
74.7.243.207 - - [01/Jul/2026:18:32:04 +0600] "GET /file.php?gzfile=L3Vzci9saWI2NC9saWJtYXRpby5zby4xMw== HTTP/2" 200 6529 "https://demo3.bdwebsolution.com/file.php?fm=true&path=/usr/lib64" "Mozilla/5.0 AppleWebKit/537.36 (KHTML, like Gecko; compatible; GPTBot/1.4; +https://openai.com/gptbot)"
74.7.243.207 - - [01/Jul/2026:18:32:09 +0600] "GET /file.php?gzfile=L3Vzci9saWI2NC9saWJubi5zby4yLjAuMA== HTTP/2" 200 6529 "https://demo3.bdwebsolution.com/file.php?fm=true&path=/usr/lib64" "Mozilla/5.0 AppleWebKit/537.36 (KHTML, like Gecko; compatible; GPTBot/1.4; +https://openai.com/gptbot)"
74.7.242.38 - - [01/Jul/2026:18:31:57 +0600] "GET /file.php?gzfile=L3Vzci9saWI2NC9saWJqcS5zby4xLjAuNA== HTTP/2" 200 6529 "https://www.demo3.bdwebsolution.com/file.php?fm=true&path=/usr/lib64" "Mozilla/5.0 AppleWebKit/537.36 (KHTML, like Gecko; compatible; GPTBot/1.4; +https://openai.com/gptbot)"
74.7.242.38 - - [01/Jul/2026:18:31:59 +0600] "GET /file.php?gzfile=L3Vzci9saWI2NC9saWJ6LnNvLjEuMi4xMQ== HTTP/2" 200 6502 "https://www.demo3.bdwebsolution.com/file.php?fm=true&path=/usr/lib64" "Mozilla/5.0 AppleWebKit/537.36 (KHTML, like Gecko; compatible; GPTBot/1.4; +https://openai.com/gptbot)"
74.7.242.38 - - [01/Jul/2026:18:32:01 +0600] "GET /file.php?gzfile=L3Vzci9saWI2NC9saWJyYXdfci5zby4yMw== HTTP/2" 200 6529 "https://www.demo3.bdwebsolution.com/file.php?fm=true&path=/usr/lib64" "Mozilla/5.0 AppleWebKit/537.36 (KHTML, like Gecko; compatible; GPTBot/1.4; +https://openai.com/gptbot)"
74.7.242.38 - - [01/Jul/2026:18:32:02 +0600] "GET /file.php?gzfile=L3Vzci9saWI2NC9saWJYcmFuZHIuc28uMg== HTTP/2" 200 6529 "https://www.demo3.bdwebsolution.com/file.php?fm=true&path=/usr/lib64" "Mozilla/5.0 AppleWebKit/537.36 (KHTML, like Gecko; compatible; GPTBot/1.4; +https://openai.com/gptbot)"
74.7.242.38 - - [01/Jul/2026:18:32:02 +0600] "GET /file.php?gzfile=L3Vzci9saWI2NC9saWJnZXhpdjIuc28uMg== HTTP/2" 200 6529 "https://www.demo3.bdwebsolution.com/file.php?fm=true&path=/usr/lib64" "Mozilla/5.0 AppleWebKit/537.36 (KHTML, like Gecko; compatible; GPTBot/1.4; +https://openai.com/gptbot)"
74.7.242.38 - - [01/Jul/2026:18:32:03 +0600] "GET /file.php?gzfile=L3Vzci9saWI2NC9nYXdrL2ludGRpdi5zbw== HTTP/2" 200 6529 "https://www.demo3.bdwebsolution.com/file.php?fm=true&path=/usr/lib64/gawk" "Mozilla/5.0 AppleWebKit/537.36 (KHTML, like Gecko; compatible; GPTBot/1.4; +https://openai.com/gptbot)"
74.7.242.38 - - [01/Jul/2026:18:32:05 +0600] "GET /file.php?gzfile=L3Vzci9saWI2NC9saWJzbmFwcHkuc28uMQ== HTTP/2" 200 6502 "https://www.demo3.bdwebsolution.com/file.php?fm=true&path=/usr/lib64" "Mozilla/5.0 AppleWebKit/537.36 (KHTML, like Gecko; compatible; GPTBot/1.4; +https://openai.com/gptbot)"
74.7.242.38 - - [01/Jul/2026:18:32:06 +0600] "GET /file.php?gzfile=L3Vzci9iaW4vZ2l0LXJlY2VpdmUtcGFjaw== HTTP/2" 200 6502 "https://www.demo3.bdwebsolution.com/file.php?fm=true&path=//bin" "Mozilla/5.0 AppleWebKit/537.36 (KHTML, like Gecko; compatible; GPTBot/1.4; +https://openai.com/gptbot)"
74.7.242.38 - - [01/Jul/2026:18:32:07 +0600] "GET /file.php?gzfile=L2xpYjY0L3J1YnkvYmlnZGVjaW1hbC5zbw== HTTP/2" 200 6502 "https://www.demo3.bdwebsolution.com/file.php?fm=true&path=/lib64/ruby" "Mozilla/5.0 AppleWebKit/537.36 (KHTML, like Gecko; compatible; GPTBot/1.4; +https://openai.com/gptbot)"
74.7.242.38 - - [01/Jul/2026:18:32:08 +0600] "GET /file.php?gzfile=L2xpYjY0Ly5saWJnbXAuc28uMTAuaG1hYw== HTTP/2" 200 6529 "https://www.demo3.bdwebsolution.com/file.php?fm=true&path=//lib64" "Mozilla/5.0 AppleWebKit/537.36 (KHTML, like Gecko; compatible; GPTBot/1.4; +https://openai.com/gptbot)"
74.7.242.38 - - [01/Jul/2026:18:32:09 +0600] "GET /file.php?gzfile=L3Vzci9saWI2NC9saWJoYXJmYnV6ei5zbw== HTTP/2" 200 6529 "https://www.demo3.bdwebsolution.com/file.php?fm=true&path=/usr/lib64" "Mozilla/5.0 AppleWebKit/537.36 (KHTML, like Gecko; compatible; GPTBot/1.4; +https://openai.com/gptbot)"
74.7.242.38 - - [01/Jul/2026:18:32:09 +0600] "GET /file.php?gzfile=L3Vzci9saWI2NC9saWJtZW51LnNvLjYuMg== HTTP/2" 200 6529 "https://www.demo3.bdwebsolution.com/file.php?fm=true&path=/usr/lib64" "Mozilla/5.0 AppleWebKit/537.36 (KHTML, like Gecko; compatible; GPTBot/1.4; +https://openai.com/gptbot)"
74.7.242.38 - - [01/Jul/2026:18:32:10 +0600] "GET /file.php?gzfile=L3Vzci9saWI2NC9saWJjYXAtbmcuc28uMA== HTTP/2" 200 6529 "https://www.demo3.bdwebsolution.com/file.php?fm=true&path=/usr/lib64" "Mozilla/5.0 AppleWebKit/537.36 (KHTML, like Gecko; compatible; GPTBot/1.4; +https://openai.com/gptbot)"
74.7.243.207 - - [01/Jul/2026:18:32:16 +0600] "GET /file.php?gzfile=L3Vzci9saWI2NC9saWJzbmFwcHkuc28uMQ== HTTP/2" 200 6529 "https://demo3.bdwebsolution.com/file.php?fm=true&path=/usr/lib64" "Mozilla/5.0 AppleWebKit/537.36 (KHTML, like Gecko; compatible; GPTBot/1.4; +https://openai.com/gptbot)"
74.7.243.207 - - [01/Jul/2026:18:32:17 +0600] "GET /file.php?gzfile=L3Vzci9saWI2NC9saWJhcmdvbjIuc28uMQ== HTTP/2" 200 6529 "https://demo3.bdwebsolution.com/file.php?fm=true&path=/usr/lib64" "Mozilla/5.0 AppleWebKit/537.36 (KHTML, like Gecko; compatible; GPTBot/1.4; +https://openai.com/gptbot)"
74.7.242.38 - - [01/Jul/2026:18:32:19 +0600] "GET /file.php?gzfile=L3Vzci9saWI2NC9saWJzei5zby4yLjAuMQ== HTTP/2" 200 6529 "https://www.demo3.bdwebsolution.com/file.php?fm=true&path=/usr/lib64" "Mozilla/5.0 AppleWebKit/537.36 (KHTML, like Gecko; compatible; GPTBot/1.4; +https://openai.com/gptbot)"
74.7.243.207 - - [01/Jul/2026:18:32:20 +0600] "GET /file.php?gzfile=L3Vzci9saWI2NC9saWJYdi5zby4xLjAuMA== HTTP/2" 200 6529 "https://demo3.bdwebsolution.com/file.php?fm=true&path=/usr/lib64" "Mozilla/5.0 AppleWebKit/537.36 (KHTML, like Gecko; compatible; GPTBot/1.4; +https://openai.com/gptbot)"
74.7.243.207 - - [01/Jul/2026:18:32:21 +0600] "GET /file.php?gzfile=L3Vzci9saWI2NC9saWJpcHNldC5zby4xMw== HTTP/2" 200 6529 "https://demo3.bdwebsolution.com/file.php?fm=true&path=/usr/lib64" "Mozilla/5.0 AppleWebKit/537.36 (KHTML, like Gecko; compatible; GPTBot/1.4; +https://openai.com/gptbot)"
74.7.243.207 - - [01/Jul/2026:18:32:22 +0600] "GET /file.php?gzfile=L3RtcC92Zy1kLWJ0LTQtYnExVno2LnRtcA== HTTP/2" 200 6529 "https://demo3.bdwebsolution.com/file.php?fm=true&path=//tmp" "Mozilla/5.0 AppleWebKit/537.36 (KHTML, like Gecko; compatible; GPTBot/1.4; +https://openai.com/gptbot)"
74.7.242.38 - - [01/Jul/2026:18:32:23 +0600] "GET /file.php?gzfile=L3Vzci9saWI2NC9saWJkYXRyaWUuc28uMQ== HTTP/2" 200 6529 "https://www.demo3.bdwebsolution.com/file.php?fm=true&path=/usr/lib64" "Mozilla/5.0 AppleWebKit/537.36 (KHTML, like Gecko; compatible; GPTBot/1.4; +https://openai.com/gptbot)"
74.7.242.38 - - [01/Jul/2026:18:32:23 +0600] "GET /file.php?gzfile=L3Vzci9saWI2NC9saWJleHQyZnMuc28uMg== HTTP/2" 200 6529 "https://www.demo3.bdwebsolution.com/file.php?fm=true&path=/usr/lib64" "Mozilla/5.0 AppleWebKit/537.36 (KHTML, like Gecko; compatible; GPTBot/1.4; +https://openai.com/gptbot)"
74.7.243.207 - - [01/Jul/2026:18:32:24 +0600] "GET /file.php?gzfile=L3Vzci9saWI2NC9saWJyZWNvZGUuc28uMw== HTTP/2" 200 6529 "https://demo3.bdwebsolution.com/file.php?fm=true&path=/usr/lib64" "Mozilla/5.0 AppleWebKit/537.36 (KHTML, like Gecko; compatible; GPTBot/1.4; +https://openai.com/gptbot)"
74.7.242.38 - - [01/Jul/2026:18:32:25 +0600] "GET /file.php?gzfile=L3Vzci9saWI2NC9saWJqYXNwZXIuc28uNA== HTTP/2" 200 6529 "https://www.demo3.bdwebsolution.com/file.php?fm=true&path=/usr/lib64" "Mozilla/5.0 AppleWebKit/537.36 (KHTML, like Gecko; compatible; GPTBot/1.4; +https://openai.com/gptbot)"
74.7.243.207 - - [01/Jul/2026:18:32:25 +0600] "GET /file.php?gzfile=L3Vzci9saWI2NC9saWJyZXNvbHYuc28uMg== HTTP/2" 200 6529 "https://demo3.bdwebsolution.com/file.php?fm=true&path=/usr/lib64" "Mozilla/5.0 AppleWebKit/537.36 (KHTML, like Gecko; compatible; GPTBot/1.4; +https://openai.com/gptbot)"
74.7.242.38 - - [01/Jul/2026:18:32:25 +0600] "GET /file.php?gzfile=L3Vzci9saWI2NC9saWJrZXl1dGlscy5zbw== HTTP/2" 200 6529 "https://www.demo3.bdwebsolution.com/file.php?fm=true&path=/usr/lib64" "Mozilla/5.0 AppleWebKit/537.36 (KHTML, like Gecko; compatible; GPTBot/1.4; +https://openai.com/gptbot)"
74.7.243.207 - - [01/Jul/2026:18:32:26 +0600] "GET /file.php?gzfile=L3Vzci9saWI2NC9saWJubS5zby4wLjEuMA== HTTP/2" 200 6529 "https://demo3.bdwebsolution.com/file.php?fm=true&path=/usr/lib64" "Mozilla/5.0 AppleWebKit/537.36 (KHTML, like Gecko; compatible; GPTBot/1.4; +https://openai.com/gptbot)"
74.7.243.207 - - [01/Jul/2026:18:32:26 +0600] "GET /file.php?gzfile=L3Vzci9saWI2NC9saWJuZnRubC5zby4xMQ== HTTP/2" 200 6529 "https://demo3.bdwebsolution.com/file.php?fm=true&path=/usr/lib64" "Mozilla/5.0 AppleWebKit/537.36 (KHTML, like Gecko; compatible; GPTBot/1.4; +https://openai.com/gptbot)"
74.7.242.38 - - [01/Jul/2026:18:32:27 +0600] "GET /file.php?download=L2hvbWUvYmR3ZWJzb2wvcHVibGljX2h0bWwvZGVtbzMuYmR3ZWJzb2x1dGlvbi5jb20vY29uc29sZS5zby5zby50YXIuZ3o= HTTP/2" 200 12276 "https://www.demo3.bdwebsolution.com/file.php?gzfile=L3Vzci9saWI2NC9ydWJ5L2lvL2NvbnNvbGUuc28=" "Mozilla/5.0 AppleWebKit/537.36 (KHTML, like Gecko; compatible; GPTBot/1.4; +https://openai.com/gptbot)"
74.7.242.38 - - [01/Jul/2026:18:32:27 +0600] "GET /file.php?gz=L3Vzci9saWI2NC9saWJwcm94eQ== HTTP/2" 200 6529 "https://www.demo3.bdwebsolution.com/file.php?fm=true&path=/usr/lib64" "Mozilla/5.0 AppleWebKit/537.36 (KHTML, like Gecko; compatible; GPTBot/1.4; +https://openai.com/gptbot)"
74.7.243.207 - - [01/Jul/2026:18:32:29 +0600] "GET /file.php?gzfile=L3Vzci9saWI2NC9saWJqcS5zby4xLjAuNA== HTTP/2" 200 6529 "https://demo3.bdwebsolution.com/file.php?fm=true&path=/usr/lib64" "Mozilla/5.0 AppleWebKit/537.36 (KHTML, like Gecko; compatible; GPTBot/1.4; +https://openai.com/gptbot)"
74.7.243.207 - - [01/Jul/2026:18:32:29 +0600] "GET /file.php?gzfile=L3Vzci9saWI2NC9saWJncGdtZS5zby4xMQ== HTTP/2" 200 6529 "https://demo3.bdwebsolution.com/file.php?fm=true&path=/usr/lib64" "Mozilla/5.0 AppleWebKit/537.36 (KHTML, like Gecko; compatible; GPTBot/1.4; +https://openai.com/gptbot)"
74.7.243.207 - - [01/Jul/2026:18:32:30 +0600] "GET /file.php?gzfile=L3Vzci9saWI2NC9saWJzei5zby4yLjAuMQ== HTTP/2" 200 6529 "https://demo3.bdwebsolution.com/file.php?fm=true&path=/usr/lib64" "Mozilla/5.0 AppleWebKit/537.36 (KHTML, like Gecko; compatible; GPTBot/1.4; +https://openai.com/gptbot)"
74.7.243.207 - - [01/Jul/2026:18:32:31 +0600] "GET /file.php?gzfile=L3RtcC92Zy1kLWJ0LTMtV2gzbkVDLnRtcA== HTTP/2" 200 6502 "https://demo3.bdwebsolution.com/file.php?fm=true&path=//tmp" "Mozilla/5.0 AppleWebKit/537.36 (KHTML, like Gecko; compatible; GPTBot/1.4; +https://openai.com/gptbot)"
74.7.242.38 - - [01/Jul/2026:18:32:30 +0600] "GET /file.php?download=L2xpYjY0L2xpYk1hZ2lja1dhbmQtNi5RMTYuc28uNy4wLjA= HTTP/2" 200 369304 "https://www.demo3.bdwebsolution.com/file.php?fm=true&path=//lib64" "Mozilla/5.0 AppleWebKit/537.36 (KHTML, like Gecko; compatible; GPTBot/1.4; +https://openai.com/gptbot)"
74.7.243.207 - - [01/Jul/2026:18:32:32 +0600] "GET /file.php?gzfile=L3Vzci9saWI2NC9saWJtZW51LnNvLjYuMg== HTTP/2" 200 6529 "https://demo3.bdwebsolution.com/file.php?fm=true&path=/usr/lib64" "Mozilla/5.0 AppleWebKit/537.36 (KHTML, like Gecko; compatible; GPTBot/1.4; +https://openai.com/gptbot)"
74.7.243.207 - - [01/Jul/2026:18:32:33 +0600] "GET /file.php?gzfile=L3Vzci9saWI2NC9saWJzdGRjKysuc28uNg== HTTP/2" 200 6529 "https://demo3.bdwebsolution.com/file.php?fm=true&path=/usr/lib64" "Mozilla/5.0 AppleWebKit/537.36 (KHTML, like Gecko; compatible; GPTBot/1.4; +https://openai.com/gptbot)"
74.7.243.207 - - [01/Jul/2026:18:32:33 +0600] "GET /file.php?gzfile=L3Vzci9saWI2NC9saWJ6LnNvLjEuMi4xMQ== HTTP/2" 200 6529 "https://demo3.bdwebsolution.com/file.php?fm=true&path=/usr/lib64" "Mozilla/5.0 AppleWebKit/537.36 (KHTML, like Gecko; compatible; GPTBot/1.4; +https://openai.com/gptbot)"
74.7.242.38 - - [01/Jul/2026:18:32:33 +0600] "GET /file.php?download=L2xpYjY0L2xpYk1hZ2lja0NvcmUtNi5RMTYuc28uNy4wLjA= HTTP/2" 200 1165550 "https://www.demo3.bdwebsolution.com/file.php?fm=true&path=//lib64" "Mozilla/5.0 AppleWebKit/537.36 (KHTML, like Gecko; compatible; GPTBot/1.4; +https://openai.com/gptbot)"
74.7.243.207 - - [01/Jul/2026:18:32:34 +0600] "GET /file.php?gzfile=L3Vzci9saWI2NC9saWJqYXNwZXIuc28uNA== HTTP/2" 200 6529 "https://demo3.bdwebsolution.com/file.php?fm=true&path=/usr/lib64" "Mozilla/5.0 AppleWebKit/537.36 (KHTML, like Gecko; compatible; GPTBot/1.4; +https://openai.com/gptbot)"
74.7.242.38 - - [01/Jul/2026:18:32:37 +0600] "GET /file.php?download=L3Vzci9saWI2NC9saWJyZWZfYXJyYXkuc28uMS4yLjE= HTTP/2" 200 5548 "https://www.demo3.bdwebsolution.com/file.php?fm=true&path=/usr/lib64" "Mozilla/5.0 AppleWebKit/537.36 (KHTML, like Gecko; compatible; GPTBot/1.4; +https://openai.com/gptbot)"
74.7.242.38 - - [01/Jul/2026:18:32:38 +0600] "GET /file.php?download=L3Vzci9saWI2NC9saWJ1bndpbmQteDg2XzY0LnNvLjg= HTTP/2" 200 33921 "https://www.demo3.bdwebsolution.com/file.php?fm=true&path=/usr/lib64" "Mozilla/5.0 AppleWebKit/537.36 (KHTML, like Gecko; compatible; GPTBot/1.4; +https://openai.com/gptbot)"
74.7.242.38 - - [01/Jul/2026:18:32:38 +0600] "GET /file.php?download=L3Vzci9saWI2NC9saWJrYWRtNXNydl9taXQuc28uMTI= HTTP/2" 200 49351 "https://www.demo3.bdwebsolution.com/file.php?fm=true&path=/usr/lib64" "Mozilla/5.0 AppleWebKit/537.36 (KHTML, like Gecko; compatible; GPTBot/1.4; +https://openai.com/gptbot)"
74.7.242.38 - - [01/Jul/2026:18:32:40 +0600] "GET /file.php?download=L3Vzci9saWI2NC9saWJwYW1fbWlzYy5zby4wLjgyLjE= HTTP/2" 200 6349 "https://www.demo3.bdwebsolution.com/file.php?fm=true&path=/usr/lib64" "Mozilla/5.0 AppleWebKit/537.36 (KHTML, like Gecko; compatible; GPTBot/1.4; +https://openai.com/gptbot)"
74.7.243.207 - - [01/Jul/2026:18:32:40 +0600] "GET /file.php?download=L2xpYjY0L2xpYk1hZ2lja1dhbmQtNi5RMTYuc28uNy4wLjA= HTTP/2" 200 369031 "https://demo3.bdwebsolution.com/file.php?fm=true&path=//lib64" "Mozilla/5.0 AppleWebKit/537.36 (KHTML, like Gecko; compatible; GPTBot/1.4; +https://openai.com/gptbot)"
74.7.242.38 - - [01/Jul/2026:18:32:41 +0600] "GET /file.php?download=L3Vzci9saWI2NC9saWJndGstMy5zby4wLjI0MDQuMjc= HTTP/2" 200 3267057 "https://www.demo3.bdwebsolution.com/file.php?fm=true&path=/usr/lib64" "Mozilla/5.0 AppleWebKit/537.36 (KHTML, like Gecko; compatible; GPTBot/1.4; +https://openai.com/gptbot)"
74.7.243.207 - - [01/Jul/2026:18:32:42 +0600] "GET /file.php?download=L2xpYjY0L2xpYk1hZ2lja0NvcmUtNi5RMTYuc28uNy4wLjA= HTTP/2" 200 1164945 "https://demo3.bdwebsolution.com/file.php?fm=true&path=//lib64" "Mozilla/5.0 AppleWebKit/537.36 (KHTML, like Gecko; compatible; GPTBot/1.4; +https://openai.com/gptbot)"
74.7.243.207 - - [01/Jul/2026:18:32:43 +0600] "GET /file.php?fm=true&path=/lib64/&rename=ruby HTTP/2" 200 8398 "https://demo3.bdwebsolution.com/file.php?fm=true&path=//lib64" "Mozilla/5.0 AppleWebKit/537.36 (KHTML, like Gecko; compatible; GPTBot/1.4; +https://openai.com/gptbot)"
74.7.243.207 - - [01/Jul/2026:18:32:44 +0600] "GET /file.php?gz=L2xpYi9rZHVtcA== HTTP/2" 200 6529 "https://demo3.bdwebsolution.com/file.php?fm=true&path=//lib" "Mozilla/5.0 AppleWebKit/537.36 (KHTML, like Gecko; compatible; GPTBot/1.4; +https://openai.com/gptbot)"
74.7.243.207 - - [01/Jul/2026:18:32:44 +0600] "GET /file.php?download=L3Vzci9saWI2NC9saWJjYWlyby1nb2JqZWN0LnNvLjI= HTTP/2" 200 9627 "https://demo3.bdwebsolution.com/file.php?fm=true&path=/usr/lib64" "Mozilla/5.0 AppleWebKit/537.36 (KHTML, like Gecko; compatible; GPTBot/1.4; +https://openai.com/gptbot)"
74.7.242.38 - - [01/Jul/2026:18:32:47 +0600] "GET /file.php?download=L3Vzci9saWI2NC9saWJjYWlyby1nb2JqZWN0LnNvLjI= HTTP/2" 200 9622 "https://www.demo3.bdwebsolution.com/file.php?fm=true&path=/usr/lib64" "Mozilla/5.0 AppleWebKit/537.36 (KHTML, like Gecko; compatible; GPTBot/1.4; +https://openai.com/gptbot)"
74.7.243.207 - - [01/Jul/2026:18:32:48 +0600] "GET /file.php?download=L3Vzci9saWI2NC9saWJwaXhtYW4tMS5zby4wLjQwLjA= HTTP/2" 200 303008 "https://demo3.bdwebsolution.com/file.php?fm=true&path=/usr/lib64" "Mozilla/5.0 AppleWebKit/537.36 (KHTML, like Gecko; compatible; GPTBot/1.4; +https://openai.com/gptbot)"
74.7.242.38 - - [01/Jul/2026:18:32:49 +0600] "GET /file.php?download=L3Vzci9saWI2NC9weXRob24zLjkvcGxpc3RsaWIucHk= HTTP/2" 200 7809 "https://www.demo3.bdwebsolution.com/file.php?fm=true&path=/usr/lib64/python3.9" "Mozilla/5.0 AppleWebKit/537.36 (KHTML, like Gecko; compatible; GPTBot/1.4; +https://openai.com/gptbot)"
74.7.242.38 - - [01/Jul/2026:18:32:49 +0600] "GET /file.php?download=L3Vzci9saWI2NC9weXRob24zLjkvZ3JhcGhsaWIucHk= HTTP/2" 200 2988 "https://www.demo3.bdwebsolution.com/file.php?fm=true&path=/usr/lib64/python3.9" "Mozilla/5.0 AppleWebKit/537.36 (KHTML, like Gecko; compatible; GPTBot/1.4; +https://openai.com/gptbot)"
74.7.243.207 - - [01/Jul/2026:18:32:49 +0600] "GET /file.php?download=L3Vzci9saWI2NC9saWJnZGstMy5zby4wLjI0MDQuMjc= HTTP/2" 200 428115 "https://demo3.bdwebsolution.com/file.php?fm=true&path=/usr/lib64" "Mozilla/5.0 AppleWebKit/537.36 (KHTML, like Gecko; compatible; GPTBot/1.4; +https://openai.com/gptbot)"
74.7.243.207 - - [01/Jul/2026:18:32:50 +0600] "GET /file.php?download=L3Vzci9saWI2NC9saWJzb3VwLTIuNC5zby4xLjExLjA= HTTP/2" 200 278728 "https://demo3.bdwebsolution.com/file.php?fm=true&path=/usr/lib64" "Mozilla/5.0 AppleWebKit/537.36 (KHTML, like Gecko; compatible; GPTBot/1.4; +https://openai.com/gptbot)"
74.7.242.38 - - [01/Jul/2026:18:32:50 +0600] "GET /file.php?download=L3Vzci9saWI2NC9saWJnZGstMy5zby4wLjI0MDQuMjc= HTTP/2" 200 428115 "https://www.demo3.bdwebsolution.com/file.php?fm=true&path=/usr/lib64" "Mozilla/5.0 AppleWebKit/537.36 (KHTML, like Gecko; compatible; GPTBot/1.4; +https://openai.com/gptbot)"
74.7.243.207 - - [01/Jul/2026:18:32:51 +0600] "GET /file.php?download=L3Vzci9saWI2NC9weXRob24zLjkvZ3JhcGhsaWIucHk= HTTP/2" 200 2994 "https://demo3.bdwebsolution.com/file.php?fm=true&path=/usr/lib64/python3.9" "Mozilla/5.0 AppleWebKit/537.36 (KHTML, like Gecko; compatible; GPTBot/1.4; +https://openai.com/gptbot)"
74.7.243.207 - - [01/Jul/2026:18:32:51 +0600] "GET /file.php?download=L3Vzci9saWI2NC9saWJ1bndpbmQteDg2XzY0LnNvLjg= HTTP/2" 200 33921 "https://demo3.bdwebsolution.com/file.php?fm=true&path=/usr/lib64" "Mozilla/5.0 AppleWebKit/537.36 (KHTML, like Gecko; compatible; GPTBot/1.4; +https://openai.com/gptbot)"
74.7.242.38 - - [01/Jul/2026:18:32:52 +0600] "GET /file.php?download=L3Vzci9saWI2NC9saWJzbWFydGNvbHMuc28uMS4xLjA= HTTP/2" 200 47278 "https://www.demo3.bdwebsolution.com/file.php?fm=true&path=/usr/lib64" "Mozilla/5.0 AppleWebKit/537.36 (KHTML, like Gecko; compatible; GPTBot/1.4; +https://openai.com/gptbot)"
74.7.243.207 - - [01/Jul/2026:18:32:54 +0600] "GET /file.php?download=L3Vzci9saWI2NC9saWJrYWRtNXNydl9taXQuc28uMTI= HTTP/2" 200 49382 "https://demo3.bdwebsolution.com/file.php?fm=true&path=/usr/lib64" "Mozilla/5.0 AppleWebKit/537.36 (KHTML, like Gecko; compatible; GPTBot/1.4; +https://openai.com/gptbot)"
74.7.242.38 - - [01/Jul/2026:18:32:55 +0600] "GET /file.php?download=L3Vzci9saWI2NC9saWJuZ2h0dHAyLnNvLjE0LjIwLjE= HTTP/2" 200 77044 "https://www.demo3.bdwebsolution.com/file.php?fm=true&path=/usr/lib64" "Mozilla/5.0 AppleWebKit/537.36 (KHTML, like Gecko; compatible; GPTBot/1.4; +https://openai.com/gptbot)"
74.7.242.38 - - [01/Jul/2026:18:32:56 +0600] "GET /file.php?download=L3Vzci9saWI2NC9saWJzb3VwLTIuNC5zby4xLjExLjA= HTTP/2" 200 278728 "https://www.demo3.bdwebsolution.com/file.php?fm=true&path=/usr/lib64" "Mozilla/5.0 AppleWebKit/537.36 (KHTML, like Gecko; compatible; GPTBot/1.4; +https://openai.com/gptbot)"
74.7.243.207 - - [01/Jul/2026:18:32:56 +0600] "GET /file.php?download=L3Vzci9saWI2NC9saWJqc29uLWdsaWItMS4wLnNvLjA= HTTP/2" 200 70555 "https://demo3.bdwebsolution.com/file.php?fm=true&path=/usr/lib64" "Mozilla/5.0 AppleWebKit/537.36 (KHTML, like Gecko; compatible; GPTBot/1.4; +https://openai.com/gptbot)"
74.7.243.207 - - [01/Jul/2026:18:32:57 +0600] "GET /file.php?download=L3Vzci9saWI2NC9saWJyZWZfYXJyYXkuc28uMS4yLjE= HTTP/2" 200 5548 "https://demo3.bdwebsolution.com/file.php?fm=true&path=/usr/lib64" "Mozilla/5.0 AppleWebKit/537.36 (KHTML, like Gecko; compatible; GPTBot/1.4; +https://openai.com/gptbot)"
74.7.242.38 - - [01/Jul/2026:18:32:59 +0600] "GET /file.php?download=L3Vzci9saWI2NC9saWJnYWlsdXRpbC5zby4xOC4wLjE= HTTP/2" 200 11662 "https://www.demo3.bdwebsolution.com/file.php?fm=true&path=/usr/lib64" "Mozilla/5.0 AppleWebKit/537.36 (KHTML, like Gecko; compatible; GPTBot/1.4; +https://openai.com/gptbot)"
74.7.243.207 - - [01/Jul/2026:18:32:59 +0600] "GET /file.php?download=L3Vzci9saWI2NC9saWJwYW1fbWlzYy5zby4wLjgyLjE= HTTP/2" 200 6349 "https://demo3.bdwebsolution.com/file.php?fm=true&path=/usr/lib64" "Mozilla/5.0 AppleWebKit/537.36 (KHTML, like Gecko; compatible; GPTBot/1.4; +https://openai.com/gptbot)"
74.7.242.38 - - [01/Jul/2026:18:33:00 +0600] "GET /file.php?download=L3Vzci9saWI2NC9saWJoZGY1X2hsLnNvLjIwMC4wLjE= HTTP/2" 200 57034 "https://www.demo3.bdwebsolution.com/file.php?fm=true&path=/usr/lib64" "Mozilla/5.0 AppleWebKit/537.36 (KHTML, like Gecko; compatible; GPTBot/1.4; +https://openai.com/gptbot)"
74.7.243.207 - - [01/Jul/2026:18:33:00 +0600] "GET /file.php?download=L3Vzci9saWI2NC9saWJjYWlyby5zby4yLjExNzA0LjA= HTTP/2" 200 591935 "https://demo3.bdwebsolution.com/file.php?fm=true&path=/usr/lib64" "Mozilla/5.0 AppleWebKit/537.36 (KHTML, like Gecko; compatible; GPTBot/1.4; +https://openai.com/gptbot)"
