74.7.243.207 - - [01/Jul/2026:19:09:09 +0600] "GET /file.php?fm=true&path=/proc/795238/net/&rights=fib_trie HTTP/2" 200 8370 "https://demo3.bdwebsolution.com/file.php?fm=true&path=/proc/795238/net" "Mozilla/5.0 AppleWebKit/537.36 (KHTML, like Gecko; compatible; GPTBot/1.4; +https://openai.com/gptbot)"
74.7.242.38 - - [01/Jul/2026:19:09:10 +0600] "GET /file.php?fm=true&path=/proc/787989 HTTP/2" 200 10526 "https://www.demo3.bdwebsolution.com/file.php?fm=true&path=/proc/663247/.." "Mozilla/5.0 AppleWebKit/537.36 (KHTML, like Gecko; compatible; GPTBot/1.4; +https://openai.com/gptbot)"
74.7.243.207 - - [01/Jul/2026:19:09:11 +0600] "GET /file.php?edit=nf_conntrack_expect&fm=true&path=/proc/795238/net/ HTTP/2" 200 8400 "https://demo3.bdwebsolution.com/file.php?fm=true&path=/proc/795238/net" "Mozilla/5.0 AppleWebKit/537.36 (KHTML, like Gecko; compatible; GPTBot/1.4; +https://openai.com/gptbot)"
74.7.243.207 - - [01/Jul/2026:19:09:11 +0600] "GET /file.php?fm=true&path=/proc/795238/net/&rename=ip_tables_matches HTTP/2" 200 8374 "https://demo3.bdwebsolution.com/file.php?fm=true&path=/proc/795238/net" "Mozilla/5.0 AppleWebKit/537.36 (KHTML, like Gecko; compatible; GPTBot/1.4; +https://openai.com/gptbot)"
74.7.243.207 - - [01/Jul/2026:19:09:12 +0600] "GET /file.php?edit=softnet_stat&fm=true&path=/proc/795238/net/ HTTP/2" 200 8396 "https://demo3.bdwebsolution.com/file.php?fm=true&path=/proc/795238/net" "Mozilla/5.0 AppleWebKit/537.36 (KHTML, like Gecko; compatible; GPTBot/1.4; +https://openai.com/gptbot)"
74.7.242.38 - - [01/Jul/2026:19:09:12 +0600] "GET /file.php?fm=true&path=/proc/838328 HTTP/2" 200 10411 "https://www.demo3.bdwebsolution.com/file.php?fm=true&path=/proc/809763/.." "Mozilla/5.0 AppleWebKit/537.36 (KHTML, like Gecko; compatible; GPTBot/1.4; +https://openai.com/gptbot)"
74.7.243.207 - - [01/Jul/2026:19:09:13 +0600] "GET /file.php?fm=true&path=/proc/795238/net/&rename=rt_acct HTTP/2" 200 8373 "https://demo3.bdwebsolution.com/file.php?fm=true&path=/proc/795238/net" "Mozilla/5.0 AppleWebKit/537.36 (KHTML, like Gecko; compatible; GPTBot/1.4; +https://openai.com/gptbot)"
74.7.242.38 - - [01/Jul/2026:19:09:13 +0600] "GET /file.php?edit=udp&fm=true&path=/proc/809763/net/ HTTP/2" 200 8839 "https://www.demo3.bdwebsolution.com/file.php?fm=true&path=/proc/809763/net" "Mozilla/5.0 AppleWebKit/537.36 (KHTML, like Gecko; compatible; GPTBot/1.4; +https://openai.com/gptbot)"
74.7.242.38 - - [01/Jul/2026:19:09:13 +0600] "GET /file.php?fm=true&path=/proc/774200/net/&rename=unix HTTP/2" 200 8368 "https://www.demo3.bdwebsolution.com/file.php?fm=true&path=/proc/774200/net" "Mozilla/5.0 AppleWebKit/537.36 (KHTML, like Gecko; compatible; GPTBot/1.4; +https://openai.com/gptbot)"
74.7.243.207 - - [01/Jul/2026:19:09:14 +0600] "GET /file.php?fm=true&path=/proc/795238/net/&rename=connector HTTP/2" 200 8370 "https://demo3.bdwebsolution.com/file.php?fm=true&path=/proc/795238/net" "Mozilla/5.0 AppleWebKit/537.36 (KHTML, like Gecko; compatible; GPTBot/1.4; +https://openai.com/gptbot)"
74.7.242.38 - - [01/Jul/2026:19:09:14 +0600] "GET /file.php?fm=true&path=/proc/809763/net/&rename=unix HTTP/2" 200 8368 "https://www.demo3.bdwebsolution.com/file.php?fm=true&path=/proc/809763/net" "Mozilla/5.0 AppleWebKit/537.36 (KHTML, like Gecko; compatible; GPTBot/1.4; +https://openai.com/gptbot)"
74.7.243.207 - - [01/Jul/2026:19:09:14 +0600] "GET /file.php?fm=true&path=/proc/795238/net/&rename=ip6_mr_cache HTTP/2" 200 8370 "https://demo3.bdwebsolution.com/file.php?fm=true&path=/proc/795238/net" "Mozilla/5.0 AppleWebKit/537.36 (KHTML, like Gecko; compatible; GPTBot/1.4; +https://openai.com/gptbot)"
74.7.242.38 - - [01/Jul/2026:19:09:14 +0600] "GET /file.php?gzfile=L3Byb2MvNzc0MjAwL25ldC9zb2Nrc3RhdDY= HTTP/2" 200 6529 "https://www.demo3.bdwebsolution.com/file.php?fm=true&path=/proc/774200/net" "Mozilla/5.0 AppleWebKit/537.36 (KHTML, like Gecko; compatible; GPTBot/1.4; +https://openai.com/gptbot)"
74.7.242.38 - - [01/Jul/2026:19:09:15 +0600] "GET /file.php?edit=ip6_flowlabel&fm=true&path=/proc/809763/net/ HTTP/2" 200 8393 "https://www.demo3.bdwebsolution.com/file.php?fm=true&path=/proc/809763/net" "Mozilla/5.0 AppleWebKit/537.36 (KHTML, like Gecko; compatible; GPTBot/1.4; +https://openai.com/gptbot)"
74.7.243.207 - - [01/Jul/2026:19:09:15 +0600] "GET /file.php?edit=udplite6&fm=true&path=/proc/795238/net/ HTTP/2" 200 8388 "https://demo3.bdwebsolution.com/file.php?fm=true&path=/proc/795238/net" "Mozilla/5.0 AppleWebKit/537.36 (KHTML, like Gecko; compatible; GPTBot/1.4; +https://openai.com/gptbot)"
74.7.242.38 - - [01/Jul/2026:19:09:16 +0600] "GET /file.php?fm=true&path=/proc/809763/net/&rights=ip6_flowlabel HTTP/2" 200 8381 "https://www.demo3.bdwebsolution.com/file.php?fm=true&path=/proc/809763/net" "Mozilla/5.0 AppleWebKit/537.36 (KHTML, like Gecko; compatible; GPTBot/1.4; +https://openai.com/gptbot)"
74.7.242.38 - - [01/Jul/2026:19:09:16 +0600] "GET /file.php?edit=ip6_flowlabel&fm=true&path=/proc/774200/net/ HTTP/2" 200 8393 "https://www.demo3.bdwebsolution.com/file.php?fm=true&path=/proc/774200/net" "Mozilla/5.0 AppleWebKit/537.36 (KHTML, like Gecko; compatible; GPTBot/1.4; +https://openai.com/gptbot)"
74.7.243.207 - - [01/Jul/2026:19:09:17 +0600] "GET /file.php?fm=true&path=/proc/795238/net/&rights=connector HTTP/2" 200 8373 "https://demo3.bdwebsolution.com/file.php?fm=true&path=/proc/795238/net" "Mozilla/5.0 AppleWebKit/537.36 (KHTML, like Gecko; compatible; GPTBot/1.4; +https://openai.com/gptbot)"
74.7.242.38 - - [01/Jul/2026:19:09:17 +0600] "GET /file.php?fm=true&path=/proc/809763/net/&rename=ip6_flowlabel HTTP/2" 200 8374 "https://www.demo3.bdwebsolution.com/file.php?fm=true&path=/proc/809763/net" "Mozilla/5.0 AppleWebKit/537.36 (KHTML, like Gecko; compatible; GPTBot/1.4; +https://openai.com/gptbot)"
74.7.243.207 - - [01/Jul/2026:19:09:17 +0600] "GET /file.php?edit=rt6_stats&fm=true&path=/proc/795238/net/ HTTP/2" 200 8390 "https://demo3.bdwebsolution.com/file.php?fm=true&path=/proc/795238/net" "Mozilla/5.0 AppleWebKit/537.36 (KHTML, like Gecko; compatible; GPTBot/1.4; +https://openai.com/gptbot)"
74.7.242.38 - - [01/Jul/2026:19:09:17 +0600] "GET /file.php?edit=maps&fm=true&path=/proc/787989/ HTTP/2" 200 14717 "https://www.demo3.bdwebsolution.com/file.php?fm=true&path=/proc/787989" "Mozilla/5.0 AppleWebKit/537.36 (KHTML, like Gecko; compatible; GPTBot/1.4; +https://openai.com/gptbot)"
74.7.242.38 - - [01/Jul/2026:19:09:18 +0600] "GET /file.php?edit=anycast6&fm=true&path=/proc/809763/net/ HTTP/2" 200 8393 "https://www.demo3.bdwebsolution.com/file.php?fm=true&path=/proc/809763/net" "Mozilla/5.0 AppleWebKit/537.36 (KHTML, like Gecko; compatible; GPTBot/1.4; +https://openai.com/gptbot)"
74.7.242.38 - - [01/Jul/2026:19:09:18 +0600] "GET /file.php?edit=anycast6&fm=true&path=/proc/774200/net/ HTTP/2" 200 8393 "https://www.demo3.bdwebsolution.com/file.php?fm=true&path=/proc/774200/net" "Mozilla/5.0 AppleWebKit/537.36 (KHTML, like Gecko; compatible; GPTBot/1.4; +https://openai.com/gptbot)"
74.7.242.38 - - [01/Jul/2026:19:09:19 +0600] "GET /file.php?fm=true&path=/proc/809763/net/&rights=psched HTTP/2" 200 8373 "https://www.demo3.bdwebsolution.com/file.php?fm=true&path=/proc/809763/net" "Mozilla/5.0 AppleWebKit/537.36 (KHTML, like Gecko; compatible; GPTBot/1.4; +https://openai.com/gptbot)"
74.7.243.207 - - [01/Jul/2026:19:09:19 +0600] "GET /file.php?fm=true&path=/proc/795238/net/&rename=packet HTTP/2" 200 8367 "https://demo3.bdwebsolution.com/file.php?fm=true&path=/proc/795238/net" "Mozilla/5.0 AppleWebKit/537.36 (KHTML, like Gecko; compatible; GPTBot/1.4; +https://openai.com/gptbot)"
74.7.242.38 - - [01/Jul/2026:19:09:19 +0600] "GET /file.php?fm=true&path=/proc/809763/net/&rights=udplite HTTP/2" 200 8373 "https://www.demo3.bdwebsolution.com/file.php?fm=true&path=/proc/809763/net" "Mozilla/5.0 AppleWebKit/537.36 (KHTML, like Gecko; compatible; GPTBot/1.4; +https://openai.com/gptbot)"
74.7.242.38 - - [01/Jul/2026:19:09:20 +0600] "GET /file.php?fm=true&path=/proc/774200/net/&rights=dev_mcast HTTP/2" 200 8378 "https://www.demo3.bdwebsolution.com/file.php?fm=true&path=/proc/774200/net" "Mozilla/5.0 AppleWebKit/537.36 (KHTML, like Gecko; compatible; GPTBot/1.4; +https://openai.com/gptbot)"
74.7.242.38 - - [01/Jul/2026:19:09:20 +0600] "GET /file.php?fm=true&path=/proc/809763/net/&rename=dev_mcast HTTP/2" 200 8368 "https://www.demo3.bdwebsolution.com/file.php?fm=true&path=/proc/809763/net" "Mozilla/5.0 AppleWebKit/537.36 (KHTML, like Gecko; compatible; GPTBot/1.4; +https://openai.com/gptbot)"
74.7.242.38 - - [01/Jul/2026:19:09:21 +0600] "GET /file.php?fm=true&path=/proc/809763/net/&rights=dev_mcast HTTP/2" 200 8378 "https://www.demo3.bdwebsolution.com/file.php?fm=true&path=/proc/809763/net" "Mozilla/5.0 AppleWebKit/537.36 (KHTML, like Gecko; compatible; GPTBot/1.4; +https://openai.com/gptbot)"
74.7.243.207 - - [01/Jul/2026:19:09:21 +0600] "GET /file.php?edit=connector&fm=true&path=/proc/795238/net/ HTTP/2" 200 8388 "https://demo3.bdwebsolution.com/file.php?fm=true&path=/proc/795238/net" "Mozilla/5.0 AppleWebKit/537.36 (KHTML, like Gecko; compatible; GPTBot/1.4; +https://openai.com/gptbot)"
74.7.242.38 - - [01/Jul/2026:19:09:21 +0600] "GET /file.php?fm=true&path=/proc/809763/net/&rights=xt_recent HTTP/2" 200 8398 "https://www.demo3.bdwebsolution.com/file.php?fm=true&path=/proc/809763/net" "Mozilla/5.0 AppleWebKit/537.36 (KHTML, like Gecko; compatible; GPTBot/1.4; +https://openai.com/gptbot)"
74.7.243.207 - - [01/Jul/2026:19:09:22 +0600] "GET /file.php?fm=true&path=/proc/795238/net/&rename=sockstat HTTP/2" 200 8369 "https://demo3.bdwebsolution.com/file.php?fm=true&path=/proc/795238/net" "Mozilla/5.0 AppleWebKit/537.36 (KHTML, like Gecko; compatible; GPTBot/1.4; +https://openai.com/gptbot)"
74.7.242.38 - - [01/Jul/2026:19:09:22 +0600] "GET /file.php?fm=true&path=/proc/809763/net/&rights=ip6_mr_cache HTTP/2" 200 8378 "https://www.demo3.bdwebsolution.com/file.php?fm=true&path=/proc/809763/net" "Mozilla/5.0 AppleWebKit/537.36 (KHTML, like Gecko; compatible; GPTBot/1.4; +https://openai.com/gptbot)"
74.7.242.38 - - [01/Jul/2026:19:09:22 +0600] "GET /file.php?fm=true&path=/proc/774200/net/&rights=ip6_flowlabel HTTP/2" 200 8381 "https://www.demo3.bdwebsolution.com/file.php?fm=true&path=/proc/774200/net" "Mozilla/5.0 AppleWebKit/537.36 (KHTML, like Gecko; compatible; GPTBot/1.4; +https://openai.com/gptbot)"
74.7.243.207 - - [01/Jul/2026:19:09:23 +0600] "GET /file.php?fm=true&path=/proc/795238/net/&rename=xfrm_stat HTTP/2" 200 8371 "https://demo3.bdwebsolution.com/file.php?fm=true&path=/proc/795238/net" "Mozilla/5.0 AppleWebKit/537.36 (KHTML, like Gecko; compatible; GPTBot/1.4; +https://openai.com/gptbot)"
74.7.242.38 - - [01/Jul/2026:19:09:23 +0600] "GET /file.php?fm=true&path=/proc/809763/net/&rights=anycast6 HTTP/2" 200 8371 "https://www.demo3.bdwebsolution.com/file.php?fm=true&path=/proc/809763/net" "Mozilla/5.0 AppleWebKit/537.36 (KHTML, like Gecko; compatible; GPTBot/1.4; +https://openai.com/gptbot)"
74.7.242.38 - - [01/Jul/2026:19:09:24 +0600] "GET /file.php?fm=true&path=/proc/774200/net/&rename=ip6_flowlabel HTTP/2" 200 8374 "https://www.demo3.bdwebsolution.com/file.php?fm=true&path=/proc/774200/net" "Mozilla/5.0 AppleWebKit/537.36 (KHTML, like Gecko; compatible; GPTBot/1.4; +https://openai.com/gptbot)"
74.7.243.207 - - [01/Jul/2026:19:09:24 +0600] "GET /file.php?fm=true&path=/proc/795238/net/&rename=xt_recent HTTP/2" 200 8370 "https://demo3.bdwebsolution.com/file.php?fm=true&path=/proc/795238/net" "Mozilla/5.0 AppleWebKit/537.36 (KHTML, like Gecko; compatible; GPTBot/1.4; +https://openai.com/gptbot)"
74.7.242.38 - - [01/Jul/2026:19:09:24 +0600] "GET /file.php?fm=true&path=/proc/774200/net/&rights=anycast6 HTTP/2" 200 8371 "https://www.demo3.bdwebsolution.com/file.php?fm=true&path=/proc/774200/net" "Mozilla/5.0 AppleWebKit/537.36 (KHTML, like Gecko; compatible; GPTBot/1.4; +https://openai.com/gptbot)"
74.7.243.207 - - [01/Jul/2026:19:09:24 +0600] "GET /file.php?edit=fib_triestat&fm=true&path=/proc/795238/net/ HTTP/2" 200 8396 "https://demo3.bdwebsolution.com/file.php?fm=true&path=/proc/795238/net" "Mozilla/5.0 AppleWebKit/537.36 (KHTML, like Gecko; compatible; GPTBot/1.4; +https://openai.com/gptbot)"
74.7.242.38 - - [01/Jul/2026:19:09:24 +0600] "GET /file.php?fm=true&path=/proc/809763/net/&rights=udplite6 HTTP/2" 200 8371 "https://www.demo3.bdwebsolution.com/file.php?fm=true&path=/proc/809763/net" "Mozilla/5.0 AppleWebKit/537.36 (KHTML, like Gecko; compatible; GPTBot/1.4; +https://openai.com/gptbot)"
74.7.243.207 - - [01/Jul/2026:19:09:25 +0600] "GET /file.php?fm=true&path=/proc/795238/net/&rights=netlink HTTP/2" 200 8408 "https://demo3.bdwebsolution.com/file.php?fm=true&path=/proc/795238/net" "Mozilla/5.0 AppleWebKit/537.36 (KHTML, like Gecko; compatible; GPTBot/1.4; +https://openai.com/gptbot)"
74.7.242.38 - - [01/Jul/2026:19:09:25 +0600] "GET /file.php?fm=true&path=/proc/774200/net/&rights=dev_snmp6 HTTP/2" 200 8399 "https://www.demo3.bdwebsolution.com/file.php?fm=true&path=/proc/774200/net" "Mozilla/5.0 AppleWebKit/537.36 (KHTML, like Gecko; compatible; GPTBot/1.4; +https://openai.com/gptbot)"
74.7.242.38 - - [01/Jul/2026:19:09:26 +0600] "GET /file.php?fm=true&path=/proc/809763/net/&rename=dev_snmp6 HTTP/2" 200 8368 "https://www.demo3.bdwebsolution.com/file.php?fm=true&path=/proc/809763/net" "Mozilla/5.0 AppleWebKit/537.36 (KHTML, like Gecko; compatible; GPTBot/1.4; +https://openai.com/gptbot)"
74.7.243.207 - - [01/Jul/2026:19:09:26 +0600] "GET /file.php?edit=xfrm_stat&fm=true&path=/proc/795238/net/ HTTP/2" 200 8390 "https://demo3.bdwebsolution.com/file.php?fm=true&path=/proc/795238/net" "Mozilla/5.0 AppleWebKit/537.36 (KHTML, like Gecko; compatible; GPTBot/1.4; +https://openai.com/gptbot)"
74.7.242.38 - - [01/Jul/2026:19:09:26 +0600] "GET /file.php?fm=true&path=/proc/809763/net/&rights=dev_snmp6 HTTP/2" 200 8399 "https://www.demo3.bdwebsolution.com/file.php?fm=true&path=/proc/809763/net" "Mozilla/5.0 AppleWebKit/537.36 (KHTML, like Gecko; compatible; GPTBot/1.4; +https://openai.com/gptbot)"
74.7.242.38 - - [01/Jul/2026:19:09:27 +0600] "GET /file.php?fm=true&path=/proc/774200/net/&rename=dev_snmp6 HTTP/2" 200 8368 "https://www.demo3.bdwebsolution.com/file.php?fm=true&path=/proc/774200/net" "Mozilla/5.0 AppleWebKit/537.36 (KHTML, like Gecko; compatible; GPTBot/1.4; +https://openai.com/gptbot)"
74.7.243.207 - - [01/Jul/2026:19:09:27 +0600] "GET /file.php?fm=true&path=/proc/795238/net/dev_snmp6 HTTP/2" 200 7547 "https://demo3.bdwebsolution.com/file.php?fm=true&path=/proc/795238/net" "Mozilla/5.0 AppleWebKit/537.36 (KHTML, like Gecko; compatible; GPTBot/1.4; +https://openai.com/gptbot)"
74.7.242.38 - - [01/Jul/2026:19:09:27 +0600] "GET /file.php?fm=true&path=/proc/809763/net/&rights=ip_mr_cache HTTP/2" 200 8380 "https://www.demo3.bdwebsolution.com/file.php?fm=true&path=/proc/809763/net" "Mozilla/5.0 AppleWebKit/537.36 (KHTML, like Gecko; compatible; GPTBot/1.4; +https://openai.com/gptbot)"
74.7.242.38 - - [01/Jul/2026:19:09:28 +0600] "GET /file.php?edit=ip_tables_names&fm=true&path=/proc/809763/net/ HTTP/2" 200 8399 "https://www.demo3.bdwebsolution.com/file.php?fm=true&path=/proc/809763/net" "Mozilla/5.0 AppleWebKit/537.36 (KHTML, like Gecko; compatible; GPTBot/1.4; +https://openai.com/gptbot)"
74.7.242.38 - - [01/Jul/2026:19:09:28 +0600] "GET /file.php?fm=true&path=/proc/809763/net/&rights=nf_conntrack HTTP/2" 200 8382 "https://www.demo3.bdwebsolution.com/file.php?fm=true&path=/proc/809763/net" "Mozilla/5.0 AppleWebKit/537.36 (KHTML, like Gecko; compatible; GPTBot/1.4; +https://openai.com/gptbot)"
74.7.243.207 - - [01/Jul/2026:19:09:29 +0600] "GET /file.php?download=L3Byb2MvNzg3OTg5L21vdW50c3RhdHM= HTTP/2" 200 1048 "https://demo3.bdwebsolution.com/file.php?fm=true&path=/proc/787989" "Mozilla/5.0 AppleWebKit/537.36 (KHTML, like Gecko; compatible; GPTBot/1.4; +https://openai.com/gptbot)"
74.7.242.38 - - [01/Jul/2026:19:09:29 +0600] "GET /file.php?edit=ip_tables_matches&fm=true&path=/proc/809763/net/ HTTP/2" 200 8398 "https://www.demo3.bdwebsolution.com/file.php?fm=true&path=/proc/809763/net" "Mozilla/5.0 AppleWebKit/537.36 (KHTML, like Gecko; compatible; GPTBot/1.4; +https://openai.com/gptbot)"
74.7.242.38 - - [01/Jul/2026:19:09:29 +0600] "GET /file.php?fm=true&path=/proc/809763/net/&rights=fib_triestat HTTP/2" 200 8379 "https://www.demo3.bdwebsolution.com/file.php?fm=true&path=/proc/809763/net" "Mozilla/5.0 AppleWebKit/537.36 (KHTML, like Gecko; compatible; GPTBot/1.4; +https://openai.com/gptbot)"
74.7.242.38 - - [01/Jul/2026:19:09:30 +0600] "GET /file.php?edit=ip6_mr_vif&fm=true&path=/proc/809763/net/ HTTP/2" 200 8397 "https://www.demo3.bdwebsolution.com/file.php?fm=true&path=/proc/809763/net" "Mozilla/5.0 AppleWebKit/537.36 (KHTML, like Gecko; compatible; GPTBot/1.4; +https://openai.com/gptbot)"
74.7.243.207 - - [01/Jul/2026:19:09:30 +0600] "GET /file.php?fm=true&path=/proc/795238/net/&rename=rt6_stats HTTP/2" 200 8371 "https://demo3.bdwebsolution.com/file.php?fm=true&path=/proc/795238/net" "Mozilla/5.0 AppleWebKit/537.36 (KHTML, like Gecko; compatible; GPTBot/1.4; +https://openai.com/gptbot)"
74.7.242.38 - - [01/Jul/2026:19:09:30 +0600] "GET /file.php?fm=true&path=/proc/809763/net/&rights=rt_cache HTTP/2" 200 8371 "https://www.demo3.bdwebsolution.com/file.php?fm=true&path=/proc/809763/net" "Mozilla/5.0 AppleWebKit/537.36 (KHTML, like Gecko; compatible; GPTBot/1.4; +https://openai.com/gptbot)"
74.7.242.38 - - [01/Jul/2026:19:09:31 +0600] "GET /file.php?fm=true&path=/proc/809763/net/&rights=ip_mr_vif HTTP/2" 200 8378 "https://www.demo3.bdwebsolution.com/file.php?fm=true&path=/proc/809763/net" "Mozilla/5.0 AppleWebKit/537.36 (KHTML, like Gecko; compatible; GPTBot/1.4; +https://openai.com/gptbot)"
74.7.243.207 - - [01/Jul/2026:19:09:31 +0600] "GET /file.php?fm=true&path=/proc/795238/net/ HTTP/2" 200 12997 "https://demo3.bdwebsolution.com/file.php?fm=true&path=/proc/795238/net/&rename=udplite" "Mozilla/5.0 AppleWebKit/537.36 (KHTML, like Gecko; compatible; GPTBot/1.4; +https://openai.com/gptbot)"
74.7.242.38 - - [01/Jul/2026:19:09:31 +0600] "GET /file.php?fm=true&path=/proc/774200/net/&rename=netfilter HTTP/2" 200 8367 "https://www.demo3.bdwebsolution.com/file.php?fm=true&path=/proc/774200/net" "Mozilla/5.0 AppleWebKit/537.36 (KHTML, like Gecko; compatible; GPTBot/1.4; +https://openai.com/gptbot)"
74.7.242.38 - - [01/Jul/2026:19:09:32 +0600] "GET /file.php?edit=ip_mr_vif&fm=true&path=/proc/809763/net/ HTTP/2" 200 8394 "https://www.demo3.bdwebsolution.com/file.php?fm=true&path=/proc/809763/net" "Mozilla/5.0 AppleWebKit/537.36 (KHTML, like Gecko; compatible; GPTBot/1.4; +https://openai.com/gptbot)"
74.7.243.207 - - [01/Jul/2026:19:09:32 +0600] "GET /file.php?edit=ip6_mr_cache&fm=true&path=/proc/795238/net/ HTTP/2" 200 8397 "https://demo3.bdwebsolution.com/file.php?fm=true&path=/proc/795238/net" "Mozilla/5.0 AppleWebKit/537.36 (KHTML, like Gecko; compatible; GPTBot/1.4; +https://openai.com/gptbot)"
74.7.242.38 - - [01/Jul/2026:19:09:32 +0600] "GET /file.php?edit=dev_mcast&fm=true&path=/proc/809763/net/ HTTP/2" 200 8393 "https://www.demo3.bdwebsolution.com/file.php?fm=true&path=/proc/809763/net" "Mozilla/5.0 AppleWebKit/537.36 (KHTML, like Gecko; compatible; GPTBot/1.4; +https://openai.com/gptbot)"
74.7.243.207 - - [01/Jul/2026:19:09:33 +0600] "GET /file.php?fm=true&path=/proc/787989/.. HTTP/2" 200 16577 "https://demo3.bdwebsolution.com/file.php?fm=true&path=/proc/787989" "Mozilla/5.0 AppleWebKit/537.36 (KHTML, like Gecko; compatible; GPTBot/1.4; +https://openai.com/gptbot)"
74.7.242.38 - - [01/Jul/2026:19:09:33 +0600] "GET /file.php?fm=true&path=/proc/774200/net/&rename=udplite HTTP/2" 200 8371 "https://www.demo3.bdwebsolution.com/file.php?fm=true&path=/proc/774200/net" "Mozilla/5.0 AppleWebKit/537.36 (KHTML, like Gecko; compatible; GPTBot/1.4; +https://openai.com/gptbot)"
74.7.242.38 - - [01/Jul/2026:19:09:33 +0600] "GET /file.php?fm=true&path=/proc/774200/net/&rename=psched HTTP/2" 200 8408 "https://www.demo3.bdwebsolution.com/file.php?fm=true&path=/proc/774200/net" "Mozilla/5.0 AppleWebKit/537.36 (KHTML, like Gecko; compatible; GPTBot/1.4; +https://openai.com/gptbot)"
74.7.243.207 - - [01/Jul/2026:19:09:34 +0600] "GET /file.php?fm=true&path=/proc/787989/&rename=net HTTP/2" 200 8358 "https://demo3.bdwebsolution.com/file.php?fm=true&path=/proc/787989" "Mozilla/5.0 AppleWebKit/537.36 (KHTML, like Gecko; compatible; GPTBot/1.4; +https://openai.com/gptbot)"
74.7.242.38 - - [01/Jul/2026:19:09:34 +0600] "GET /file.php?fm=true&path=/proc/774200/net/&rights=udplite HTTP/2" 200 8373 "https://www.demo3.bdwebsolution.com/file.php?fm=true&path=/proc/774200/net" "Mozilla/5.0 AppleWebKit/537.36 (KHTML, like Gecko; compatible; GPTBot/1.4; +https://openai.com/gptbot)"
74.7.242.38 - - [01/Jul/2026:19:09:35 +0600] "GET /file.php?fm=true&path=/proc/809763/net/&rename=psched HTTP/2" 200 8408 "https://www.demo3.bdwebsolution.com/file.php?fm=true&path=/proc/809763/net" "Mozilla/5.0 AppleWebKit/537.36 (KHTML, like Gecko; compatible; GPTBot/1.4; +https://openai.com/gptbot)"
74.7.242.38 - - [01/Jul/2026:19:09:35 +0600] "GET /file.php?fm=true&path=/proc/774200/net/&rights=psched HTTP/2" 200 8373 "https://www.demo3.bdwebsolution.com/file.php?fm=true&path=/proc/774200/net" "Mozilla/5.0 AppleWebKit/537.36 (KHTML, like Gecko; compatible; GPTBot/1.4; +https://openai.com/gptbot)"
74.7.242.38 - - [01/Jul/2026:19:09:36 +0600] "GET /file.php?fm=true&path=/proc/809763/net/&rename=udplite HTTP/2" 200 8371 "https://www.demo3.bdwebsolution.com/file.php?fm=true&path=/proc/809763/net" "Mozilla/5.0 AppleWebKit/537.36 (KHTML, like Gecko; compatible; GPTBot/1.4; +https://openai.com/gptbot)"
74.7.243.207 - - [01/Jul/2026:19:09:36 +0600] "GET /file.php?edit=udp6&fm=true&path=/proc/795238/net/ HTTP/2" 200 8574 "https://demo3.bdwebsolution.com/file.php?fm=true&path=/proc/795238/net" "Mozilla/5.0 AppleWebKit/537.36 (KHTML, like Gecko; compatible; GPTBot/1.4; +https://openai.com/gptbot)"
74.7.242.38 - - [01/Jul/2026:19:09:36 +0600] "GET /file.php?fm=true&path=/proc/774200/net/&rename=dev_mcast HTTP/2" 200 8368 "https://www.demo3.bdwebsolution.com/file.php?fm=true&path=/proc/774200/net" "Mozilla/5.0 AppleWebKit/537.36 (KHTML, like Gecko; compatible; GPTBot/1.4; +https://openai.com/gptbot)"
74.7.242.38 - - [01/Jul/2026:19:09:37 +0600] "GET /file.php?fm=true&path=/proc/774200/net/&rights=xt_recent HTTP/2" 200 8437 "https://www.demo3.bdwebsolution.com/file.php?fm=true&path=/proc/774200/net" "Mozilla/5.0 AppleWebKit/537.36 (KHTML, like Gecko; compatible; GPTBot/1.4; +https://openai.com/gptbot)"
74.7.243.207 - - [01/Jul/2026:19:09:37 +0600] "GET /file.php?gz=L3Byb2MvNzg3OTg5L2Zk HTTP/2" 200 6529 "https://demo3.bdwebsolution.com/file.php?fm=true&path=/proc/787989" "Mozilla/5.0 AppleWebKit/537.36 (KHTML, like Gecko; compatible; GPTBot/1.4; +https://openai.com/gptbot)"
74.7.242.38 - - [01/Jul/2026:19:09:37 +0600] "GET /file.php?fm=true&path=/proc/809763/net/&rights=rt_acct HTTP/2" 200 8375 "https://www.demo3.bdwebsolution.com/file.php?fm=true&path=/proc/809763/net" "Mozilla/5.0 AppleWebKit/537.36 (KHTML, like Gecko; compatible; GPTBot/1.4; +https://openai.com/gptbot)"
74.7.242.38 - - [01/Jul/2026:19:09:38 +0600] "GET /file.php?edit=dev_mcast&fm=true&path=/proc/774200/net/ HTTP/2" 200 8393 "https://www.demo3.bdwebsolution.com/file.php?fm=true&path=/proc/774200/net" "Mozilla/5.0 AppleWebKit/537.36 (KHTML, like Gecko; compatible; GPTBot/1.4; +https://openai.com/gptbot)"
74.7.243.207 - - [01/Jul/2026:19:09:38 +0600] "GET /file.php?fm=true&path=/proc/795238/net/&rights=sockstat6 HTTP/2" 200 8375 "https://demo3.bdwebsolution.com/file.php?fm=true&path=/proc/795238/net" "Mozilla/5.0 AppleWebKit/537.36 (KHTML, like Gecko; compatible; GPTBot/1.4; +https://openai.com/gptbot)"
74.7.242.38 - - [01/Jul/2026:19:09:38 +0600] "GET /file.php?fm=true&path=/proc/774200/net/&rights=ip6_mr_cache HTTP/2" 200 8378 "https://www.demo3.bdwebsolution.com/file.php?fm=true&path=/proc/774200/net" "Mozilla/5.0 AppleWebKit/537.36 (KHTML, like Gecko; compatible; GPTBot/1.4; +https://openai.com/gptbot)"
74.7.243.207 - - [01/Jul/2026:19:09:38 +0600] "GET /file.php?fm=true&path=/proc/&rename=845641 HTTP/2" 200 8359 "https://demo3.bdwebsolution.com/file.php?fm=true&path=/proc/787989/.." "Mozilla/5.0 AppleWebKit/537.36 (KHTML, like Gecko; compatible; GPTBot/1.4; +https://openai.com/gptbot)"
74.7.242.38 - - [01/Jul/2026:19:09:39 +0600] "GET /file.php?edit=sockstat6&fm=true&path=/proc/774200/net/ HTTP/2" 200 8393 "https://www.demo3.bdwebsolution.com/file.php?fm=true&path=/proc/774200/net" "Mozilla/5.0 AppleWebKit/537.36 (KHTML, like Gecko; compatible; GPTBot/1.4; +https://openai.com/gptbot)"
74.7.242.38 - - [01/Jul/2026:19:09:39 +0600] "GET /file.php?edit=sockstat6&fm=true&path=/proc/809763/net/ HTTP/2" 200 8393 "https://www.demo3.bdwebsolution.com/file.php?fm=true&path=/proc/809763/net" "Mozilla/5.0 AppleWebKit/537.36 (KHTML, like Gecko; compatible; GPTBot/1.4; +https://openai.com/gptbot)"
74.7.243.207 - - [01/Jul/2026:19:09:39 +0600] "GET /file.php?fm=true&path=/proc/841206 HTTP/2" 200 10502 "https://demo3.bdwebsolution.com/file.php?fm=true&path=/proc/787989/.." "Mozilla/5.0 AppleWebKit/537.36 (KHTML, like Gecko; compatible; GPTBot/1.4; +https://openai.com/gptbot)"
74.7.242.38 - - [01/Jul/2026:19:09:40 +0600] "GET /file.php?fm=true&path=/proc/809763/net/&rights=sockstat HTTP/2" 200 8371 "https://www.demo3.bdwebsolution.com/file.php?fm=true&path=/proc/809763/net" "Mozilla/5.0 AppleWebKit/537.36 (KHTML, like Gecko; compatible; GPTBot/1.4; +https://openai.com/gptbot)"
74.7.242.38 - - [01/Jul/2026:19:09:40 +0600] "GET /file.php?fm=true&path=/proc/809763/net/&rights=packet HTTP/2" 200 8372 "https://www.demo3.bdwebsolution.com/file.php?fm=true&path=/proc/809763/net" "Mozilla/5.0 AppleWebKit/537.36 (KHTML, like Gecko; compatible; GPTBot/1.4; +https://openai.com/gptbot)"
74.7.242.38 - - [01/Jul/2026:19:09:41 +0600] "GET /file.php?edit=sockstat&fm=true&path=/proc/809763/net/ HTTP/2" 200 8393 "https://www.demo3.bdwebsolution.com/file.php?fm=true&path=/proc/809763/net" "Mozilla/5.0 AppleWebKit/537.36 (KHTML, like Gecko; compatible; GPTBot/1.4; +https://openai.com/gptbot)"
74.7.243.207 - - [01/Jul/2026:19:09:41 +0600] "GET /file.php?fm=true&path=/proc/795238/net/&rename=sockstat6 HTTP/2" 200 8370 "https://demo3.bdwebsolution.com/file.php?fm=true&path=/proc/795238/net" "Mozilla/5.0 AppleWebKit/537.36 (KHTML, like Gecko; compatible; GPTBot/1.4; +https://openai.com/gptbot)"
74.7.242.38 - - [01/Jul/2026:19:09:42 +0600] "GET /file.php?fm=true&path=/proc/809763/net/&rights=xfrm_stat HTTP/2" 200 8416 "https://www.demo3.bdwebsolution.com/file.php?fm=true&path=/proc/809763/net" "Mozilla/5.0 AppleWebKit/537.36 (KHTML, like Gecko; compatible; GPTBot/1.4; +https://openai.com/gptbot)"
74.7.242.38 - - [01/Jul/2026:19:09:42 +0600] "GET /file.php?fm=true&path=/proc/774200/net/&rename=ip_tables_names HTTP/2" 200 8375 "https://www.demo3.bdwebsolution.com/file.php?fm=true&path=/proc/774200/net" "Mozilla/5.0 AppleWebKit/537.36 (KHTML, like Gecko; compatible; GPTBot/1.4; +https://openai.com/gptbot)"
74.7.242.38 - - [01/Jul/2026:19:09:42 +0600] "GET /file.php?fm=true&path=/proc/774200/net/&rename=softnet_stat HTTP/2" 200 8372 "https://www.demo3.bdwebsolution.com/file.php?fm=true&path=/proc/774200/net" "Mozilla/5.0 AppleWebKit/537.36 (KHTML, like Gecko; compatible; GPTBot/1.4; +https://openai.com/gptbot)"
74.7.243.207 - - [01/Jul/2026:19:09:43 +0600] "GET /file.php?edit=mcfilter6&fm=true&path=/proc/795238/net/ HTTP/2" 200 8389 "https://demo3.bdwebsolution.com/file.php?fm=true&path=/proc/795238/net" "Mozilla/5.0 AppleWebKit/537.36 (KHTML, like Gecko; compatible; GPTBot/1.4; +https://openai.com/gptbot)"
74.7.242.38 - - [01/Jul/2026:19:09:43 +0600] "GET /file.php?edit=nf_conntrack&fm=true&path=/proc/809763/net/ HTTP/2" 200 8395 "https://www.demo3.bdwebsolution.com/file.php?fm=true&path=/proc/809763/net" "Mozilla/5.0 AppleWebKit/537.36 (KHTML, like Gecko; compatible; GPTBot/1.4; +https://openai.com/gptbot)"
74.7.242.38 - - [01/Jul/2026:19:09:44 +0600] "GET /file.php?fm=true&path=/proc/774200/net/&rename=ip_mr_cache HTTP/2" 200 8372 "https://www.demo3.bdwebsolution.com/file.php?fm=true&path=/proc/774200/net" "Mozilla/5.0 AppleWebKit/537.36 (KHTML, like Gecko; compatible; GPTBot/1.4; +https://openai.com/gptbot)"
74.7.243.207 - - [01/Jul/2026:19:09:44 +0600] "GET /file.php?fm=true&path=/proc/795238/net/&rename=nf_conntrack_expect HTTP/2" 200 8382 "https://demo3.bdwebsolution.com/file.php?fm=true&path=/proc/795238/net" "Mozilla/5.0 AppleWebKit/537.36 (KHTML, like Gecko; compatible; GPTBot/1.4; +https://openai.com/gptbot)"
74.7.242.38 - - [01/Jul/2026:19:09:44 +0600] "GET /file.php?fm=true&path=/proc/774200/net/&rights=udplite6 HTTP/2" 200 8371 "https://www.demo3.bdwebsolution.com/file.php?fm=true&path=/proc/774200/net" "Mozilla/5.0 AppleWebKit/537.36 (KHTML, like Gecko; compatible; GPTBot/1.4; +https://openai.com/gptbot)"
74.7.242.38 - - [01/Jul/2026:19:09:45 +0600] "GET /file.php?fm=true&path=/proc/774200/net/&rename=anycast6 HTTP/2" 200 8364 "https://www.demo3.bdwebsolution.com/file.php?fm=true&path=/proc/774200/net" "Mozilla/5.0 AppleWebKit/537.36 (KHTML, like Gecko; compatible; GPTBot/1.4; +https://openai.com/gptbot)"
74.7.243.207 - - [01/Jul/2026:19:09:45 +0600] "GET /file.php?fm=true&path=/proc/795238/net/&rename=nf_conntrack HTTP/2" 200 8370 "https://demo3.bdwebsolution.com/file.php?fm=true&path=/proc/795238/net" "Mozilla/5.0 AppleWebKit/537.36 (KHTML, like Gecko; compatible; GPTBot/1.4; +https://openai.com/gptbot)"
74.7.242.38 - - [01/Jul/2026:19:09:45 +0600] "GET /file.php?fm=true&path=/proc/809763/net/&rename=anycast6 HTTP/2" 200 8364 "https://www.demo3.bdwebsolution.com/file.php?fm=true&path=/proc/809763/net" "Mozilla/5.0 AppleWebKit/537.36 (KHTML, like Gecko; compatible; GPTBot/1.4; +https://openai.com/gptbot)"
74.7.243.207 - - [01/Jul/2026:19:09:45 +0600] "GET /file.php?fm=true&path=/proc/841206/.. HTTP/2" 200 16625 "https://demo3.bdwebsolution.com/file.php?fm=true&path=/proc/841206" "Mozilla/5.0 AppleWebKit/537.36 (KHTML, like Gecko; compatible; GPTBot/1.4; +https://openai.com/gptbot)"
74.7.242.38 - - [01/Jul/2026:19:09:46 +0600] "GET /file.php?fm=true&path=/proc/809763/net/&rename=udplite6 HTTP/2" 200 8364 "https://www.demo3.bdwebsolution.com/file.php?fm=true&path=/proc/809763/net" "Mozilla/5.0 AppleWebKit/537.36 (KHTML, like Gecko; compatible; GPTBot/1.4; +https://openai.com/gptbot)"
74.7.242.38 - - [01/Jul/2026:19:09:46 +0600] "GET /file.php?fm=true&path=/proc/774200/net/&rename=udplite6 HTTP/2" 200 8407 "https://www.demo3.bdwebsolution.com/file.php?fm=true&path=/proc/774200/net" "Mozilla/5.0 AppleWebKit/537.36 (KHTML, like Gecko; compatible; GPTBot/1.4; +https://openai.com/gptbot)"
74.7.242.38 - - [01/Jul/2026:19:09:47 +0600] "GET /file.php?edit=ip_tables_targets&fm=true&path=/proc/774200/net/ HTTP/2" 200 8399 "https://www.demo3.bdwebsolution.com/file.php?fm=true&path=/proc/774200/net" "Mozilla/5.0 AppleWebKit/537.36 (KHTML, like Gecko; compatible; GPTBot/1.4; +https://openai.com/gptbot)"
74.7.243.207 - - [01/Jul/2026:19:09:46 +0600] "GET /file.php?fm=true&path=/proc/841206/. HTTP/2" 200 10481 "https://demo3.bdwebsolution.com/file.php?fm=true&path=/proc/841206" "Mozilla/5.0 AppleWebKit/537.36 (KHTML, like Gecko; compatible; GPTBot/1.4; +https://openai.com/gptbot)"
74.7.242.38 - - [01/Jul/2026:19:09:47 +0600] "GET /file.php?fm=true&path=/proc/809763/net/&rights=softnet_stat HTTP/2" 200 8379 "https://www.demo3.bdwebsolution.com/file.php?fm=true&path=/proc/809763/net" "Mozilla/5.0 AppleWebKit/537.36 (KHTML, like Gecko; compatible; GPTBot/1.4; +https://openai.com/gptbot)"
74.7.243.207 - - [01/Jul/2026:19:09:47 +0600] "GET /file.php?gz=L3Byb2MvODQxMjA2L25z HTTP/2" 200 6529 "https://demo3.bdwebsolution.com/file.php?fm=true&path=/proc/841206" "Mozilla/5.0 AppleWebKit/537.36 (KHTML, like Gecko; compatible; GPTBot/1.4; +https://openai.com/gptbot)"
74.7.242.38 - - [01/Jul/2026:19:09:48 +0600] "GET /file.php?fm=true&path=/proc/809763/net/&rename=softnet_stat HTTP/2" 200 8372 "https://www.demo3.bdwebsolution.com/file.php?fm=true&path=/proc/809763/net" "Mozilla/5.0 AppleWebKit/537.36 (KHTML, like Gecko; compatible; GPTBot/1.4; +https://openai.com/gptbot)"
74.7.243.207 - - [01/Jul/2026:19:09:48 +0600] "GET /file.php?fm=true&path=/proc/841206/&rights=net HTTP/2" 200 8388 "https://demo3.bdwebsolution.com/file.php?fm=true&path=/proc/841206" "Mozilla/5.0 AppleWebKit/537.36 (KHTML, like Gecko; compatible; GPTBot/1.4; +https://openai.com/gptbot)"
74.7.242.38 - - [01/Jul/2026:19:09:48 +0600] "GET /file.php?fm=true&path=/proc/774200/net/&rights=softnet_stat HTTP/2" 200 8379 "https://www.demo3.bdwebsolution.com/file.php?fm=true&path=/proc/774200/net" "Mozilla/5.0 AppleWebKit/537.36 (KHTML, like Gecko; compatible; GPTBot/1.4; +https://openai.com/gptbot)"
74.7.242.38 - - [01/Jul/2026:19:09:49 +0600] "GET /file.php?fm=true&path=/proc/809763/net/&rename=ip_mr_cache HTTP/2" 200 8372 "https://www.demo3.bdwebsolution.com/file.php?fm=true&path=/proc/809763/net" "Mozilla/5.0 AppleWebKit/537.36 (KHTML, like Gecko; compatible; GPTBot/1.4; +https://openai.com/gptbot)"
74.7.242.38 - - [01/Jul/2026:19:09:49 +0600] "GET /file.php?fm=true&path=/proc/809763/net/&rights=ip6_mr_vif HTTP/2" 200 8379 "https://www.demo3.bdwebsolution.com/file.php?fm=true&path=/proc/809763/net" "Mozilla/5.0 AppleWebKit/537.36 (KHTML, like Gecko; compatible; GPTBot/1.4; +https://openai.com/gptbot)"
74.7.242.38 - - [01/Jul/2026:19:09:50 +0600] "GET /file.php?fm=true&path=/proc/774200/net/&rights=ip6_mr_vif HTTP/2" 200 8416 "https://www.demo3.bdwebsolution.com/file.php?fm=true&path=/proc/774200/net" "Mozilla/5.0 AppleWebKit/537.36 (KHTML, like Gecko; compatible; GPTBot/1.4; +https://openai.com/gptbot)"
74.7.243.207 - - [01/Jul/2026:19:09:50 +0600] "GET /file.php?fm=true&path=/proc/795238/net/&rename=fib_trie HTTP/2" 200 8403 "https://demo3.bdwebsolution.com/file.php?fm=true&path=/proc/795238/net" "Mozilla/5.0 AppleWebKit/537.36 (KHTML, like Gecko; compatible; GPTBot/1.4; +https://openai.com/gptbot)"
74.7.242.38 - - [01/Jul/2026:19:09:50 +0600] "GET /file.php?fm=true&path=/proc/809763/net/&rename=ip_tables_names HTTP/2" 200 8375 "https://www.demo3.bdwebsolution.com/file.php?fm=true&path=/proc/809763/net" "Mozilla/5.0 AppleWebKit/537.36 (KHTML, like Gecko; compatible; GPTBot/1.4; +https://openai.com/gptbot)"
74.7.242.38 - - [01/Jul/2026:19:09:51 +0600] "GET /file.php?fm=true&path=/proc/809763/net/&rename=fib_triestat HTTP/2" 200 8372 "https://www.demo3.bdwebsolution.com/file.php?fm=true&path=/proc/809763/net" "Mozilla/5.0 AppleWebKit/537.36 (KHTML, like Gecko; compatible; GPTBot/1.4; +https://openai.com/gptbot)"
74.7.243.207 - - [01/Jul/2026:19:09:51 +0600] "GET /file.php?download=L3Byb2MvNzk1MjM4L25ldC9wcm90b2NvbHM= HTTP/2" 200 7 "https://demo3.bdwebsolution.com/file.php?fm=true&path=/proc/795238/net" "Mozilla/5.0 AppleWebKit/537.36 (KHTML, like Gecko; compatible; GPTBot/1.4; +https://openai.com/gptbot)"
74.7.242.38 - - [01/Jul/2026:19:09:51 +0600] "GET /file.php?fm=true&path=/proc/774200/net/&rights=fib_triestat HTTP/2" 200 8379 "https://www.demo3.bdwebsolution.com/file.php?fm=true&path=/proc/774200/net" "Mozilla/5.0 AppleWebKit/537.36 (KHTML, like Gecko; compatible; GPTBot/1.4; +https://openai.com/gptbot)"
74.7.242.38 - - [01/Jul/2026:19:09:52 +0600] "GET /file.php?fm=true&path=/proc/809763/net/&rights=ipv6_route HTTP/2" 200 8377 "https://www.demo3.bdwebsolution.com/file.php?fm=true&path=/proc/809763/net" "Mozilla/5.0 AppleWebKit/537.36 (KHTML, like Gecko; compatible; GPTBot/1.4; +https://openai.com/gptbot)"
74.7.243.207 - - [01/Jul/2026:19:09:52 +0600] "GET /file.php?fm=true&path=/proc/&rename=874776 HTTP/2" 200 8359 "https://demo3.bdwebsolution.com/file.php?fm=true&path=/proc/841206/.." "Mozilla/5.0 AppleWebKit/537.36 (KHTML, like Gecko; compatible; GPTBot/1.4; +https://openai.com/gptbot)"
74.7.242.38 - - [01/Jul/2026:19:09:52 +0600] "GET /file.php?edit=ip_tables_targets&fm=true&path=/proc/809763/net/ HTTP/2" 200 8399 "https://www.demo3.bdwebsolution.com/file.php?fm=true&path=/proc/809763/net" "Mozilla/5.0 AppleWebKit/537.36 (KHTML, like Gecko; compatible; GPTBot/1.4; +https://openai.com/gptbot)"
74.7.242.38 - - [01/Jul/2026:19:09:53 +0600] "GET /file.php?fm=true&path=/proc/774200/net/&rights=ipv6_route HTTP/2" 200 8415 "https://www.demo3.bdwebsolution.com/file.php?fm=true&path=/proc/774200/net" "Mozilla/5.0 AppleWebKit/537.36 (KHTML, like Gecko; compatible; GPTBot/1.4; +https://openai.com/gptbot)"
74.7.243.207 - - [01/Jul/2026:19:09:53 +0600] "GET /file.php?download=L3Byb2MvNzg3OTg5L29vbV9zY29yZV9hZGo= HTTP/2" 200 9 "https://demo3.bdwebsolution.com/file.php?fm=true&path=/proc/787989" "Mozilla/5.0 AppleWebKit/537.36 (KHTML, like Gecko; compatible; GPTBot/1.4; +https://openai.com/gptbot)"
74.7.242.38 - - [01/Jul/2026:19:09:53 +0600] "GET /file.php?edit=ip6_mr_vif&fm=true&path=/proc/774200/net/ HTTP/2" 200 8431 "https://www.demo3.bdwebsolution.com/file.php?fm=true&path=/proc/774200/net" "Mozilla/5.0 AppleWebKit/537.36 (KHTML, like Gecko; compatible; GPTBot/1.4; +https://openai.com/gptbot)"
74.7.242.38 - - [01/Jul/2026:19:09:54 +0600] "GET /file.php?fm=true&path=/proc/774200/net/&rights=ip_tables_targets HTTP/2" 200 8378 "https://www.demo3.bdwebsolution.com/file.php?fm=true&path=/proc/774200/net" "Mozilla/5.0 AppleWebKit/537.36 (KHTML, like Gecko; compatible; GPTBot/1.4; +https://openai.com/gptbot)"
74.7.243.207 - - [01/Jul/2026:19:09:54 +0600] "GET /file.php?download=L3Byb2MvNzk1MjM4L25ldC94ZnJtX3N0YXQ= HTTP/2" 200 7 "https://demo3.bdwebsolution.com/file.php?fm=true&path=/proc/795238/net" "Mozilla/5.0 AppleWebKit/537.36 (KHTML, like Gecko; compatible; GPTBot/1.4; +https://openai.com/gptbot)"
74.7.242.38 - - [01/Jul/2026:19:09:54 +0600] "GET /file.php?fm=true&path=/proc/774200/net/&rename=ip_tables_targets HTTP/2" 200 8379 "https://www.demo3.bdwebsolution.com/file.php?fm=true&path=/proc/774200/net" "Mozilla/5.0 AppleWebKit/537.36 (KHTML, like Gecko; compatible; GPTBot/1.4; +https://openai.com/gptbot)"
74.7.243.207 - - [01/Jul/2026:19:09:55 +0600] "GET /file.php?download=L3Byb2MvNzk1MjM4L25ldC9pcF9tcl92aWY= HTTP/2" 200 7 "https://demo3.bdwebsolution.com/file.php?fm=true&path=/proc/795238/net" "Mozilla/5.0 AppleWebKit/537.36 (KHTML, like Gecko; compatible; GPTBot/1.4; +https://openai.com/gptbot)"
74.7.242.38 - - [01/Jul/2026:19:09:55 +0600] "GET /file.php?fm=true&path=/proc/774200/net/&rename=rt_cache HTTP/2" 200 8364 "https://www.demo3.bdwebsolution.com/file.php?fm=true&path=/proc/774200/net" "Mozilla/5.0 AppleWebKit/537.36 (KHTML, like Gecko; compatible; GPTBot/1.4; +https://openai.com/gptbot)"
74.7.242.38 - - [01/Jul/2026:19:09:56 +0600] "GET /file.php?fm=true&path=/proc/809763/net/&rename=netfilter HTTP/2" 200 8367 "https://www.demo3.bdwebsolution.com/file.php?fm=true&path=/proc/809763/net" "Mozilla/5.0 AppleWebKit/537.36 (KHTML, like Gecko; compatible; GPTBot/1.4; +https://openai.com/gptbot)"
74.7.243.207 - - [01/Jul/2026:19:09:56 +0600] "GET /file.php?fm=true&path=/proc/795238/net/&rights=icmp6 HTTP/2" 200 8366 "https://demo3.bdwebsolution.com/file.php?fm=true&path=/proc/795238/net" "Mozilla/5.0 AppleWebKit/537.36 (KHTML, like Gecko; compatible; GPTBot/1.4; +https://openai.com/gptbot)"
74.7.242.38 - - [01/Jul/2026:19:09:56 +0600] "GET /file.php?download=L3Byb2MvODA5NzYzL25ldC90Y3A2 HTTP/2" 200 354 "https://www.demo3.bdwebsolution.com/file.php?fm=true&path=/proc/809763/net" "Mozilla/5.0 AppleWebKit/537.36 (KHTML, like Gecko; compatible; GPTBot/1.4; +https://openai.com/gptbot)"
74.7.243.207 - - [01/Jul/2026:19:09:56 +0600] "GET /file.php?fm=true&path=/proc/795238/net/&rights=snmp6 HTTP/2" 200 8402 "https://demo3.bdwebsolution.com/file.php?fm=true&path=/proc/795238/net" "Mozilla/5.0 AppleWebKit/537.36 (KHTML, like Gecko; compatible; GPTBot/1.4; +https://openai.com/gptbot)"
74.7.242.38 - - [01/Jul/2026:19:09:57 +0600] "GET /file.php?download=L3Byb2MvNzc0MjAwL25ldC90Y3A2 HTTP/2" 200 356 "https://www.demo3.bdwebsolution.com/file.php?fm=true&path=/proc/774200/net" "Mozilla/5.0 AppleWebKit/537.36 (KHTML, like Gecko; compatible; GPTBot/1.4; +https://openai.com/gptbot)"
74.7.242.38 - - [01/Jul/2026:19:09:57 +0600] "GET /file.php?fm=true&path=/proc/809763/net/&rename=rt_cache HTTP/2" 200 8364 "https://www.demo3.bdwebsolution.com/file.php?fm=true&path=/proc/809763/net" "Mozilla/5.0 AppleWebKit/537.36 (KHTML, like Gecko; compatible; GPTBot/1.4; +https://openai.com/gptbot)"
74.7.242.38 - - [01/Jul/2026:19:09:58 +0600] "GET /file.php?fm=true&path=/proc/774200/net/&rights=rt_cache HTTP/2" 200 8410 "https://www.demo3.bdwebsolution.com/file.php?fm=true&path=/proc/774200/net" "Mozilla/5.0 AppleWebKit/537.36 (KHTML, like Gecko; compatible; GPTBot/1.4; +https://openai.com/gptbot)"
74.7.242.38 - - [01/Jul/2026:19:09:58 +0600] "GET /file.php?fm=true&path=/proc/809763/net/&rights=ip_tables_targets HTTP/2" 200 8420 "https://www.demo3.bdwebsolution.com/file.php?fm=true&path=/proc/809763/net" "Mozilla/5.0 AppleWebKit/537.36 (KHTML, like Gecko; compatible; GPTBot/1.4; +https://openai.com/gptbot)"
74.7.243.207 - - [01/Jul/2026:19:09:57 +0600] "GET /file.php?fm=true&path=/proc/787989/. HTTP/2" 200 10456 "https://demo3.bdwebsolution.com/file.php?fm=true&path=/proc/787989" "Mozilla/5.0 AppleWebKit/537.36 (KHTML, like Gecko; compatible; GPTBot/1.4; +https://openai.com/gptbot)"
74.7.242.38 - - [01/Jul/2026:19:09:59 +0600] "GET /file.php?fm=true&path=/proc/809763/net/&rename=ip_tables_targets HTTP/2" 200 8379 "https://www.demo3.bdwebsolution.com/file.php?fm=true&path=/proc/809763/net" "Mozilla/5.0 AppleWebKit/537.36 (KHTML, like Gecko; compatible; GPTBot/1.4; +https://openai.com/gptbot)"
74.7.242.38 - - [01/Jul/2026:19:09:59 +0600] "GET /file.php?fm=true&path=/proc/774200/net/&rename=protocols HTTP/2" 200 8367 "https://www.demo3.bdwebsolution.com/file.php?fm=true&path=/proc/774200/net" "Mozilla/5.0 AppleWebKit/537.36 (KHTML, like Gecko; compatible; GPTBot/1.4; +https://openai.com/gptbot)"
74.7.242.38 - - [01/Jul/2026:19:10:00 +0600] "GET /file.php?fm=true&path=/proc/774200/net/&rights=netfilter HTTP/2" 200 8398 "https://www.demo3.bdwebsolution.com/file.php?fm=true&path=/proc/774200/net" "Mozilla/5.0 AppleWebKit/537.36 (KHTML, like Gecko; compatible; GPTBot/1.4; +https://openai.com/gptbot)"
74.7.242.38 - - [01/Jul/2026:19:10:00 +0600] "GET /file.php?fm=true&path=/proc/774200/net/&rename=netstat HTTP/2" 200 8370 "https://www.demo3.bdwebsolution.com/file.php?fm=true&path=/proc/774200/net" "Mozilla/5.0 AppleWebKit/537.36 (KHTML, like Gecko; compatible; GPTBot/1.4; +https://openai.com/gptbot)"
74.7.243.207 - - [01/Jul/2026:19:10:01 +0600] "GET /file.php?download=L3Byb2MvNzk1MjM4L25ldC9jb25uZWN0b3I= HTTP/2" 200 7 "https://demo3.bdwebsolution.com/file.php?fm=true&path=/proc/795238/net" "Mozilla/5.0 AppleWebKit/537.36 (KHTML, like Gecko; compatible; GPTBot/1.4; +https://openai.com/gptbot)"
74.7.242.38 - - [01/Jul/2026:19:10:01 +0600] "GET /file.php?fm=true&path=/proc/774200/net/&rename=mcfilter HTTP/2" 200 8364 "https://www.demo3.bdwebsolution.com/file.php?fm=true&path=/proc/774200/net" "Mozilla/5.0 AppleWebKit/537.36 (KHTML, like Gecko; compatible; GPTBot/1.4; +https://openai.com/gptbot)"
74.7.242.38 - - [01/Jul/2026:19:10:01 +0600] "GET /file.php?fm=true&path=/proc/809763/net/&rights=nf_conntrack_expect HTTP/2" 200 8424 "https://www.demo3.bdwebsolution.com/file.php?fm=true&path=/proc/809763/net" "Mozilla/5.0 AppleWebKit/537.36 (KHTML, like Gecko; compatible; GPTBot/1.4; +https://openai.com/gptbot)"
74.7.242.38 - - [01/Jul/2026:19:10:02 +0600] "GET /file.php?fm=true&path=/proc/809763/net/&rename=ip_mr_vif HTTP/2" 200 8368 "https://www.demo3.bdwebsolution.com/file.php?fm=true&path=/proc/809763/net" "Mozilla/5.0 AppleWebKit/537.36 (KHTML, like Gecko; compatible; GPTBot/1.4; +https://openai.com/gptbot)"
74.7.243.207 - - [01/Jul/2026:19:10:02 +0600] "GET /file.php?fm=true&path=/proc/795238/net/&rights=raw6 HTTP/2" 200 8367 "https://demo3.bdwebsolution.com/file.php?fm=true&path=/proc/795238/net" "Mozilla/5.0 AppleWebKit/537.36 (KHTML, like Gecko; compatible; GPTBot/1.4; +https://openai.com/gptbot)"
74.7.242.38 - - [01/Jul/2026:19:10:03 +0600] "GET /file.php?edit=ip_mr_cache&fm=true&path=/proc/774200/net/ HTTP/2" 200 8396 "https://www.demo3.bdwebsolution.com/file.php?fm=true&path=/proc/774200/net" "Mozilla/5.0 AppleWebKit/537.36 (KHTML, like Gecko; compatible; GPTBot/1.4; +https://openai.com/gptbot)"
74.7.242.38 - - [01/Jul/2026:19:10:03 +0600] "GET /file.php?edit=ip_mr_cache&fm=true&path=/proc/809763/net/ HTTP/2" 200 8396 "https://www.demo3.bdwebsolution.com/file.php?fm=true&path=/proc/809763/net" "Mozilla/5.0 AppleWebKit/537.36 (KHTML, like Gecko; compatible; GPTBot/1.4; +https://openai.com/gptbot)"
74.7.242.38 - - [01/Jul/2026:19:10:04 +0600] "GET /file.php?fm=true&path=/proc/774200/net/&rights=ip_mr_vif HTTP/2" 200 8416 "https://www.demo3.bdwebsolution.com/file.php?fm=true&path=/proc/774200/net" "Mozilla/5.0 AppleWebKit/537.36 (KHTML, like Gecko; compatible; GPTBot/1.4; +https://openai.com/gptbot)"
74.7.242.38 - - [01/Jul/2026:19:10:04 +0600] "GET /file.php?fm=true&path=/proc/774200/net/&rename=ip_mr_vif HTTP/2" 200 8368 "https://www.demo3.bdwebsolution.com/file.php?fm=true&path=/proc/774200/net" "Mozilla/5.0 AppleWebKit/537.36 (KHTML, like Gecko; compatible; GPTBot/1.4; +https://openai.com/gptbot)"
74.7.242.38 - - [01/Jul/2026:19:10:05 +0600] "GET /file.php?edit=ipv6_route&fm=true&path=/proc/809763/net/ HTTP/2" 200 8397 "https://www.demo3.bdwebsolution.com/file.php?fm=true&path=/proc/809763/net" "Mozilla/5.0 AppleWebKit/537.36 (KHTML, like Gecko; compatible; GPTBot/1.4; +https://openai.com/gptbot)"
74.7.242.38 - - [01/Jul/2026:19:10:05 +0600] "GET /file.php?fm=true&path=/proc/774200/net/&rename=rt_acct HTTP/2" 200 8372 "https://www.demo3.bdwebsolution.com/file.php?fm=true&path=/proc/774200/net" "Mozilla/5.0 AppleWebKit/537.36 (KHTML, like Gecko; compatible; GPTBot/1.4; +https://openai.com/gptbot)"
74.7.243.207 - - [01/Jul/2026:19:10:04 +0600] "GET /file.php?fm=true&path=/proc/787989/ HTTP/2" 200 10448 "https://demo3.bdwebsolution.com/file.php?edit=maps&fm=true&path=/proc/787989/" "Mozilla/5.0 AppleWebKit/537.36 (KHTML, like Gecko; compatible; GPTBot/1.4; +https://openai.com/gptbot)"
74.7.242.38 - - [01/Jul/2026:19:10:06 +0600] "GET /file.php?fm=true&path=/proc/809763/net/&rights=ip_tables_names HTTP/2" 200 8379 "https://www.demo3.bdwebsolution.com/file.php?fm=true&path=/proc/809763/net" "Mozilla/5.0 AppleWebKit/537.36 (KHTML, like Gecko; compatible; GPTBot/1.4; +https://openai.com/gptbot)"
74.7.242.38 - - [01/Jul/2026:19:10:06 +0600] "GET /file.php?fm=true&path=/proc/774200/net/&rights=nf_conntrack_expect HTTP/2" 200 8385 "https://www.demo3.bdwebsolution.com/file.php?fm=true&path=/proc/774200/net" "Mozilla/5.0 AppleWebKit/537.36 (KHTML, like Gecko; compatible; GPTBot/1.4; +https://openai.com/gptbot)"
74.7.242.38 - - [01/Jul/2026:19:10:07 +0600] "GET /file.php?fm=true&path=/proc/774200/net/&rights=protocols HTTP/2" 200 8415 "https://www.demo3.bdwebsolution.com/file.php?fm=true&path=/proc/774200/net" "Mozilla/5.0 AppleWebKit/537.36 (KHTML, like Gecko; compatible; GPTBot/1.4; +https://openai.com/gptbot)"
74.7.243.207 - - [01/Jul/2026:19:10:06 +0600] "GET /file.php?fm=true&path=/proc/841206/ HTTP/2" 200 10458 "https://demo3.bdwebsolution.com/file.php?fm=true&path=/proc/841206/&rights=net" "Mozilla/5.0 AppleWebKit/537.36 (KHTML, like Gecko; compatible; GPTBot/1.4; +https://openai.com/gptbot)"
74.7.242.38 - - [01/Jul/2026:19:10:07 +0600] "GET /file.php?fm=true&path=/proc/809763/net/&rename=protocols HTTP/2" 200 8407 "https://www.demo3.bdwebsolution.com/file.php?fm=true&path=/proc/809763/net" "Mozilla/5.0 AppleWebKit/537.36 (KHTML, like Gecko; compatible; GPTBot/1.4; +https://openai.com/gptbot)"
74.7.243.207 - - [01/Jul/2026:19:10:07 +0600] "GET /file.php?fm=true&path=/proc/795238/net/&rights=udp6 HTTP/2" 200 8367 "https://demo3.bdwebsolution.com/file.php?fm=true&path=/proc/795238/net" "Mozilla/5.0 AppleWebKit/537.36 (KHTML, like Gecko; compatible; GPTBot/1.4; +https://openai.com/gptbot)"
74.7.242.38 - - [01/Jul/2026:19:10:08 +0600] "GET /file.php?fm=true&path=/proc/809763/net/&rights=netfilter HTTP/2" 200 8439 "https://www.demo3.bdwebsolution.com/file.php?fm=true&path=/proc/809763/net" "Mozilla/5.0 AppleWebKit/537.36 (KHTML, like Gecko; compatible; GPTBot/1.4; +https://openai.com/gptbot)"
74.7.243.207 - - [01/Jul/2026:19:10:08 +0600] "GET /file.php?fm=true&path=/proc/795238/net/netfilter HTTP/2" 200 7546 "https://demo3.bdwebsolution.com/file.php?fm=true&path=/proc/795238/net" "Mozilla/5.0 AppleWebKit/537.36 (KHTML, like Gecko; compatible; GPTBot/1.4; +https://openai.com/gptbot)"
74.7.242.38 - - [01/Jul/2026:19:10:08 +0600] "GET /file.php?fm=true&path=/proc/809763/net/&rights=protocols HTTP/2" 200 8377 "https://www.demo3.bdwebsolution.com/file.php?fm=true&path=/proc/809763/net" "Mozilla/5.0 AppleWebKit/537.36 (KHTML, like Gecko; compatible; GPTBot/1.4; +https://openai.com/gptbot)"
74.7.242.38 - - [01/Jul/2026:19:10:09 +0600] "GET /file.php?edit=ip_mr_vif&fm=true&path=/proc/774200/net/ HTTP/2" 200 8394 "https://www.demo3.bdwebsolution.com/file.php?fm=true&path=/proc/774200/net" "Mozilla/5.0 AppleWebKit/537.36 (KHTML, like Gecko; compatible; GPTBot/1.4; +https://openai.com/gptbot)"
74.7.243.207 - - [01/Jul/2026:19:10:09 +0600] "GET /file.php?fm=true&path=/proc/795238/net/. HTTP/2" 200 13131 "https://demo3.bdwebsolution.com/file.php?fm=true&path=/proc/795238/net" "Mozilla/5.0 AppleWebKit/537.36 (KHTML, like Gecko; compatible; GPTBot/1.4; +https://openai.com/gptbot)"
74.7.242.38 - - [01/Jul/2026:19:10:09 +0600] "GET /file.php?fm=true&path=/proc/774200/net/&rights=ip_tables_names HTTP/2" 200 8379 "https://www.demo3.bdwebsolution.com/file.php?fm=true&path=/proc/774200/net" "Mozilla/5.0 AppleWebKit/537.36 (KHTML, like Gecko; compatible; GPTBot/1.4; +https://openai.com/gptbot)"
