74.7.243.207 - - [01/Jul/2026:19:27:25 +0600] "GET /file.php?fm=true&path=/proc/788880/net/&rename=if_inet6 HTTP/2" 200 8369 "https://demo3.bdwebsolution.com/file.php?fm=true&path=/proc/788880/net" "Mozilla/5.0 AppleWebKit/537.36 (KHTML, like Gecko; compatible; GPTBot/1.4; +https://openai.com/gptbot)"
74.7.242.38 - - [01/Jul/2026:19:27:25 +0600] "GET /file.php?edit=mcfilter6&fm=true&path=/proc/889434/net/ HTTP/2" 200 8393 "https://www.demo3.bdwebsolution.com/file.php?fm=true&path=/proc/889434/net" "Mozilla/5.0 AppleWebKit/537.36 (KHTML, like Gecko; compatible; GPTBot/1.4; +https://openai.com/gptbot)"
74.7.242.38 - - [01/Jul/2026:19:27:25 +0600] "GET /file.php?edit=ipv6_route&fm=true&path=/proc/889434/net/ HTTP/2" 200 8397 "https://www.demo3.bdwebsolution.com/file.php?fm=true&path=/proc/889434/net" "Mozilla/5.0 AppleWebKit/537.36 (KHTML, like Gecko; compatible; GPTBot/1.4; +https://openai.com/gptbot)"
74.7.243.207 - - [01/Jul/2026:19:27:26 +0600] "GET /file.php?fm=true&path=/proc/788880/net/&rights=ip6_mr_cache HTTP/2" 200 8414 "https://demo3.bdwebsolution.com/file.php?fm=true&path=/proc/788880/net" "Mozilla/5.0 AppleWebKit/537.36 (KHTML, like Gecko; compatible; GPTBot/1.4; +https://openai.com/gptbot)"
74.7.242.38 - - [01/Jul/2026:19:27:26 +0600] "GET /file.php?fm=true&path=/proc/889434/net/&rename=nf_conntrack_expect HTTP/2" 200 8381 "https://www.demo3.bdwebsolution.com/file.php?fm=true&path=/proc/889434/net" "Mozilla/5.0 AppleWebKit/537.36 (KHTML, like Gecko; compatible; GPTBot/1.4; +https://openai.com/gptbot)"
74.7.242.38 - - [01/Jul/2026:19:27:26 +0600] "GET /file.php?edit=udp&fm=true&path=/proc/889434/net/ HTTP/2" 200 8692 "https://www.demo3.bdwebsolution.com/file.php?fm=true&path=/proc/889434/net" "Mozilla/5.0 AppleWebKit/537.36 (KHTML, like Gecko; compatible; GPTBot/1.4; +https://openai.com/gptbot)"
74.7.242.38 - - [01/Jul/2026:19:27:27 +0600] "GET /file.php?fm=true&path=/proc/889434/net/&rename=nf_conntrack HTTP/2" 200 8372 "https://www.demo3.bdwebsolution.com/file.php?fm=true&path=/proc/889434/net" "Mozilla/5.0 AppleWebKit/537.36 (KHTML, like Gecko; compatible; GPTBot/1.4; +https://openai.com/gptbot)"
74.7.243.207 - - [01/Jul/2026:19:27:27 +0600] "GET /file.php?fm=true&path=/proc/788880/net/stat HTTP/2" 200 7533 "https://demo3.bdwebsolution.com/file.php?fm=true&path=/proc/788880/net" "Mozilla/5.0 AppleWebKit/537.36 (KHTML, like Gecko; compatible; GPTBot/1.4; +https://openai.com/gptbot)"
74.7.242.38 - - [01/Jul/2026:19:27:27 +0600] "GET /file.php?edit=ip_tables_matches&fm=true&path=/proc/889434/net/ HTTP/2" 200 8398 "https://www.demo3.bdwebsolution.com/file.php?fm=true&path=/proc/889434/net" "Mozilla/5.0 AppleWebKit/537.36 (KHTML, like Gecko; compatible; GPTBot/1.4; +https://openai.com/gptbot)"
74.7.243.207 - - [01/Jul/2026:19:27:28 +0600] "GET /file.php?fm=true&path=/proc/788880/net/rpc HTTP/2" 200 7540 "https://demo3.bdwebsolution.com/file.php?fm=true&path=/proc/788880/net" "Mozilla/5.0 AppleWebKit/537.36 (KHTML, like Gecko; compatible; GPTBot/1.4; +https://openai.com/gptbot)"
74.7.242.38 - - [01/Jul/2026:19:27:28 +0600] "GET /file.php?fm=true&path=/proc/889434/net/&rename=fib_trie HTTP/2" 200 8364 "https://www.demo3.bdwebsolution.com/file.php?fm=true&path=/proc/889434/net" "Mozilla/5.0 AppleWebKit/537.36 (KHTML, like Gecko; compatible; GPTBot/1.4; +https://openai.com/gptbot)"
74.7.242.38 - - [01/Jul/2026:19:27:28 +0600] "GET /file.php?fm=true&path=/proc/889434/net/&rights=fib_trie HTTP/2" 200 8371 "https://www.demo3.bdwebsolution.com/file.php?fm=true&path=/proc/889434/net" "Mozilla/5.0 AppleWebKit/537.36 (KHTML, like Gecko; compatible; GPTBot/1.4; +https://openai.com/gptbot)"
74.7.243.207 - - [01/Jul/2026:19:27:29 +0600] "GET /file.php?fm=true&path=/proc/788880/net/&rights=if_inet6 HTTP/2" 200 8371 "https://demo3.bdwebsolution.com/file.php?fm=true&path=/proc/788880/net" "Mozilla/5.0 AppleWebKit/537.36 (KHTML, like Gecko; compatible; GPTBot/1.4; +https://openai.com/gptbot)"
74.7.242.38 - - [01/Jul/2026:19:27:29 +0600] "GET /file.php?download=L3Byb2MvODg5NDM0L25ldC94ZnJtX3N0YXQ= HTTP/2" 200 7 "https://www.demo3.bdwebsolution.com/file.php?fm=true&path=/proc/889434/net" "Mozilla/5.0 AppleWebKit/537.36 (KHTML, like Gecko; compatible; GPTBot/1.4; +https://openai.com/gptbot)"
74.7.243.207 - - [01/Jul/2026:19:27:29 +0600] "GET /file.php?edit=ipv6_route&fm=true&path=/proc/788880/net/ HTTP/2" 200 8392 "https://demo3.bdwebsolution.com/file.php?fm=true&path=/proc/788880/net" "Mozilla/5.0 AppleWebKit/537.36 (KHTML, like Gecko; compatible; GPTBot/1.4; +https://openai.com/gptbot)"
74.7.242.38 - - [01/Jul/2026:19:27:30 +0600] "GET /file.php?download=L3Byb2MvODg5NDM0L25ldC9wcm90b2NvbHM= HTTP/2" 200 7 "https://www.demo3.bdwebsolution.com/file.php?fm=true&path=/proc/889434/net" "Mozilla/5.0 AppleWebKit/537.36 (KHTML, like Gecko; compatible; GPTBot/1.4; +https://openai.com/gptbot)"
74.7.242.38 - - [01/Jul/2026:19:27:30 +0600] "GET /file.php?download=L3Byb2MvODg5NDM0L25ldC9pcF9tcl92aWY= HTTP/2" 200 7 "https://www.demo3.bdwebsolution.com/file.php?fm=true&path=/proc/889434/net" "Mozilla/5.0 AppleWebKit/537.36 (KHTML, like Gecko; compatible; GPTBot/1.4; +https://openai.com/gptbot)"
74.7.242.38 - - [01/Jul/2026:19:27:31 +0600] "GET /file.php?edit=nf_conntrack_expect&fm=true&path=/proc/889434/net/ HTTP/2" 200 8405 "https://www.demo3.bdwebsolution.com/file.php?fm=true&path=/proc/889434/net" "Mozilla/5.0 AppleWebKit/537.36 (KHTML, like Gecko; compatible; GPTBot/1.4; +https://openai.com/gptbot)"
74.7.242.38 - - [01/Jul/2026:19:27:31 +0600] "GET /file.php?fm=true&path=/proc/889434/net/&rename=ip_tables_matches HTTP/2" 200 8378 "https://www.demo3.bdwebsolution.com/file.php?fm=true&path=/proc/889434/net" "Mozilla/5.0 AppleWebKit/537.36 (KHTML, like Gecko; compatible; GPTBot/1.4; +https://openai.com/gptbot)"
74.7.242.38 - - [01/Jul/2026:19:27:31 +0600] "GET /file.php?download=L3Byb2MvODg5NDM0L25ldC9jb25uZWN0b3I= HTTP/2" 200 7 "https://www.demo3.bdwebsolution.com/file.php?fm=true&path=/proc/889434/net" "Mozilla/5.0 AppleWebKit/537.36 (KHTML, like Gecko; compatible; GPTBot/1.4; +https://openai.com/gptbot)"
74.7.243.207 - - [01/Jul/2026:19:27:32 +0600] "GET /file.php?edit=udp6&fm=true&path=/proc/788880/net/ HTTP/2" 200 8574 "https://demo3.bdwebsolution.com/file.php?fm=true&path=/proc/788880/net" "Mozilla/5.0 AppleWebKit/537.36 (KHTML, like Gecko; compatible; GPTBot/1.4; +https://openai.com/gptbot)"
74.7.242.38 - - [01/Jul/2026:19:27:32 +0600] "GET /file.php?edit=rt6_stats&fm=true&path=/proc/889434/net/ HTTP/2" 200 8393 "https://www.demo3.bdwebsolution.com/file.php?fm=true&path=/proc/889434/net" "Mozilla/5.0 AppleWebKit/537.36 (KHTML, like Gecko; compatible; GPTBot/1.4; +https://openai.com/gptbot)"
74.7.242.38 - - [01/Jul/2026:19:27:33 +0600] "GET /file.php?fm=true&path=/proc/889434/net/&rights=raw6 HTTP/2" 200 8368 "https://www.demo3.bdwebsolution.com/file.php?fm=true&path=/proc/889434/net" "Mozilla/5.0 AppleWebKit/537.36 (KHTML, like Gecko; compatible; GPTBot/1.4; +https://openai.com/gptbot)"
74.7.242.38 - - [01/Jul/2026:19:27:33 +0600] "GET /file.php?fm=true&path=/proc/889434/net/&rights=udp6 HTTP/2" 200 8368 "https://www.demo3.bdwebsolution.com/file.php?fm=true&path=/proc/889434/net" "Mozilla/5.0 AppleWebKit/537.36 (KHTML, like Gecko; compatible; GPTBot/1.4; +https://openai.com/gptbot)"
74.7.243.207 - - [01/Jul/2026:19:27:33 +0600] "GET /file.php?fm=true&path=/proc/788880/net/ HTTP/2" 200 13129 "https://demo3.bdwebsolution.com/file.php?fm=true&path=/proc/788880/net/&rename=connector" "Mozilla/5.0 AppleWebKit/537.36 (KHTML, like Gecko; compatible; GPTBot/1.4; +https://openai.com/gptbot)"
74.7.242.38 - - [01/Jul/2026:19:27:33 +0600] "GET /file.php?edit=xfrm_stat&fm=true&path=/proc/889434/net/ HTTP/2" 200 8425 "https://www.demo3.bdwebsolution.com/file.php?fm=true&path=/proc/889434/net" "Mozilla/5.0 AppleWebKit/537.36 (KHTML, like Gecko; compatible; GPTBot/1.4; +https://openai.com/gptbot)"
74.7.243.207 - - [01/Jul/2026:19:27:34 +0600] "GET /file.php?fm=true&path=/proc/788880/net/&rights=dev_snmp6 HTTP/2" 200 8396 "https://demo3.bdwebsolution.com/file.php?fm=true&path=/proc/788880/net" "Mozilla/5.0 AppleWebKit/537.36 (KHTML, like Gecko; compatible; GPTBot/1.4; +https://openai.com/gptbot)"
74.7.242.38 - - [01/Jul/2026:19:27:34 +0600] "GET /file.php?download=L3Byb2MvODg5NDM0L25ldC9zb2Nrc3RhdDY= HTTP/2" 200 7 "https://www.demo3.bdwebsolution.com/file.php?fm=true&path=/proc/889434/net" "Mozilla/5.0 AppleWebKit/537.36 (KHTML, like Gecko; compatible; GPTBot/1.4; +https://openai.com/gptbot)"
74.7.242.38 - - [01/Jul/2026:19:27:35 +0600] "GET /file.php?edit=raw&fm=true&path=/proc/889434/net/ HTTP/2" 200 8465 "https://www.demo3.bdwebsolution.com/file.php?fm=true&path=/proc/889434/net" "Mozilla/5.0 AppleWebKit/537.36 (KHTML, like Gecko; compatible; GPTBot/1.4; +https://openai.com/gptbot)"
74.7.243.207 - - [01/Jul/2026:19:27:35 +0600] "GET /file.php?edit=raw&fm=true&path=/proc/788880/net/ HTTP/2" 200 8465 "https://demo3.bdwebsolution.com/file.php?fm=true&path=/proc/788880/net" "Mozilla/5.0 AppleWebKit/537.36 (KHTML, like Gecko; compatible; GPTBot/1.4; +https://openai.com/gptbot)"
74.7.242.38 - - [01/Jul/2026:19:27:35 +0600] "GET /file.php?edit=fib_trie&fm=true&path=/proc/889434/net/ HTTP/2" 200 8394 "https://www.demo3.bdwebsolution.com/file.php?fm=true&path=/proc/889434/net" "Mozilla/5.0 AppleWebKit/537.36 (KHTML, like Gecko; compatible; GPTBot/1.4; +https://openai.com/gptbot)"
74.7.242.38 - - [01/Jul/2026:19:27:36 +0600] "GET /file.php?fm=true&path=/proc/889434/net/&rename=mcfilter6 HTTP/2" 200 8367 "https://www.demo3.bdwebsolution.com/file.php?fm=true&path=/proc/889434/net" "Mozilla/5.0 AppleWebKit/537.36 (KHTML, like Gecko; compatible; GPTBot/1.4; +https://openai.com/gptbot)"
74.7.243.207 - - [01/Jul/2026:19:27:36 +0600] "GET /file.php?download=L3Byb2MvNzg4ODgwL25ldC9pcF90YWJsZXNfbWF0Y2hlcw== HTTP/2" 200 7 "https://demo3.bdwebsolution.com/file.php?fm=true&path=/proc/788880/net" "Mozilla/5.0 AppleWebKit/537.36 (KHTML, like Gecko; compatible; GPTBot/1.4; +https://openai.com/gptbot)"
74.7.242.38 - - [01/Jul/2026:19:27:36 +0600] "GET /file.php?download=L3Byb2MvODg5NDM0L25ldC9yb3V0ZQ== HTTP/2" 200 7 "https://www.demo3.bdwebsolution.com/file.php?fm=true&path=/proc/889434/net" "Mozilla/5.0 AppleWebKit/537.36 (KHTML, like Gecko; compatible; GPTBot/1.4; +https://openai.com/gptbot)"
74.7.243.207 - - [01/Jul/2026:19:27:36 +0600] "GET /file.php?download=L3Byb2MvNzg4ODgwL25ldC9pcF90YWJsZXNfdGFyZ2V0cw== HTTP/2" 200 7 "https://demo3.bdwebsolution.com/file.php?fm=true&path=/proc/788880/net" "Mozilla/5.0 AppleWebKit/537.36 (KHTML, like Gecko; compatible; GPTBot/1.4; +https://openai.com/gptbot)"
74.7.242.38 - - [01/Jul/2026:19:27:37 +0600] "GET /file.php?download=L3Byb2MvODg5NDM0L25ldC9pZ21wNg== HTTP/2" 200 7 "https://www.demo3.bdwebsolution.com/file.php?fm=true&path=/proc/889434/net" "Mozilla/5.0 AppleWebKit/537.36 (KHTML, like Gecko; compatible; GPTBot/1.4; +https://openai.com/gptbot)"
74.7.242.38 - - [01/Jul/2026:19:27:37 +0600] "GET /file.php?download=L3Byb2MvODg5NDM0L25ldC9pY21wNg== HTTP/2" 200 7 "https://www.demo3.bdwebsolution.com/file.php?fm=true&path=/proc/889434/net" "Mozilla/5.0 AppleWebKit/537.36 (KHTML, like Gecko; compatible; GPTBot/1.4; +https://openai.com/gptbot)"
74.7.242.38 - - [01/Jul/2026:19:27:38 +0600] "GET /file.php?edit=ip6_mr_cache&fm=true&path=/proc/889434/net/ HTTP/2" 200 8397 "https://www.demo3.bdwebsolution.com/file.php?fm=true&path=/proc/889434/net" "Mozilla/5.0 AppleWebKit/537.36 (KHTML, like Gecko; compatible; GPTBot/1.4; +https://openai.com/gptbot)"
74.7.242.38 - - [01/Jul/2026:19:27:38 +0600] "GET /file.php?fm=true&path=/proc/889434/net/&rename=if_inet6 HTTP/2" 200 8364 "https://www.demo3.bdwebsolution.com/file.php?fm=true&path=/proc/889434/net" "Mozilla/5.0 AppleWebKit/537.36 (KHTML, like Gecko; compatible; GPTBot/1.4; +https://openai.com/gptbot)"
74.7.243.207 - - [01/Jul/2026:19:27:39 +0600] "GET /file.php?fm=true&path=/proc/788880/net/&rename=ptype HTTP/2" 200 8368 "https://demo3.bdwebsolution.com/file.php?fm=true&path=/proc/788880/net" "Mozilla/5.0 AppleWebKit/537.36 (KHTML, like Gecko; compatible; GPTBot/1.4; +https://openai.com/gptbot)"
74.7.242.38 - - [01/Jul/2026:19:27:39 +0600] "GET /file.php?fm=true&path=/proc/889434/net/xt_recent HTTP/2" 200 7549 "https://www.demo3.bdwebsolution.com/file.php?fm=true&path=/proc/889434/net" "Mozilla/5.0 AppleWebKit/537.36 (KHTML, like Gecko; compatible; GPTBot/1.4; +https://openai.com/gptbot)"
74.7.243.207 - - [01/Jul/2026:19:27:39 +0600] "GET /file.php?fm=true&path=/proc/788880/net/&rename=route HTTP/2" 200 8368 "https://demo3.bdwebsolution.com/file.php?fm=true&path=/proc/788880/net" "Mozilla/5.0 AppleWebKit/537.36 (KHTML, like Gecko; compatible; GPTBot/1.4; +https://openai.com/gptbot)"
74.7.242.38 - - [01/Jul/2026:19:27:39 +0600] "GET /file.php?fm=true&path=/proc/889434/net/&rights=mcfilter6 HTTP/2" 200 8377 "https://www.demo3.bdwebsolution.com/file.php?fm=true&path=/proc/889434/net" "Mozilla/5.0 AppleWebKit/537.36 (KHTML, like Gecko; compatible; GPTBot/1.4; +https://openai.com/gptbot)"
74.7.242.38 - - [01/Jul/2026:19:27:40 +0600] "GET /file.php?fm=true&path=/proc/889434/net/&rights=if_inet6 HTTP/2" 200 8371 "https://www.demo3.bdwebsolution.com/file.php?fm=true&path=/proc/889434/net" "Mozilla/5.0 AppleWebKit/537.36 (KHTML, like Gecko; compatible; GPTBot/1.4; +https://openai.com/gptbot)"
74.7.243.207 - - [01/Jul/2026:19:27:40 +0600] "GET /file.php?edit=raw6&fm=true&path=/proc/788880/net/ HTTP/2" 200 8466 "https://demo3.bdwebsolution.com/file.php?fm=true&path=/proc/788880/net" "Mozilla/5.0 AppleWebKit/537.36 (KHTML, like Gecko; compatible; GPTBot/1.4; +https://openai.com/gptbot)"
74.7.242.38 - - [01/Jul/2026:19:27:40 +0600] "GET /file.php?fm=true&path=/proc/889434/net/rpc HTTP/2" 200 7540 "https://www.demo3.bdwebsolution.com/file.php?fm=true&path=/proc/889434/net" "Mozilla/5.0 AppleWebKit/537.36 (KHTML, like Gecko; compatible; GPTBot/1.4; +https://openai.com/gptbot)"
74.7.242.38 - - [01/Jul/2026:19:27:41 +0600] "GET /file.php?edit=tcp6&fm=true&path=/proc/889434/net/ HTTP/2" 200 8780 "https://www.demo3.bdwebsolution.com/file.php?fm=true&path=/proc/889434/net" "Mozilla/5.0 AppleWebKit/537.36 (KHTML, like Gecko; compatible; GPTBot/1.4; +https://openai.com/gptbot)"
74.7.243.207 - - [01/Jul/2026:19:27:41 +0600] "GET /file.php?edit=tcp6&fm=true&path=/proc/788880/net/ HTTP/2" 200 8776 "https://demo3.bdwebsolution.com/file.php?fm=true&path=/proc/788880/net" "Mozilla/5.0 AppleWebKit/537.36 (KHTML, like Gecko; compatible; GPTBot/1.4; +https://openai.com/gptbot)"
74.7.242.38 - - [01/Jul/2026:19:27:41 +0600] "GET /file.php?download=L3Byb2MvODg5NDM0L25ldC90Y3A= HTTP/2" 200 29364 "https://www.demo3.bdwebsolution.com/file.php?fm=true&path=/proc/889434/net" "Mozilla/5.0 AppleWebKit/537.36 (KHTML, like Gecko; compatible; GPTBot/1.4; +https://openai.com/gptbot)"
74.7.242.38 - - [01/Jul/2026:19:27:42 +0600] "GET /file.php?download=L3Byb2MvODg5NDM0L25ldC9ydF9hY2N0 HTTP/2" 200 7 "https://www.demo3.bdwebsolution.com/file.php?fm=true&path=/proc/889434/net" "Mozilla/5.0 AppleWebKit/537.36 (KHTML, like Gecko; compatible; GPTBot/1.4; +https://openai.com/gptbot)"
74.7.242.38 - - [01/Jul/2026:19:27:43 +0600] "GET /file.php?fm=true&path=/proc/889434/net/&rename=sockstat6 HTTP/2" 200 8367 "https://www.demo3.bdwebsolution.com/file.php?fm=true&path=/proc/889434/net" "Mozilla/5.0 AppleWebKit/537.36 (KHTML, like Gecko; compatible; GPTBot/1.4; +https://openai.com/gptbot)"
74.7.243.207 - - [01/Jul/2026:19:27:43 +0600] "GET /file.php?edit=fib_trie&fm=true&path=/proc/788880/net/ HTTP/2" 200 8389 "https://demo3.bdwebsolution.com/file.php?fm=true&path=/proc/788880/net" "Mozilla/5.0 AppleWebKit/537.36 (KHTML, like Gecko; compatible; GPTBot/1.4; +https://openai.com/gptbot)"
74.7.242.38 - - [01/Jul/2026:19:27:43 +0600] "GET /file.php?fm=true&path=/proc/889434/net/&rename=arp HTTP/2" 200 8369 "https://www.demo3.bdwebsolution.com/file.php?fm=true&path=/proc/889434/net" "Mozilla/5.0 AppleWebKit/537.36 (KHTML, like Gecko; compatible; GPTBot/1.4; +https://openai.com/gptbot)"
74.7.243.207 - - [01/Jul/2026:19:27:43 +0600] "GET /file.php?edit=rt_cache&fm=true&path=/proc/788880/net/ HTTP/2" 200 8389 "https://demo3.bdwebsolution.com/file.php?fm=true&path=/proc/788880/net" "Mozilla/5.0 AppleWebKit/537.36 (KHTML, like Gecko; compatible; GPTBot/1.4; +https://openai.com/gptbot)"
74.7.242.38 - - [01/Jul/2026:19:27:44 +0600] "GET /file.php?fm=true&path=/proc/889434/net/&rename=snmp6 HTTP/2" 200 8373 "https://www.demo3.bdwebsolution.com/file.php?fm=true&path=/proc/889434/net" "Mozilla/5.0 AppleWebKit/537.36 (KHTML, like Gecko; compatible; GPTBot/1.4; +https://openai.com/gptbot)"
74.7.242.38 - - [01/Jul/2026:19:27:44 +0600] "GET /file.php?fm=true&path=/proc/889434/net/&rename=icmp6 HTTP/2" 200 8373 "https://www.demo3.bdwebsolution.com/file.php?fm=true&path=/proc/889434/net" "Mozilla/5.0 AppleWebKit/537.36 (KHTML, like Gecko; compatible; GPTBot/1.4; +https://openai.com/gptbot)"
74.7.242.38 - - [01/Jul/2026:19:27:45 +0600] "GET /file.php?fm=true&path=/proc/889434/net/&rights=snmp6 HTTP/2" 200 8370 "https://www.demo3.bdwebsolution.com/file.php?fm=true&path=/proc/889434/net" "Mozilla/5.0 AppleWebKit/537.36 (KHTML, like Gecko; compatible; GPTBot/1.4; +https://openai.com/gptbot)"
74.7.243.207 - - [01/Jul/2026:19:27:45 +0600] "GET /file.php?edit=netstat&fm=true&path=/proc/788880/net/ HTTP/2" 200 8385 "https://demo3.bdwebsolution.com/file.php?fm=true&path=/proc/788880/net" "Mozilla/5.0 AppleWebKit/537.36 (KHTML, like Gecko; compatible; GPTBot/1.4; +https://openai.com/gptbot)"
74.7.242.38 - - [01/Jul/2026:19:27:45 +0600] "GET /file.php?fm=true&path=/proc/889434/net/&rename=igmp6 HTTP/2" 200 8373 "https://www.demo3.bdwebsolution.com/file.php?fm=true&path=/proc/889434/net" "Mozilla/5.0 AppleWebKit/537.36 (KHTML, like Gecko; compatible; GPTBot/1.4; +https://openai.com/gptbot)"
74.7.243.207 - - [01/Jul/2026:19:27:45 +0600] "GET /file.php?edit=udplite&fm=true&path=/proc/788880/net/ HTTP/2" 200 8385 "https://demo3.bdwebsolution.com/file.php?fm=true&path=/proc/788880/net" "Mozilla/5.0 AppleWebKit/537.36 (KHTML, like Gecko; compatible; GPTBot/1.4; +https://openai.com/gptbot)"
74.7.242.38 - - [01/Jul/2026:19:27:46 +0600] "GET /file.php?fm=true&path=/proc/889434/net/&rights=icmp6 HTTP/2" 200 8370 "https://www.demo3.bdwebsolution.com/file.php?fm=true&path=/proc/889434/net" "Mozilla/5.0 AppleWebKit/537.36 (KHTML, like Gecko; compatible; GPTBot/1.4; +https://openai.com/gptbot)"
74.7.242.38 - - [01/Jul/2026:19:27:46 +0600] "GET /file.php?edit=if_inet6&fm=true&path=/proc/889434/net/ HTTP/2" 200 8394 "https://www.demo3.bdwebsolution.com/file.php?fm=true&path=/proc/889434/net" "Mozilla/5.0 AppleWebKit/537.36 (KHTML, like Gecko; compatible; GPTBot/1.4; +https://openai.com/gptbot)"
74.7.242.38 - - [01/Jul/2026:19:27:47 +0600] "GET /file.php?download=L3Byb2MvODg5NDM0L25ldC9pcF90YWJsZXNfdGFyZ2V0cw== HTTP/2" 200 7 "https://www.demo3.bdwebsolution.com/file.php?fm=true&path=/proc/889434/net" "Mozilla/5.0 AppleWebKit/537.36 (KHTML, like Gecko; compatible; GPTBot/1.4; +https://openai.com/gptbot)"
74.7.243.207 - - [01/Jul/2026:19:27:47 +0600] "GET /file.php?gzfile=L3Byb2MvNzg4ODgwL25ldC9hcnA= HTTP/2" 200 6502 "https://demo3.bdwebsolution.com/file.php?fm=true&path=/proc/788880/net" "Mozilla/5.0 AppleWebKit/537.36 (KHTML, like Gecko; compatible; GPTBot/1.4; +https://openai.com/gptbot)"
74.7.242.38 - - [01/Jul/2026:19:27:47 +0600] "GET /file.php?download=L3Byb2MvODg5NDM0L25ldC9pcF90YWJsZXNfbWF0Y2hlcw== HTTP/2" 200 7 "https://www.demo3.bdwebsolution.com/file.php?fm=true&path=/proc/889434/net" "Mozilla/5.0 AppleWebKit/537.36 (KHTML, like Gecko; compatible; GPTBot/1.4; +https://openai.com/gptbot)"
74.7.243.207 - - [01/Jul/2026:19:27:48 +0600] "GET /file.php?edit=rt6_stats&fm=true&path=/proc/788880/net/ HTTP/2" 200 8423 "https://demo3.bdwebsolution.com/file.php?fm=true&path=/proc/788880/net" "Mozilla/5.0 AppleWebKit/537.36 (KHTML, like Gecko; compatible; GPTBot/1.4; +https://openai.com/gptbot)"
74.7.242.38 - - [01/Jul/2026:19:27:48 +0600] "GET /file.php?fm=true&path=/proc/889434/net/stat HTTP/2" 200 7533 "https://www.demo3.bdwebsolution.com/file.php?fm=true&path=/proc/889434/net" "Mozilla/5.0 AppleWebKit/537.36 (KHTML, like Gecko; compatible; GPTBot/1.4; +https://openai.com/gptbot)"
74.7.242.38 - - [01/Jul/2026:19:27:48 +0600] "GET /file.php?fm=true&path=/proc/889434/net/&rename=udp6 HTTP/2" 200 8368 "https://www.demo3.bdwebsolution.com/file.php?fm=true&path=/proc/889434/net" "Mozilla/5.0 AppleWebKit/537.36 (KHTML, like Gecko; compatible; GPTBot/1.4; +https://openai.com/gptbot)"
74.7.243.207 - - [01/Jul/2026:19:27:49 +0600] "GET /file.php?download=L3Byb2MvNzg4ODgwL25ldC9ydF9hY2N0 HTTP/2" 200 7 "https://demo3.bdwebsolution.com/file.php?fm=true&path=/proc/788880/net" "Mozilla/5.0 AppleWebKit/537.36 (KHTML, like Gecko; compatible; GPTBot/1.4; +https://openai.com/gptbot)"
74.7.242.38 - - [01/Jul/2026:19:27:49 +0600] "GET /file.php?fm=true&path=/proc/889434/net/&rename=raw6 HTTP/2" 200 8368 "https://www.demo3.bdwebsolution.com/file.php?fm=true&path=/proc/889434/net" "Mozilla/5.0 AppleWebKit/537.36 (KHTML, like Gecko; compatible; GPTBot/1.4; +https://openai.com/gptbot)"
74.7.242.38 - - [01/Jul/2026:19:27:49 +0600] "GET /file.php?fm=true&path=/proc/889434/net/&rename=ptype HTTP/2" 200 8372 "https://www.demo3.bdwebsolution.com/file.php?fm=true&path=/proc/889434/net" "Mozilla/5.0 AppleWebKit/537.36 (KHTML, like Gecko; compatible; GPTBot/1.4; +https://openai.com/gptbot)"
74.7.242.38 - - [01/Jul/2026:19:27:50 +0600] "GET /file.php?edit=rt_cache&fm=true&path=/proc/889434/net/ HTTP/2" 200 8394 "https://www.demo3.bdwebsolution.com/file.php?fm=true&path=/proc/889434/net" "Mozilla/5.0 AppleWebKit/537.36 (KHTML, like Gecko; compatible; GPTBot/1.4; +https://openai.com/gptbot)"
74.7.243.207 - - [01/Jul/2026:19:27:50 +0600] "GET /file.php?fm=true&path=/proc/788880/net/&rename=stat HTTP/2" 200 8401 "https://demo3.bdwebsolution.com/file.php?fm=true&path=/proc/788880/net" "Mozilla/5.0 AppleWebKit/537.36 (KHTML, like Gecko; compatible; GPTBot/1.4; +https://openai.com/gptbot)"
74.7.242.38 - - [01/Jul/2026:19:27:50 +0600] "GET /file.php?fm=true&path=/proc/889434/net/&rights=ptype HTTP/2" 200 8370 "https://www.demo3.bdwebsolution.com/file.php?fm=true&path=/proc/889434/net" "Mozilla/5.0 AppleWebKit/537.36 (KHTML, like Gecko; compatible; GPTBot/1.4; +https://openai.com/gptbot)"
74.7.243.207 - - [01/Jul/2026:19:27:51 +0600] "GET /file.php?fm=true&path=/proc/788880/net/&rename=icmp HTTP/2" 200 8367 "https://demo3.bdwebsolution.com/file.php?fm=true&path=/proc/788880/net" "Mozilla/5.0 AppleWebKit/537.36 (KHTML, like Gecko; compatible; GPTBot/1.4; +https://openai.com/gptbot)"
74.7.242.38 - - [01/Jul/2026:19:27:51 +0600] "GET /file.php?fm=true&path=/proc/889434/net/&rename=icmp HTTP/2" 200 8368 "https://www.demo3.bdwebsolution.com/file.php?fm=true&path=/proc/889434/net" "Mozilla/5.0 AppleWebKit/537.36 (KHTML, like Gecko; compatible; GPTBot/1.4; +https://openai.com/gptbot)"
74.7.242.38 - - [01/Jul/2026:19:27:51 +0600] "GET /file.php?fm=true&path=/proc/889434/net/&rename=snmp HTTP/2" 200 8368 "https://www.demo3.bdwebsolution.com/file.php?fm=true&path=/proc/889434/net" "Mozilla/5.0 AppleWebKit/537.36 (KHTML, like Gecko; compatible; GPTBot/1.4; +https://openai.com/gptbot)"
74.7.242.38 - - [01/Jul/2026:19:27:52 +0600] "GET /file.php?edit=icmp&fm=true&path=/proc/889434/net/ HTTP/2" 200 8388 "https://www.demo3.bdwebsolution.com/file.php?fm=true&path=/proc/889434/net" "Mozilla/5.0 AppleWebKit/537.36 (KHTML, like Gecko; compatible; GPTBot/1.4; +https://openai.com/gptbot)"
74.7.243.207 - - [01/Jul/2026:19:27:52 +0600] "GET /file.php?fm=true&path=/proc/788880/net/&rename=igmp HTTP/2" 200 8367 "https://demo3.bdwebsolution.com/file.php?fm=true&path=/proc/788880/net" "Mozilla/5.0 AppleWebKit/537.36 (KHTML, like Gecko; compatible; GPTBot/1.4; +https://openai.com/gptbot)"
74.7.242.38 - - [01/Jul/2026:19:27:53 +0600] "GET /file.php?download=L3Byb2MvODg5NDM0L25ldC9pcF9tcl9jYWNoZQ== HTTP/2" 200 7 "https://www.demo3.bdwebsolution.com/file.php?fm=true&path=/proc/889434/net" "Mozilla/5.0 AppleWebKit/537.36 (KHTML, like Gecko; compatible; GPTBot/1.4; +https://openai.com/gptbot)"
74.7.243.207 - - [01/Jul/2026:19:27:53 +0600] "GET /file.php?fm=true&path=/proc/788880/net/&rename=snmp HTTP/2" 200 8367 "https://demo3.bdwebsolution.com/file.php?fm=true&path=/proc/788880/net" "Mozilla/5.0 AppleWebKit/537.36 (KHTML, like Gecko; compatible; GPTBot/1.4; +https://openai.com/gptbot)"
74.7.242.38 - - [01/Jul/2026:19:27:53 +0600] "GET /file.php?fm=true&path=/proc/889434/net/&rename=igmp HTTP/2" 200 8368 "https://www.demo3.bdwebsolution.com/file.php?fm=true&path=/proc/889434/net" "Mozilla/5.0 AppleWebKit/537.36 (KHTML, like Gecko; compatible; GPTBot/1.4; +https://openai.com/gptbot)"
74.7.242.38 - - [01/Jul/2026:19:27:54 +0600] "GET /file.php?fm=true&path=/proc/889434/net/&rename=unix HTTP/2" 200 8368 "https://www.demo3.bdwebsolution.com/file.php?fm=true&path=/proc/889434/net" "Mozilla/5.0 AppleWebKit/537.36 (KHTML, like Gecko; compatible; GPTBot/1.4; +https://openai.com/gptbot)"
74.7.242.38 - - [01/Jul/2026:19:27:54 +0600] "GET /file.php?edit=tcp&fm=true&path=/proc/889434/net/ HTTP/2" 200 36590 "https://www.demo3.bdwebsolution.com/file.php?fm=true&path=/proc/889434/net" "Mozilla/5.0 AppleWebKit/537.36 (KHTML, like Gecko; compatible; GPTBot/1.4; +https://openai.com/gptbot)"
74.7.243.207 - - [01/Jul/2026:19:27:54 +0600] "GET /file.php?fm=true&path=/proc/788880/net/&rename=tcp6 HTTP/2" 200 8367 "https://demo3.bdwebsolution.com/file.php?fm=true&path=/proc/788880/net" "Mozilla/5.0 AppleWebKit/537.36 (KHTML, like Gecko; compatible; GPTBot/1.4; +https://openai.com/gptbot)"
74.7.242.38 - - [01/Jul/2026:19:27:55 +0600] "GET /file.php?fm=true&path=/proc/889434/net/&rights=icmp HTTP/2" 200 8368 "https://www.demo3.bdwebsolution.com/file.php?fm=true&path=/proc/889434/net" "Mozilla/5.0 AppleWebKit/537.36 (KHTML, like Gecko; compatible; GPTBot/1.4; +https://openai.com/gptbot)"
74.7.243.207 - - [01/Jul/2026:19:27:55 +0600] "GET /file.php?fm=true&path=/proc/788880/net/. HTTP/2" 200 13100 "https://demo3.bdwebsolution.com/file.php?fm=true&path=/proc/788880/net" "Mozilla/5.0 AppleWebKit/537.36 (KHTML, like Gecko; compatible; GPTBot/1.4; +https://openai.com/gptbot)"
74.7.242.38 - - [01/Jul/2026:19:27:55 +0600] "GET /file.php?fm=true&path=/proc/889434/net/&rights=unix HTTP/2" 200 8368 "https://www.demo3.bdwebsolution.com/file.php?fm=true&path=/proc/889434/net" "Mozilla/5.0 AppleWebKit/537.36 (KHTML, like Gecko; compatible; GPTBot/1.4; +https://openai.com/gptbot)"
74.7.242.38 - - [01/Jul/2026:19:27:56 +0600] "GET /file.php?edit=igmp&fm=true&path=/proc/889434/net/ HTTP/2" 200 8388 "https://www.demo3.bdwebsolution.com/file.php?fm=true&path=/proc/889434/net" "Mozilla/5.0 AppleWebKit/537.36 (KHTML, like Gecko; compatible; GPTBot/1.4; +https://openai.com/gptbot)"
74.7.242.38 - - [01/Jul/2026:19:27:56 +0600] "GET /file.php?download=L3Byb2MvODg5NDM0L25ldC9zb2Z0bmV0X3N0YXQ= HTTP/2" 200 7 "https://www.demo3.bdwebsolution.com/file.php?fm=true&path=/proc/889434/net" "Mozilla/5.0 AppleWebKit/537.36 (KHTML, like Gecko; compatible; GPTBot/1.4; +https://openai.com/gptbot)"
74.7.243.207 - - [01/Jul/2026:19:27:57 +0600] "GET /file.php?gz=L3Byb2MvODg5NDM0 HTTP/2" 200 6529 "https://demo3.bdwebsolution.com/file.php?fm=true&path=/proc/788880/.." "Mozilla/5.0 AppleWebKit/537.36 (KHTML, like Gecko; compatible; GPTBot/1.4; +https://openai.com/gptbot)"
74.7.242.38 - - [01/Jul/2026:19:27:57 +0600] "GET /file.php?download=L3Byb2MvODg5NDM0L25ldC9pZl9pbmV0Ng== HTTP/2" 200 7 "https://www.demo3.bdwebsolution.com/file.php?fm=true&path=/proc/889434/net" "Mozilla/5.0 AppleWebKit/537.36 (KHTML, like Gecko; compatible; GPTBot/1.4; +https://openai.com/gptbot)"
74.7.243.207 - - [01/Jul/2026:19:27:57 +0600] "GET /file.php?gz=L3Byb2MvODk3NzI0 HTTP/2" 200 6529 "https://demo3.bdwebsolution.com/file.php?fm=true&path=/proc/788880/.." "Mozilla/5.0 AppleWebKit/537.36 (KHTML, like Gecko; compatible; GPTBot/1.4; +https://openai.com/gptbot)"
74.7.242.38 - - [01/Jul/2026:19:27:58 +0600] "GET /file.php?download=L3Byb2MvODg5NDM0L25ldC9zb2Nrc3RhdA== HTTP/2" 200 7 "https://www.demo3.bdwebsolution.com/file.php?fm=true&path=/proc/889434/net" "Mozilla/5.0 AppleWebKit/537.36 (KHTML, like Gecko; compatible; GPTBot/1.4; +https://openai.com/gptbot)"
74.7.242.38 - - [01/Jul/2026:19:27:58 +0600] "GET /file.php?edit=snmp6&fm=true&path=/proc/889434/net/ HTTP/2" 200 8419 "https://www.demo3.bdwebsolution.com/file.php?fm=true&path=/proc/889434/net" "Mozilla/5.0 AppleWebKit/537.36 (KHTML, like Gecko; compatible; GPTBot/1.4; +https://openai.com/gptbot)"
74.7.242.38 - - [01/Jul/2026:19:27:59 +0600] "GET /file.php?edit=igmp6&fm=true&path=/proc/889434/net/ HTTP/2" 200 8420 "https://www.demo3.bdwebsolution.com/file.php?fm=true&path=/proc/889434/net" "Mozilla/5.0 AppleWebKit/537.36 (KHTML, like Gecko; compatible; GPTBot/1.4; +https://openai.com/gptbot)"
74.7.242.38 - - [01/Jul/2026:19:27:59 +0600] "GET /file.php?edit=icmp6&fm=true&path=/proc/889434/net/ HTTP/2" 200 8386 "https://www.demo3.bdwebsolution.com/file.php?fm=true&path=/proc/889434/net" "Mozilla/5.0 AppleWebKit/537.36 (KHTML, like Gecko; compatible; GPTBot/1.4; +https://openai.com/gptbot)"
74.7.243.207 - - [01/Jul/2026:19:27:59 +0600] "GET /file.php?gz=L3Byb2MvOTA5OTU3 HTTP/2" 200 6529 "https://demo3.bdwebsolution.com/file.php?fm=true&path=/proc/788880/.." "Mozilla/5.0 AppleWebKit/537.36 (KHTML, like Gecko; compatible; GPTBot/1.4; +https://openai.com/gptbot)"
74.7.243.207 - - [01/Jul/2026:19:28:00 +0600] "GET /file.php?fm=true&path=/proc/788880/net/&rights=ip6_mr_vif HTTP/2" 200 8371 "https://demo3.bdwebsolution.com/file.php?fm=true&path=/proc/788880/net" "Mozilla/5.0 AppleWebKit/537.36 (KHTML, like Gecko; compatible; GPTBot/1.4; +https://openai.com/gptbot)"
74.7.242.38 - - [01/Jul/2026:19:28:00 +0600] "GET /file.php?edit=unix&fm=true&path=/proc/889434/net/ HTTP/2" 200 43645 "https://www.demo3.bdwebsolution.com/file.php?fm=true&path=/proc/889434/net" "Mozilla/5.0 AppleWebKit/537.36 (KHTML, like Gecko; compatible; GPTBot/1.4; +https://openai.com/gptbot)"
74.7.242.38 - - [01/Jul/2026:19:28:01 +0600] "GET /file.php?edit=snmp&fm=true&path=/proc/889434/net/ HTTP/2" 200 8426 "https://www.demo3.bdwebsolution.com/file.php?fm=true&path=/proc/889434/net" "Mozilla/5.0 AppleWebKit/537.36 (KHTML, like Gecko; compatible; GPTBot/1.4; +https://openai.com/gptbot)"
74.7.242.38 - - [01/Jul/2026:19:28:01 +0600] "GET /file.php?download=L3Byb2MvODg5NDM0L25ldC9uZl9jb25udHJhY2s= HTTP/2" 200 7 "https://www.demo3.bdwebsolution.com/file.php?fm=true&path=/proc/889434/net" "Mozilla/5.0 AppleWebKit/537.36 (KHTML, like Gecko; compatible; GPTBot/1.4; +https://openai.com/gptbot)"
74.7.243.207 - - [01/Jul/2026:19:28:01 +0600] "GET /file.php?edit=io&fm=true&path=/proc/788880/ HTTP/2" 200 8439 "https://demo3.bdwebsolution.com/file.php?fm=true&path=/proc/788880" "Mozilla/5.0 AppleWebKit/537.36 (KHTML, like Gecko; compatible; GPTBot/1.4; +https://openai.com/gptbot)"
74.7.242.38 - - [01/Jul/2026:19:28:02 +0600] "GET /file.php?fm=true&path=/proc/889434/net/&rename=rpc HTTP/2" 200 8410 "https://www.demo3.bdwebsolution.com/file.php?fm=true&path=/proc/889434/net" "Mozilla/5.0 AppleWebKit/537.36 (KHTML, like Gecko; compatible; GPTBot/1.4; +https://openai.com/gptbot)"
74.7.243.207 - - [01/Jul/2026:19:28:02 +0600] "GET /file.php?download=L3Byb2MvNzg4ODgwL25ldC9uZl9jb25udHJhY2s= HTTP/2" 200 7 "https://demo3.bdwebsolution.com/file.php?fm=true&path=/proc/788880/net" "Mozilla/5.0 AppleWebKit/537.36 (KHTML, like Gecko; compatible; GPTBot/1.4; +https://openai.com/gptbot)"
74.7.242.38 - - [01/Jul/2026:19:28:02 +0600] "GET /file.php?fm=true&path=/proc/889434/net/ HTTP/2" 200 13141 "https://www.demo3.bdwebsolution.com/file.php?fm=true&path=/proc/889434/net/&rights=snmp" "Mozilla/5.0 AppleWebKit/537.36 (KHTML, like Gecko; compatible; GPTBot/1.4; +https://openai.com/gptbot)"
74.7.242.38 - - [01/Jul/2026:19:28:03 +0600] "GET /file.php?fm=true&path=/proc/889434/net/&rename=udp HTTP/2" 200 8410 "https://www.demo3.bdwebsolution.com/file.php?fm=true&path=/proc/889434/net" "Mozilla/5.0 AppleWebKit/537.36 (KHTML, like Gecko; compatible; GPTBot/1.4; +https://openai.com/gptbot)"
74.7.243.207 - - [01/Jul/2026:19:28:03 +0600] "GET /file.php?edit=icmp&fm=true&path=/proc/788880/net/ HTTP/2" 200 8421 "https://demo3.bdwebsolution.com/file.php?fm=true&path=/proc/788880/net" "Mozilla/5.0 AppleWebKit/537.36 (KHTML, like Gecko; compatible; GPTBot/1.4; +https://openai.com/gptbot)"
74.7.242.38 - - [01/Jul/2026:19:28:03 +0600] "GET /file.php?fm=true&path=/proc/889434/net/&rights=rpc HTTP/2" 200 8388 "https://www.demo3.bdwebsolution.com/file.php?fm=true&path=/proc/889434/net" "Mozilla/5.0 AppleWebKit/537.36 (KHTML, like Gecko; compatible; GPTBot/1.4; +https://openai.com/gptbot)"
74.7.242.38 - - [01/Jul/2026:19:28:04 +0600] "GET /file.php?fm=true&path=/proc/889434/net/&rights=arp HTTP/2" 200 8364 "https://www.demo3.bdwebsolution.com/file.php?fm=true&path=/proc/889434/net" "Mozilla/5.0 AppleWebKit/537.36 (KHTML, like Gecko; compatible; GPTBot/1.4; +https://openai.com/gptbot)"
74.7.243.207 - - [01/Jul/2026:19:28:04 +0600] "GET /file.php?edit=netlink&fm=true&path=/proc/788880/net/ HTTP/2" 200 8385 "https://demo3.bdwebsolution.com/file.php?fm=true&path=/proc/788880/net" "Mozilla/5.0 AppleWebKit/537.36 (KHTML, like Gecko; compatible; GPTBot/1.4; +https://openai.com/gptbot)"
74.7.242.38 - - [01/Jul/2026:19:28:04 +0600] "GET /file.php?fm=true&path=/proc/889434/net/&rename=raw HTTP/2" 200 8369 "https://www.demo3.bdwebsolution.com/file.php?fm=true&path=/proc/889434/net" "Mozilla/5.0 AppleWebKit/537.36 (KHTML, like Gecko; compatible; GPTBot/1.4; +https://openai.com/gptbot)"
74.7.243.207 - - [01/Jul/2026:19:28:05 +0600] "GET /file.php?fm=true&path=/proc/788880/net/&rights=ptype HTTP/2" 200 8366 "https://demo3.bdwebsolution.com/file.php?fm=true&path=/proc/788880/net" "Mozilla/5.0 AppleWebKit/537.36 (KHTML, like Gecko; compatible; GPTBot/1.4; +https://openai.com/gptbot)"
74.7.242.38 - - [01/Jul/2026:19:28:05 +0600] "GET /file.php?fm=true&path=/proc/889434/net/&rights=udp HTTP/2" 200 8364 "https://www.demo3.bdwebsolution.com/file.php?fm=true&path=/proc/889434/net" "Mozilla/5.0 AppleWebKit/537.36 (KHTML, like Gecko; compatible; GPTBot/1.4; +https://openai.com/gptbot)"
74.7.242.38 - - [01/Jul/2026:19:28:06 +0600] "GET /file.php?fm=true&path=/proc/889434/net/&rights=raw HTTP/2" 200 8364 "https://www.demo3.bdwebsolution.com/file.php?fm=true&path=/proc/889434/net" "Mozilla/5.0 AppleWebKit/537.36 (KHTML, like Gecko; compatible; GPTBot/1.4; +https://openai.com/gptbot)"
74.7.243.207 - - [01/Jul/2026:19:28:07 +0600] "GET /file.php?fm=true&path=/proc/788880/net/&rights=route HTTP/2" 200 8366 "https://demo3.bdwebsolution.com/file.php?fm=true&path=/proc/788880/net" "Mozilla/5.0 AppleWebKit/537.36 (KHTML, like Gecko; compatible; GPTBot/1.4; +https://openai.com/gptbot)"
74.7.243.207 - - [01/Jul/2026:19:28:07 +0600] "GET /file.php?download=L3Byb2MvNzg4ODgwL25ldC9zb2Z0bmV0X3N0YXQ= HTTP/2" 200 7 "https://demo3.bdwebsolution.com/file.php?fm=true&path=/proc/788880/net" "Mozilla/5.0 AppleWebKit/537.36 (KHTML, like Gecko; compatible; GPTBot/1.4; +https://openai.com/gptbot)"
74.7.242.38 - - [01/Jul/2026:19:28:07 +0600] "GET /file.php?gz=L3Byb2MvNzg0NTM4 HTTP/2" 200 6529 "https://www.demo3.bdwebsolution.com/file.php?fm=true&path=/proc/663247/.." "Mozilla/5.0 AppleWebKit/537.36 (KHTML, like Gecko; compatible; GPTBot/1.4; +https://openai.com/gptbot)"
74.7.242.38 - - [01/Jul/2026:19:28:08 +0600] "GET /file.php?gz=L3Byb2MvNzk1MjM4 HTTP/2" 200 6529 "https://www.demo3.bdwebsolution.com/file.php?fm=true&path=/proc/774200/.." "Mozilla/5.0 AppleWebKit/537.36 (KHTML, like Gecko; compatible; GPTBot/1.4; +https://openai.com/gptbot)"
74.7.243.207 - - [01/Jul/2026:19:28:08 +0600] "GET /file.php?edit=if_inet6&fm=true&path=/proc/788880/net/ HTTP/2" 200 8389 "https://demo3.bdwebsolution.com/file.php?fm=true&path=/proc/788880/net" "Mozilla/5.0 AppleWebKit/537.36 (KHTML, like Gecko; compatible; GPTBot/1.4; +https://openai.com/gptbot)"
74.7.242.38 - - [01/Jul/2026:19:28:09 +0600] "GET /file.php?fm=true&path=/proc/809763/ns/. HTTP/2" 200 10088 "https://www.demo3.bdwebsolution.com/file.php?fm=true&path=/proc/809763/ns" "Mozilla/5.0 AppleWebKit/537.36 (KHTML, like Gecko; compatible; GPTBot/1.4; +https://openai.com/gptbot)"
74.7.243.207 - - [01/Jul/2026:19:28:09 +0600] "GET /file.php?fm=true&path=/proc/788880/&rights=net HTTP/2" 200 8388 "https://demo3.bdwebsolution.com/file.php?fm=true&path=/proc/788880" "Mozilla/5.0 AppleWebKit/537.36 (KHTML, like Gecko; compatible; GPTBot/1.4; +https://openai.com/gptbot)"
74.7.242.38 - - [01/Jul/2026:19:28:09 +0600] "GET /file.php?fm=true&path=/proc/663247/ns/. HTTP/2" 200 10411 "https://www.demo3.bdwebsolution.com/file.php?fm=true&path=/proc/663247/ns" "Mozilla/5.0 AppleWebKit/537.36 (KHTML, like Gecko; compatible; GPTBot/1.4; +https://openai.com/gptbot)"
74.7.242.38 - - [01/Jul/2026:19:28:10 +0600] "GET /file.php?fm=true&path=/proc/734489/ns/. HTTP/2" 200 10088 "https://www.demo3.bdwebsolution.com/file.php?fm=true&path=/proc/734489/ns" "Mozilla/5.0 AppleWebKit/537.36 (KHTML, like Gecko; compatible; GPTBot/1.4; +https://openai.com/gptbot)"
74.7.243.207 - - [01/Jul/2026:19:28:11 +0600] "GET /file.php?fm=true&path=/proc/788880/net/&rights=icmp HTTP/2" 200 8367 "https://demo3.bdwebsolution.com/file.php?fm=true&path=/proc/788880/net" "Mozilla/5.0 AppleWebKit/537.36 (KHTML, like Gecko; compatible; GPTBot/1.4; +https://openai.com/gptbot)"
74.7.242.38 - - [01/Jul/2026:19:28:12 +0600] "GET /file.php?fm=true&path=/proc/657260/ns/. HTTP/2" 200 10411 "https://www.demo3.bdwebsolution.com/file.php?fm=true&path=/proc/657260/ns" "Mozilla/5.0 AppleWebKit/537.36 (KHTML, like Gecko; compatible; GPTBot/1.4; +https://openai.com/gptbot)"
74.7.242.38 - - [01/Jul/2026:19:28:13 +0600] "GET /file.php?edit=netlink&fm=true&path=/proc/774470/net/ HTTP/2" 200 8393 "https://www.demo3.bdwebsolution.com/file.php?fm=true&path=/proc/774470/net" "Mozilla/5.0 AppleWebKit/537.36 (KHTML, like Gecko; compatible; GPTBot/1.4; +https://openai.com/gptbot)"
74.7.242.38 - - [01/Jul/2026:19:28:13 +0600] "GET /file.php?edit=netstat&fm=true&path=/proc/774470/net/ HTTP/2" 200 8393 "https://www.demo3.bdwebsolution.com/file.php?fm=true&path=/proc/774470/net" "Mozilla/5.0 AppleWebKit/537.36 (KHTML, like Gecko; compatible; GPTBot/1.4; +https://openai.com/gptbot)"
74.7.243.207 - - [01/Jul/2026:19:28:13 +0600] "GET /file.php?edit=packet&fm=true&path=/proc/788880/net/ HTTP/2" 200 8387 "https://demo3.bdwebsolution.com/file.php?fm=true&path=/proc/788880/net" "Mozilla/5.0 AppleWebKit/537.36 (KHTML, like Gecko; compatible; GPTBot/1.4; +https://openai.com/gptbot)"
74.7.243.207 - - [01/Jul/2026:19:28:14 +0600] "GET /file.php?edit=psched&fm=true&path=/proc/788880/net/ HTTP/2" 200 8387 "https://demo3.bdwebsolution.com/file.php?fm=true&path=/proc/788880/net" "Mozilla/5.0 AppleWebKit/537.36 (KHTML, like Gecko; compatible; GPTBot/1.4; +https://openai.com/gptbot)"
74.7.243.207 - - [01/Jul/2026:19:28:14 +0600] "GET /file.php?fm=true&path=/proc/788880/net/&rename=unix HTTP/2" 200 8367 "https://demo3.bdwebsolution.com/file.php?fm=true&path=/proc/788880/net" "Mozilla/5.0 AppleWebKit/537.36 (KHTML, like Gecko; compatible; GPTBot/1.4; +https://openai.com/gptbot)"
74.7.242.38 - - [01/Jul/2026:19:28:15 +0600] "GET /file.php?edit=netstat&fm=true&path=/proc/787989/net/ HTTP/2" 200 8393 "https://www.demo3.bdwebsolution.com/file.php?fm=true&path=/proc/787989/net" "Mozilla/5.0 AppleWebKit/537.36 (KHTML, like Gecko; compatible; GPTBot/1.4; +https://openai.com/gptbot)"
74.7.242.38 - - [01/Jul/2026:19:28:15 +0600] "GET /file.php?edit=netstat&fm=true&path=/proc/774200/net/ HTTP/2" 200 8393 "https://www.demo3.bdwebsolution.com/file.php?fm=true&path=/proc/774200/net" "Mozilla/5.0 AppleWebKit/537.36 (KHTML, like Gecko; compatible; GPTBot/1.4; +https://openai.com/gptbot)"
74.7.243.207 - - [01/Jul/2026:19:28:16 +0600] "GET /file.php?fm=true&path=/proc/788880/net/&rights=igmp HTTP/2" 200 8406 "https://demo3.bdwebsolution.com/file.php?fm=true&path=/proc/788880/net" "Mozilla/5.0 AppleWebKit/537.36 (KHTML, like Gecko; compatible; GPTBot/1.4; +https://openai.com/gptbot)"
74.7.242.38 - - [01/Jul/2026:19:28:16 +0600] "GET /file.php?edit=netstat&fm=true&path=/proc/889434/net/ HTTP/2" 200 8428 "https://www.demo3.bdwebsolution.com/file.php?fm=true&path=/proc/889434/net" "Mozilla/5.0 AppleWebKit/537.36 (KHTML, like Gecko; compatible; GPTBot/1.4; +https://openai.com/gptbot)"
74.7.243.207 - - [01/Jul/2026:19:28:17 +0600] "GET /file.php?fm=true&path=/proc/788880/net/&rights=stat HTTP/2" 200 8388 "https://demo3.bdwebsolution.com/file.php?fm=true&path=/proc/788880/net" "Mozilla/5.0 AppleWebKit/537.36 (KHTML, like Gecko; compatible; GPTBot/1.4; +https://openai.com/gptbot)"
74.7.242.38 - - [01/Jul/2026:19:28:17 +0600] "GET /file.php?gz=L3Byb2MvNjIwODA1L25ldA== HTTP/2" 200 6529 "https://www.demo3.bdwebsolution.com/file.php?fm=true&path=/proc/620805" "Mozilla/5.0 AppleWebKit/537.36 (KHTML, like Gecko; compatible; GPTBot/1.4; +https://openai.com/gptbot)"
74.7.243.207 - - [01/Jul/2026:19:28:18 +0600] "GET /file.php?fm=true&path=/proc/788880/net/&rights=tcp6 HTTP/2" 200 8367 "https://demo3.bdwebsolution.com/file.php?fm=true&path=/proc/788880/net" "Mozilla/5.0 AppleWebKit/537.36 (KHTML, like Gecko; compatible; GPTBot/1.4; +https://openai.com/gptbot)"
74.7.242.38 - - [01/Jul/2026:19:28:18 +0600] "GET /file.php?gz=L3Byb2MvNjIwODA1L2N3ZA== HTTP/2" 200 6502 "https://www.demo3.bdwebsolution.com/file.php?fm=true&path=/proc/620805" "Mozilla/5.0 AppleWebKit/537.36 (KHTML, like Gecko; compatible; GPTBot/1.4; +https://openai.com/gptbot)"
74.7.243.207 - - [01/Jul/2026:19:28:19 +0600] "GET /file.php?fm=true&path=/proc/788880/net/&rename=raw6 HTTP/2" 200 8367 "https://demo3.bdwebsolution.com/file.php?fm=true&path=/proc/788880/net" "Mozilla/5.0 AppleWebKit/537.36 (KHTML, like Gecko; compatible; GPTBot/1.4; +https://openai.com/gptbot)"
74.7.242.38 - - [01/Jul/2026:19:28:19 +0600] "GET /file.php?gz=L3Byb2MvNjExNTQ3L25ldA== HTTP/2" 200 6529 "https://www.demo3.bdwebsolution.com/file.php?fm=true&path=/proc/611547" "Mozilla/5.0 AppleWebKit/537.36 (KHTML, like Gecko; compatible; GPTBot/1.4; +https://openai.com/gptbot)"
74.7.243.207 - - [01/Jul/2026:19:28:20 +0600] "GET /file.php?fm=true&path=/proc/788880/net/&rename=udp6 HTTP/2" 200 8367 "https://demo3.bdwebsolution.com/file.php?fm=true&path=/proc/788880/net" "Mozilla/5.0 AppleWebKit/537.36 (KHTML, like Gecko; compatible; GPTBot/1.4; +https://openai.com/gptbot)"
74.7.242.38 - - [01/Jul/2026:19:28:20 +0600] "GET /file.php?fm=true&path=/proc/734489/net/&rights=igmp6 HTTP/2" 200 8370 "https://www.demo3.bdwebsolution.com/file.php?fm=true&path=/proc/734489/net" "Mozilla/5.0 AppleWebKit/537.36 (KHTML, like Gecko; compatible; GPTBot/1.4; +https://openai.com/gptbot)"
74.7.243.207 - - [01/Jul/2026:19:28:20 +0600] "GET /file.php?fm=true&path=/proc/788880/net/&rights=raw6 HTTP/2" 200 8367 "https://demo3.bdwebsolution.com/file.php?fm=true&path=/proc/788880/net" "Mozilla/5.0 AppleWebKit/537.36 (KHTML, like Gecko; compatible; GPTBot/1.4; +https://openai.com/gptbot)"
74.7.243.207 - - [01/Jul/2026:19:28:21 +0600] "GET /file.php?fm=true&path=/proc/788880/net/&rights=udp6 HTTP/2" 200 8367 "https://demo3.bdwebsolution.com/file.php?fm=true&path=/proc/788880/net" "Mozilla/5.0 AppleWebKit/537.36 (KHTML, like Gecko; compatible; GPTBot/1.4; +https://openai.com/gptbot)"
74.7.242.38 - - [01/Jul/2026:19:28:21 +0600] "GET /file.php?fm=true&path=/proc/774470/net/&rights=igmp6 HTTP/2" 200 8370 "https://www.demo3.bdwebsolution.com/file.php?fm=true&path=/proc/774470/net" "Mozilla/5.0 AppleWebKit/537.36 (KHTML, like Gecko; compatible; GPTBot/1.4; +https://openai.com/gptbot)"
74.7.242.38 - - [01/Jul/2026:19:28:21 +0600] "GET /file.php?fm=true&path=/proc/809763/net/&rights=igmp6 HTTP/2" 200 8370 "https://www.demo3.bdwebsolution.com/file.php?fm=true&path=/proc/809763/net" "Mozilla/5.0 AppleWebKit/537.36 (KHTML, like Gecko; compatible; GPTBot/1.4; +https://openai.com/gptbot)"
74.7.242.38 - - [01/Jul/2026:19:28:22 +0600] "GET /file.php?fm=true&path=/proc/889434/net/&rights=igmp6 HTTP/2" 200 8370 "https://www.demo3.bdwebsolution.com/file.php?fm=true&path=/proc/889434/net" "Mozilla/5.0 AppleWebKit/537.36 (KHTML, like Gecko; compatible; GPTBot/1.4; +https://openai.com/gptbot)"
74.7.243.207 - - [01/Jul/2026:19:28:22 +0600] "GET /file.php?fm=true&path=/proc/788880/net/&rights=snmp HTTP/2" 200 8405 "https://demo3.bdwebsolution.com/file.php?fm=true&path=/proc/788880/net" "Mozilla/5.0 AppleWebKit/537.36 (KHTML, like Gecko; compatible; GPTBot/1.4; +https://openai.com/gptbot)"
74.7.242.38 - - [01/Jul/2026:19:28:23 +0600] "GET /file.php?fm=true&path=/proc/774200/net/&rights=igmp6 HTTP/2" 200 8370 "https://www.demo3.bdwebsolution.com/file.php?fm=true&path=/proc/774200/net" "Mozilla/5.0 AppleWebKit/537.36 (KHTML, like Gecko; compatible; GPTBot/1.4; +https://openai.com/gptbot)"
74.7.242.38 - - [01/Jul/2026:19:28:24 +0600] "GET /file.php?fm=true&path=/proc/787989/net/&rights=igmp6 HTTP/2" 200 8370 "https://www.demo3.bdwebsolution.com/file.php?fm=true&path=/proc/787989/net" "Mozilla/5.0 AppleWebKit/537.36 (KHTML, like Gecko; compatible; GPTBot/1.4; +https://openai.com/gptbot)"
74.7.243.207 - - [01/Jul/2026:19:28:25 +0600] "GET /file.php?fm=true&path=/proc/788880/net/&rename=raw HTTP/2" 200 8369 "https://demo3.bdwebsolution.com/file.php?fm=true&path=/proc/788880/net" "Mozilla/5.0 AppleWebKit/537.36 (KHTML, like Gecko; compatible; GPTBot/1.4; +https://openai.com/gptbot)"
74.7.242.38 - - [01/Jul/2026:19:28:25 +0600] "GET /file.php?download=L3Byb2MvNzg3OTg5L25zL3BpZF9mb3JfY2hpbGRyZW4= HTTP/2" 200 7 "https://www.demo3.bdwebsolution.com/file.php?fm=true&path=/proc/787989/ns" "Mozilla/5.0 AppleWebKit/537.36 (KHTML, like Gecko; compatible; GPTBot/1.4; +https://openai.com/gptbot)"
74.7.243.207 - - [01/Jul/2026:19:28:25 +0600] "GET /file.php?fm=true&path=/proc/788880/net/&rename=udp HTTP/2" 200 8369 "https://demo3.bdwebsolution.com/file.php?fm=true&path=/proc/788880/net" "Mozilla/5.0 AppleWebKit/537.36 (KHTML, like Gecko; compatible; GPTBot/1.4; +https://openai.com/gptbot)"
74.7.242.38 - - [01/Jul/2026:19:28:25 +0600] "GET /file.php?download=L3Byb2MvNzM0NDg5L25zL3BpZF9mb3JfY2hpbGRyZW4= HTTP/2" 200 7 "https://www.demo3.bdwebsolution.com/file.php?fm=true&path=/proc/734489/ns" "Mozilla/5.0 AppleWebKit/537.36 (KHTML, like Gecko; compatible; GPTBot/1.4; +https://openai.com/gptbot)"
74.7.242.38 - - [01/Jul/2026:19:28:26 +0600] "GET /file.php?download=L3Byb2MvODg5NDM0L25zL3BpZF9mb3JfY2hpbGRyZW4= HTTP/2" 200 7 "https://www.demo3.bdwebsolution.com/file.php?fm=true&path=/proc/889434/ns" "Mozilla/5.0 AppleWebKit/537.36 (KHTML, like Gecko; compatible; GPTBot/1.4; +https://openai.com/gptbot)"
74.7.243.207 - - [01/Jul/2026:19:28:26 +0600] "GET /file.php?fm=true&path=/proc/788880/net/&rename=tcp HTTP/2" 200 8369 "https://demo3.bdwebsolution.com/file.php?fm=true&path=/proc/788880/net" "Mozilla/5.0 AppleWebKit/537.36 (KHTML, like Gecko; compatible; GPTBot/1.4; +https://openai.com/gptbot)"
74.7.243.207 - - [01/Jul/2026:19:28:27 +0600] "GET /file.php?edit=ptype&fm=true&path=/proc/788880/net/ HTTP/2" 200 8385 "https://demo3.bdwebsolution.com/file.php?fm=true&path=/proc/788880/net" "Mozilla/5.0 AppleWebKit/537.36 (KHTML, like Gecko; compatible; GPTBot/1.4; +https://openai.com/gptbot)"
74.7.242.38 - - [01/Jul/2026:19:28:27 +0600] "GET /file.php?fm=true&path=/proc/774200/net/. HTTP/2" 200 13147 "https://www.demo3.bdwebsolution.com/file.php?fm=true&path=/proc/774200/net" "Mozilla/5.0 AppleWebKit/537.36 (KHTML, like Gecko; compatible; GPTBot/1.4; +https://openai.com/gptbot)"
74.7.243.207 - - [01/Jul/2026:19:28:27 +0600] "GET /file.php?edit=route&fm=true&path=/proc/788880/net/ HTTP/2" 200 8385 "https://demo3.bdwebsolution.com/file.php?fm=true&path=/proc/788880/net" "Mozilla/5.0 AppleWebKit/537.36 (KHTML, like Gecko; compatible; GPTBot/1.4; +https://openai.com/gptbot)"
74.7.242.38 - - [01/Jul/2026:19:28:27 +0600] "GET /file.php?fm=true&path=/proc/889434/net/. HTTP/2" 200 13141 "https://www.demo3.bdwebsolution.com/file.php?fm=true&path=/proc/889434/net" "Mozilla/5.0 AppleWebKit/537.36 (KHTML, like Gecko; compatible; GPTBot/1.4; +https://openai.com/gptbot)"
74.7.243.207 - - [01/Jul/2026:19:28:28 +0600] "GET /file.php?fm=true&path=/proc/788880/net/&rename=rpc HTTP/2" 200 8369 "https://demo3.bdwebsolution.com/file.php?fm=true&path=/proc/788880/net" "Mozilla/5.0 AppleWebKit/537.36 (KHTML, like Gecko; compatible; GPTBot/1.4; +https://openai.com/gptbot)"
74.7.242.38 - - [01/Jul/2026:19:28:28 +0600] "GET /file.php?fm=true&path=/proc/787989/net/.. HTTP/2" 200 10478 "https://www.demo3.bdwebsolution.com/file.php?fm=true&path=/proc/787989/net" "Mozilla/5.0 AppleWebKit/537.36 (KHTML, like Gecko; compatible; GPTBot/1.4; +https://openai.com/gptbot)"
74.7.242.38 - - [01/Jul/2026:19:28:29 +0600] "GET /file.php?fm=true&path=/proc/774470/net/.. HTTP/2" 200 10474 "https://www.demo3.bdwebsolution.com/file.php?fm=true&path=/proc/774470/net" "Mozilla/5.0 AppleWebKit/537.36 (KHTML, like Gecko; compatible; GPTBot/1.4; +https://openai.com/gptbot)"
74.7.243.207 - - [01/Jul/2026:19:28:30 +0600] "GET /file.php?fm=true&path=/proc/788880/net/&rename=arp HTTP/2" 200 8369 "https://demo3.bdwebsolution.com/file.php?fm=true&path=/proc/788880/net" "Mozilla/5.0 AppleWebKit/537.36 (KHTML, like Gecko; compatible; GPTBot/1.4; +https://openai.com/gptbot)"
74.7.243.207 - - [01/Jul/2026:19:28:31 +0600] "GET /file.php?fm=true&path=/proc/788880/net/&rights=unix HTTP/2" 200 8367 "https://demo3.bdwebsolution.com/file.php?fm=true&path=/proc/788880/net" "Mozilla/5.0 AppleWebKit/537.36 (KHTML, like Gecko; compatible; GPTBot/1.4; +https://openai.com/gptbot)"
