74.7.243.207 - - [02/Jul/2026:05:11:51 +0600] "GET /file.php?edit=nf_conntrack_expect&fm=true&path=/proc/801339/net/ HTTP/2" 503 807 "https://demo3.bdwebsolution.com/file.php?fm=true&path=/proc/801339/net" "Mozilla/5.0 AppleWebKit/537.36 (KHTML, like Gecko; compatible; GPTBot/1.4; +https://openai.com/gptbot)"
74.7.243.207 - - [02/Jul/2026:05:12:52 +0600] "GET /file.php?fm=true&path=/proc/843594/net/&rights=ip_tables_matches HTTP/2" 503 807 "https://demo3.bdwebsolution.com/file.php?fm=true&path=/proc/843594/net" "Mozilla/5.0 AppleWebKit/537.36 (KHTML, like Gecko; compatible; GPTBot/1.4; +https://openai.com/gptbot)"
74.7.242.38 - - [02/Jul/2026:05:17:50 +0600] "GET /file.php?edit=rt_cache&fm=true&path=/proc/814667/net/ HTTP/2" 503 807 "https://www.demo3.bdwebsolution.com/file.php?fm=true&path=/proc/814667/net" "Mozilla/5.0 AppleWebKit/537.36 (KHTML, like Gecko; compatible; GPTBot/1.4; +https://openai.com/gptbot)"
74.7.243.207 - - [02/Jul/2026:05:23:23 +0600] "GET /file.php?edit=softnet_stat&fm=true&path=/proc/801339/net/ HTTP/2" 503 807 "https://demo3.bdwebsolution.com/file.php?fm=true&path=/proc/801339/net" "Mozilla/5.0 AppleWebKit/537.36 (KHTML, like Gecko; compatible; GPTBot/1.4; +https://openai.com/gptbot)"
74.7.243.207 - - [02/Jul/2026:05:24:23 +0600] "GET /file.php?edit=softnet_stat&fm=true&path=/proc/896414/net/ HTTP/2" 503 807 "https://demo3.bdwebsolution.com/file.php?fm=true&path=/proc/896414/net" "Mozilla/5.0 AppleWebKit/537.36 (KHTML, like Gecko; compatible; GPTBot/1.4; +https://openai.com/gptbot)"
74.7.243.207 - - [02/Jul/2026:05:15:01 +0600] "GET /file.php?fm=true&path=/proc/896414/net/&rights=ip_tables_matches HTTP/2" 503 807 "https://demo3.bdwebsolution.com/file.php?fm=true&path=/proc/896414/net" "Mozilla/5.0 AppleWebKit/537.36 (KHTML, like Gecko; compatible; GPTBot/1.4; +https://openai.com/gptbot)"
74.7.243.207 - - [02/Jul/2026:05:19:17 +0600] "GET /file.php?edit=softnet_stat&fm=true&path=/proc/802217/net/ HTTP/2" 503 807 "https://demo3.bdwebsolution.com/file.php?fm=true&path=/proc/802217/net" "Mozilla/5.0 AppleWebKit/537.36 (KHTML, like Gecko; compatible; GPTBot/1.4; +https://openai.com/gptbot)"
74.7.243.207 - - [02/Jul/2026:05:20:17 +0600] "GET /file.php?edit=softnet_stat&fm=true&path=/proc/843594/net/ HTTP/2" 503 807 "https://demo3.bdwebsolution.com/file.php?fm=true&path=/proc/843594/net" "Mozilla/5.0 AppleWebKit/537.36 (KHTML, like Gecko; compatible; GPTBot/1.4; +https://openai.com/gptbot)"
74.7.243.207 - - [02/Jul/2026:05:21:17 +0600] "GET /file.php?edit=softnet_stat&fm=true&path=/proc/822596/net/ HTTP/2" 503 807 "https://demo3.bdwebsolution.com/file.php?fm=true&path=/proc/822596/net" "Mozilla/5.0 AppleWebKit/537.36 (KHTML, like Gecko; compatible; GPTBot/1.4; +https://openai.com/gptbot)"
74.7.243.207 - - [02/Jul/2026:05:26:31 +0600] "GET /file.php?fm=true&path=/proc/822596/net/&rights=rt_acct HTTP/2" 503 807 "https://demo3.bdwebsolution.com/file.php?fm=true&path=/proc/822596/net" "Mozilla/5.0 AppleWebKit/537.36 (KHTML, like Gecko; compatible; GPTBot/1.4; +https://openai.com/gptbot)"
74.7.243.207 - - [02/Jul/2026:05:28:39 +0600] "GET /file.php?fm=true&path=/proc/793576/net/&rights=rt_acct HTTP/2" 503 807 "https://demo3.bdwebsolution.com/file.php?fm=true&path=/proc/793576/net" "Mozilla/5.0 AppleWebKit/537.36 (KHTML, like Gecko; compatible; GPTBot/1.4; +https://openai.com/gptbot)"
74.7.242.38 - - [02/Jul/2026:05:34:40 +0600] "GET /file.php?download=L3Byb2MvODE0NjY3L25ldC9pY21wNg== HTTP/2" 503 807 "https://www.demo3.bdwebsolution.com/file.php?fm=true&path=/proc/814667/net" "Mozilla/5.0 AppleWebKit/537.36 (KHTML, like Gecko; compatible; GPTBot/1.4; +https://openai.com/gptbot)"
74.7.243.207 - - [02/Jul/2026:05:35:04 +0600] "GET /file.php?fm=true&path=/proc/843594/net/&rename=ip6_mr_cache HTTP/2" 503 807 "https://demo3.bdwebsolution.com/file.php?fm=true&path=/proc/843594/net" "Mozilla/5.0 AppleWebKit/537.36 (KHTML, like Gecko; compatible; GPTBot/1.4; +https://openai.com/gptbot)"
74.7.243.207 - - [02/Jul/2026:05:38:14 +0600] "GET /file.php?fm=true&path=/proc/801339/net/&rename=ip6_mr_cache HTTP/2" 503 807 "https://demo3.bdwebsolution.com/file.php?fm=true&path=/proc/801339/net" "Mozilla/5.0 AppleWebKit/537.36 (KHTML, like Gecko; compatible; GPTBot/1.4; +https://openai.com/gptbot)"
74.7.243.207 - - [02/Jul/2026:05:43:30 +0600] "GET /file.php?edit=udplite6&fm=true&path=/proc/802217/net/ HTTP/2" 503 807 "https://demo3.bdwebsolution.com/file.php?fm=true&path=/proc/802217/net" "Mozilla/5.0 AppleWebKit/537.36 (KHTML, like Gecko; compatible; GPTBot/1.4; +https://openai.com/gptbot)"
74.7.242.38 - - [02/Jul/2026:05:31:34 +0600] "GET /file.php?fm=true&path=/proc/814667/net/&rename=mcfilter6 HTTP/2" 503 807 "https://www.demo3.bdwebsolution.com/file.php?fm=true&path=/proc/814667/net" "Mozilla/5.0 AppleWebKit/537.36 (KHTML, like Gecko; compatible; GPTBot/1.4; +https://openai.com/gptbot)"
74.7.242.38 - - [02/Jul/2026:05:43:02 +0600] "GET /file.php?fm=true&path=/proc/814667/net/&rename=if_inet6 HTTP/2" 503 807 "https://www.demo3.bdwebsolution.com/file.php?fm=true&path=/proc/814667/net" "Mozilla/5.0 AppleWebKit/537.36 (KHTML, like Gecko; compatible; GPTBot/1.4; +https://openai.com/gptbot)"
74.7.243.207 - - [02/Jul/2026:05:27:36 +0600] "GET /file.php?fm=true&path=/proc/802217/net/&rights=rt_acct HTTP/2" 503 807 "https://demo3.bdwebsolution.com/file.php?fm=true&path=/proc/802217/net" "Mozilla/5.0 AppleWebKit/537.36 (KHTML, like Gecko; compatible; GPTBot/1.4; +https://openai.com/gptbot)"
74.7.242.38 - - [02/Jul/2026:05:28:23 +0600] "GET /file.php?fm=true&path=/proc/814667/net/&rights=unix HTTP/2" 503 807 "https://www.demo3.bdwebsolution.com/file.php?fm=true&path=/proc/814667/net" "Mozilla/5.0 AppleWebKit/537.36 (KHTML, like Gecko; compatible; GPTBot/1.4; +https://openai.com/gptbot)"
74.7.243.207 - - [02/Jul/2026:05:30:48 +0600] "GET /file.php?fm=true&path=/proc/896414/net/&rights=rt_acct HTTP/2" 503 807 "https://demo3.bdwebsolution.com/file.php?fm=true&path=/proc/896414/net" "Mozilla/5.0 AppleWebKit/537.36 (KHTML, like Gecko; compatible; GPTBot/1.4; +https://openai.com/gptbot)"
74.7.243.207 - - [02/Jul/2026:05:31:48 +0600] "GET /file.php?fm=true&path=/proc/801339/net/&rights=rt_acct HTTP/2" 503 807 "https://demo3.bdwebsolution.com/file.php?fm=true&path=/proc/801339/net" "Mozilla/5.0 AppleWebKit/537.36 (KHTML, like Gecko; compatible; GPTBot/1.4; +https://openai.com/gptbot)"
74.7.243.207 - - [02/Jul/2026:05:32:54 +0600] "GET /file.php?fm=true&path=/proc/802217/net/&rename=ip6_mr_cache HTTP/2" 503 807 "https://demo3.bdwebsolution.com/file.php?fm=true&path=/proc/802217/net" "Mozilla/5.0 AppleWebKit/537.36 (KHTML, like Gecko; compatible; GPTBot/1.4; +https://openai.com/gptbot)"
74.7.230.63 - - [02/Jul/2026:05:34:01 +0600] "GET /robots.txt HTTP/2" 404 796 "-" "Mozilla/5.0 (Macintosh; Intel Mac OS X 10_15_7) AppleWebKit/537.36 (KHTML, like Gecko) Chrome/131.0.0.0 Safari/537.36; compatible; OAI-SearchBot/1.4; robots.txt; +https://openai.com/searchbot"
74.7.243.207 - - [02/Jul/2026:05:36:06 +0600] "GET /file.php?fm=true&path=/proc/793576/net/&rename=ip6_mr_cache HTTP/2" 503 807 "https://demo3.bdwebsolution.com/file.php?fm=true&path=/proc/793576/net" "Mozilla/5.0 AppleWebKit/537.36 (KHTML, like Gecko; compatible; GPTBot/1.4; +https://openai.com/gptbot)"
74.7.242.38 - - [02/Jul/2026:05:36:46 +0600] "GET /file.php?download=L3Byb2MvODE0NjY3L25ldC9yb3V0ZQ== HTTP/2" 503 807 "https://www.demo3.bdwebsolution.com/file.php?fm=true&path=/proc/814667/net" "Mozilla/5.0 AppleWebKit/537.36 (KHTML, like Gecko; compatible; GPTBot/1.4; +https://openai.com/gptbot)"
74.7.243.207 - - [02/Jul/2026:05:39:18 +0600] "GET /file.php?fm=true&path=/proc/896414/net/&rename=ip6_mr_cache HTTP/2" 503 807 "https://demo3.bdwebsolution.com/file.php?fm=true&path=/proc/896414/net" "Mozilla/5.0 AppleWebKit/537.36 (KHTML, like Gecko; compatible; GPTBot/1.4; +https://openai.com/gptbot)"
74.7.243.207 - - [02/Jul/2026:05:40:24 +0600] "GET /file.php?edit=udplite6&fm=true&path=/proc/801339/net/ HTTP/2" 503 807 "https://demo3.bdwebsolution.com/file.php?fm=true&path=/proc/801339/net" "Mozilla/5.0 AppleWebKit/537.36 (KHTML, like Gecko; compatible; GPTBot/1.4; +https://openai.com/gptbot)"
74.7.243.207 - - [02/Jul/2026:05:41:29 +0600] "GET /file.php?edit=udplite6&fm=true&path=/proc/843594/net/ HTTP/2" 503 807 "https://demo3.bdwebsolution.com/file.php?fm=true&path=/proc/843594/net" "Mozilla/5.0 AppleWebKit/537.36 (KHTML, like Gecko; compatible; GPTBot/1.4; +https://openai.com/gptbot)"
74.7.243.207 - - [02/Jul/2026:05:33:59 +0600] "GET /file.php?fm=true&path=/proc/822596/net/&rename=ip6_mr_cache HTTP/2" 503 807 "https://demo3.bdwebsolution.com/file.php?fm=true&path=/proc/822596/net" "Mozilla/5.0 AppleWebKit/537.36 (KHTML, like Gecko; compatible; GPTBot/1.4; +https://openai.com/gptbot)"
74.7.242.38 - - [02/Jul/2026:05:35:43 +0600] "GET /file.php?download=L3Byb2MvODE0NjY3L25ldC9pZ21wNg== HTTP/2" 503 807 "https://www.demo3.bdwebsolution.com/file.php?fm=true&path=/proc/814667/net" "Mozilla/5.0 AppleWebKit/537.36 (KHTML, like Gecko; compatible; GPTBot/1.4; +https://openai.com/gptbot)"
74.7.243.207 - - [02/Jul/2026:05:47:47 +0600] "GET /file.php?fm=true&path=/proc/843594/net/&rights=connector HTTP/2" 503 807 "https://demo3.bdwebsolution.com/file.php?fm=true&path=/proc/843594/net" "Mozilla/5.0 AppleWebKit/537.36 (KHTML, like Gecko; compatible; GPTBot/1.4; +https://openai.com/gptbot)"
74.7.242.38 - - [02/Jul/2026:06:00:41 +0600] "GET /file.php?edit=tcp6&fm=true&path=/proc/814667/net/ HTTP/2" 503 807 "https://www.demo3.bdwebsolution.com/file.php?fm=true&path=/proc/814667/net" "Mozilla/5.0 AppleWebKit/537.36 (KHTML, like Gecko; compatible; GPTBot/1.4; +https://openai.com/gptbot)"
74.7.243.207 - - [02/Jul/2026:05:44:36 +0600] "GET /file.php?fm=true&path=/proc/793576/net/&rights=connector HTTP/2" 503 807 "https://demo3.bdwebsolution.com/file.php?fm=true&path=/proc/793576/net" "Mozilla/5.0 AppleWebKit/537.36 (KHTML, like Gecko; compatible; GPTBot/1.4; +https://openai.com/gptbot)"
74.7.243.207 - - [02/Jul/2026:05:45:36 +0600] "GET /file.php?fm=true&path=/proc/822596/net/&rights=connector HTTP/2" 503 807 "https://demo3.bdwebsolution.com/file.php?fm=true&path=/proc/822596/net" "Mozilla/5.0 AppleWebKit/537.36 (KHTML, like Gecko; compatible; GPTBot/1.4; +https://openai.com/gptbot)"
74.7.243.207 - - [02/Jul/2026:05:46:41 +0600] "GET /file.php?fm=true&path=/proc/896414/net/&rights=connector HTTP/2" 503 807 "https://demo3.bdwebsolution.com/file.php?fm=true&path=/proc/896414/net" "Mozilla/5.0 AppleWebKit/537.36 (KHTML, like Gecko; compatible; GPTBot/1.4; +https://openai.com/gptbot)"
74.7.243.207 - - [02/Jul/2026:05:50:54 +0600] "GET /file.php?edit=connector&fm=true&path=/proc/896414/net/ HTTP/2" 503 807 "https://demo3.bdwebsolution.com/file.php?fm=true&path=/proc/896414/net" "Mozilla/5.0 AppleWebKit/537.36 (KHTML, like Gecko; compatible; GPTBot/1.4; +https://openai.com/gptbot)"
74.7.243.207 - - [02/Jul/2026:05:51:56 +0600] "GET /file.php?edit=connector&fm=true&path=/proc/843594/net/ HTTP/2" 503 807 "https://demo3.bdwebsolution.com/file.php?fm=true&path=/proc/843594/net" "Mozilla/5.0 AppleWebKit/537.36 (KHTML, like Gecko; compatible; GPTBot/1.4; +https://openai.com/gptbot)"
74.7.242.38 - - [02/Jul/2026:05:55:29 +0600] "GET /file.php?fm=true&path=/proc/814667/net/&rights=if_inet6 HTTP/2" 503 807 "https://www.demo3.bdwebsolution.com/file.php?fm=true&path=/proc/814667/net" "Mozilla/5.0 AppleWebKit/537.36 (KHTML, like Gecko; compatible; GPTBot/1.4; +https://openai.com/gptbot)"
74.7.243.207 - - [02/Jul/2026:05:58:23 +0600] "GET /file.php?fm=true&path=/proc/822596/net/&rename=packet HTTP/2" 503 807 "https://demo3.bdwebsolution.com/file.php?fm=true&path=/proc/822596/net" "Mozilla/5.0 AppleWebKit/537.36 (KHTML, like Gecko; compatible; GPTBot/1.4; +https://openai.com/gptbot)"
74.7.243.207 - - [02/Jul/2026:05:59:23 +0600] "GET /file.php?edit=connector&fm=true&path=/proc/822596/net/ HTTP/2" 503 807 "https://demo3.bdwebsolution.com/file.php?fm=true&path=/proc/822596/net" "Mozilla/5.0 AppleWebKit/537.36 (KHTML, like Gecko; compatible; GPTBot/1.4; +https://openai.com/gptbot)"
74.7.243.207 - - [02/Jul/2026:06:00:29 +0600] "GET /file.php?fm=true&path=/proc/801339/net/&rename=packet HTTP/2" 503 807 "https://demo3.bdwebsolution.com/file.php?fm=true&path=/proc/801339/net" "Mozilla/5.0 AppleWebKit/537.36 (KHTML, like Gecko; compatible; GPTBot/1.4; +https://openai.com/gptbot)"
74.7.242.38 - - [02/Jul/2026:05:46:08 +0600] "GET /file.php?fm=true&path=/proc/814667/net/xt_recent HTTP/2" 503 807 "https://www.demo3.bdwebsolution.com/file.php?fm=true&path=/proc/814667/net" "Mozilla/5.0 AppleWebKit/537.36 (KHTML, like Gecko; compatible; GPTBot/1.4; +https://openai.com/gptbot)"
74.7.243.207 - - [02/Jul/2026:05:53:00 +0600] "GET /file.php?fm=true&path=/proc/896414/net/&rename=packet HTTP/2" 503 807 "https://demo3.bdwebsolution.com/file.php?fm=true&path=/proc/896414/net" "Mozilla/5.0 AppleWebKit/537.36 (KHTML, like Gecko; compatible; GPTBot/1.4; +https://openai.com/gptbot)"
74.7.242.38 - - [02/Jul/2026:05:53:24 +0600] "GET /file.php?fm=true&path=/proc/814667/net/&rights=mcfilter6 HTTP/2" 503 807 "https://www.demo3.bdwebsolution.com/file.php?fm=true&path=/proc/814667/net" "Mozilla/5.0 AppleWebKit/537.36 (KHTML, like Gecko; compatible; GPTBot/1.4; +https://openai.com/gptbot)"
74.7.243.207 - - [02/Jul/2026:05:55:09 +0600] "GET /file.php?fm=true&path=/proc/843594/net/&rename=packet HTTP/2" 503 807 "https://demo3.bdwebsolution.com/file.php?fm=true&path=/proc/843594/net" "Mozilla/5.0 AppleWebKit/537.36 (KHTML, like Gecko; compatible; GPTBot/1.4; +https://openai.com/gptbot)"
74.7.243.207 - - [02/Jul/2026:05:56:14 +0600] "GET /file.php?fm=true&path=/proc/793576/net/&rename=packet HTTP/2" 503 807 "https://demo3.bdwebsolution.com/file.php?fm=true&path=/proc/793576/net" "Mozilla/5.0 AppleWebKit/537.36 (KHTML, like Gecko; compatible; GPTBot/1.4; +https://openai.com/gptbot)"
74.7.243.207 - - [02/Jul/2026:05:57:20 +0600] "GET /file.php?edit=connector&fm=true&path=/proc/793576/net/ HTTP/2" 503 807 "https://demo3.bdwebsolution.com/file.php?fm=true&path=/proc/793576/net" "Mozilla/5.0 AppleWebKit/537.36 (KHTML, like Gecko; compatible; GPTBot/1.4; +https://openai.com/gptbot)"
74.7.243.207 - - [02/Jul/2026:06:05:39 +0600] "GET /file.php?fm=true&path=/proc/822596/net/&rename=xt_recent HTTP/2" 503 807 "https://demo3.bdwebsolution.com/file.php?fm=true&path=/proc/822596/net" "Mozilla/5.0 AppleWebKit/537.36 (KHTML, like Gecko; compatible; GPTBot/1.4; +https://openai.com/gptbot)"
74.7.243.207 - - [02/Jul/2026:06:06:39 +0600] "GET /file.php?fm=true&path=/proc/801339/net/&rename=xt_recent HTTP/2" 503 807 "https://demo3.bdwebsolution.com/file.php?fm=true&path=/proc/801339/net" "Mozilla/5.0 AppleWebKit/537.36 (KHTML, like Gecko; compatible; GPTBot/1.4; +https://openai.com/gptbot)"
74.7.243.207 - - [02/Jul/2026:06:07:43 +0600] "GET /file.php?fm=true&path=/proc/793576/net/&rename=xt_recent HTTP/2" 503 807 "https://demo3.bdwebsolution.com/file.php?fm=true&path=/proc/793576/net" "Mozilla/5.0 AppleWebKit/537.36 (KHTML, like Gecko; compatible; GPTBot/1.4; +https://openai.com/gptbot)"
74.7.243.207 - - [02/Jul/2026:06:09:49 +0600] "GET /file.php?fm=true&path=/proc/802217/net/&rename=xt_recent HTTP/2" 503 807 "https://demo3.bdwebsolution.com/file.php?fm=true&path=/proc/802217/net" "Mozilla/5.0 AppleWebKit/537.36 (KHTML, like Gecko; compatible; GPTBot/1.4; +https://openai.com/gptbot)"
74.7.243.207 - - [02/Jul/2026:06:10:51 +0600] "GET /file.php?edit=sockstat&fm=true&path=/proc/802217/net/ HTTP/2" 503 807 "https://demo3.bdwebsolution.com/file.php?fm=true&path=/proc/802217/net" "Mozilla/5.0 AppleWebKit/537.36 (KHTML, like Gecko; compatible; GPTBot/1.4; +https://openai.com/gptbot)"
74.7.242.38 - - [02/Jul/2026:06:15:23 +0600] "GET /file.php?fm=true&path=/proc/814667/net/ HTTP/2" 503 807 "https://www.demo3.bdwebsolution.com/file.php?edit=anycast6&fm=true&path=/proc/814667/net/" "Mozilla/5.0 AppleWebKit/537.36 (KHTML, like Gecko; compatible; GPTBot/1.4; +https://openai.com/gptbot)"
74.7.243.207 - - [02/Jul/2026:06:16:12 +0600] "GET /file.php?fm=true&path=/proc/802217/net/&rights=packet HTTP/2" 503 807 "https://demo3.bdwebsolution.com/file.php?fm=true&path=/proc/802217/net" "Mozilla/5.0 AppleWebKit/537.36 (KHTML, like Gecko; compatible; GPTBot/1.4; +https://openai.com/gptbot)"
74.7.243.207 - - [02/Jul/2026:06:17:13 +0600] "GET /file.php?fm=true&path=/proc/793576/net/&rename=sockstat HTTP/2" 503 807 "https://demo3.bdwebsolution.com/file.php?fm=true&path=/proc/793576/net" "Mozilla/5.0 AppleWebKit/537.36 (KHTML, like Gecko; compatible; GPTBot/1.4; +https://openai.com/gptbot)"
74.7.243.207 - - [02/Jul/2026:06:02:31 +0600] "GET /file.php?fm=true&path=/proc/802217/net/&rename=packet HTTP/2" 503 807 "https://demo3.bdwebsolution.com/file.php?fm=true&path=/proc/802217/net" "Mozilla/5.0 AppleWebKit/537.36 (KHTML, like Gecko; compatible; GPTBot/1.4; +https://openai.com/gptbot)"
74.7.243.207 - - [02/Jul/2026:06:03:35 +0600] "GET /file.php?fm=true&path=/proc/896414/net/&rename=xt_recent HTTP/2" 503 807 "https://demo3.bdwebsolution.com/file.php?fm=true&path=/proc/896414/net" "Mozilla/5.0 AppleWebKit/537.36 (KHTML, like Gecko; compatible; GPTBot/1.4; +https://openai.com/gptbot)"
74.7.241.152 - - [02/Jul/2026:06:03:46 +0600] "GET /robots.txt HTTP/2" 404 796 "-" "Mozilla/5.0 (Macintosh; Intel Mac OS X 10_15_7) AppleWebKit/537.36 (KHTML, like Gecko) Chrome/131.0.0.0 Safari/537.36; compatible; OAI-SearchBot/1.4; robots.txt; +https://openai.com/searchbot"
74.7.243.207 - - [02/Jul/2026:06:08:46 +0600] "GET /file.php?fm=true&path=/proc/843594/net/&rename=xt_recent HTTP/2" 503 807 "https://demo3.bdwebsolution.com/file.php?fm=true&path=/proc/843594/net" "Mozilla/5.0 AppleWebKit/537.36 (KHTML, like Gecko; compatible; GPTBot/1.4; +https://openai.com/gptbot)"
74.7.243.207 - - [02/Jul/2026:06:14:03 +0600] "GET /file.php?edit=sockstat&fm=true&path=/proc/822596/net/ HTTP/2" 503 807 "https://demo3.bdwebsolution.com/file.php?fm=true&path=/proc/822596/net" "Mozilla/5.0 AppleWebKit/537.36 (KHTML, like Gecko; compatible; GPTBot/1.4; +https://openai.com/gptbot)"
74.7.242.38 - - [02/Jul/2026:06:01:42 +0600] "GET /file.php?edit=ip6_mr_cache&fm=true&path=/proc/814667/net/ HTTP/2" 503 807 "https://www.demo3.bdwebsolution.com/file.php?fm=true&path=/proc/814667/net" "Mozilla/5.0 AppleWebKit/537.36 (KHTML, like Gecko; compatible; GPTBot/1.4; +https://openai.com/gptbot)"
74.7.242.38 - - [02/Jul/2026:06:02:43 +0600] "GET /file.php?download=L3Byb2MvODE0NjY3L25ldC90Y3A= HTTP/2" 503 807 "https://www.demo3.bdwebsolution.com/file.php?fm=true&path=/proc/814667/net" "Mozilla/5.0 AppleWebKit/537.36 (KHTML, like Gecko; compatible; GPTBot/1.4; +https://openai.com/gptbot)"
74.7.243.207 - - [02/Jul/2026:06:13:01 +0600] "GET /file.php?fm=true&path=/proc/801339/net/&rights=packet HTTP/2" 503 807 "https://demo3.bdwebsolution.com/file.php?fm=true&path=/proc/801339/net" "Mozilla/5.0 AppleWebKit/537.36 (KHTML, like Gecko; compatible; GPTBot/1.4; +https://openai.com/gptbot)"
74.7.242.38 - - [02/Jul/2026:06:14:21 +0600] "GET /file.php?fm=true&path=/proc/814667/net/&rename=sockstat6 HTTP/2" 503 807 "https://www.demo3.bdwebsolution.com/file.php?fm=true&path=/proc/814667/net" "Mozilla/5.0 AppleWebKit/537.36 (KHTML, like Gecko; compatible; GPTBot/1.4; +https://openai.com/gptbot)"
74.7.243.207 - - [02/Jul/2026:06:01:29 +0600] "GET /file.php?edit=connector&fm=true&path=/proc/802217/net/ HTTP/2" 503 807 "https://demo3.bdwebsolution.com/file.php?fm=true&path=/proc/802217/net" "Mozilla/5.0 AppleWebKit/537.36 (KHTML, like Gecko; compatible; GPTBot/1.4; +https://openai.com/gptbot)"
74.7.242.38 - - [02/Jul/2026:06:05:52 +0600] "GET /file.php?download=L3Byb2MvODE0NjY3L25ldC9ydF9hY2N0 HTTP/2" 503 807 "https://www.demo3.bdwebsolution.com/file.php?fm=true&path=/proc/814667/net" "Mozilla/5.0 AppleWebKit/537.36 (KHTML, like Gecko; compatible; GPTBot/1.4; +https://openai.com/gptbot)"
74.7.243.207 - - [02/Jul/2026:06:15:07 +0600] "GET /file.php?edit=sockstat&fm=true&path=/proc/896414/net/ HTTP/2" 503 807 "https://demo3.bdwebsolution.com/file.php?fm=true&path=/proc/896414/net" "Mozilla/5.0 AppleWebKit/537.36 (KHTML, like Gecko; compatible; GPTBot/1.4; +https://openai.com/gptbot)"
74.7.242.38 - - [02/Jul/2026:06:23:49 +0600] "GET /file.php?fm=true&path=/proc/814667/net/&rename=igmp6 HTTP/2" 503 807 "https://www.demo3.bdwebsolution.com/file.php?fm=true&path=/proc/814667/net" "Mozilla/5.0 AppleWebKit/537.36 (KHTML, like Gecko; compatible; GPTBot/1.4; +https://openai.com/gptbot)"
74.7.242.38 - - [02/Jul/2026:06:26:55 +0600] "GET /file.php?fm=true&path=/proc/814667/net/&rename=snmp6 HTTP/2" 503 807 "https://www.demo3.bdwebsolution.com/file.php?fm=true&path=/proc/814667/net" "Mozilla/5.0 AppleWebKit/537.36 (KHTML, like Gecko; compatible; GPTBot/1.4; +https://openai.com/gptbot)"
74.7.243.207 - - [02/Jul/2026:06:31:58 +0600] "GET /file.php?fm=true&path=/proc/843594/net/&rename=sockstat HTTP/2" 503 807 "https://demo3.bdwebsolution.com/file.php?fm=true&path=/proc/843594/net" "Mozilla/5.0 AppleWebKit/537.36 (KHTML, like Gecko; compatible; GPTBot/1.4; +https://openai.com/gptbot)"
74.7.243.207 - - [02/Jul/2026:06:19:20 +0600] "GET /file.php?fm=true&path=/proc/822596/net/&rights=packet HTTP/2" 503 807 "https://demo3.bdwebsolution.com/file.php?fm=true&path=/proc/822596/net" "Mozilla/5.0 AppleWebKit/537.36 (KHTML, like Gecko; compatible; GPTBot/1.4; +https://openai.com/gptbot)"
74.7.243.207 - - [02/Jul/2026:06:22:31 +0600] "GET /file.php?fm=true&path=/proc/822596/net/&rename=sockstat HTTP/2" 503 807 "https://demo3.bdwebsolution.com/file.php?fm=true&path=/proc/822596/net" "Mozilla/5.0 AppleWebKit/537.36 (KHTML, like Gecko; compatible; GPTBot/1.4; +https://openai.com/gptbot)"
74.7.242.38 - - [02/Jul/2026:06:22:44 +0600] "GET /file.php?fm=true&path=/proc/814667/net/&rename=icmp6 HTTP/2" 503 807 "https://www.demo3.bdwebsolution.com/file.php?fm=true&path=/proc/814667/net" "Mozilla/5.0 AppleWebKit/537.36 (KHTML, like Gecko; compatible; GPTBot/1.4; +https://openai.com/gptbot)"
74.7.243.207 - - [02/Jul/2026:06:25:42 +0600] "GET /file.php?fm=true&path=/proc/801339/net/&rename=sockstat HTTP/2" 503 807 "https://demo3.bdwebsolution.com/file.php?fm=true&path=/proc/801339/net" "Mozilla/5.0 AppleWebKit/537.36 (KHTML, like Gecko; compatible; GPTBot/1.4; +https://openai.com/gptbot)"
74.7.243.207 - - [02/Jul/2026:06:26:44 +0600] "GET /file.php?edit=sockstat&fm=true&path=/proc/793576/net/ HTTP/2" 503 807 "https://demo3.bdwebsolution.com/file.php?fm=true&path=/proc/793576/net" "Mozilla/5.0 AppleWebKit/537.36 (KHTML, like Gecko; compatible; GPTBot/1.4; +https://openai.com/gptbot)"
74.7.243.207 - - [02/Jul/2026:06:29:54 +0600] "GET /file.php?fm=true&path=/proc/793576/net/&rights=packet HTTP/2" 503 807 "https://demo3.bdwebsolution.com/file.php?fm=true&path=/proc/793576/net" "Mozilla/5.0 AppleWebKit/537.36 (KHTML, like Gecko; compatible; GPTBot/1.4; +https://openai.com/gptbot)"
74.7.243.207 - - [02/Jul/2026:06:30:53 +0600] "GET /file.php?fm=true&path=/proc/896414/net/&rights=packet HTTP/2" 503 807 "https://demo3.bdwebsolution.com/file.php?fm=true&path=/proc/896414/net" "Mozilla/5.0 AppleWebKit/537.36 (KHTML, like Gecko; compatible; GPTBot/1.4; +https://openai.com/gptbot)"
74.7.243.207 - - [02/Jul/2026:06:23:36 +0600] "GET /file.php?fm=true&path=/proc/896414/net/&rename=sockstat HTTP/2" 503 807 "https://demo3.bdwebsolution.com/file.php?fm=true&path=/proc/896414/net" "Mozilla/5.0 AppleWebKit/537.36 (KHTML, like Gecko; compatible; GPTBot/1.4; +https://openai.com/gptbot)"
74.7.243.207 - - [02/Jul/2026:06:24:38 +0600] "GET /file.php?fm=true&path=/proc/843594/net/&rights=packet HTTP/2" 503 807 "https://demo3.bdwebsolution.com/file.php?fm=true&path=/proc/843594/net" "Mozilla/5.0 AppleWebKit/537.36 (KHTML, like Gecko; compatible; GPTBot/1.4; +https://openai.com/gptbot)"
74.7.243.207 - - [02/Jul/2026:06:33:02 +0600] "GET /file.php?fm=true&path=/proc/801339/net/&rename=xfrm_stat HTTP/2" 503 807 "https://demo3.bdwebsolution.com/file.php?fm=true&path=/proc/801339/net" "Mozilla/5.0 AppleWebKit/537.36 (KHTML, like Gecko; compatible; GPTBot/1.4; +https://openai.com/gptbot)"
74.7.243.207 - - [02/Jul/2026:06:20:23 +0600] "GET /file.php?edit=sockstat&fm=true&path=/proc/801339/net/ HTTP/2" 503 807 "https://demo3.bdwebsolution.com/file.php?fm=true&path=/proc/801339/net" "Mozilla/5.0 AppleWebKit/537.36 (KHTML, like Gecko; compatible; GPTBot/1.4; +https://openai.com/gptbot)"
74.7.243.207 - - [02/Jul/2026:06:27:48 +0600] "GET /file.php?edit=sockstat&fm=true&path=/proc/843594/net/ HTTP/2" 503 807 "https://demo3.bdwebsolution.com/file.php?fm=true&path=/proc/843594/net" "Mozilla/5.0 AppleWebKit/537.36 (KHTML, like Gecko; compatible; GPTBot/1.4; +https://openai.com/gptbot)"
74.7.243.207 - - [02/Jul/2026:06:28:49 +0600] "GET /file.php?fm=true&path=/proc/802217/net/&rename=sockstat HTTP/2" 503 807 "https://demo3.bdwebsolution.com/file.php?fm=true&path=/proc/802217/net" "Mozilla/5.0 AppleWebKit/537.36 (KHTML, like Gecko; compatible; GPTBot/1.4; +https://openai.com/gptbot)"
74.7.243.207 - - [02/Jul/2026:06:35:12 +0600] "GET /file.php?fm=true&path=/proc/802217/net/&rename=xfrm_stat HTTP/2" 503 807 "https://demo3.bdwebsolution.com/file.php?fm=true&path=/proc/802217/net" "Mozilla/5.0 AppleWebKit/537.36 (KHTML, like Gecko; compatible; GPTBot/1.4; +https://openai.com/gptbot)"
74.7.243.207 - - [02/Jul/2026:06:36:13 +0600] "GET /file.php?fm=true&path=/proc/822596/net/&rename=xfrm_stat HTTP/2" 503 807 "https://demo3.bdwebsolution.com/file.php?fm=true&path=/proc/822596/net" "Mozilla/5.0 AppleWebKit/537.36 (KHTML, like Gecko; compatible; GPTBot/1.4; +https://openai.com/gptbot)"
74.7.242.38 - - [02/Jul/2026:06:42:38 +0600] "GET /file.php?edit=if_inet6&fm=true&path=/proc/814667/net/ HTTP/2" 503 807 "https://www.demo3.bdwebsolution.com/file.php?fm=true&path=/proc/814667/net" "Mozilla/5.0 AppleWebKit/537.36 (KHTML, like Gecko; compatible; GPTBot/1.4; +https://openai.com/gptbot)"
74.7.242.38 - - [02/Jul/2026:06:51:02 +0600] "GET /file.php?fm=true&path=/proc/814667/net/&rename=raw6 HTTP/2" 503 807 "https://www.demo3.bdwebsolution.com/file.php?fm=true&path=/proc/814667/net" "Mozilla/5.0 AppleWebKit/537.36 (KHTML, like Gecko; compatible; GPTBot/1.4; +https://openai.com/gptbot)"
74.7.242.38 - - [02/Jul/2026:06:35:14 +0600] "GET /file.php?fm=true&path=/proc/814667/net/&rights=snmp6 HTTP/2" 503 807 "https://www.demo3.bdwebsolution.com/file.php?fm=true&path=/proc/814667/net" "Mozilla/5.0 AppleWebKit/537.36 (KHTML, like Gecko; compatible; GPTBot/1.4; +https://openai.com/gptbot)"
74.7.243.207 - - [02/Jul/2026:06:37:19 +0600] "GET /file.php?edit=fib_triestat&fm=true&path=/proc/843594/net/ HTTP/2" 503 807 "https://demo3.bdwebsolution.com/file.php?fm=true&path=/proc/843594/net" "Mozilla/5.0 AppleWebKit/537.36 (KHTML, like Gecko; compatible; GPTBot/1.4; +https://openai.com/gptbot)"
74.7.243.207 - - [02/Jul/2026:06:38:20 +0600] "GET /file.php?edit=fib_triestat&fm=true&path=/proc/896414/net/ HTTP/2" 503 807 "https://demo3.bdwebsolution.com/file.php?fm=true&path=/proc/896414/net" "Mozilla/5.0 AppleWebKit/537.36 (KHTML, like Gecko; compatible; GPTBot/1.4; +https://openai.com/gptbot)"
74.7.243.207 - - [02/Jul/2026:06:44:42 +0600] "GET /file.php?edit=fib_triestat&fm=true&path=/proc/802217/net/ HTTP/2" 503 807 "https://demo3.bdwebsolution.com/file.php?fm=true&path=/proc/802217/net" "Mozilla/5.0 AppleWebKit/537.36 (KHTML, like Gecko; compatible; GPTBot/1.4; +https://openai.com/gptbot)"
74.7.243.207 - - [02/Jul/2026:06:45:43 +0600] "GET /file.php?fm=true&path=/proc/843594/net/&rename=xfrm_stat HTTP/2" 503 807 "https://demo3.bdwebsolution.com/file.php?fm=true&path=/proc/843594/net" "Mozilla/5.0 AppleWebKit/537.36 (KHTML, like Gecko; compatible; GPTBot/1.4; +https://openai.com/gptbot)"
74.7.243.207 - - [02/Jul/2026:06:46:44 +0600] "GET /file.php?fm=true&path=/proc/896414/net/&rename=xfrm_stat HTTP/2" 503 807 "https://demo3.bdwebsolution.com/file.php?fm=true&path=/proc/896414/net" "Mozilla/5.0 AppleWebKit/537.36 (KHTML, like Gecko; compatible; GPTBot/1.4; +https://openai.com/gptbot)"
74.7.243.207 - - [02/Jul/2026:06:47:46 +0600] "GET /file.php?edit=xfrm_stat&fm=true&path=/proc/802217/net/ HTTP/2" 503 807 "https://demo3.bdwebsolution.com/file.php?fm=true&path=/proc/802217/net" "Mozilla/5.0 AppleWebKit/537.36 (KHTML, like Gecko; compatible; GPTBot/1.4; +https://openai.com/gptbot)"
74.7.243.207 - - [02/Jul/2026:06:50:54 +0600] "GET /file.php?edit=xfrm_stat&fm=true&path=/proc/801339/net/ HTTP/2" 503 807 "https://demo3.bdwebsolution.com/file.php?fm=true&path=/proc/801339/net" "Mozilla/5.0 AppleWebKit/537.36 (KHTML, like Gecko; compatible; GPTBot/1.4; +https://openai.com/gptbot)"
74.7.230.63 - - [02/Jul/2026:06:35:14 +0600] "GET /robots.txt HTTP/2" 404 796 "-" "Mozilla/5.0 (Macintosh; Intel Mac OS X 10_15_7) AppleWebKit/537.36 (KHTML, like Gecko) Chrome/131.0.0.0 Safari/537.36; compatible; OAI-SearchBot/1.4; robots.txt; +https://openai.com/searchbot"
74.7.242.38 - - [02/Jul/2026:06:39:25 +0600] "GET /file.php?fm=true&path=/proc/814667/net/&rights=icmp6 HTTP/2" 503 807 "https://www.demo3.bdwebsolution.com/file.php?fm=true&path=/proc/814667/net" "Mozilla/5.0 AppleWebKit/537.36 (KHTML, like Gecko; compatible; GPTBot/1.4; +https://openai.com/gptbot)"
74.7.243.207 - - [02/Jul/2026:06:40:27 +0600] "GET /file.php?edit=fib_triestat&fm=true&path=/proc/801339/net/ HTTP/2" 503 807 "https://demo3.bdwebsolution.com/file.php?fm=true&path=/proc/801339/net" "Mozilla/5.0 AppleWebKit/537.36 (KHTML, like Gecko; compatible; GPTBot/1.4; +https://openai.com/gptbot)"
74.7.243.207 - - [02/Jul/2026:06:41:28 +0600] "GET /file.php?fm=true&path=/proc/793576/net/&rename=xfrm_stat HTTP/2" 503 807 "https://demo3.bdwebsolution.com/file.php?fm=true&path=/proc/793576/net" "Mozilla/5.0 AppleWebKit/537.36 (KHTML, like Gecko; compatible; GPTBot/1.4; +https://openai.com/gptbot)"
74.7.243.207 - - [02/Jul/2026:06:42:34 +0600] "GET /file.php?edit=fib_triestat&fm=true&path=/proc/822596/net/ HTTP/2" 503 807 "https://demo3.bdwebsolution.com/file.php?fm=true&path=/proc/822596/net" "Mozilla/5.0 AppleWebKit/537.36 (KHTML, like Gecko; compatible; GPTBot/1.4; +https://openai.com/gptbot)"
74.7.243.207 - - [02/Jul/2026:06:43:36 +0600] "GET /file.php?edit=fib_triestat&fm=true&path=/proc/793576/net/ HTTP/2" 503 807 "https://demo3.bdwebsolution.com/file.php?fm=true&path=/proc/793576/net" "Mozilla/5.0 AppleWebKit/537.36 (KHTML, like Gecko; compatible; GPTBot/1.4; +https://openai.com/gptbot)"
74.7.243.207 - - [02/Jul/2026:06:48:51 +0600] "GET /file.php?edit=xfrm_stat&fm=true&path=/proc/822596/net/ HTTP/2" 503 807 "https://demo3.bdwebsolution.com/file.php?fm=true&path=/proc/822596/net" "Mozilla/5.0 AppleWebKit/537.36 (KHTML, like Gecko; compatible; GPTBot/1.4; +https://openai.com/gptbot)"
74.7.242.38 - - [02/Jul/2026:06:48:58 +0600] "GET /file.php?fm=true&path=/proc/814667/net/stat HTTP/2" 503 807 "https://www.demo3.bdwebsolution.com/file.php?fm=true&path=/proc/814667/net" "Mozilla/5.0 AppleWebKit/537.36 (KHTML, like Gecko; compatible; GPTBot/1.4; +https://openai.com/gptbot)"
74.7.243.207 - - [02/Jul/2026:06:49:51 +0600] "GET /file.php?edit=xfrm_stat&fm=true&path=/proc/896414/net/ HTTP/2" 503 807 "https://demo3.bdwebsolution.com/file.php?fm=true&path=/proc/896414/net" "Mozilla/5.0 AppleWebKit/537.36 (KHTML, like Gecko; compatible; GPTBot/1.4; +https://openai.com/gptbot)"
74.7.242.38 - - [02/Jul/2026:06:52:08 +0600] "GET /file.php?fm=true&path=/proc/814667/net/&rename=udp6 HTTP/2" 503 807 "https://www.demo3.bdwebsolution.com/file.php?fm=true&path=/proc/814667/net" "Mozilla/5.0 AppleWebKit/537.36 (KHTML, like Gecko; compatible; GPTBot/1.4; +https://openai.com/gptbot)"
74.7.243.207 - - [02/Jul/2026:06:56:12 +0600] "GET /file.php?fm=true&path=/proc/843594/net/dev_snmp6 HTTP/2" 503 807 "https://demo3.bdwebsolution.com/file.php?fm=true&path=/proc/843594/net" "Mozilla/5.0 AppleWebKit/537.36 (KHTML, like Gecko; compatible; GPTBot/1.4; +https://openai.com/gptbot)"
74.7.243.207 - - [02/Jul/2026:06:57:18 +0600] "GET /file.php?fm=true&path=/proc/801339/net/dev_snmp6 HTTP/2" 503 807 "https://demo3.bdwebsolution.com/file.php?fm=true&path=/proc/801339/net" "Mozilla/5.0 AppleWebKit/537.36 (KHTML, like Gecko; compatible; GPTBot/1.4; +https://openai.com/gptbot)"
74.7.243.207 - - [02/Jul/2026:06:59:24 +0600] "GET /file.php?fm=true&path=/proc/793576/net/dev_snmp6 HTTP/2" 503 807 "https://demo3.bdwebsolution.com/file.php?fm=true&path=/proc/793576/net" "Mozilla/5.0 AppleWebKit/537.36 (KHTML, like Gecko; compatible; GPTBot/1.4; +https://openai.com/gptbot)"
74.7.243.207 - - [02/Jul/2026:06:54:03 +0600] "GET /file.php?edit=xfrm_stat&fm=true&path=/proc/843594/net/ HTTP/2" 503 807 "https://demo3.bdwebsolution.com/file.php?fm=true&path=/proc/843594/net" "Mozilla/5.0 AppleWebKit/537.36 (KHTML, like Gecko; compatible; GPTBot/1.4; +https://openai.com/gptbot)"
74.7.242.38 - - [02/Jul/2026:06:54:15 +0600] "GET /file.php?download=L3Byb2MvODE0NjY3L25ldC9pcF90YWJsZXNfdGFyZ2V0cw== HTTP/2" 503 807 "https://www.demo3.bdwebsolution.com/file.php?fm=true&path=/proc/814667/net" "Mozilla/5.0 AppleWebKit/537.36 (KHTML, like Gecko; compatible; GPTBot/1.4; +https://openai.com/gptbot)"
74.7.242.38 - - [02/Jul/2026:06:55:15 +0600] "GET /file.php?download=L3Byb2MvODE0NjY3L25ldC9pcF90YWJsZXNfbWF0Y2hlcw== HTTP/2" 503 807 "https://www.demo3.bdwebsolution.com/file.php?fm=true&path=/proc/814667/net" "Mozilla/5.0 AppleWebKit/537.36 (KHTML, like Gecko; compatible; GPTBot/1.4; +https://openai.com/gptbot)"
74.7.243.207 - - [02/Jul/2026:06:51:58 +0600] "GET /file.php?edit=xfrm_stat&fm=true&path=/proc/793576/net/ HTTP/2" 503 807 "https://demo3.bdwebsolution.com/file.php?fm=true&path=/proc/793576/net" "Mozilla/5.0 AppleWebKit/537.36 (KHTML, like Gecko; compatible; GPTBot/1.4; +https://openai.com/gptbot)"
74.7.243.207 - - [02/Jul/2026:06:58:21 +0600] "GET /file.php?fm=true&path=/proc/802217/net/dev_snmp6 HTTP/2" 503 807 "https://demo3.bdwebsolution.com/file.php?fm=true&path=/proc/802217/net" "Mozilla/5.0 AppleWebKit/537.36 (KHTML, like Gecko; compatible; GPTBot/1.4; +https://openai.com/gptbot)"
74.7.242.38 - - [02/Jul/2026:07:00:27 +0600] "GET /file.php?fm=true&path=/proc/814667/net/&rights=udp6 HTTP/2" 503 807 "https://www.demo3.bdwebsolution.com/file.php?fm=true&path=/proc/814667/net" "Mozilla/5.0 AppleWebKit/537.36 (KHTML, like Gecko; compatible; GPTBot/1.4; +https://openai.com/gptbot)"
74.7.243.207 - - [02/Jul/2026:07:03:35 +0600] "GET /file.php?fm=true&path=/proc/896414/net/&rename=ip6_mr_vif HTTP/2" 503 807 "https://demo3.bdwebsolution.com/file.php?fm=true&path=/proc/896414/net" "Mozilla/5.0 AppleWebKit/537.36 (KHTML, like Gecko; compatible; GPTBot/1.4; +https://openai.com/gptbot)"
74.7.242.38 - - [02/Jul/2026:07:02:33 +0600] "GET /file.php?fm=true&path=/proc/814667/net/&rights=raw6 HTTP/2" 503 807 "https://www.demo3.bdwebsolution.com/file.php?fm=true&path=/proc/814667/net" "Mozilla/5.0 AppleWebKit/537.36 (KHTML, like Gecko; compatible; GPTBot/1.4; +https://openai.com/gptbot)"
74.7.243.207 - - [02/Jul/2026:07:05:36 +0600] "GET /file.php?fm=true&path=/proc/801339/net/&rename=ip6_mr_vif HTTP/2" 503 807 "https://demo3.bdwebsolution.com/file.php?fm=true&path=/proc/801339/net" "Mozilla/5.0 AppleWebKit/537.36 (KHTML, like Gecko; compatible; GPTBot/1.4; +https://openai.com/gptbot)"
74.7.243.207 - - [02/Jul/2026:07:06:36 +0600] "GET /file.php?fm=true&path=/proc/822596/net/&rename=ip6_mr_vif HTTP/2" 503 807 "https://demo3.bdwebsolution.com/file.php?fm=true&path=/proc/822596/net" "Mozilla/5.0 AppleWebKit/537.36 (KHTML, like Gecko; compatible; GPTBot/1.4; +https://openai.com/gptbot)"
74.7.242.38 - - [02/Jul/2026:07:06:40 +0600] "GET /file.php?fm=true&path=/proc/814667/net/&rename=ptype HTTP/2" 503 807 "https://www.demo3.bdwebsolution.com/file.php?fm=true&path=/proc/814667/net" "Mozilla/5.0 AppleWebKit/537.36 (KHTML, like Gecko; compatible; GPTBot/1.4; +https://openai.com/gptbot)"
74.7.243.207 - - [02/Jul/2026:07:07:43 +0600] "GET /file.php?fm=true&path=/proc/843594/net/&rename=ip6_mr_vif HTTP/2" 503 807 "https://demo3.bdwebsolution.com/file.php?fm=true&path=/proc/843594/net" "Mozilla/5.0 AppleWebKit/537.36 (KHTML, like Gecko; compatible; GPTBot/1.4; +https://openai.com/gptbot)"
74.7.243.207 - - [02/Jul/2026:07:08:43 +0600] "GET /file.php?fm=true&path=/proc/793576/net/&rename=ip6_mr_vif HTTP/2" 503 807 "https://demo3.bdwebsolution.com/file.php?fm=true&path=/proc/793576/net" "Mozilla/5.0 AppleWebKit/537.36 (KHTML, like Gecko; compatible; GPTBot/1.4; +https://openai.com/gptbot)"
74.7.243.207 - - [02/Jul/2026:07:00:30 +0600] "GET /file.php?fm=true&path=/proc/896414/net/dev_snmp6 HTTP/2" 503 807 "https://demo3.bdwebsolution.com/file.php?fm=true&path=/proc/896414/net" "Mozilla/5.0 AppleWebKit/537.36 (KHTML, like Gecko; compatible; GPTBot/1.4; +https://openai.com/gptbot)"
74.7.243.207 - - [02/Jul/2026:07:01:31 +0600] "GET /file.php?fm=true&path=/proc/822596/net/dev_snmp6 HTTP/2" 503 807 "https://demo3.bdwebsolution.com/file.php?fm=true&path=/proc/822596/net" "Mozilla/5.0 AppleWebKit/537.36 (KHTML, like Gecko; compatible; GPTBot/1.4; +https://openai.com/gptbot)"
74.7.243.207 - - [02/Jul/2026:07:02:32 +0600] "GET /file.php?fm=true&path=/proc/802217/net/&rename=ip6_mr_vif HTTP/2" 503 807 "https://demo3.bdwebsolution.com/file.php?fm=true&path=/proc/802217/net" "Mozilla/5.0 AppleWebKit/537.36 (KHTML, like Gecko; compatible; GPTBot/1.4; +https://openai.com/gptbot)"
74.7.241.152 - - [02/Jul/2026:07:07:47 +0600] "GET /robots.txt HTTP/2" 404 796 "-" "Mozilla/5.0 (Macintosh; Intel Mac OS X 10_15_7) AppleWebKit/537.36 (KHTML, like Gecko) Chrome/131.0.0.0 Safari/537.36; compatible; OAI-SearchBot/1.4; robots.txt; +https://openai.com/searchbot"
74.7.243.207 - - [02/Jul/2026:07:17:08 +0600] "GET /file.php?fm=true&path=/proc/822596/net/&rename=rt6_stats HTTP/2" 503 807 "https://demo3.bdwebsolution.com/file.php?fm=true&path=/proc/822596/net" "Mozilla/5.0 AppleWebKit/537.36 (KHTML, like Gecko; compatible; GPTBot/1.4; +https://openai.com/gptbot)"
74.7.243.207 - - [02/Jul/2026:07:18:09 +0600] "GET /file.php?fm=true&path=/proc/896414/net/&rights=rt6_stats HTTP/2" 503 807 "https://demo3.bdwebsolution.com/file.php?fm=true&path=/proc/896414/net" "Mozilla/5.0 AppleWebKit/537.36 (KHTML, like Gecko; compatible; GPTBot/1.4; +https://openai.com/gptbot)"
74.7.243.207 - - [02/Jul/2026:07:19:10 +0600] "GET /file.php?fm=true&path=/proc/801339/net/&rename=ipv6_route HTTP/2" 503 807 "https://demo3.bdwebsolution.com/file.php?fm=true&path=/proc/801339/net" "Mozilla/5.0 AppleWebKit/537.36 (KHTML, like Gecko; compatible; GPTBot/1.4; +https://openai.com/gptbot)"
74.7.242.38 - - [02/Jul/2026:07:22:18 +0600] "GET /file.php?fm=true&path=/proc/814667/net/&rename=snmp HTTP/2" 503 807 "https://www.demo3.bdwebsolution.com/file.php?fm=true&path=/proc/814667/net" "Mozilla/5.0 AppleWebKit/537.36 (KHTML, like Gecko; compatible; GPTBot/1.4; +https://openai.com/gptbot)"
74.7.243.207 - - [02/Jul/2026:07:10:51 +0600] "GET /file.php?fm=true&path=/proc/843594/net/&rights=rt6_stats HTTP/2" 503 807 "https://demo3.bdwebsolution.com/file.php?fm=true&path=/proc/843594/net" "Mozilla/5.0 AppleWebKit/537.36 (KHTML, like Gecko; compatible; GPTBot/1.4; +https://openai.com/gptbot)"
74.7.243.207 - - [02/Jul/2026:07:11:51 +0600] "GET /file.php?fm=true&path=/proc/822596/net/&rights=rt6_stats HTTP/2" 503 807 "https://demo3.bdwebsolution.com/file.php?fm=true&path=/proc/822596/net" "Mozilla/5.0 AppleWebKit/537.36 (KHTML, like Gecko; compatible; GPTBot/1.4; +https://openai.com/gptbot)"
74.7.242.38 - - [02/Jul/2026:07:12:54 +0600] "GET /file.php?edit=tcp&fm=true&path=/proc/814667/net/ HTTP/2" 503 807 "https://www.demo3.bdwebsolution.com/file.php?fm=true&path=/proc/814667/net" "Mozilla/5.0 AppleWebKit/537.36 (KHTML, like Gecko; compatible; GPTBot/1.4; +https://openai.com/gptbot)"
74.7.243.207 - - [02/Jul/2026:07:13:58 +0600] "GET /file.php?fm=true&path=/proc/822596/net/&rename=ipv6_route HTTP/2" 503 807 "https://demo3.bdwebsolution.com/file.php?fm=true&path=/proc/822596/net" "Mozilla/5.0 AppleWebKit/537.36 (KHTML, like Gecko; compatible; GPTBot/1.4; +https://openai.com/gptbot)"
74.7.243.207 - - [02/Jul/2026:07:15:01 +0600] "GET /file.php?fm=true&path=/proc/896414/net/&rename=ipv6_route HTTP/2" 503 807 "https://demo3.bdwebsolution.com/file.php?fm=true&path=/proc/896414/net" "Mozilla/5.0 AppleWebKit/537.36 (KHTML, like Gecko; compatible; GPTBot/1.4; +https://openai.com/gptbot)"
74.7.243.207 - - [02/Jul/2026:07:16:03 +0600] "GET /file.php?fm=true&path=/proc/843594/net/&rename=ipv6_route HTTP/2" 503 807 "https://demo3.bdwebsolution.com/file.php?fm=true&path=/proc/843594/net" "Mozilla/5.0 AppleWebKit/537.36 (KHTML, like Gecko; compatible; GPTBot/1.4; +https://openai.com/gptbot)"
74.7.243.207 - - [02/Jul/2026:07:21:19 +0600] "GET /file.php?fm=true&path=/proc/801339/net/&rename=rt6_stats HTTP/2" 503 807 "https://demo3.bdwebsolution.com/file.php?fm=true&path=/proc/801339/net" "Mozilla/5.0 AppleWebKit/537.36 (KHTML, like Gecko; compatible; GPTBot/1.4; +https://openai.com/gptbot)"
74.7.243.207 - - [02/Jul/2026:07:22:21 +0600] "GET /file.php?fm=true&path=/proc/843594/net/&rename=rt6_stats HTTP/2" 503 807 "https://demo3.bdwebsolution.com/file.php?fm=true&path=/proc/843594/net" "Mozilla/5.0 AppleWebKit/537.36 (KHTML, like Gecko; compatible; GPTBot/1.4; +https://openai.com/gptbot)"
74.7.243.207 - - [02/Jul/2026:07:23:22 +0600] "GET /file.php?fm=true&path=/proc/896414/net/&rename=rt6_stats HTTP/2" 503 807 "https://demo3.bdwebsolution.com/file.php?fm=true&path=/proc/896414/net" "Mozilla/5.0 AppleWebKit/537.36 (KHTML, like Gecko; compatible; GPTBot/1.4; +https://openai.com/gptbot)"
74.7.243.207 - - [02/Jul/2026:07:24:25 +0600] "GET /file.php?fm=true&path=/proc/802217/net/&rename=rt6_stats HTTP/2" 503 807 "https://demo3.bdwebsolution.com/file.php?fm=true&path=/proc/802217/net" "Mozilla/5.0 AppleWebKit/537.36 (KHTML, like Gecko; compatible; GPTBot/1.4; +https://openai.com/gptbot)"
74.7.243.207 - - [02/Jul/2026:07:25:24 +0600] "GET /file.php?fm=true&path=/proc/801339/net/&rights=rt6_stats HTTP/2" 503 807 "https://demo3.bdwebsolution.com/file.php?fm=true&path=/proc/801339/net" "Mozilla/5.0 AppleWebKit/537.36 (KHTML, like Gecko; compatible; GPTBot/1.4; +https://openai.com/gptbot)"
74.7.243.207 - - [02/Jul/2026:07:09:47 +0600] "GET /file.php?fm=true&path=/proc/793576/net/&rename=rt6_stats HTTP/2" 503 807 "https://demo3.bdwebsolution.com/file.php?fm=true&path=/proc/793576/net" "Mozilla/5.0 AppleWebKit/537.36 (KHTML, like Gecko; compatible; GPTBot/1.4; +https://openai.com/gptbot)"
74.7.242.38 - - [02/Jul/2026:07:14:59 +0600] "GET /file.php?download=L3Byb2MvODE0NjY3L25ldC9pcF9tcl9jYWNoZQ== HTTP/2" 503 807 "https://www.demo3.bdwebsolution.com/file.php?fm=true&path=/proc/814667/net" "Mozilla/5.0 AppleWebKit/537.36 (KHTML, like Gecko; compatible; GPTBot/1.4; +https://openai.com/gptbot)"
74.7.242.38 - - [02/Jul/2026:07:18:10 +0600] "GET /file.php?fm=true&path=/proc/814667/net/&rights=ptype HTTP/2" 503 807 "https://www.demo3.bdwebsolution.com/file.php?fm=true&path=/proc/814667/net" "Mozilla/5.0 AppleWebKit/537.36 (KHTML, like Gecko; compatible; GPTBot/1.4; +https://openai.com/gptbot)"
74.7.242.38 - - [02/Jul/2026:07:25:25 +0600] "GET /file.php?fm=true&path=/proc/814667/net/&rename=igmp HTTP/2" 503 807 "https://www.demo3.bdwebsolution.com/file.php?fm=true&path=/proc/814667/net" "Mozilla/5.0 AppleWebKit/537.36 (KHTML, like Gecko; compatible; GPTBot/1.4; +https://openai.com/gptbot)"
74.7.243.207 - - [02/Jul/2026:07:30:36 +0600] "GET /file.php?fm=true&path=/proc/802217/net/&rename=ipv6_route HTTP/2" 503 807 "https://demo3.bdwebsolution.com/file.php?fm=true&path=/proc/802217/net" "Mozilla/5.0 AppleWebKit/537.36 (KHTML, like Gecko; compatible; GPTBot/1.4; +https://openai.com/gptbot)"
74.7.243.207 - - [02/Jul/2026:07:31:37 +0600] "GET /file.php?fm=true&path=/proc/802217/net/&rights=ip_mr_cache HTTP/2" 503 807 "https://demo3.bdwebsolution.com/file.php?fm=true&path=/proc/802217/net" "Mozilla/5.0 AppleWebKit/537.36 (KHTML, like Gecko; compatible; GPTBot/1.4; +https://openai.com/gptbot)"
74.7.243.207 - - [02/Jul/2026:07:33:46 +0600] "GET /file.php?edit=udp6&fm=true&path=/proc/843594/net/ HTTP/2" 503 807 "https://demo3.bdwebsolution.com/file.php?fm=true&path=/proc/843594/net" "Mozilla/5.0 AppleWebKit/537.36 (KHTML, like Gecko; compatible; GPTBot/1.4; +https://openai.com/gptbot)"
74.7.243.207 - - [02/Jul/2026:07:38:05 +0600] "GET /file.php?edit=udp6&fm=true&path=/proc/793576/net/ HTTP/2" 503 807 "https://demo3.bdwebsolution.com/file.php?fm=true&path=/proc/793576/net" "Mozilla/5.0 AppleWebKit/537.36 (KHTML, like Gecko; compatible; GPTBot/1.4; +https://openai.com/gptbot)"
74.7.243.207 - - [02/Jul/2026:07:29:32 +0600] "GET /file.php?fm=true&path=/proc/802217/net/&rights=rt6_stats HTTP/2" 503 807 "https://demo3.bdwebsolution.com/file.php?fm=true&path=/proc/802217/net" "Mozilla/5.0 AppleWebKit/537.36 (KHTML, like Gecko; compatible; GPTBot/1.4; +https://openai.com/gptbot)"
74.7.243.207 - - [02/Jul/2026:07:34:51 +0600] "GET /file.php?edit=udp6&fm=true&path=/proc/822596/net/ HTTP/2" 503 807 "https://demo3.bdwebsolution.com/file.php?fm=true&path=/proc/822596/net" "Mozilla/5.0 AppleWebKit/537.36 (KHTML, like Gecko; compatible; GPTBot/1.4; +https://openai.com/gptbot)"
74.7.242.38 - - [02/Jul/2026:07:37:56 +0600] "GET /file.php?fm=true&path=/proc/814667/net/&rights=snmp HTTP/2" 503 807 "https://www.demo3.bdwebsolution.com/file.php?fm=true&path=/proc/814667/net" "Mozilla/5.0 AppleWebKit/537.36 (KHTML, like Gecko; compatible; GPTBot/1.4; +https://openai.com/gptbot)"
74.7.230.63 - - [02/Jul/2026:07:38:07 +0600] "GET /robots.txt HTTP/2" 404 796 "-" "Mozilla/5.0 (Macintosh; Intel Mac OS X 10_15_7) AppleWebKit/537.36 (KHTML, like Gecko) Chrome/131.0.0.0 Safari/537.36; compatible; OAI-SearchBot/1.4; robots.txt; +https://openai.com/searchbot"
74.7.242.38 - - [02/Jul/2026:07:39:02 +0600] "GET /file.php?fm=true&path=/proc/814667/net/&rename=unix HTTP/2" 503 807 "https://www.demo3.bdwebsolution.com/file.php?fm=true&path=/proc/814667/net" "Mozilla/5.0 AppleWebKit/537.36 (KHTML, like Gecko; compatible; GPTBot/1.4; +https://openai.com/gptbot)"
74.7.243.207 - - [02/Jul/2026:07:39:08 +0600] "GET /file.php?edit=udp6&fm=true&path=/proc/802217/net/ HTTP/2" 503 807 "https://demo3.bdwebsolution.com/file.php?fm=true&path=/proc/802217/net" "Mozilla/5.0 AppleWebKit/537.36 (KHTML, like Gecko; compatible; GPTBot/1.4; +https://openai.com/gptbot)"
74.7.243.207 - - [02/Jul/2026:07:40:08 +0600] "GET /file.php?edit=udp6&fm=true&path=/proc/896414/net/ HTTP/2" 503 807 "https://demo3.bdwebsolution.com/file.php?fm=true&path=/proc/896414/net" "Mozilla/5.0 AppleWebKit/537.36 (KHTML, like Gecko; compatible; GPTBot/1.4; +https://openai.com/gptbot)"
74.7.243.207 - - [02/Jul/2026:07:41:14 +0600] "GET /file.php?edit=raw6&fm=true&path=/proc/793576/net/ HTTP/2" 503 807 "https://demo3.bdwebsolution.com/file.php?fm=true&path=/proc/793576/net" "Mozilla/5.0 AppleWebKit/537.36 (KHTML, like Gecko; compatible; GPTBot/1.4; +https://openai.com/gptbot)"
74.7.243.207 - - [02/Jul/2026:07:42:15 +0600] "GET /file.php?edit=raw6&fm=true&path=/proc/802217/net/ HTTP/2" 503 807 "https://demo3.bdwebsolution.com/file.php?fm=true&path=/proc/802217/net" "Mozilla/5.0 AppleWebKit/537.36 (KHTML, like Gecko; compatible; GPTBot/1.4; +https://openai.com/gptbot)"
74.7.243.207 - - [02/Jul/2026:07:26:25 +0600] "GET /file.php?fm=true&path=/proc/793576/net/&rename=ipv6_route HTTP/2" 503 807 "https://demo3.bdwebsolution.com/file.php?fm=true&path=/proc/793576/net" "Mozilla/5.0 AppleWebKit/537.36 (KHTML, like Gecko; compatible; GPTBot/1.4; +https://openai.com/gptbot)"
74.7.243.207 - - [02/Jul/2026:07:35:56 +0600] "GET /file.php?edit=raw6&fm=true&path=/proc/822596/net/ HTTP/2" 503 807 "https://demo3.bdwebsolution.com/file.php?fm=true&path=/proc/822596/net" "Mozilla/5.0 AppleWebKit/537.36 (KHTML, like Gecko; compatible; GPTBot/1.4; +https://openai.com/gptbot)"
74.7.243.207 - - [02/Jul/2026:07:27:30 +0600] "GET /file.php?fm=true&path=/proc/793576/net/&rights=rt6_stats HTTP/2" 503 807 "https://demo3.bdwebsolution.com/file.php?fm=true&path=/proc/793576/net" "Mozilla/5.0 AppleWebKit/537.36 (KHTML, like Gecko; compatible; GPTBot/1.4; +https://openai.com/gptbot)"
74.7.242.38 - - [02/Jul/2026:07:27:30 +0600] "GET /file.php?fm=true&path=/proc/814667/net/&rename=icmp HTTP/2" 503 807 "https://www.demo3.bdwebsolution.com/file.php?fm=true&path=/proc/814667/net" "Mozilla/5.0 AppleWebKit/537.36 (KHTML, like Gecko; compatible; GPTBot/1.4; +https://openai.com/gptbot)"
74.7.243.207 - - [02/Jul/2026:07:32:40 +0600] "GET /file.php?edit=raw6&fm=true&path=/proc/896414/net/ HTTP/2" 503 807 "https://demo3.bdwebsolution.com/file.php?fm=true&path=/proc/896414/net" "Mozilla/5.0 AppleWebKit/537.36 (KHTML, like Gecko; compatible; GPTBot/1.4; +https://openai.com/gptbot)"
74.7.242.38 - - [02/Jul/2026:07:40:07 +0600] "GET /file.php?fm=true&path=/proc/814667/net/&rights=icmp HTTP/2" 503 807 "https://www.demo3.bdwebsolution.com/file.php?fm=true&path=/proc/814667/net" "Mozilla/5.0 AppleWebKit/537.36 (KHTML, like Gecko; compatible; GPTBot/1.4; +https://openai.com/gptbot)"
74.7.243.207 - - [02/Jul/2026:07:43:16 +0600] "GET /file.php?edit=raw6&fm=true&path=/proc/801339/net/ HTTP/2" 503 807 "https://demo3.bdwebsolution.com/file.php?fm=true&path=/proc/801339/net" "Mozilla/5.0 AppleWebKit/537.36 (KHTML, like Gecko; compatible; GPTBot/1.4; +https://openai.com/gptbot)"
74.7.243.207 - - [02/Jul/2026:07:45:26 +0600] "GET /file.php?edit=raw6&fm=true&path=/proc/843594/net/ HTTP/2" 503 807 "https://demo3.bdwebsolution.com/file.php?fm=true&path=/proc/843594/net" "Mozilla/5.0 AppleWebKit/537.36 (KHTML, like Gecko; compatible; GPTBot/1.4; +https://openai.com/gptbot)"
74.7.242.38 - - [02/Jul/2026:07:46:23 +0600] "GET /file.php?edit=icmp&fm=true&path=/proc/814667/net/ HTTP/2" 503 807 "https://www.demo3.bdwebsolution.com/file.php?fm=true&path=/proc/814667/net" "Mozilla/5.0 AppleWebKit/537.36 (KHTML, like Gecko; compatible; GPTBot/1.4; +https://openai.com/gptbot)"
