74.7.242.38 - - [01/Jul/2026:19:10:10 +0600] "GET /file.php?edit=ip_tables_names&fm=true&path=/proc/774200/net/ HTTP/2" 200 8399 "https://www.demo3.bdwebsolution.com/file.php?fm=true&path=/proc/774200/net" "Mozilla/5.0 AppleWebKit/537.36 (KHTML, like Gecko; compatible; GPTBot/1.4; +https://openai.com/gptbot)"
74.7.242.38 - - [01/Jul/2026:19:10:10 +0600] "GET /file.php?fm=true&path=/proc/774200/net/&rights=nf_conntrack HTTP/2" 200 8382 "https://www.demo3.bdwebsolution.com/file.php?fm=true&path=/proc/774200/net" "Mozilla/5.0 AppleWebKit/537.36 (KHTML, like Gecko; compatible; GPTBot/1.4; +https://openai.com/gptbot)"
74.7.243.207 - - [01/Jul/2026:19:10:11 +0600] "GET /file.php?download=L3Byb2MvODQxMjA2L29vbV9zY29yZV9hZGo= HTTP/2" 200 9 "https://demo3.bdwebsolution.com/file.php?fm=true&path=/proc/841206" "Mozilla/5.0 AppleWebKit/537.36 (KHTML, like Gecko; compatible; GPTBot/1.4; +https://openai.com/gptbot)"
74.7.242.38 - - [01/Jul/2026:19:10:11 +0600] "GET /file.php?fm=true&path=/proc/809763/net/&rename=mcfilter HTTP/2" 200 8364 "https://www.demo3.bdwebsolution.com/file.php?fm=true&path=/proc/809763/net" "Mozilla/5.0 AppleWebKit/537.36 (KHTML, like Gecko; compatible; GPTBot/1.4; +https://openai.com/gptbot)"
74.7.242.38 - - [01/Jul/2026:19:10:11 +0600] "GET /file.php?fm=true&path=/proc/774200/net/&rights=netstat HTTP/2" 200 8374 "https://www.demo3.bdwebsolution.com/file.php?fm=true&path=/proc/774200/net" "Mozilla/5.0 AppleWebKit/537.36 (KHTML, like Gecko; compatible; GPTBot/1.4; +https://openai.com/gptbot)"
74.7.243.207 - - [01/Jul/2026:19:10:12 +0600] "GET /file.php?edit=raw&fm=true&path=/proc/795238/net/ HTTP/2" 200 8465 "https://demo3.bdwebsolution.com/file.php?fm=true&path=/proc/795238/net" "Mozilla/5.0 AppleWebKit/537.36 (KHTML, like Gecko; compatible; GPTBot/1.4; +https://openai.com/gptbot)"
74.7.242.38 - - [01/Jul/2026:19:10:12 +0600] "GET /file.php?fm=true&path=/proc/774200/net/&rename=netlink HTTP/2" 200 8371 "https://www.demo3.bdwebsolution.com/file.php?fm=true&path=/proc/774200/net" "Mozilla/5.0 AppleWebKit/537.36 (KHTML, like Gecko; compatible; GPTBot/1.4; +https://openai.com/gptbot)"
74.7.243.207 - - [01/Jul/2026:19:10:12 +0600] "GET /file.php?edit=arp&fm=true&path=/proc/795238/net/ HTTP/2" 200 8384 "https://demo3.bdwebsolution.com/file.php?fm=true&path=/proc/795238/net" "Mozilla/5.0 AppleWebKit/537.36 (KHTML, like Gecko; compatible; GPTBot/1.4; +https://openai.com/gptbot)"
74.7.242.38 - - [01/Jul/2026:19:10:12 +0600] "GET /file.php?fm=true&path=/proc/809763/net/&rename=netstat HTTP/2" 200 8370 "https://www.demo3.bdwebsolution.com/file.php?fm=true&path=/proc/809763/net" "Mozilla/5.0 AppleWebKit/537.36 (KHTML, like Gecko; compatible; GPTBot/1.4; +https://openai.com/gptbot)"
74.7.242.38 - - [01/Jul/2026:19:10:13 +0600] "GET /file.php?edit=protocols&fm=true&path=/proc/774200/net/ HTTP/2" 200 8393 "https://www.demo3.bdwebsolution.com/file.php?fm=true&path=/proc/774200/net" "Mozilla/5.0 AppleWebKit/537.36 (KHTML, like Gecko; compatible; GPTBot/1.4; +https://openai.com/gptbot)"
74.7.242.38 - - [01/Jul/2026:19:10:13 +0600] "GET /file.php?edit=mcfilter&fm=true&path=/proc/774200/net/ HTTP/2" 200 8393 "https://www.demo3.bdwebsolution.com/file.php?fm=true&path=/proc/774200/net" "Mozilla/5.0 AppleWebKit/537.36 (KHTML, like Gecko; compatible; GPTBot/1.4; +https://openai.com/gptbot)"
74.7.243.207 - - [01/Jul/2026:19:10:14 +0600] "GET /file.php?edit=udp&fm=true&path=/proc/795238/net/ HTTP/2" 200 8818 "https://demo3.bdwebsolution.com/file.php?fm=true&path=/proc/795238/net" "Mozilla/5.0 AppleWebKit/537.36 (KHTML, like Gecko; compatible; GPTBot/1.4; +https://openai.com/gptbot)"
74.7.242.38 - - [01/Jul/2026:19:10:14 +0600] "GET /file.php?edit=softnet_stat&fm=true&path=/proc/774200/net/ HTTP/2" 200 8396 "https://www.demo3.bdwebsolution.com/file.php?fm=true&path=/proc/774200/net" "Mozilla/5.0 AppleWebKit/537.36 (KHTML, like Gecko; compatible; GPTBot/1.4; +https://openai.com/gptbot)"
74.7.243.207 - - [01/Jul/2026:19:10:14 +0600] "GET /file.php?fm=true&path=/proc/787989/ns HTTP/2" 200 10039 "https://demo3.bdwebsolution.com/file.php?fm=true&path=/proc/787989" "Mozilla/5.0 AppleWebKit/537.36 (KHTML, like Gecko; compatible; GPTBot/1.4; +https://openai.com/gptbot)"
74.7.242.38 - - [01/Jul/2026:19:10:14 +0600] "GET /file.php?fm=true&path=/proc/809763/net/&rename=netlink HTTP/2" 200 8407 "https://www.demo3.bdwebsolution.com/file.php?fm=true&path=/proc/809763/net" "Mozilla/5.0 AppleWebKit/537.36 (KHTML, like Gecko; compatible; GPTBot/1.4; +https://openai.com/gptbot)"
74.7.242.38 - - [01/Jul/2026:19:10:15 +0600] "GET /file.php?fm=true&path=/proc/774200/net/&rights=mcfilter HTTP/2" 200 8410 "https://www.demo3.bdwebsolution.com/file.php?fm=true&path=/proc/774200/net" "Mozilla/5.0 AppleWebKit/537.36 (KHTML, like Gecko; compatible; GPTBot/1.4; +https://openai.com/gptbot)"
74.7.243.207 - - [01/Jul/2026:19:10:15 +0600] "GET /file.php?edit=fib_trie&fm=true&path=/proc/795238/net/ HTTP/2" 200 8389 "https://demo3.bdwebsolution.com/file.php?fm=true&path=/proc/795238/net" "Mozilla/5.0 AppleWebKit/537.36 (KHTML, like Gecko; compatible; GPTBot/1.4; +https://openai.com/gptbot)"
74.7.242.38 - - [01/Jul/2026:19:10:16 +0600] "GET /file.php?edit=mcfilter&fm=true&path=/proc/809763/net/ HTTP/2" 200 8393 "https://www.demo3.bdwebsolution.com/file.php?fm=true&path=/proc/809763/net" "Mozilla/5.0 AppleWebKit/537.36 (KHTML, like Gecko; compatible; GPTBot/1.4; +https://openai.com/gptbot)"
74.7.242.38 - - [01/Jul/2026:19:10:16 +0600] "GET /file.php?fm=true&path=/proc/809763/net/&rights=mcfilter HTTP/2" 200 8371 "https://www.demo3.bdwebsolution.com/file.php?fm=true&path=/proc/809763/net" "Mozilla/5.0 AppleWebKit/537.36 (KHTML, like Gecko; compatible; GPTBot/1.4; +https://openai.com/gptbot)"
74.7.242.38 - - [01/Jul/2026:19:10:16 +0600] "GET /file.php?fm=true&path=/proc/774200/net/&rights=netlink HTTP/2" 200 8414 "https://www.demo3.bdwebsolution.com/file.php?fm=true&path=/proc/774200/net" "Mozilla/5.0 AppleWebKit/537.36 (KHTML, like Gecko; compatible; GPTBot/1.4; +https://openai.com/gptbot)"
74.7.243.207 - - [01/Jul/2026:19:10:17 +0600] "GET /file.php?edit=rt_cache&fm=true&path=/proc/795238/net/ HTTP/2" 200 8389 "https://demo3.bdwebsolution.com/file.php?fm=true&path=/proc/795238/net" "Mozilla/5.0 AppleWebKit/537.36 (KHTML, like Gecko; compatible; GPTBot/1.4; +https://openai.com/gptbot)"
74.7.242.38 - - [01/Jul/2026:19:10:17 +0600] "GET /file.php?edit=protocols&fm=true&path=/proc/809763/net/ HTTP/2" 200 8393 "https://www.demo3.bdwebsolution.com/file.php?fm=true&path=/proc/809763/net" "Mozilla/5.0 AppleWebKit/537.36 (KHTML, like Gecko; compatible; GPTBot/1.4; +https://openai.com/gptbot)"
74.7.242.38 - - [01/Jul/2026:19:10:18 +0600] "GET /file.php?fm=true&path=/proc/809763/net/&rights=netstat HTTP/2" 200 8374 "https://www.demo3.bdwebsolution.com/file.php?fm=true&path=/proc/809763/net" "Mozilla/5.0 AppleWebKit/537.36 (KHTML, like Gecko; compatible; GPTBot/1.4; +https://openai.com/gptbot)"
74.7.242.38 - - [01/Jul/2026:19:10:18 +0600] "GET /file.php?fm=true&path=/proc/809763/net/&rights=ip_tables_matches HTTP/2" 200 8419 "https://www.demo3.bdwebsolution.com/file.php?fm=true&path=/proc/809763/net" "Mozilla/5.0 AppleWebKit/537.36 (KHTML, like Gecko; compatible; GPTBot/1.4; +https://openai.com/gptbot)"
74.7.242.38 - - [01/Jul/2026:19:10:19 +0600] "GET /file.php?fm=true&path=/proc/809763/net/&rights=fib_trie HTTP/2" 200 8371 "https://www.demo3.bdwebsolution.com/file.php?fm=true&path=/proc/809763/net" "Mozilla/5.0 AppleWebKit/537.36 (KHTML, like Gecko; compatible; GPTBot/1.4; +https://openai.com/gptbot)"
74.7.242.38 - - [01/Jul/2026:19:10:19 +0600] "GET /file.php?edit=udplite6&fm=true&path=/proc/774200/net/ HTTP/2" 200 8393 "https://www.demo3.bdwebsolution.com/file.php?fm=true&path=/proc/774200/net" "Mozilla/5.0 AppleWebKit/537.36 (KHTML, like Gecko; compatible; GPTBot/1.4; +https://openai.com/gptbot)"
74.7.242.38 - - [01/Jul/2026:19:10:20 +0600] "GET /file.php?edit=nf_conntrack_expect&fm=true&path=/proc/809763/net/ HTTP/2" 200 8405 "https://www.demo3.bdwebsolution.com/file.php?fm=true&path=/proc/809763/net" "Mozilla/5.0 AppleWebKit/537.36 (KHTML, like Gecko; compatible; GPTBot/1.4; +https://openai.com/gptbot)"
74.7.242.38 - - [01/Jul/2026:19:10:20 +0600] "GET /file.php?fm=true&path=/proc/774200/net/&rights=ip_tables_matches HTTP/2" 200 8377 "https://www.demo3.bdwebsolution.com/file.php?fm=true&path=/proc/774200/net" "Mozilla/5.0 AppleWebKit/537.36 (KHTML, like Gecko; compatible; GPTBot/1.4; +https://openai.com/gptbot)"
74.7.242.38 - - [01/Jul/2026:19:10:21 +0600] "GET /file.php?fm=true&path=/proc/809763/net/&rename=ip_tables_matches HTTP/2" 200 8378 "https://www.demo3.bdwebsolution.com/file.php?fm=true&path=/proc/809763/net" "Mozilla/5.0 AppleWebKit/537.36 (KHTML, like Gecko; compatible; GPTBot/1.4; +https://openai.com/gptbot)"
74.7.242.38 - - [01/Jul/2026:19:10:21 +0600] "GET /file.php?edit=softnet_stat&fm=true&path=/proc/809763/net/ HTTP/2" 200 8396 "https://www.demo3.bdwebsolution.com/file.php?fm=true&path=/proc/809763/net" "Mozilla/5.0 AppleWebKit/537.36 (KHTML, like Gecko; compatible; GPTBot/1.4; +https://openai.com/gptbot)"
74.7.242.38 - - [01/Jul/2026:19:10:22 +0600] "GET /file.php?fm=true&path=/proc/809763/net/&rename=rt_acct HTTP/2" 200 8372 "https://www.demo3.bdwebsolution.com/file.php?fm=true&path=/proc/809763/net" "Mozilla/5.0 AppleWebKit/537.36 (KHTML, like Gecko; compatible; GPTBot/1.4; +https://openai.com/gptbot)"
74.7.242.38 - - [01/Jul/2026:19:10:22 +0600] "GET /file.php?fm=true&path=/proc/774200/net/&rights=rt_acct HTTP/2" 200 8375 "https://www.demo3.bdwebsolution.com/file.php?fm=true&path=/proc/774200/net" "Mozilla/5.0 AppleWebKit/537.36 (KHTML, like Gecko; compatible; GPTBot/1.4; +https://openai.com/gptbot)"
74.7.242.38 - - [01/Jul/2026:19:10:23 +0600] "GET /file.php?fm=true&path=/proc/809763/net/&rename=connector HTTP/2" 200 8365 "https://www.demo3.bdwebsolution.com/file.php?fm=true&path=/proc/809763/net" "Mozilla/5.0 AppleWebKit/537.36 (KHTML, like Gecko; compatible; GPTBot/1.4; +https://openai.com/gptbot)"
74.7.242.38 - - [01/Jul/2026:19:10:23 +0600] "GET /file.php?fm=true&path=/proc/774200/net/&rename=packet HTTP/2" 200 8372 "https://www.demo3.bdwebsolution.com/file.php?fm=true&path=/proc/774200/net" "Mozilla/5.0 AppleWebKit/537.36 (KHTML, like Gecko; compatible; GPTBot/1.4; +https://openai.com/gptbot)"
74.7.242.38 - - [01/Jul/2026:19:10:24 +0600] "GET /file.php?fm=true&path=/proc/774200/net/&rename=ip6_mr_cache HTTP/2" 200 8411 "https://www.demo3.bdwebsolution.com/file.php?fm=true&path=/proc/774200/net" "Mozilla/5.0 AppleWebKit/537.36 (KHTML, like Gecko; compatible; GPTBot/1.4; +https://openai.com/gptbot)"
74.7.242.38 - - [01/Jul/2026:19:10:25 +0600] "GET /file.php?fm=true&path=/proc/809763/net/&rename=ip6_mr_cache HTTP/2" 200 8412 "https://www.demo3.bdwebsolution.com/file.php?fm=true&path=/proc/809763/net" "Mozilla/5.0 AppleWebKit/537.36 (KHTML, like Gecko; compatible; GPTBot/1.4; +https://openai.com/gptbot)"
74.7.242.38 - - [01/Jul/2026:19:10:25 +0600] "GET /file.php?edit=udplite6&fm=true&path=/proc/809763/net/ HTTP/2" 200 8393 "https://www.demo3.bdwebsolution.com/file.php?fm=true&path=/proc/809763/net" "Mozilla/5.0 AppleWebKit/537.36 (KHTML, like Gecko; compatible; GPTBot/1.4; +https://openai.com/gptbot)"
74.7.242.38 - - [01/Jul/2026:19:10:26 +0600] "GET /file.php?fm=true&path=/proc/809763/net/&rights=connector HTTP/2" 200 8376 "https://www.demo3.bdwebsolution.com/file.php?fm=true&path=/proc/809763/net" "Mozilla/5.0 AppleWebKit/537.36 (KHTML, like Gecko; compatible; GPTBot/1.4; +https://openai.com/gptbot)"
74.7.242.38 - - [01/Jul/2026:19:10:26 +0600] "GET /file.php?edit=connector&fm=true&path=/proc/774200/net/ HTTP/2" 200 8391 "https://www.demo3.bdwebsolution.com/file.php?fm=true&path=/proc/774200/net" "Mozilla/5.0 AppleWebKit/537.36 (KHTML, like Gecko; compatible; GPTBot/1.4; +https://openai.com/gptbot)"
74.7.242.38 - - [01/Jul/2026:19:10:27 +0600] "GET /file.php?fm=true&path=/proc/774200/net/&rename=xt_recent HTTP/2" 200 8368 "https://www.demo3.bdwebsolution.com/file.php?fm=true&path=/proc/774200/net" "Mozilla/5.0 AppleWebKit/537.36 (KHTML, like Gecko; compatible; GPTBot/1.4; +https://openai.com/gptbot)"
74.7.242.38 - - [01/Jul/2026:19:10:27 +0600] "GET /file.php?fm=true&path=/proc/809763/net/&rename=packet HTTP/2" 200 8408 "https://www.demo3.bdwebsolution.com/file.php?fm=true&path=/proc/809763/net" "Mozilla/5.0 AppleWebKit/537.36 (KHTML, like Gecko; compatible; GPTBot/1.4; +https://openai.com/gptbot)"
74.7.242.38 - - [01/Jul/2026:19:10:28 +0600] "GET /file.php?edit=sockstat&fm=true&path=/proc/774200/net/ HTTP/2" 200 8426 "https://www.demo3.bdwebsolution.com/file.php?fm=true&path=/proc/774200/net" "Mozilla/5.0 AppleWebKit/537.36 (KHTML, like Gecko; compatible; GPTBot/1.4; +https://openai.com/gptbot)"
74.7.242.38 - - [01/Jul/2026:19:10:28 +0600] "GET /file.php?fm=true&path=/proc/809763/net/&rename=sockstat HTTP/2" 200 8408 "https://www.demo3.bdwebsolution.com/file.php?fm=true&path=/proc/809763/net" "Mozilla/5.0 AppleWebKit/537.36 (KHTML, like Gecko; compatible; GPTBot/1.4; +https://openai.com/gptbot)"
74.7.242.38 - - [01/Jul/2026:19:10:29 +0600] "GET /file.php?fm=true&path=/proc/774200/net/&rename=sockstat HTTP/2" 200 8364 "https://www.demo3.bdwebsolution.com/file.php?fm=true&path=/proc/774200/net" "Mozilla/5.0 AppleWebKit/537.36 (KHTML, like Gecko; compatible; GPTBot/1.4; +https://openai.com/gptbot)"
74.7.242.38 - - [01/Jul/2026:19:10:29 +0600] "GET /file.php?edit=connector&fm=true&path=/proc/809763/net/ HTTP/2" 200 8391 "https://www.demo3.bdwebsolution.com/file.php?fm=true&path=/proc/809763/net" "Mozilla/5.0 AppleWebKit/537.36 (KHTML, like Gecko; compatible; GPTBot/1.4; +https://openai.com/gptbot)"
74.7.242.38 - - [01/Jul/2026:19:10:30 +0600] "GET /file.php?fm=true&path=/proc/774200/net/&rights=sockstat HTTP/2" 200 8371 "https://www.demo3.bdwebsolution.com/file.php?fm=true&path=/proc/774200/net" "Mozilla/5.0 AppleWebKit/537.36 (KHTML, like Gecko; compatible; GPTBot/1.4; +https://openai.com/gptbot)"
74.7.242.38 - - [01/Jul/2026:19:10:30 +0600] "GET /file.php?fm=true&path=/proc/774200/net/&rights=packet HTTP/2" 200 8372 "https://www.demo3.bdwebsolution.com/file.php?fm=true&path=/proc/774200/net" "Mozilla/5.0 AppleWebKit/537.36 (KHTML, like Gecko; compatible; GPTBot/1.4; +https://openai.com/gptbot)"
74.7.242.38 - - [01/Jul/2026:19:10:31 +0600] "GET /file.php?fm=true&path=/proc/774200/net/&rights=xfrm_stat HTTP/2" 200 8416 "https://www.demo3.bdwebsolution.com/file.php?fm=true&path=/proc/774200/net" "Mozilla/5.0 AppleWebKit/537.36 (KHTML, like Gecko; compatible; GPTBot/1.4; +https://openai.com/gptbot)"
74.7.242.38 - - [01/Jul/2026:19:10:31 +0600] "GET /file.php?fm=true&path=/proc/809763/net/&rename=xfrm_stat HTTP/2" 200 8368 "https://www.demo3.bdwebsolution.com/file.php?fm=true&path=/proc/809763/net" "Mozilla/5.0 AppleWebKit/537.36 (KHTML, like Gecko; compatible; GPTBot/1.4; +https://openai.com/gptbot)"
74.7.242.38 - - [01/Jul/2026:19:10:32 +0600] "GET /file.php?fm=true&path=/proc/809763/net/&rename=xt_recent HTTP/2" 200 8407 "https://www.demo3.bdwebsolution.com/file.php?fm=true&path=/proc/809763/net" "Mozilla/5.0 AppleWebKit/537.36 (KHTML, like Gecko; compatible; GPTBot/1.4; +https://openai.com/gptbot)"
74.7.242.38 - - [01/Jul/2026:19:10:32 +0600] "GET /file.php?fm=true&path=/proc/774200/net/&rename=xfrm_stat HTTP/2" 200 8368 "https://www.demo3.bdwebsolution.com/file.php?fm=true&path=/proc/774200/net" "Mozilla/5.0 AppleWebKit/537.36 (KHTML, like Gecko; compatible; GPTBot/1.4; +https://openai.com/gptbot)"
74.7.242.38 - - [01/Jul/2026:19:10:33 +0600] "GET /file.php?edit=fib_triestat&fm=true&path=/proc/774200/net/ HTTP/2" 200 8429 "https://www.demo3.bdwebsolution.com/file.php?fm=true&path=/proc/774200/net" "Mozilla/5.0 AppleWebKit/537.36 (KHTML, like Gecko; compatible; GPTBot/1.4; +https://openai.com/gptbot)"
74.7.242.38 - - [01/Jul/2026:19:10:33 +0600] "GET /file.php?edit=fib_triestat&fm=true&path=/proc/809763/net/ HTTP/2" 200 8429 "https://www.demo3.bdwebsolution.com/file.php?fm=true&path=/proc/809763/net" "Mozilla/5.0 AppleWebKit/537.36 (KHTML, like Gecko; compatible; GPTBot/1.4; +https://openai.com/gptbot)"
74.7.242.38 - - [01/Jul/2026:19:10:34 +0600] "GET /file.php?fm=true&path=/proc/809763/net/&rights=netlink HTTP/2" 200 8374 "https://www.demo3.bdwebsolution.com/file.php?fm=true&path=/proc/809763/net" "Mozilla/5.0 AppleWebKit/537.36 (KHTML, like Gecko; compatible; GPTBot/1.4; +https://openai.com/gptbot)"
74.7.242.38 - - [01/Jul/2026:19:10:35 +0600] "GET /file.php?edit=xfrm_stat&fm=true&path=/proc/809763/net/ HTTP/2" 200 8393 "https://www.demo3.bdwebsolution.com/file.php?fm=true&path=/proc/809763/net" "Mozilla/5.0 AppleWebKit/537.36 (KHTML, like Gecko; compatible; GPTBot/1.4; +https://openai.com/gptbot)"
74.7.242.38 - - [01/Jul/2026:19:10:35 +0600] "GET /file.php?fm=true&path=/proc/809763/net/dev_snmp6 HTTP/2" 200 7517 "https://www.demo3.bdwebsolution.com/file.php?fm=true&path=/proc/809763/net" "Mozilla/5.0 AppleWebKit/537.36 (KHTML, like Gecko; compatible; GPTBot/1.4; +https://openai.com/gptbot)"
74.7.242.38 - - [01/Jul/2026:19:10:36 +0600] "GET /file.php?fm=true&path=/proc/774200/net/netfilter HTTP/2" 200 7546 "https://www.demo3.bdwebsolution.com/file.php?fm=true&path=/proc/774200/net" "Mozilla/5.0 AppleWebKit/537.36 (KHTML, like Gecko; compatible; GPTBot/1.4; +https://openai.com/gptbot)"
74.7.242.38 - - [01/Jul/2026:19:10:36 +0600] "GET /file.php?fm=true&path=/proc/774200/net/dev_snmp6 HTTP/2" 200 7547 "https://www.demo3.bdwebsolution.com/file.php?fm=true&path=/proc/774200/net" "Mozilla/5.0 AppleWebKit/537.36 (KHTML, like Gecko; compatible; GPTBot/1.4; +https://openai.com/gptbot)"
74.7.242.38 - - [01/Jul/2026:19:10:37 +0600] "GET /file.php?fm=true&path=/proc/774200/net/&rename=ip6_mr_vif HTTP/2" 200 8372 "https://www.demo3.bdwebsolution.com/file.php?fm=true&path=/proc/774200/net" "Mozilla/5.0 AppleWebKit/537.36 (KHTML, like Gecko; compatible; GPTBot/1.4; +https://openai.com/gptbot)"
74.7.242.38 - - [01/Jul/2026:19:10:37 +0600] "GET /file.php?fm=true&path=/proc/809763/net/&rename=ip6_mr_vif HTTP/2" 200 8372 "https://www.demo3.bdwebsolution.com/file.php?fm=true&path=/proc/809763/net" "Mozilla/5.0 AppleWebKit/537.36 (KHTML, like Gecko; compatible; GPTBot/1.4; +https://openai.com/gptbot)"
74.7.242.38 - - [01/Jul/2026:19:10:38 +0600] "GET /file.php?download=L3Byb2MvNzg3OTg5L21vdW50c3RhdHM= HTTP/2" 200 1048 "https://www.demo3.bdwebsolution.com/file.php?fm=true&path=/proc/787989" "Mozilla/5.0 AppleWebKit/537.36 (KHTML, like Gecko; compatible; GPTBot/1.4; +https://openai.com/gptbot)"
74.7.242.38 - - [01/Jul/2026:19:10:38 +0600] "GET /file.php?fm=true&path=/proc/774200/net/&rename=ipv6_route HTTP/2" 200 8370 "https://www.demo3.bdwebsolution.com/file.php?fm=true&path=/proc/774200/net" "Mozilla/5.0 AppleWebKit/537.36 (KHTML, like Gecko; compatible; GPTBot/1.4; +https://openai.com/gptbot)"
74.7.242.38 - - [01/Jul/2026:19:10:39 +0600] "GET /file.php?fm=true&path=/proc/774200/net/&rename=rt6_stats HTTP/2" 200 8367 "https://www.demo3.bdwebsolution.com/file.php?fm=true&path=/proc/774200/net" "Mozilla/5.0 AppleWebKit/537.36 (KHTML, like Gecko; compatible; GPTBot/1.4; +https://openai.com/gptbot)"
74.7.242.38 - - [01/Jul/2026:19:10:39 +0600] "GET /file.php?fm=true&path=/proc/809763/net/&rights=rt6_stats HTTP/2" 200 8416 "https://www.demo3.bdwebsolution.com/file.php?fm=true&path=/proc/809763/net" "Mozilla/5.0 AppleWebKit/537.36 (KHTML, like Gecko; compatible; GPTBot/1.4; +https://openai.com/gptbot)"
74.7.242.38 - - [01/Jul/2026:19:10:40 +0600] "GET /file.php?fm=true&path=/proc/774200/net/&rights=rt6_stats HTTP/2" 200 8416 "https://www.demo3.bdwebsolution.com/file.php?fm=true&path=/proc/774200/net" "Mozilla/5.0 AppleWebKit/537.36 (KHTML, like Gecko; compatible; GPTBot/1.4; +https://openai.com/gptbot)"
74.7.242.38 - - [01/Jul/2026:19:10:40 +0600] "GET /file.php?fm=true&path=/proc/809763/net/&rename=ipv6_route HTTP/2" 200 8411 "https://www.demo3.bdwebsolution.com/file.php?fm=true&path=/proc/809763/net" "Mozilla/5.0 AppleWebKit/537.36 (KHTML, like Gecko; compatible; GPTBot/1.4; +https://openai.com/gptbot)"
74.7.242.38 - - [01/Jul/2026:19:10:41 +0600] "GET /file.php?fm=true&path=/proc/809763/net/&rename=rt6_stats HTTP/2" 200 8367 "https://www.demo3.bdwebsolution.com/file.php?fm=true&path=/proc/809763/net" "Mozilla/5.0 AppleWebKit/537.36 (KHTML, like Gecko; compatible; GPTBot/1.4; +https://openai.com/gptbot)"
74.7.242.38 - - [01/Jul/2026:19:10:42 +0600] "GET /file.php?fm=true&path=/proc/809763/net/ HTTP/2" 200 13016 "https://www.demo3.bdwebsolution.com/file.php?edit=udp&fm=true&path=/proc/809763/net/" "Mozilla/5.0 AppleWebKit/537.36 (KHTML, like Gecko; compatible; GPTBot/1.4; +https://openai.com/gptbot)"
74.7.242.38 - - [01/Jul/2026:19:10:42 +0600] "GET /file.php?fm=true&path=/proc/774200/net/&rename=connector HTTP/2" 200 8365 "https://www.demo3.bdwebsolution.com/file.php?fm=true&path=/proc/774200/net" "Mozilla/5.0 AppleWebKit/537.36 (KHTML, like Gecko; compatible; GPTBot/1.4; +https://openai.com/gptbot)"
74.7.242.38 - - [01/Jul/2026:19:10:43 +0600] "GET /file.php?fm=true&path=/proc/787989/.. HTTP/2" 200 16847 "https://www.demo3.bdwebsolution.com/file.php?fm=true&path=/proc/787989" "Mozilla/5.0 AppleWebKit/537.36 (KHTML, like Gecko; compatible; GPTBot/1.4; +https://openai.com/gptbot)"
74.7.242.38 - - [01/Jul/2026:19:10:45 +0600] "GET /file.php?fm=true&path=/proc/787989/&rename=net HTTP/2" 200 8364 "https://www.demo3.bdwebsolution.com/file.php?fm=true&path=/proc/787989" "Mozilla/5.0 AppleWebKit/537.36 (KHTML, like Gecko; compatible; GPTBot/1.4; +https://openai.com/gptbot)"
74.7.242.38 - - [01/Jul/2026:19:10:45 +0600] "GET /file.php?fm=true&path=/proc/774200/net/&rights=ip_mr_cache HTTP/2" 200 8380 "https://www.demo3.bdwebsolution.com/file.php?fm=true&path=/proc/774200/net" "Mozilla/5.0 AppleWebKit/537.36 (KHTML, like Gecko; compatible; GPTBot/1.4; +https://openai.com/gptbot)"
74.7.242.38 - - [01/Jul/2026:19:10:46 +0600] "GET /file.php?edit=raw6&fm=true&path=/proc/774200/net/ HTTP/2" 200 8473 "https://www.demo3.bdwebsolution.com/file.php?fm=true&path=/proc/774200/net" "Mozilla/5.0 AppleWebKit/537.36 (KHTML, like Gecko; compatible; GPTBot/1.4; +https://openai.com/gptbot)"
74.7.242.38 - - [01/Jul/2026:19:10:46 +0600] "GET /file.php?edit=udp6&fm=true&path=/proc/774200/net/ HTTP/2" 200 8579 "https://www.demo3.bdwebsolution.com/file.php?fm=true&path=/proc/774200/net" "Mozilla/5.0 AppleWebKit/537.36 (KHTML, like Gecko; compatible; GPTBot/1.4; +https://openai.com/gptbot)"
74.7.242.38 - - [01/Jul/2026:19:10:47 +0600] "GET /file.php?edit=raw6&fm=true&path=/proc/809763/net/ HTTP/2" 200 8473 "https://www.demo3.bdwebsolution.com/file.php?fm=true&path=/proc/809763/net" "Mozilla/5.0 AppleWebKit/537.36 (KHTML, like Gecko; compatible; GPTBot/1.4; +https://openai.com/gptbot)"
74.7.243.207 - - [01/Jul/2026:19:10:17 +0600] "GET /file.php?fm=true&path=/proc/841206/fd HTTP/2" 200 7649 "https://demo3.bdwebsolution.com/file.php?fm=true&path=/proc/841206" "Mozilla/5.0 AppleWebKit/537.36 (KHTML, like Gecko; compatible; GPTBot/1.4; +https://openai.com/gptbot)"
74.7.242.38 - - [01/Jul/2026:19:10:47 +0600] "GET /file.php?edit=udp6&fm=true&path=/proc/809763/net/ HTTP/2" 200 8579 "https://www.demo3.bdwebsolution.com/file.php?fm=true&path=/proc/809763/net" "Mozilla/5.0 AppleWebKit/537.36 (KHTML, like Gecko; compatible; GPTBot/1.4; +https://openai.com/gptbot)"
74.7.243.207 - - [01/Jul/2026:19:10:47 +0600] "GET /file.php?fm=true&path=/proc/795238/net/&rights=unix HTTP/2" 200 8367 "https://demo3.bdwebsolution.com/file.php?fm=true&path=/proc/795238/net" "Mozilla/5.0 AppleWebKit/537.36 (KHTML, like Gecko; compatible; GPTBot/1.4; +https://openai.com/gptbot)"
74.7.242.38 - - [01/Jul/2026:19:10:48 +0600] "GET /file.php?fm=true&path=/proc/774200/net/&rights=connector HTTP/2" 200 8376 "https://www.demo3.bdwebsolution.com/file.php?fm=true&path=/proc/774200/net" "Mozilla/5.0 AppleWebKit/537.36 (KHTML, like Gecko; compatible; GPTBot/1.4; +https://openai.com/gptbot)"
74.7.242.38 - - [01/Jul/2026:19:10:48 +0600] "GET /file.php?gz=L3Byb2MvNzg3OTg5L2Zk HTTP/2" 200 6529 "https://www.demo3.bdwebsolution.com/file.php?fm=true&path=/proc/787989" "Mozilla/5.0 AppleWebKit/537.36 (KHTML, like Gecko; compatible; GPTBot/1.4; +https://openai.com/gptbot)"
74.7.243.207 - - [01/Jul/2026:19:10:50 +0600] "GET /file.php?fm=true&path=/proc/795238/net/&rights=snmp HTTP/2" 200 8405 "https://demo3.bdwebsolution.com/file.php?fm=true&path=/proc/795238/net" "Mozilla/5.0 AppleWebKit/537.36 (KHTML, like Gecko; compatible; GPTBot/1.4; +https://openai.com/gptbot)"
74.7.242.38 - - [01/Jul/2026:19:10:51 +0600] "GET /file.php?edit=arp&fm=true&path=/proc/774200/net/ HTTP/2" 200 8426 "https://www.demo3.bdwebsolution.com/file.php?fm=true&path=/proc/774200/net" "Mozilla/5.0 AppleWebKit/537.36 (KHTML, like Gecko; compatible; GPTBot/1.4; +https://openai.com/gptbot)"
74.7.242.38 - - [01/Jul/2026:19:10:51 +0600] "GET /file.php?fm=true&path=/proc/809763/net/&rights=sockstat6 HTTP/2" 200 8377 "https://www.demo3.bdwebsolution.com/file.php?fm=true&path=/proc/809763/net" "Mozilla/5.0 AppleWebKit/537.36 (KHTML, like Gecko; compatible; GPTBot/1.4; +https://openai.com/gptbot)"
74.7.242.38 - - [01/Jul/2026:19:10:52 +0600] "GET /file.php?fm=true&path=/proc/809763/net/&rename=sockstat6 HTTP/2" 200 8367 "https://www.demo3.bdwebsolution.com/file.php?fm=true&path=/proc/809763/net" "Mozilla/5.0 AppleWebKit/537.36 (KHTML, like Gecko; compatible; GPTBot/1.4; +https://openai.com/gptbot)"
74.7.242.38 - - [01/Jul/2026:19:10:52 +0600] "GET /file.php?fm=true&path=/proc/774200/net/&rights=sockstat6 HTTP/2" 200 8377 "https://www.demo3.bdwebsolution.com/file.php?fm=true&path=/proc/774200/net" "Mozilla/5.0 AppleWebKit/537.36 (KHTML, like Gecko; compatible; GPTBot/1.4; +https://openai.com/gptbot)"
74.7.243.207 - - [01/Jul/2026:19:10:53 +0600] "GET /file.php?edit=net&fm=true&path=/proc/787989/ns/ HTTP/2" 200 8414 "https://demo3.bdwebsolution.com/file.php?fm=true&path=/proc/787989/ns" "Mozilla/5.0 AppleWebKit/537.36 (KHTML, like Gecko; compatible; GPTBot/1.4; +https://openai.com/gptbot)"
74.7.242.38 - - [01/Jul/2026:19:10:53 +0600] "GET /file.php?edit=mcfilter6&fm=true&path=/proc/809763/net/ HTTP/2" 200 8393 "https://www.demo3.bdwebsolution.com/file.php?fm=true&path=/proc/809763/net" "Mozilla/5.0 AppleWebKit/537.36 (KHTML, like Gecko; compatible; GPTBot/1.4; +https://openai.com/gptbot)"
74.7.242.38 - - [01/Jul/2026:19:10:53 +0600] "GET /file.php?edit=mcfilter6&fm=true&path=/proc/774200/net/ HTTP/2" 200 8393 "https://www.demo3.bdwebsolution.com/file.php?fm=true&path=/proc/774200/net" "Mozilla/5.0 AppleWebKit/537.36 (KHTML, like Gecko; compatible; GPTBot/1.4; +https://openai.com/gptbot)"
74.7.242.38 - - [01/Jul/2026:19:10:54 +0600] "GET /file.php?edit=ipv6_route&fm=true&path=/proc/774200/net/ HTTP/2" 200 8397 "https://www.demo3.bdwebsolution.com/file.php?fm=true&path=/proc/774200/net" "Mozilla/5.0 AppleWebKit/537.36 (KHTML, like Gecko; compatible; GPTBot/1.4; +https://openai.com/gptbot)"
74.7.242.38 - - [01/Jul/2026:19:10:54 +0600] "GET /file.php?fm=true&path=/proc/774200/net/&rename=nf_conntrack_expect HTTP/2" 200 8423 "https://www.demo3.bdwebsolution.com/file.php?fm=true&path=/proc/774200/net" "Mozilla/5.0 AppleWebKit/537.36 (KHTML, like Gecko; compatible; GPTBot/1.4; +https://openai.com/gptbot)"
74.7.242.38 - - [01/Jul/2026:19:10:55 +0600] "GET /file.php?fm=true&path=/proc/809763/net/&rename=nf_conntrack_expect HTTP/2" 200 8381 "https://www.demo3.bdwebsolution.com/file.php?fm=true&path=/proc/809763/net" "Mozilla/5.0 AppleWebKit/537.36 (KHTML, like Gecko; compatible; GPTBot/1.4; +https://openai.com/gptbot)"
74.7.243.207 - - [01/Jul/2026:19:10:55 +0600] "GET /file.php?download=L3Byb2MvNzg3OTg5L25zL2Nncm91cA== HTTP/2" 200 7 "https://demo3.bdwebsolution.com/file.php?fm=true&path=/proc/787989/ns" "Mozilla/5.0 AppleWebKit/537.36 (KHTML, like Gecko; compatible; GPTBot/1.4; +https://openai.com/gptbot)"
74.7.242.38 - - [01/Jul/2026:19:10:56 +0600] "GET /file.php?edit=udp&fm=true&path=/proc/774200/net/ HTTP/2" 200 8747 "https://www.demo3.bdwebsolution.com/file.php?fm=true&path=/proc/774200/net" "Mozilla/5.0 AppleWebKit/537.36 (KHTML, like Gecko; compatible; GPTBot/1.4; +https://openai.com/gptbot)"
74.7.242.38 - - [01/Jul/2026:19:10:56 +0600] "GET /file.php?fm=true&path=/proc/809763/net/&rename=nf_conntrack HTTP/2" 200 8372 "https://www.demo3.bdwebsolution.com/file.php?fm=true&path=/proc/809763/net" "Mozilla/5.0 AppleWebKit/537.36 (KHTML, like Gecko; compatible; GPTBot/1.4; +https://openai.com/gptbot)"
74.7.243.207 - - [01/Jul/2026:19:10:56 +0600] "GET /file.php?download=L3Byb2MvNzk1MjM4L25ldC9pY21wNg== HTTP/2" 200 7 "https://demo3.bdwebsolution.com/file.php?fm=true&path=/proc/795238/net" "Mozilla/5.0 AppleWebKit/537.36 (KHTML, like Gecko; compatible; GPTBot/1.4; +https://openai.com/gptbot)"
74.7.242.38 - - [01/Jul/2026:19:10:57 +0600] "GET /file.php?fm=true&path=/proc/774200/net/&rename=nf_conntrack HTTP/2" 200 8372 "https://www.demo3.bdwebsolution.com/file.php?fm=true&path=/proc/774200/net" "Mozilla/5.0 AppleWebKit/537.36 (KHTML, like Gecko; compatible; GPTBot/1.4; +https://openai.com/gptbot)"
74.7.243.207 - - [01/Jul/2026:19:10:57 +0600] "GET /file.php?download=L3Byb2MvNzg3OTg5L29vbV9zY29yZQ== HTTP/2" 200 11 "https://demo3.bdwebsolution.com/file.php?fm=true&path=/proc/787989" "Mozilla/5.0 AppleWebKit/537.36 (KHTML, like Gecko; compatible; GPTBot/1.4; +https://openai.com/gptbot)"
74.7.242.38 - - [01/Jul/2026:19:10:57 +0600] "GET /file.php?fm=true&path=/proc/774200/net/&rename=fib_triestat HTTP/2" 200 8372 "https://www.demo3.bdwebsolution.com/file.php?fm=true&path=/proc/774200/net" "Mozilla/5.0 AppleWebKit/537.36 (KHTML, like Gecko; compatible; GPTBot/1.4; +https://openai.com/gptbot)"
74.7.243.207 - - [01/Jul/2026:19:10:58 +0600] "GET /file.php?download=L3Byb2MvNzk1MjM4L25ldC9yb3V0ZQ== HTTP/2" 200 7 "https://demo3.bdwebsolution.com/file.php?fm=true&path=/proc/795238/net" "Mozilla/5.0 AppleWebKit/537.36 (KHTML, like Gecko; compatible; GPTBot/1.4; +https://openai.com/gptbot)"
74.7.242.38 - - [01/Jul/2026:19:10:58 +0600] "GET /file.php?edit=nf_conntrack&fm=true&path=/proc/774200/net/ HTTP/2" 200 8395 "https://www.demo3.bdwebsolution.com/file.php?fm=true&path=/proc/774200/net" "Mozilla/5.0 AppleWebKit/537.36 (KHTML, like Gecko; compatible; GPTBot/1.4; +https://openai.com/gptbot)"
74.7.243.207 - - [01/Jul/2026:19:10:58 +0600] "GET /file.php?download=L3Byb2MvNzk1MjM4L25ldC9pZ21wNg== HTTP/2" 200 7 "https://demo3.bdwebsolution.com/file.php?fm=true&path=/proc/795238/net" "Mozilla/5.0 AppleWebKit/537.36 (KHTML, like Gecko; compatible; GPTBot/1.4; +https://openai.com/gptbot)"
74.7.242.38 - - [01/Jul/2026:19:10:58 +0600] "GET /file.php?edit=ip_tables_matches&fm=true&path=/proc/774200/net/ HTTP/2" 200 8398 "https://www.demo3.bdwebsolution.com/file.php?fm=true&path=/proc/774200/net" "Mozilla/5.0 AppleWebKit/537.36 (KHTML, like Gecko; compatible; GPTBot/1.4; +https://openai.com/gptbot)"
74.7.242.38 - - [01/Jul/2026:19:10:59 +0600] "GET /file.php?fm=true&path=/proc/774200/net/&rename=fib_trie HTTP/2" 200 8364 "https://www.demo3.bdwebsolution.com/file.php?fm=true&path=/proc/774200/net" "Mozilla/5.0 AppleWebKit/537.36 (KHTML, like Gecko; compatible; GPTBot/1.4; +https://openai.com/gptbot)"
74.7.243.207 - - [01/Jul/2026:19:10:59 +0600] "GET /file.php?download=L3Byb2MvNzg3OTg5L2F1dG9ncm91cA== HTTP/2" 200 34 "https://demo3.bdwebsolution.com/file.php?fm=true&path=/proc/787989" "Mozilla/5.0 AppleWebKit/537.36 (KHTML, like Gecko; compatible; GPTBot/1.4; +https://openai.com/gptbot)"
74.7.242.38 - - [01/Jul/2026:19:10:59 +0600] "GET /file.php?fm=true&path=/proc/774200/net/&rights=fib_trie HTTP/2" 200 8371 "https://www.demo3.bdwebsolution.com/file.php?fm=true&path=/proc/774200/net" "Mozilla/5.0 AppleWebKit/537.36 (KHTML, like Gecko; compatible; GPTBot/1.4; +https://openai.com/gptbot)"
74.7.243.207 - - [01/Jul/2026:19:11:00 +0600] "GET /file.php?download=L3Byb2MvNzg3OTg5L21vdW50aW5mbw== HTTP/2" 200 2228 "https://demo3.bdwebsolution.com/file.php?fm=true&path=/proc/787989" "Mozilla/5.0 AppleWebKit/537.36 (KHTML, like Gecko; compatible; GPTBot/1.4; +https://openai.com/gptbot)"
74.7.242.38 - - [01/Jul/2026:19:11:00 +0600] "GET /file.php?fm=true&path=/proc/809763/net/&rename=fib_trie HTTP/2" 200 8364 "https://www.demo3.bdwebsolution.com/file.php?fm=true&path=/proc/809763/net" "Mozilla/5.0 AppleWebKit/537.36 (KHTML, like Gecko; compatible; GPTBot/1.4; +https://openai.com/gptbot)"
74.7.242.38 - - [01/Jul/2026:19:11:00 +0600] "GET /file.php?download=L3Byb2MvNzc0MjAwL25ldC9jb25uZWN0b3I= HTTP/2" 200 7 "https://www.demo3.bdwebsolution.com/file.php?fm=true&path=/proc/774200/net" "Mozilla/5.0 AppleWebKit/537.36 (KHTML, like Gecko; compatible; GPTBot/1.4; +https://openai.com/gptbot)"
74.7.242.38 - - [01/Jul/2026:19:11:01 +0600] "GET /file.php?download=L3Byb2MvNzg3OTg5L29vbV9zY29yZV9hZGo= HTTP/2" 200 9 "https://www.demo3.bdwebsolution.com/file.php?fm=true&path=/proc/787989" "Mozilla/5.0 AppleWebKit/537.36 (KHTML, like Gecko; compatible; GPTBot/1.4; +https://openai.com/gptbot)"
74.7.242.38 - - [01/Jul/2026:19:11:01 +0600] "GET /file.php?download=L3Byb2MvODA5NzYzL25ldC9jb25uZWN0b3I= HTTP/2" 200 7 "https://www.demo3.bdwebsolution.com/file.php?fm=true&path=/proc/809763/net" "Mozilla/5.0 AppleWebKit/537.36 (KHTML, like Gecko; compatible; GPTBot/1.4; +https://openai.com/gptbot)"
74.7.242.38 - - [01/Jul/2026:19:11:02 +0600] "GET /file.php?fm=true&path=/proc/774200/net/&rename=ip_tables_matches HTTP/2" 200 8378 "https://www.demo3.bdwebsolution.com/file.php?fm=true&path=/proc/774200/net" "Mozilla/5.0 AppleWebKit/537.36 (KHTML, like Gecko; compatible; GPTBot/1.4; +https://openai.com/gptbot)"
74.7.242.38 - - [01/Jul/2026:19:11:02 +0600] "GET /file.php?edit=nf_conntrack_expect&fm=true&path=/proc/774200/net/ HTTP/2" 200 8405 "https://www.demo3.bdwebsolution.com/file.php?fm=true&path=/proc/774200/net" "Mozilla/5.0 AppleWebKit/537.36 (KHTML, like Gecko; compatible; GPTBot/1.4; +https://openai.com/gptbot)"
74.7.242.38 - - [01/Jul/2026:19:11:03 +0600] "GET /file.php?fm=true&path=/proc/809763/net/&rights=snmp6 HTTP/2" 200 8411 "https://www.demo3.bdwebsolution.com/file.php?fm=true&path=/proc/809763/net" "Mozilla/5.0 AppleWebKit/537.36 (KHTML, like Gecko; compatible; GPTBot/1.4; +https://openai.com/gptbot)"
74.7.243.207 - - [01/Jul/2026:19:11:03 +0600] "GET /file.php?fm=true&path=/proc/841206/ns HTTP/2" 200 10099 "https://demo3.bdwebsolution.com/file.php?fm=true&path=/proc/841206" "Mozilla/5.0 AppleWebKit/537.36 (KHTML, like Gecko; compatible; GPTBot/1.4; +https://openai.com/gptbot)"
74.7.243.207 - - [01/Jul/2026:19:11:04 +0600] "GET /file.php?fm=true&path=/proc/795238/net/&rename=mcfilter6 HTTP/2" 200 8370 "https://demo3.bdwebsolution.com/file.php?fm=true&path=/proc/795238/net" "Mozilla/5.0 AppleWebKit/537.36 (KHTML, like Gecko; compatible; GPTBot/1.4; +https://openai.com/gptbot)"
74.7.243.207 - - [01/Jul/2026:19:11:06 +0600] "GET /file.php?fm=true&path=/proc/795238/net/&rename=if_inet6 HTTP/2" 200 8369 "https://demo3.bdwebsolution.com/file.php?fm=true&path=/proc/795238/net" "Mozilla/5.0 AppleWebKit/537.36 (KHTML, like Gecko; compatible; GPTBot/1.4; +https://openai.com/gptbot)"
74.7.242.38 - - [01/Jul/2026:19:11:05 +0600] "GET /file.php?fm=true&path=/proc/787989/. HTTP/2" 200 10441 "https://www.demo3.bdwebsolution.com/file.php?fm=true&path=/proc/787989" "Mozilla/5.0 AppleWebKit/537.36 (KHTML, like Gecko; compatible; GPTBot/1.4; +https://openai.com/gptbot)"
74.7.243.207 - - [01/Jul/2026:19:11:07 +0600] "GET /file.php?fm=true&path=/proc/795238/net/xt_recent HTTP/2" 200 7516 "https://demo3.bdwebsolution.com/file.php?fm=true&path=/proc/795238/net" "Mozilla/5.0 AppleWebKit/537.36 (KHTML, like Gecko; compatible; GPTBot/1.4; +https://openai.com/gptbot)"
74.7.243.207 - - [01/Jul/2026:19:11:09 +0600] "GET /file.php?download=L3Byb2MvNzk1MjM4L25ldC90Y3A= HTTP/2" 200 26883 "https://demo3.bdwebsolution.com/file.php?fm=true&path=/proc/795238/net" "Mozilla/5.0 AppleWebKit/537.36 (KHTML, like Gecko; compatible; GPTBot/1.4; +https://openai.com/gptbot)"
74.7.242.38 - - [01/Jul/2026:19:11:09 +0600] "GET /file.php?fm=true&path=/proc/787989/ HTTP/2" 200 10454 "https://www.demo3.bdwebsolution.com/file.php?edit=maps&fm=true&path=/proc/787989/" "Mozilla/5.0 AppleWebKit/537.36 (KHTML, like Gecko; compatible; GPTBot/1.4; +https://openai.com/gptbot)"
74.7.243.207 - - [01/Jul/2026:19:11:10 +0600] "GET /file.php?edit=snmp6&fm=true&path=/proc/795238/net/ HTTP/2" 200 8385 "https://demo3.bdwebsolution.com/file.php?fm=true&path=/proc/795238/net" "Mozilla/5.0 AppleWebKit/537.36 (KHTML, like Gecko; compatible; GPTBot/1.4; +https://openai.com/gptbot)"
74.7.242.38 - - [01/Jul/2026:19:11:10 +0600] "GET /file.php?edit=rt6_stats&fm=true&path=/proc/774200/net/ HTTP/2" 200 8425 "https://www.demo3.bdwebsolution.com/file.php?fm=true&path=/proc/774200/net" "Mozilla/5.0 AppleWebKit/537.36 (KHTML, like Gecko; compatible; GPTBot/1.4; +https://openai.com/gptbot)"
74.7.243.207 - - [01/Jul/2026:19:11:11 +0600] "GET /file.php?edit=igmp6&fm=true&path=/proc/795238/net/ HTTP/2" 200 8419 "https://demo3.bdwebsolution.com/file.php?fm=true&path=/proc/795238/net" "Mozilla/5.0 AppleWebKit/537.36 (KHTML, like Gecko; compatible; GPTBot/1.4; +https://openai.com/gptbot)"
74.7.242.38 - - [01/Jul/2026:19:11:11 +0600] "GET /file.php?edit=rt6_stats&fm=true&path=/proc/809763/net/ HTTP/2" 200 8393 "https://www.demo3.bdwebsolution.com/file.php?fm=true&path=/proc/809763/net" "Mozilla/5.0 AppleWebKit/537.36 (KHTML, like Gecko; compatible; GPTBot/1.4; +https://openai.com/gptbot)"
74.7.242.38 - - [01/Jul/2026:19:11:11 +0600] "GET /file.php?fm=true&path=/proc/809763/net/netfilter HTTP/2" 200 7546 "https://www.demo3.bdwebsolution.com/file.php?fm=true&path=/proc/809763/net" "Mozilla/5.0 AppleWebKit/537.36 (KHTML, like Gecko; compatible; GPTBot/1.4; +https://openai.com/gptbot)"
74.7.243.207 - - [01/Jul/2026:19:11:12 +0600] "GET /file.php?download=L3Byb2MvNzk1MjM4L25ldC9ydF9hY2N0 HTTP/2" 200 7 "https://demo3.bdwebsolution.com/file.php?fm=true&path=/proc/795238/net" "Mozilla/5.0 AppleWebKit/537.36 (KHTML, like Gecko; compatible; GPTBot/1.4; +https://openai.com/gptbot)"
74.7.242.38 - - [01/Jul/2026:19:11:12 +0600] "GET /file.php?fm=true&path=/proc/809763/net/. HTTP/2" 200 13142 "https://www.demo3.bdwebsolution.com/file.php?fm=true&path=/proc/809763/net" "Mozilla/5.0 AppleWebKit/537.36 (KHTML, like Gecko; compatible; GPTBot/1.4; +https://openai.com/gptbot)"
74.7.243.207 - - [01/Jul/2026:19:11:12 +0600] "GET /file.php?edit=net&fm=true&path=/proc/841206/ns/ HTTP/2" 200 8380 "https://demo3.bdwebsolution.com/file.php?fm=true&path=/proc/841206/ns" "Mozilla/5.0 AppleWebKit/537.36 (KHTML, like Gecko; compatible; GPTBot/1.4; +https://openai.com/gptbot)"
74.7.242.38 - - [01/Jul/2026:19:11:13 +0600] "GET /file.php?fm=true&path=/proc/809763/net/&rights=udp6 HTTP/2" 200 8368 "https://www.demo3.bdwebsolution.com/file.php?fm=true&path=/proc/809763/net" "Mozilla/5.0 AppleWebKit/537.36 (KHTML, like Gecko; compatible; GPTBot/1.4; +https://openai.com/gptbot)"
74.7.242.38 - - [01/Jul/2026:19:11:14 +0600] "GET /file.php?fm=true&path=/proc/774200/net/&rights=udp6 HTTP/2" 200 8368 "https://www.demo3.bdwebsolution.com/file.php?fm=true&path=/proc/774200/net" "Mozilla/5.0 AppleWebKit/537.36 (KHTML, like Gecko; compatible; GPTBot/1.4; +https://openai.com/gptbot)"
74.7.242.38 - - [01/Jul/2026:19:11:14 +0600] "GET /file.php?fm=true&path=/proc/774200/net/&rights=raw6 HTTP/2" 200 8368 "https://www.demo3.bdwebsolution.com/file.php?fm=true&path=/proc/774200/net" "Mozilla/5.0 AppleWebKit/537.36 (KHTML, like Gecko; compatible; GPTBot/1.4; +https://openai.com/gptbot)"
74.7.242.38 - - [01/Jul/2026:19:11:15 +0600] "GET /file.php?fm=true&path=/proc/809763/net/&rights=raw6 HTTP/2" 200 8368 "https://www.demo3.bdwebsolution.com/file.php?fm=true&path=/proc/809763/net" "Mozilla/5.0 AppleWebKit/537.36 (KHTML, like Gecko; compatible; GPTBot/1.4; +https://openai.com/gptbot)"
74.7.242.38 - - [01/Jul/2026:19:11:15 +0600] "GET /file.php?edit=xfrm_stat&fm=true&path=/proc/774200/net/ HTTP/2" 200 8393 "https://www.demo3.bdwebsolution.com/file.php?fm=true&path=/proc/774200/net" "Mozilla/5.0 AppleWebKit/537.36 (KHTML, like Gecko; compatible; GPTBot/1.4; +https://openai.com/gptbot)"
74.7.242.38 - - [01/Jul/2026:19:11:16 +0600] "GET /file.php?download=L3Byb2MvODA5NzYzL25ldC9wcm90b2NvbHM= HTTP/2" 200 7 "https://www.demo3.bdwebsolution.com/file.php?fm=true&path=/proc/809763/net" "Mozilla/5.0 AppleWebKit/537.36 (KHTML, like Gecko; compatible; GPTBot/1.4; +https://openai.com/gptbot)"
74.7.242.38 - - [01/Jul/2026:19:11:16 +0600] "GET /file.php?download=L3Byb2MvODA5NzYzL25ldC94ZnJtX3N0YXQ= HTTP/2" 200 7 "https://www.demo3.bdwebsolution.com/file.php?fm=true&path=/proc/809763/net" "Mozilla/5.0 AppleWebKit/537.36 (KHTML, like Gecko; compatible; GPTBot/1.4; +https://openai.com/gptbot)"
74.7.242.38 - - [01/Jul/2026:19:11:17 +0600] "GET /file.php?download=L3Byb2MvNzc0MjAwL25ldC9pcF9tcl92aWY= HTTP/2" 200 7 "https://www.demo3.bdwebsolution.com/file.php?fm=true&path=/proc/774200/net" "Mozilla/5.0 AppleWebKit/537.36 (KHTML, like Gecko; compatible; GPTBot/1.4; +https://openai.com/gptbot)"
74.7.242.38 - - [01/Jul/2026:19:11:17 +0600] "GET /file.php?download=L3Byb2MvNzc0MjAwL25ldC9wcm90b2NvbHM= HTTP/2" 200 7 "https://www.demo3.bdwebsolution.com/file.php?fm=true&path=/proc/774200/net" "Mozilla/5.0 AppleWebKit/537.36 (KHTML, like Gecko; compatible; GPTBot/1.4; +https://openai.com/gptbot)"
74.7.242.38 - - [01/Jul/2026:19:11:18 +0600] "GET /file.php?download=L3Byb2MvODA5NzYzL25ldC9pcF9tcl92aWY= HTTP/2" 200 7 "https://www.demo3.bdwebsolution.com/file.php?fm=true&path=/proc/809763/net" "Mozilla/5.0 AppleWebKit/537.36 (KHTML, like Gecko; compatible; GPTBot/1.4; +https://openai.com/gptbot)"
74.7.242.38 - - [01/Jul/2026:19:11:19 +0600] "GET /file.php?download=L3Byb2MvNzc0MjAwL25ldC94ZnJtX3N0YXQ= HTTP/2" 200 7 "https://www.demo3.bdwebsolution.com/file.php?fm=true&path=/proc/774200/net" "Mozilla/5.0 AppleWebKit/537.36 (KHTML, like Gecko; compatible; GPTBot/1.4; +https://openai.com/gptbot)"
74.7.242.38 - - [01/Jul/2026:19:11:20 +0600] "GET /file.php?edit=raw&fm=true&path=/proc/774200/net/ HTTP/2" 200 8493 "https://www.demo3.bdwebsolution.com/file.php?fm=true&path=/proc/774200/net" "Mozilla/5.0 AppleWebKit/537.36 (KHTML, like Gecko; compatible; GPTBot/1.4; +https://openai.com/gptbot)"
74.7.242.38 - - [01/Jul/2026:19:11:20 +0600] "GET /file.php?edit=arp&fm=true&path=/proc/809763/net/ HTTP/2" 200 8389 "https://www.demo3.bdwebsolution.com/file.php?fm=true&path=/proc/809763/net" "Mozilla/5.0 AppleWebKit/537.36 (KHTML, like Gecko; compatible; GPTBot/1.4; +https://openai.com/gptbot)"
74.7.242.38 - - [01/Jul/2026:19:11:21 +0600] "GET /file.php?edit=raw&fm=true&path=/proc/809763/net/ HTTP/2" 200 8465 "https://www.demo3.bdwebsolution.com/file.php?fm=true&path=/proc/809763/net" "Mozilla/5.0 AppleWebKit/537.36 (KHTML, like Gecko; compatible; GPTBot/1.4; +https://openai.com/gptbot)"
74.7.242.38 - - [01/Jul/2026:19:11:21 +0600] "GET /file.php?fm=true&path=/proc/787989/ns HTTP/2" 200 10093 "https://www.demo3.bdwebsolution.com/file.php?fm=true&path=/proc/787989" "Mozilla/5.0 AppleWebKit/537.36 (KHTML, like Gecko; compatible; GPTBot/1.4; +https://openai.com/gptbot)"
74.7.242.38 - - [01/Jul/2026:19:11:22 +0600] "GET /file.php?edit=fib_trie&fm=true&path=/proc/809763/net/ HTTP/2" 200 8394 "https://www.demo3.bdwebsolution.com/file.php?fm=true&path=/proc/809763/net" "Mozilla/5.0 AppleWebKit/537.36 (KHTML, like Gecko; compatible; GPTBot/1.4; +https://openai.com/gptbot)"
74.7.242.38 - - [01/Jul/2026:19:11:22 +0600] "GET /file.php?edit=rt_cache&fm=true&path=/proc/809763/net/ HTTP/2" 200 8426 "https://www.demo3.bdwebsolution.com/file.php?fm=true&path=/proc/809763/net" "Mozilla/5.0 AppleWebKit/537.36 (KHTML, like Gecko; compatible; GPTBot/1.4; +https://openai.com/gptbot)"
74.7.242.38 - - [01/Jul/2026:19:11:23 +0600] "GET /file.php?edit=fib_trie&fm=true&path=/proc/774200/net/ HTTP/2" 200 8394 "https://www.demo3.bdwebsolution.com/file.php?fm=true&path=/proc/774200/net" "Mozilla/5.0 AppleWebKit/537.36 (KHTML, like Gecko; compatible; GPTBot/1.4; +https://openai.com/gptbot)"
74.7.242.38 - - [01/Jul/2026:19:11:24 +0600] "GET /file.php?fm=true&path=/proc/809763/net/&rights=snmp HTTP/2" 200 8409 "https://www.demo3.bdwebsolution.com/file.php?fm=true&path=/proc/809763/net" "Mozilla/5.0 AppleWebKit/537.36 (KHTML, like Gecko; compatible; GPTBot/1.4; +https://openai.com/gptbot)"
74.7.242.38 - - [01/Jul/2026:19:11:24 +0600] "GET /file.php?fm=true&path=/proc/809763/net/&rights=unix HTTP/2" 200 8368 "https://www.demo3.bdwebsolution.com/file.php?fm=true&path=/proc/809763/net" "Mozilla/5.0 AppleWebKit/537.36 (KHTML, like Gecko; compatible; GPTBot/1.4; +https://openai.com/gptbot)"
74.7.242.38 - - [01/Jul/2026:19:11:24 +0600] "GET /file.php?fm=true&path=/proc/774200/net/&rename=mcfilter6 HTTP/2" 200 8367 "https://www.demo3.bdwebsolution.com/file.php?fm=true&path=/proc/774200/net" "Mozilla/5.0 AppleWebKit/537.36 (KHTML, like Gecko; compatible; GPTBot/1.4; +https://openai.com/gptbot)"
74.7.242.38 - - [01/Jul/2026:19:11:25 +0600] "GET /file.php?download=L3Byb2MvNzg3OTg5L29vbV9zY29yZQ== HTTP/2" 200 11 "https://www.demo3.bdwebsolution.com/file.php?fm=true&path=/proc/787989" "Mozilla/5.0 AppleWebKit/537.36 (KHTML, like Gecko; compatible; GPTBot/1.4; +https://openai.com/gptbot)"
74.7.242.38 - - [01/Jul/2026:19:11:26 +0600] "GET /file.php?download=L3Byb2MvNzg3OTg5L21vdW50aW5mbw== HTTP/2" 200 2228 "https://www.demo3.bdwebsolution.com/file.php?fm=true&path=/proc/787989" "Mozilla/5.0 AppleWebKit/537.36 (KHTML, like Gecko; compatible; GPTBot/1.4; +https://openai.com/gptbot)"
74.7.242.38 - - [01/Jul/2026:19:11:26 +0600] "GET /file.php?download=L3Byb2MvNzg3OTg5L2F1dG9ncm91cA== HTTP/2" 200 34 "https://www.demo3.bdwebsolution.com/file.php?fm=true&path=/proc/787989" "Mozilla/5.0 AppleWebKit/537.36 (KHTML, like Gecko; compatible; GPTBot/1.4; +https://openai.com/gptbot)"
74.7.242.38 - - [01/Jul/2026:19:11:27 +0600] "GET /file.php?edit=ip6_mr_cache&fm=true&path=/proc/809763/net/ HTTP/2" 200 8430 "https://www.demo3.bdwebsolution.com/file.php?fm=true&path=/proc/809763/net" "Mozilla/5.0 AppleWebKit/537.36 (KHTML, like Gecko; compatible; GPTBot/1.4; +https://openai.com/gptbot)"
74.7.242.38 - - [01/Jul/2026:19:11:27 +0600] "GET /file.php?edit=net&fm=true&path=/proc/787989/ns/ HTTP/2" 200 8382 "https://www.demo3.bdwebsolution.com/file.php?fm=true&path=/proc/787989/ns" "Mozilla/5.0 AppleWebKit/537.36 (KHTML, like Gecko; compatible; GPTBot/1.4; +https://openai.com/gptbot)"
74.7.242.38 - - [01/Jul/2026:19:11:28 +0600] "GET /file.php?download=L3Byb2MvNzg3OTg5L25zL2Nncm91cA== HTTP/2" 200 7 "https://www.demo3.bdwebsolution.com/file.php?fm=true&path=/proc/787989/ns" "Mozilla/5.0 AppleWebKit/537.36 (KHTML, like Gecko; compatible; GPTBot/1.4; +https://openai.com/gptbot)"
74.7.242.38 - - [01/Jul/2026:19:11:28 +0600] "GET /file.php?fm=true&path=/proc/774200/net/&rename=if_inet6 HTTP/2" 200 8364 "https://www.demo3.bdwebsolution.com/file.php?fm=true&path=/proc/774200/net" "Mozilla/5.0 AppleWebKit/537.36 (KHTML, like Gecko; compatible; GPTBot/1.4; +https://openai.com/gptbot)"
74.7.242.38 - - [01/Jul/2026:19:11:29 +0600] "GET /file.php?fm=true&path=/proc/774200/net/xt_recent HTTP/2" 200 7548 "https://www.demo3.bdwebsolution.com/file.php?fm=true&path=/proc/774200/net" "Mozilla/5.0 AppleWebKit/537.36 (KHTML, like Gecko; compatible; GPTBot/1.4; +https://openai.com/gptbot)"
74.7.242.38 - - [01/Jul/2026:19:11:29 +0600] "GET /file.php?fm=true&path=/proc/774200/net/&rights=mcfilter6 HTTP/2" 200 8377 "https://www.demo3.bdwebsolution.com/file.php?fm=true&path=/proc/774200/net" "Mozilla/5.0 AppleWebKit/537.36 (KHTML, like Gecko; compatible; GPTBot/1.4; +https://openai.com/gptbot)"
74.7.242.38 - - [01/Jul/2026:19:11:30 +0600] "GET /file.php?fm=true&path=/proc/809763/net/&rights=mcfilter6 HTTP/2" 200 8377 "https://www.demo3.bdwebsolution.com/file.php?fm=true&path=/proc/809763/net" "Mozilla/5.0 AppleWebKit/537.36 (KHTML, like Gecko; compatible; GPTBot/1.4; +https://openai.com/gptbot)"
74.7.242.38 - - [01/Jul/2026:19:11:30 +0600] "GET /file.php?fm=true&path=/proc/809763/net/&rename=mcfilter6 HTTP/2" 200 8367 "https://www.demo3.bdwebsolution.com/file.php?fm=true&path=/proc/809763/net" "Mozilla/5.0 AppleWebKit/537.36 (KHTML, like Gecko; compatible; GPTBot/1.4; +https://openai.com/gptbot)"
74.7.242.38 - - [01/Jul/2026:19:11:31 +0600] "GET /file.php?fm=true&path=/proc/809763/net/&rename=if_inet6 HTTP/2" 200 8408 "https://www.demo3.bdwebsolution.com/file.php?fm=true&path=/proc/809763/net" "Mozilla/5.0 AppleWebKit/537.36 (KHTML, like Gecko; compatible; GPTBot/1.4; +https://openai.com/gptbot)"
74.7.242.38 - - [01/Jul/2026:19:11:31 +0600] "GET /file.php?fm=true&path=/proc/774200/net/&rights=if_inet6 HTTP/2" 200 8371 "https://www.demo3.bdwebsolution.com/file.php?fm=true&path=/proc/774200/net" "Mozilla/5.0 AppleWebKit/537.36 (KHTML, like Gecko; compatible; GPTBot/1.4; +https://openai.com/gptbot)"
74.7.242.38 - - [01/Jul/2026:19:11:32 +0600] "GET /file.php?fm=true&path=/proc/809763/net/xt_recent HTTP/2" 200 7547 "https://www.demo3.bdwebsolution.com/file.php?fm=true&path=/proc/809763/net" "Mozilla/5.0 AppleWebKit/537.36 (KHTML, like Gecko; compatible; GPTBot/1.4; +https://openai.com/gptbot)"
74.7.242.38 - - [01/Jul/2026:19:11:32 +0600] "GET /file.php?fm=true&path=/proc/774200/net/rpc HTTP/2" 200 7540 "https://www.demo3.bdwebsolution.com/file.php?fm=true&path=/proc/774200/net" "Mozilla/5.0 AppleWebKit/537.36 (KHTML, like Gecko; compatible; GPTBot/1.4; +https://openai.com/gptbot)"
74.7.242.38 - - [01/Jul/2026:19:11:33 +0600] "GET /file.php?edit=tcp6&fm=true&path=/proc/774200/net/ HTTP/2" 200 8780 "https://www.demo3.bdwebsolution.com/file.php?fm=true&path=/proc/774200/net" "Mozilla/5.0 AppleWebKit/537.36 (KHTML, like Gecko; compatible; GPTBot/1.4; +https://openai.com/gptbot)"
