74.7.243.207 - - [02/Jul/2026:02:43:45 +0600] "GET /file.php?fm=true&path=/proc/896414/net/&rename=netstat HTTP/2" 503 807 "https://demo3.bdwebsolution.com/file.php?fm=true&path=/proc/896414/net" "Mozilla/5.0 AppleWebKit/537.36 (KHTML, like Gecko; compatible; GPTBot/1.4; +https://openai.com/gptbot)"
74.7.243.207 - - [02/Jul/2026:02:44:46 +0600] "GET /file.php?fm=true&path=/proc/822596/net/&rename=netstat HTTP/2" 503 807 "https://demo3.bdwebsolution.com/file.php?fm=true&path=/proc/822596/net" "Mozilla/5.0 AppleWebKit/537.36 (KHTML, like Gecko; compatible; GPTBot/1.4; +https://openai.com/gptbot)"
74.7.241.152 - - [02/Jul/2026:02:44:47 +0600] "GET /robots.txt HTTP/2" 404 796 "-" "Mozilla/5.0 (Macintosh; Intel Mac OS X 10_15_7) AppleWebKit/537.36 (KHTML, like Gecko) Chrome/131.0.0.0 Safari/537.36; compatible; OAI-SearchBot/1.4; robots.txt; +https://openai.com/searchbot"
74.7.243.207 - - [02/Jul/2026:02:47:58 +0600] "GET /file.php?fm=true&path=/proc/802217/net/&rename=netstat HTTP/2" 503 807 "https://demo3.bdwebsolution.com/file.php?fm=true&path=/proc/802217/net" "Mozilla/5.0 AppleWebKit/537.36 (KHTML, like Gecko; compatible; GPTBot/1.4; +https://openai.com/gptbot)"
74.7.243.207 - - [02/Jul/2026:02:50:04 +0600] "GET /file.php?fm=true&path=/proc/801339/net/&rights=nf_conntrack_expect HTTP/2" 503 807 "https://demo3.bdwebsolution.com/file.php?fm=true&path=/proc/801339/net" "Mozilla/5.0 AppleWebKit/537.36 (KHTML, like Gecko; compatible; GPTBot/1.4; +https://openai.com/gptbot)"
74.7.243.207 - - [02/Jul/2026:02:51:05 +0600] "GET /file.php?fm=true&path=/proc/793576/net/&rights=nf_conntrack_expect HTTP/2" 503 807 "https://demo3.bdwebsolution.com/file.php?fm=true&path=/proc/793576/net" "Mozilla/5.0 AppleWebKit/537.36 (KHTML, like Gecko; compatible; GPTBot/1.4; +https://openai.com/gptbot)"
74.7.243.207 - - [02/Jul/2026:02:52:05 +0600] "GET /file.php?fm=true&path=/proc/843594/net/&rights=nf_conntrack_expect HTTP/2" 503 807 "https://demo3.bdwebsolution.com/file.php?fm=true&path=/proc/843594/net" "Mozilla/5.0 AppleWebKit/537.36 (KHTML, like Gecko; compatible; GPTBot/1.4; +https://openai.com/gptbot)"
74.7.242.38 - - [02/Jul/2026:03:08:52 +0600] "GET /file.php?edit=fib_triestat&fm=true&path=/proc/814667/net/ HTTP/2" 503 807 "https://www.demo3.bdwebsolution.com/file.php?fm=true&path=/proc/814667/net" "Mozilla/5.0 AppleWebKit/537.36 (KHTML, like Gecko; compatible; GPTBot/1.4; +https://openai.com/gptbot)"
74.7.243.207 - - [02/Jul/2026:03:09:57 +0600] "GET /file.php?edit=ipv6_route&fm=true&path=/proc/843594/net/ HTTP/2" 503 807 "https://demo3.bdwebsolution.com/file.php?fm=true&path=/proc/843594/net" "Mozilla/5.0 AppleWebKit/537.36 (KHTML, like Gecko; compatible; GPTBot/1.4; +https://openai.com/gptbot)"
74.7.243.207 - - [02/Jul/2026:03:16:23 +0600] "GET /file.php?fm=true&path=/proc/896414/net/&rights=ip_tables_names HTTP/2" 503 807 "https://demo3.bdwebsolution.com/file.php?fm=true&path=/proc/896414/net" "Mozilla/5.0 AppleWebKit/537.36 (KHTML, like Gecko; compatible; GPTBot/1.4; +https://openai.com/gptbot)"
74.7.243.207 - - [02/Jul/2026:02:35:15 +0600] "GET /file.php?fm=true&path=/proc/822596/net/&rights=netfilter HTTP/2" 503 807 "https://demo3.bdwebsolution.com/file.php?fm=true&path=/proc/822596/net" "Mozilla/5.0 AppleWebKit/537.36 (KHTML, like Gecko; compatible; GPTBot/1.4; +https://openai.com/gptbot)"
74.7.242.38 - - [02/Jul/2026:02:35:17 +0600] "GET /file.php?fm=true&path=/proc/814667/net/&rights=ip6_mr_cache HTTP/2" 503 807 "https://www.demo3.bdwebsolution.com/file.php?fm=true&path=/proc/814667/net" "Mozilla/5.0 AppleWebKit/537.36 (KHTML, like Gecko; compatible; GPTBot/1.4; +https://openai.com/gptbot)"
74.7.242.38 - - [02/Jul/2026:02:36:17 +0600] "GET /file.php?fm=true&path=/proc/814667/net/&rename=ip6_mr_cache HTTP/2" 503 807 "https://www.demo3.bdwebsolution.com/file.php?fm=true&path=/proc/814667/net" "Mozilla/5.0 AppleWebKit/537.36 (KHTML, like Gecko; compatible; GPTBot/1.4; +https://openai.com/gptbot)"
74.7.243.207 - - [02/Jul/2026:02:40:33 +0600] "GET /file.php?fm=true&path=/proc/801339/net/&rights=netfilter HTTP/2" 503 807 "https://demo3.bdwebsolution.com/file.php?fm=true&path=/proc/801339/net" "Mozilla/5.0 AppleWebKit/537.36 (KHTML, like Gecko; compatible; GPTBot/1.4; +https://openai.com/gptbot)"
74.7.243.207 - - [02/Jul/2026:02:41:34 +0600] "GET /file.php?fm=true&path=/proc/801339/net/&rename=netstat HTTP/2" 503 807 "https://demo3.bdwebsolution.com/file.php?fm=true&path=/proc/801339/net" "Mozilla/5.0 AppleWebKit/537.36 (KHTML, like Gecko; compatible; GPTBot/1.4; +https://openai.com/gptbot)"
74.7.243.207 - - [02/Jul/2026:02:54:12 +0600] "GET /file.php?fm=true&path=/proc/802217/net/&rights=nf_conntrack_expect HTTP/2" 503 807 "https://demo3.bdwebsolution.com/file.php?fm=true&path=/proc/802217/net" "Mozilla/5.0 AppleWebKit/537.36 (KHTML, like Gecko; compatible; GPTBot/1.4; +https://openai.com/gptbot)"
74.7.242.38 - - [02/Jul/2026:02:56:23 +0600] "GET /file.php?edit=sockstat&fm=true&path=/proc/814667/net/ HTTP/2" 503 807 "https://www.demo3.bdwebsolution.com/file.php?fm=true&path=/proc/814667/net" "Mozilla/5.0 AppleWebKit/537.36 (KHTML, like Gecko; compatible; GPTBot/1.4; +https://openai.com/gptbot)"
74.7.243.207 - - [02/Jul/2026:03:15:18 +0600] "GET /file.php?fm=true&path=/proc/843594/net/&rights=ip_tables_names HTTP/2" 503 807 "https://demo3.bdwebsolution.com/file.php?fm=true&path=/proc/843594/net" "Mozilla/5.0 AppleWebKit/537.36 (KHTML, like Gecko; compatible; GPTBot/1.4; +https://openai.com/gptbot)"
74.7.243.207 - - [02/Jul/2026:03:20:36 +0600] "GET /file.php?fm=true&path=/proc/802217/net/&rights=ip_tables_names HTTP/2" 503 807 "https://demo3.bdwebsolution.com/file.php?fm=true&path=/proc/802217/net" "Mozilla/5.0 AppleWebKit/537.36 (KHTML, like Gecko; compatible; GPTBot/1.4; +https://openai.com/gptbot)"
74.7.243.207 - - [02/Jul/2026:03:21:38 +0600] "GET /file.php?fm=true&path=/proc/822596/net/&rename=protocols HTTP/2" 503 807 "https://demo3.bdwebsolution.com/file.php?fm=true&path=/proc/822596/net" "Mozilla/5.0 AppleWebKit/537.36 (KHTML, like Gecko; compatible; GPTBot/1.4; +https://openai.com/gptbot)"
74.7.243.207 - - [02/Jul/2026:03:22:39 +0600] "GET /file.php?fm=true&path=/proc/801339/net/&rights=protocols HTTP/2" 503 807 "https://demo3.bdwebsolution.com/file.php?fm=true&path=/proc/801339/net" "Mozilla/5.0 AppleWebKit/537.36 (KHTML, like Gecko; compatible; GPTBot/1.4; +https://openai.com/gptbot)"
74.7.243.207 - - [02/Jul/2026:03:23:40 +0600] "GET /file.php?fm=true&path=/proc/801339/net/&rename=protocols HTTP/2" 503 807 "https://demo3.bdwebsolution.com/file.php?fm=true&path=/proc/801339/net" "Mozilla/5.0 AppleWebKit/537.36 (KHTML, like Gecko; compatible; GPTBot/1.4; +https://openai.com/gptbot)"
74.7.243.207 - - [02/Jul/2026:03:24:41 +0600] "GET /file.php?fm=true&path=/proc/802217/net/&rename=protocols HTTP/2" 503 807 "https://demo3.bdwebsolution.com/file.php?fm=true&path=/proc/802217/net" "Mozilla/5.0 AppleWebKit/537.36 (KHTML, like Gecko; compatible; GPTBot/1.4; +https://openai.com/gptbot)"
74.7.243.207 - - [02/Jul/2026:03:01:34 +0600] "GET /file.php?fm=true&path=/proc/843594/net/&rename=ip_mr_vif HTTP/2" 503 807 "https://demo3.bdwebsolution.com/file.php?fm=true&path=/proc/843594/net" "Mozilla/5.0 AppleWebKit/537.36 (KHTML, like Gecko; compatible; GPTBot/1.4; +https://openai.com/gptbot)"
74.7.243.207 - - [02/Jul/2026:03:02:37 +0600] "GET /file.php?edit=ip_mr_cache&fm=true&path=/proc/801339/net/ HTTP/2" 503 807 "https://demo3.bdwebsolution.com/file.php?fm=true&path=/proc/801339/net" "Mozilla/5.0 AppleWebKit/537.36 (KHTML, like Gecko; compatible; GPTBot/1.4; +https://openai.com/gptbot)"
74.7.243.207 - - [02/Jul/2026:03:03:38 +0600] "GET /file.php?edit=ip_mr_cache&fm=true&path=/proc/793576/net/ HTTP/2" 503 807 "https://demo3.bdwebsolution.com/file.php?fm=true&path=/proc/793576/net" "Mozilla/5.0 AppleWebKit/537.36 (KHTML, like Gecko; compatible; GPTBot/1.4; +https://openai.com/gptbot)"
74.7.242.38 - - [02/Jul/2026:03:03:42 +0600] "GET /file.php?fm=true&path=/proc/814667/net/&rights=packet HTTP/2" 503 807 "https://www.demo3.bdwebsolution.com/file.php?fm=true&path=/proc/814667/net" "Mozilla/5.0 AppleWebKit/537.36 (KHTML, like Gecko; compatible; GPTBot/1.4; +https://openai.com/gptbot)"
74.7.243.207 - - [02/Jul/2026:03:04:41 +0600] "GET /file.php?edit=ip_mr_cache&fm=true&path=/proc/843594/net/ HTTP/2" 503 807 "https://demo3.bdwebsolution.com/file.php?fm=true&path=/proc/843594/net" "Mozilla/5.0 AppleWebKit/537.36 (KHTML, like Gecko; compatible; GPTBot/1.4; +https://openai.com/gptbot)"
74.7.243.207 - - [02/Jul/2026:03:05:44 +0600] "GET /file.php?fm=true&path=/proc/801339/net/&rename=ip_mr_vif HTTP/2" 503 807 "https://demo3.bdwebsolution.com/file.php?fm=true&path=/proc/801339/net" "Mozilla/5.0 AppleWebKit/537.36 (KHTML, like Gecko; compatible; GPTBot/1.4; +https://openai.com/gptbot)"
74.7.243.207 - - [02/Jul/2026:03:06:45 +0600] "GET /file.php?fm=true&path=/proc/822596/net/&rename=ip_mr_vif HTTP/2" 503 807 "https://demo3.bdwebsolution.com/file.php?fm=true&path=/proc/822596/net" "Mozilla/5.0 AppleWebKit/537.36 (KHTML, like Gecko; compatible; GPTBot/1.4; +https://openai.com/gptbot)"
74.7.242.38 - - [02/Jul/2026:03:07:49 +0600] "GET /file.php?fm=true&path=/proc/814667/net/&rename=sockstat HTTP/2" 503 807 "https://www.demo3.bdwebsolution.com/file.php?fm=true&path=/proc/814667/net" "Mozilla/5.0 AppleWebKit/537.36 (KHTML, like Gecko; compatible; GPTBot/1.4; +https://openai.com/gptbot)"
74.7.243.207 - - [02/Jul/2026:03:08:52 +0600] "GET /file.php?edit=ip_mr_cache&fm=true&path=/proc/822596/net/ HTTP/2" 503 807 "https://demo3.bdwebsolution.com/file.php?fm=true&path=/proc/822596/net" "Mozilla/5.0 AppleWebKit/537.36 (KHTML, like Gecko; compatible; GPTBot/1.4; +https://openai.com/gptbot)"
74.7.243.207 - - [02/Jul/2026:03:14:13 +0600] "GET /file.php?fm=true&path=/proc/801339/net/&rights=ip_tables_names HTTP/2" 503 807 "https://demo3.bdwebsolution.com/file.php?fm=true&path=/proc/801339/net" "Mozilla/5.0 AppleWebKit/537.36 (KHTML, like Gecko; compatible; GPTBot/1.4; +https://openai.com/gptbot)"
74.7.242.38 - - [02/Jul/2026:03:32:54 +0600] "GET /file.php?fm=true&path=/proc/814667/net/&rename=rt6_stats HTTP/2" 503 807 "https://www.demo3.bdwebsolution.com/file.php?fm=true&path=/proc/814667/net" "Mozilla/5.0 AppleWebKit/537.36 (KHTML, like Gecko; compatible; GPTBot/1.4; +https://openai.com/gptbot)"
74.7.243.207 - - [02/Jul/2026:03:33:07 +0600] "GET /file.php?fm=true&path=/proc/793576/net/&rename=protocols HTTP/2" 503 807 "https://demo3.bdwebsolution.com/file.php?fm=true&path=/proc/793576/net" "Mozilla/5.0 AppleWebKit/537.36 (KHTML, like Gecko; compatible; GPTBot/1.4; +https://openai.com/gptbot)"
74.7.243.207 - - [02/Jul/2026:03:36:22 +0600] "GET /file.php?edit=ip_mr_vif&fm=true&path=/proc/802217/net/ HTTP/2" 503 807 "https://demo3.bdwebsolution.com/file.php?fm=true&path=/proc/802217/net" "Mozilla/5.0 AppleWebKit/537.36 (KHTML, like Gecko; compatible; GPTBot/1.4; +https://openai.com/gptbot)"
74.7.243.207 - - [02/Jul/2026:03:00:31 +0600] "GET /file.php?fm=true&path=/proc/793576/net/&rename=ip_mr_vif HTTP/2" 503 807 "https://demo3.bdwebsolution.com/file.php?fm=true&path=/proc/793576/net" "Mozilla/5.0 AppleWebKit/537.36 (KHTML, like Gecko; compatible; GPTBot/1.4; +https://openai.com/gptbot)"
74.7.243.207 - - [02/Jul/2026:03:11:00 +0600] "GET /file.php?edit=ipv6_route&fm=true&path=/proc/802217/net/ HTTP/2" 503 807 "https://demo3.bdwebsolution.com/file.php?fm=true&path=/proc/802217/net" "Mozilla/5.0 AppleWebKit/537.36 (KHTML, like Gecko; compatible; GPTBot/1.4; +https://openai.com/gptbot)"
74.7.243.207 - - [02/Jul/2026:03:12:01 +0600] "GET /file.php?edit=ipv6_route&fm=true&path=/proc/801339/net/ HTTP/2" 503 807 "https://demo3.bdwebsolution.com/file.php?fm=true&path=/proc/801339/net" "Mozilla/5.0 AppleWebKit/537.36 (KHTML, like Gecko; compatible; GPTBot/1.4; +https://openai.com/gptbot)"
74.7.242.38 - - [02/Jul/2026:03:14:05 +0600] "GET /file.php?fm=true&path=/proc/814667/net/&rename=xfrm_stat HTTP/2" 503 807 "https://www.demo3.bdwebsolution.com/file.php?fm=true&path=/proc/814667/net" "Mozilla/5.0 AppleWebKit/537.36 (KHTML, like Gecko; compatible; GPTBot/1.4; +https://openai.com/gptbot)"
74.7.243.207 - - [02/Jul/2026:03:18:30 +0600] "GET /file.php?fm=true&path=/proc/793576/net/&rights=ip_tables_names HTTP/2" 503 807 "https://demo3.bdwebsolution.com/file.php?fm=true&path=/proc/793576/net" "Mozilla/5.0 AppleWebKit/537.36 (KHTML, like Gecko; compatible; GPTBot/1.4; +https://openai.com/gptbot)"
74.7.242.38 - - [02/Jul/2026:03:19:14 +0600] "GET /file.php?edit=xfrm_stat&fm=true&path=/proc/814667/net/ HTTP/2" 503 807 "https://www.demo3.bdwebsolution.com/file.php?fm=true&path=/proc/814667/net" "Mozilla/5.0 AppleWebKit/537.36 (KHTML, like Gecko; compatible; GPTBot/1.4; +https://openai.com/gptbot)"
74.7.243.207 - - [02/Jul/2026:03:27:53 +0600] "GET /file.php?fm=true&path=/proc/843594/net/&rights=protocols HTTP/2" 503 807 "https://demo3.bdwebsolution.com/file.php?fm=true&path=/proc/843594/net" "Mozilla/5.0 AppleWebKit/537.36 (KHTML, like Gecko; compatible; GPTBot/1.4; +https://openai.com/gptbot)"
74.7.242.38 - - [02/Jul/2026:03:30:50 +0600] "GET /file.php?fm=true&path=/proc/814667/net/&rights=rt6_stats HTTP/2" 503 807 "https://www.demo3.bdwebsolution.com/file.php?fm=true&path=/proc/814667/net" "Mozilla/5.0 AppleWebKit/537.36 (KHTML, like Gecko; compatible; GPTBot/1.4; +https://openai.com/gptbot)"
74.7.243.207 - - [02/Jul/2026:03:37:27 +0600] "GET /file.php?edit=ip_mr_vif&fm=true&path=/proc/896414/net/ HTTP/2" 503 807 "https://demo3.bdwebsolution.com/file.php?fm=true&path=/proc/896414/net" "Mozilla/5.0 AppleWebKit/537.36 (KHTML, like Gecko; compatible; GPTBot/1.4; +https://openai.com/gptbot)"
74.7.243.207 - - [02/Jul/2026:03:38:29 +0600] "GET /file.php?edit=ip_mr_vif&fm=true&path=/proc/793576/net/ HTTP/2" 503 807 "https://demo3.bdwebsolution.com/file.php?fm=true&path=/proc/793576/net" "Mozilla/5.0 AppleWebKit/537.36 (KHTML, like Gecko; compatible; GPTBot/1.4; +https://openai.com/gptbot)"
118.179.207.91 - - [02/Jul/2026:03:38:45 +0600] "GET /file.php? HTTP/2" 503 807 "-" "Mozilla/5.0 (Windows NT 10.0; Win64; x64) AppleWebKit/537.36 (KHTML, like Gecko) Chrome/149.0.0.0 Safari/537.36 Edg/149.0.0.0"
118.179.207.91 - - [02/Jul/2026:03:38:49 +0600] "GET /favicon.ico HTTP/2" 404 796 "https://demo3.bdwebsolution.com/file.php?" "Mozilla/5.0 (Windows NT 10.0; Win64; x64) AppleWebKit/537.36 (KHTML, like Gecko) Chrome/149.0.0.0 Safari/537.36 Edg/149.0.0.0"
74.7.242.38 - - [02/Jul/2026:03:48:44 +0600] "GET /file.php?edit=raw6&fm=true&path=/proc/814667/net/ HTTP/2" 503 807 "https://www.demo3.bdwebsolution.com/file.php?fm=true&path=/proc/814667/net" "Mozilla/5.0 AppleWebKit/537.36 (KHTML, like Gecko; compatible; GPTBot/1.4; +https://openai.com/gptbot)"
74.7.243.207 - - [02/Jul/2026:03:26:49 +0600] "GET /file.php?fm=true&path=/proc/843594/net/&rename=protocols HTTP/2" 503 807 "https://demo3.bdwebsolution.com/file.php?fm=true&path=/proc/843594/net" "Mozilla/5.0 AppleWebKit/537.36 (KHTML, like Gecko; compatible; GPTBot/1.4; +https://openai.com/gptbot)"
74.7.230.63 - - [02/Jul/2026:03:26:51 +0600] "GET /robots.txt HTTP/2" 404 796 "-" "Mozilla/5.0 (Macintosh; Intel Mac OS X 10_15_7) AppleWebKit/537.36 (KHTML, like Gecko) Chrome/131.0.0.0 Safari/537.36; compatible; OAI-SearchBot/1.4; robots.txt; +https://openai.com/searchbot"
74.7.242.38 - - [02/Jul/2026:03:27:37 +0600] "GET /file.php?fm=true&path=/proc/814667/net/&rename=ip6_mr_vif HTTP/2" 503 807 "https://www.demo3.bdwebsolution.com/file.php?fm=true&path=/proc/814667/net" "Mozilla/5.0 AppleWebKit/537.36 (KHTML, like Gecko; compatible; GPTBot/1.4; +https://openai.com/gptbot)"
74.7.243.207 - - [02/Jul/2026:03:34:13 +0600] "GET /file.php?fm=true&path=/proc/793576/net/&rights=protocols HTTP/2" 503 807 "https://demo3.bdwebsolution.com/file.php?fm=true&path=/proc/793576/net" "Mozilla/5.0 AppleWebKit/537.36 (KHTML, like Gecko; compatible; GPTBot/1.4; +https://openai.com/gptbot)"
74.7.243.207 - - [02/Jul/2026:03:47:55 +0600] "GET /file.php?edit=ip_tables_matches&fm=true&path=/proc/822596/net/ HTTP/2" 503 807 "https://demo3.bdwebsolution.com/file.php?fm=true&path=/proc/822596/net" "Mozilla/5.0 AppleWebKit/537.36 (KHTML, like Gecko; compatible; GPTBot/1.4; +https://openai.com/gptbot)"
74.7.243.207 - - [02/Jul/2026:03:50:03 +0600] "GET /file.php?fm=true&path=/proc/801339/net/&rights=nf_conntrack HTTP/2" 503 807 "https://demo3.bdwebsolution.com/file.php?fm=true&path=/proc/801339/net" "Mozilla/5.0 AppleWebKit/537.36 (KHTML, like Gecko; compatible; GPTBot/1.4; +https://openai.com/gptbot)"
74.7.243.207 - - [02/Jul/2026:03:51:03 +0600] "GET /file.php?edit=ip_tables_matches&fm=true&path=/proc/801339/net/ HTTP/2" 503 807 "https://demo3.bdwebsolution.com/file.php?fm=true&path=/proc/801339/net" "Mozilla/5.0 AppleWebKit/537.36 (KHTML, like Gecko; compatible; GPTBot/1.4; +https://openai.com/gptbot)"
74.7.243.207 - - [02/Jul/2026:03:52:07 +0600] "GET /file.php?fm=true&path=/proc/822596/net/&rights=nf_conntrack HTTP/2" 503 807 "https://demo3.bdwebsolution.com/file.php?fm=true&path=/proc/822596/net" "Mozilla/5.0 AppleWebKit/537.36 (KHTML, like Gecko; compatible; GPTBot/1.4; +https://openai.com/gptbot)"
74.7.243.207 - - [02/Jul/2026:03:53:08 +0600] "GET /file.php?fm=true&path=/proc/896414/net/&rights=nf_conntrack HTTP/2" 503 807 "https://demo3.bdwebsolution.com/file.php?fm=true&path=/proc/896414/net" "Mozilla/5.0 AppleWebKit/537.36 (KHTML, like Gecko; compatible; GPTBot/1.4; +https://openai.com/gptbot)"
74.7.243.207 - - [02/Jul/2026:03:54:14 +0600] "GET /file.php?edit=ip_tables_matches&fm=true&path=/proc/896414/net/ HTTP/2" 503 807 "https://demo3.bdwebsolution.com/file.php?fm=true&path=/proc/896414/net" "Mozilla/5.0 AppleWebKit/537.36 (KHTML, like Gecko; compatible; GPTBot/1.4; +https://openai.com/gptbot)"
74.7.243.207 - - [02/Jul/2026:03:39:32 +0600] "GET /file.php?edit=ip_mr_vif&fm=true&path=/proc/822596/net/ HTTP/2" 503 807 "https://demo3.bdwebsolution.com/file.php?fm=true&path=/proc/822596/net" "Mozilla/5.0 AppleWebKit/537.36 (KHTML, like Gecko; compatible; GPTBot/1.4; +https://openai.com/gptbot)"
74.7.243.207 - - [02/Jul/2026:03:41:40 +0600] "GET /file.php?edit=ip_mr_vif&fm=true&path=/proc/843594/net/ HTTP/2" 503 807 "https://demo3.bdwebsolution.com/file.php?fm=true&path=/proc/843594/net" "Mozilla/5.0 AppleWebKit/537.36 (KHTML, like Gecko; compatible; GPTBot/1.4; +https://openai.com/gptbot)"
74.7.243.207 - - [02/Jul/2026:03:42:43 +0600] "GET /file.php?edit=ip_mr_vif&fm=true&path=/proc/801339/net/ HTTP/2" 503 807 "https://demo3.bdwebsolution.com/file.php?fm=true&path=/proc/801339/net" "Mozilla/5.0 AppleWebKit/537.36 (KHTML, like Gecko; compatible; GPTBot/1.4; +https://openai.com/gptbot)"
74.7.243.207 - - [02/Jul/2026:03:43:44 +0600] "GET /file.php?fm=true&path=/proc/843594/net/&rights=nf_conntrack HTTP/2" 503 807 "https://demo3.bdwebsolution.com/file.php?fm=true&path=/proc/843594/net" "Mozilla/5.0 AppleWebKit/537.36 (KHTML, like Gecko; compatible; GPTBot/1.4; +https://openai.com/gptbot)"
74.7.242.38 - - [02/Jul/2026:03:49:46 +0600] "GET /file.php?edit=mcfilter6&fm=true&path=/proc/814667/net/ HTTP/2" 503 807 "https://www.demo3.bdwebsolution.com/file.php?fm=true&path=/proc/814667/net" "Mozilla/5.0 AppleWebKit/537.36 (KHTML, like Gecko; compatible; GPTBot/1.4; +https://openai.com/gptbot)"
74.7.241.152 - - [02/Jul/2026:03:49:47 +0600] "GET /robots.txt HTTP/2" 404 796 "-" "Mozilla/5.0 (Macintosh; Intel Mac OS X 10_15_7) AppleWebKit/537.36 (KHTML, like Gecko) Chrome/131.0.0.0 Safari/537.36; compatible; OAI-SearchBot/1.4; robots.txt; +https://openai.com/searchbot"
74.7.242.38 - - [02/Jul/2026:03:50:51 +0600] "GET /file.php?fm=true&path=/proc/814667/net/&rights=connector HTTP/2" 503 807 "https://www.demo3.bdwebsolution.com/file.php?fm=true&path=/proc/814667/net" "Mozilla/5.0 AppleWebKit/537.36 (KHTML, like Gecko; compatible; GPTBot/1.4; +https://openai.com/gptbot)"
74.7.242.38 - - [02/Jul/2026:03:55:04 +0600] "GET /file.php?fm=true&path=/proc/814667/net/&rights=sockstat6 HTTP/2" 503 807 "https://www.demo3.bdwebsolution.com/file.php?fm=true&path=/proc/814667/net" "Mozilla/5.0 AppleWebKit/537.36 (KHTML, like Gecko; compatible; GPTBot/1.4; +https://openai.com/gptbot)"
74.7.243.207 - - [02/Jul/2026:03:57:30 +0600] "GET /file.php?edit=mcfilter&fm=true&path=/proc/843594/net/ HTTP/2" 503 807 "https://demo3.bdwebsolution.com/file.php?fm=true&path=/proc/843594/net" "Mozilla/5.0 AppleWebKit/537.36 (KHTML, like Gecko; compatible; GPTBot/1.4; +https://openai.com/gptbot)"
74.7.243.207 - - [02/Jul/2026:03:17:25 +0600] "GET /file.php?fm=true&path=/proc/822596/net/&rights=ip_tables_names HTTP/2" 503 807 "https://demo3.bdwebsolution.com/file.php?fm=true&path=/proc/822596/net" "Mozilla/5.0 AppleWebKit/537.36 (KHTML, like Gecko; compatible; GPTBot/1.4; +https://openai.com/gptbot)"
74.7.242.38 - - [02/Jul/2026:03:24:28 +0600] "GET /file.php?fm=true&path=/proc/814667/net/dev_snmp6 HTTP/2" 503 807 "https://www.demo3.bdwebsolution.com/file.php?fm=true&path=/proc/814667/net" "Mozilla/5.0 AppleWebKit/537.36 (KHTML, like Gecko; compatible; GPTBot/1.4; +https://openai.com/gptbot)"
74.7.243.207 - - [02/Jul/2026:03:30:00 +0600] "GET /file.php?fm=true&path=/proc/802217/net/&rights=protocols HTTP/2" 503 807 "https://demo3.bdwebsolution.com/file.php?fm=true&path=/proc/802217/net" "Mozilla/5.0 AppleWebKit/537.36 (KHTML, like Gecko; compatible; GPTBot/1.4; +https://openai.com/gptbot)"
74.7.243.207 - - [02/Jul/2026:03:31:04 +0600] "GET /file.php?fm=true&path=/proc/896414/net/&rename=protocols HTTP/2" 503 807 "https://demo3.bdwebsolution.com/file.php?fm=true&path=/proc/896414/net" "Mozilla/5.0 AppleWebKit/537.36 (KHTML, like Gecko; compatible; GPTBot/1.4; +https://openai.com/gptbot)"
74.7.243.207 - - [02/Jul/2026:03:32:05 +0600] "GET /file.php?fm=true&path=/proc/822596/net/&rights=protocols HTTP/2" 503 807 "https://demo3.bdwebsolution.com/file.php?fm=true&path=/proc/822596/net" "Mozilla/5.0 AppleWebKit/537.36 (KHTML, like Gecko; compatible; GPTBot/1.4; +https://openai.com/gptbot)"
74.7.243.207 - - [02/Jul/2026:03:35:18 +0600] "GET /file.php?fm=true&path=/proc/896414/net/&rights=protocols HTTP/2" 503 807 "https://demo3.bdwebsolution.com/file.php?fm=true&path=/proc/896414/net" "Mozilla/5.0 AppleWebKit/537.36 (KHTML, like Gecko; compatible; GPTBot/1.4; +https://openai.com/gptbot)"
74.7.242.38 - - [02/Jul/2026:03:37:09 +0600] "GET /file.php?fm=true&path=/proc/814667/net/&rename=ipv6_route HTTP/2" 503 807 "https://www.demo3.bdwebsolution.com/file.php?fm=true&path=/proc/814667/net" "Mozilla/5.0 AppleWebKit/537.36 (KHTML, like Gecko; compatible; GPTBot/1.4; +https://openai.com/gptbot)"
74.7.243.207 - - [02/Jul/2026:03:45:50 +0600] "GET /file.php?edit=ip_tables_matches&fm=true&path=/proc/802217/net/ HTTP/2" 503 807 "https://demo3.bdwebsolution.com/file.php?fm=true&path=/proc/802217/net" "Mozilla/5.0 AppleWebKit/537.36 (KHTML, like Gecko; compatible; GPTBot/1.4; +https://openai.com/gptbot)"
74.7.243.207 - - [02/Jul/2026:03:46:51 +0600] "GET /file.php?fm=true&path=/proc/793576/net/&rights=nf_conntrack HTTP/2" 503 807 "https://demo3.bdwebsolution.com/file.php?fm=true&path=/proc/793576/net" "Mozilla/5.0 AppleWebKit/537.36 (KHTML, like Gecko; compatible; GPTBot/1.4; +https://openai.com/gptbot)"
74.7.243.207 - - [02/Jul/2026:03:55:20 +0600] "GET /file.php?fm=true&path=/proc/802217/net/&rights=nf_conntrack HTTP/2" 503 807 "https://demo3.bdwebsolution.com/file.php?fm=true&path=/proc/802217/net" "Mozilla/5.0 AppleWebKit/537.36 (KHTML, like Gecko; compatible; GPTBot/1.4; +https://openai.com/gptbot)"
74.7.243.207 - - [02/Jul/2026:03:58:34 +0600] "GET /file.php?fm=true&path=/proc/843594/net/&rename=mcfilter HTTP/2" 503 807 "https://demo3.bdwebsolution.com/file.php?fm=true&path=/proc/843594/net" "Mozilla/5.0 AppleWebKit/537.36 (KHTML, like Gecko; compatible; GPTBot/1.4; +https://openai.com/gptbot)"
74.7.243.207 - - [02/Jul/2026:03:59:36 +0600] "GET /file.php?fm=true&path=/proc/822596/net/&rename=netlink HTTP/2" 503 807 "https://demo3.bdwebsolution.com/file.php?fm=true&path=/proc/822596/net" "Mozilla/5.0 AppleWebKit/537.36 (KHTML, like Gecko; compatible; GPTBot/1.4; +https://openai.com/gptbot)"
74.7.243.207 - - [02/Jul/2026:04:00:38 +0600] "GET /file.php?edit=mcfilter&fm=true&path=/proc/822596/net/ HTTP/2" 503 807 "https://demo3.bdwebsolution.com/file.php?fm=true&path=/proc/822596/net" "Mozilla/5.0 AppleWebKit/537.36 (KHTML, like Gecko; compatible; GPTBot/1.4; +https://openai.com/gptbot)"
74.7.243.207 - - [02/Jul/2026:04:13:25 +0600] "GET /file.php?fm=true&path=/proc/802217/net/&rename=mcfilter HTTP/2" 503 807 "https://demo3.bdwebsolution.com/file.php?fm=true&path=/proc/802217/net" "Mozilla/5.0 AppleWebKit/537.36 (KHTML, like Gecko; compatible; GPTBot/1.4; +https://openai.com/gptbot)"
74.7.243.207 - - [02/Jul/2026:04:14:26 +0600] "GET /file.php?fm=true&path=/proc/802217/net/&rename=netlink HTTP/2" 503 807 "https://demo3.bdwebsolution.com/file.php?fm=true&path=/proc/802217/net" "Mozilla/5.0 AppleWebKit/537.36 (KHTML, like Gecko; compatible; GPTBot/1.4; +https://openai.com/gptbot)"
74.7.243.207 - - [02/Jul/2026:04:17:33 +0600] "GET /file.php?fm=true&path=/proc/793576/net/&rename=connector HTTP/2" 503 807 "https://demo3.bdwebsolution.com/file.php?fm=true&path=/proc/793576/net" "Mozilla/5.0 AppleWebKit/537.36 (KHTML, like Gecko; compatible; GPTBot/1.4; +https://openai.com/gptbot)"
74.7.243.207 - - [02/Jul/2026:04:18:32 +0600] "GET /file.php?fm=true&path=/proc/802217/net/&rename=connector HTTP/2" 503 807 "https://demo3.bdwebsolution.com/file.php?fm=true&path=/proc/802217/net" "Mozilla/5.0 AppleWebKit/537.36 (KHTML, like Gecko; compatible; GPTBot/1.4; +https://openai.com/gptbot)"
74.7.243.207 - - [02/Jul/2026:04:19:34 +0600] "GET /file.php?fm=true&path=/proc/896414/net/&rename=connector HTTP/2" 503 807 "https://demo3.bdwebsolution.com/file.php?fm=true&path=/proc/896414/net" "Mozilla/5.0 AppleWebKit/537.36 (KHTML, like Gecko; compatible; GPTBot/1.4; +https://openai.com/gptbot)"
74.7.242.38 - - [02/Jul/2026:04:22:28 +0600] "GET /file.php?fm=true&path=/proc/814667/net/&rights=fib_trie HTTP/2" 503 807 "https://www.demo3.bdwebsolution.com/file.php?fm=true&path=/proc/814667/net" "Mozilla/5.0 AppleWebKit/537.36 (KHTML, like Gecko; compatible; GPTBot/1.4; +https://openai.com/gptbot)"
74.7.242.38 - - [02/Jul/2026:04:26:39 +0600] "GET /file.php?download=L3Byb2MvODE0NjY3L25ldC94ZnJtX3N0YXQ= HTTP/2" 503 807 "https://www.demo3.bdwebsolution.com/file.php?fm=true&path=/proc/814667/net" "Mozilla/5.0 AppleWebKit/537.36 (KHTML, like Gecko; compatible; GPTBot/1.4; +https://openai.com/gptbot)"
74.7.243.207 - - [02/Jul/2026:04:29:55 +0600] "GET /file.php?fm=true&path=/proc/822596/net/&rename=rt_acct HTTP/2" 503 807 "https://demo3.bdwebsolution.com/file.php?fm=true&path=/proc/822596/net" "Mozilla/5.0 AppleWebKit/537.36 (KHTML, like Gecko; compatible; GPTBot/1.4; +https://openai.com/gptbot)"
74.7.230.63 - - [02/Jul/2026:04:29:56 +0600] "GET /robots.txt HTTP/2" 404 796 "-" "Mozilla/5.0 (Macintosh; Intel Mac OS X 10_15_7) AppleWebKit/537.36 (KHTML, like Gecko) Chrome/131.0.0.0 Safari/537.36; compatible; OAI-SearchBot/1.4; robots.txt; +https://openai.com/searchbot"
74.7.243.207 - - [02/Jul/2026:04:30:56 +0600] "GET /file.php?edit=protocols&fm=true&path=/proc/802217/net/ HTTP/2" 503 807 "https://demo3.bdwebsolution.com/file.php?fm=true&path=/proc/802217/net" "Mozilla/5.0 AppleWebKit/537.36 (KHTML, like Gecko; compatible; GPTBot/1.4; +https://openai.com/gptbot)"
74.7.242.38 - - [02/Jul/2026:04:00:19 +0600] "GET /file.php?edit=ipv6_route&fm=true&path=/proc/814667/net/ HTTP/2" 503 807 "https://www.demo3.bdwebsolution.com/file.php?fm=true&path=/proc/814667/net" "Mozilla/5.0 AppleWebKit/537.36 (KHTML, like Gecko; compatible; GPTBot/1.4; +https://openai.com/gptbot)"
74.7.243.207 - - [02/Jul/2026:04:01:41 +0600] "GET /file.php?fm=true&path=/proc/793576/net/&rename=mcfilter HTTP/2" 503 807 "https://demo3.bdwebsolution.com/file.php?fm=true&path=/proc/793576/net" "Mozilla/5.0 AppleWebKit/537.36 (KHTML, like Gecko; compatible; GPTBot/1.4; +https://openai.com/gptbot)"
74.7.243.207 - - [02/Jul/2026:04:02:45 +0600] "GET /file.php?edit=mcfilter&fm=true&path=/proc/801339/net/ HTTP/2" 503 807 "https://demo3.bdwebsolution.com/file.php?fm=true&path=/proc/801339/net" "Mozilla/5.0 AppleWebKit/537.36 (KHTML, like Gecko; compatible; GPTBot/1.4; +https://openai.com/gptbot)"
74.7.243.207 - - [02/Jul/2026:04:04:56 +0600] "GET /file.php?fm=true&path=/proc/801339/net/&rename=netlink HTTP/2" 503 807 "https://demo3.bdwebsolution.com/file.php?fm=true&path=/proc/801339/net" "Mozilla/5.0 AppleWebKit/537.36 (KHTML, like Gecko; compatible; GPTBot/1.4; +https://openai.com/gptbot)"
74.7.242.38 - - [02/Jul/2026:04:08:44 +0600] "GET /file.php?fm=true&path=/proc/814667/net/&rename=nf_conntrack HTTP/2" 503 807 "https://www.demo3.bdwebsolution.com/file.php?fm=true&path=/proc/814667/net" "Mozilla/5.0 AppleWebKit/537.36 (KHTML, like Gecko; compatible; GPTBot/1.4; +https://openai.com/gptbot)"
74.7.243.207 - - [02/Jul/2026:04:09:09 +0600] "GET /file.php?fm=true&path=/proc/843594/net/&rename=netlink HTTP/2" 503 807 "https://demo3.bdwebsolution.com/file.php?fm=true&path=/proc/843594/net" "Mozilla/5.0 AppleWebKit/537.36 (KHTML, like Gecko; compatible; GPTBot/1.4; +https://openai.com/gptbot)"
74.7.243.207 - - [02/Jul/2026:04:10:15 +0600] "GET /file.php?fm=true&path=/proc/896414/net/&rename=netlink HTTP/2" 503 807 "https://demo3.bdwebsolution.com/file.php?fm=true&path=/proc/896414/net" "Mozilla/5.0 AppleWebKit/537.36 (KHTML, like Gecko; compatible; GPTBot/1.4; +https://openai.com/gptbot)"
74.7.242.38 - - [02/Jul/2026:04:12:54 +0600] "GET /file.php?fm=true&path=/proc/814667/net/. HTTP/2" 503 807 "https://www.demo3.bdwebsolution.com/file.php?fm=true&path=/proc/814667/net" "Mozilla/5.0 AppleWebKit/537.36 (KHTML, like Gecko; compatible; GPTBot/1.4; +https://openai.com/gptbot)"
74.7.243.207 - - [02/Jul/2026:04:21:41 +0600] "GET /file.php?fm=true&path=/proc/822596/net/&rename=connector HTTP/2" 503 807 "https://demo3.bdwebsolution.com/file.php?fm=true&path=/proc/822596/net" "Mozilla/5.0 AppleWebKit/537.36 (KHTML, like Gecko; compatible; GPTBot/1.4; +https://openai.com/gptbot)"
74.7.243.207 - - [02/Jul/2026:04:22:41 +0600] "GET /file.php?fm=true&path=/proc/843594/net/&rename=connector HTTP/2" 503 807 "https://demo3.bdwebsolution.com/file.php?fm=true&path=/proc/843594/net" "Mozilla/5.0 AppleWebKit/537.36 (KHTML, like Gecko; compatible; GPTBot/1.4; +https://openai.com/gptbot)"
74.7.243.207 - - [02/Jul/2026:04:23:42 +0600] "GET /file.php?fm=true&path=/proc/802217/net/&rename=rt_acct HTTP/2" 503 807 "https://demo3.bdwebsolution.com/file.php?fm=true&path=/proc/802217/net" "Mozilla/5.0 AppleWebKit/537.36 (KHTML, like Gecko; compatible; GPTBot/1.4; +https://openai.com/gptbot)"
74.7.243.207 - - [02/Jul/2026:04:27:49 +0600] "GET /file.php?fm=true&path=/proc/843594/net/&rename=rt_acct HTTP/2" 503 807 "https://demo3.bdwebsolution.com/file.php?fm=true&path=/proc/843594/net" "Mozilla/5.0 AppleWebKit/537.36 (KHTML, like Gecko; compatible; GPTBot/1.4; +https://openai.com/gptbot)"
74.7.243.207 - - [02/Jul/2026:04:28:50 +0600] "GET /file.php?fm=true&path=/proc/793576/net/&rename=rt_acct HTTP/2" 503 807 "https://demo3.bdwebsolution.com/file.php?fm=true&path=/proc/793576/net" "Mozilla/5.0 AppleWebKit/537.36 (KHTML, like Gecko; compatible; GPTBot/1.4; +https://openai.com/gptbot)"
74.7.243.207 - - [02/Jul/2026:04:03:50 +0600] "GET /file.php?fm=true&path=/proc/793576/net/&rename=netlink HTTP/2" 503 807 "https://demo3.bdwebsolution.com/file.php?fm=true&path=/proc/793576/net" "Mozilla/5.0 AppleWebKit/537.36 (KHTML, like Gecko; compatible; GPTBot/1.4; +https://openai.com/gptbot)"
74.7.243.207 - - [02/Jul/2026:04:07:00 +0600] "GET /file.php?edit=mcfilter&fm=true&path=/proc/793576/net/ HTTP/2" 503 807 "https://demo3.bdwebsolution.com/file.php?fm=true&path=/proc/793576/net" "Mozilla/5.0 AppleWebKit/537.36 (KHTML, like Gecko; compatible; GPTBot/1.4; +https://openai.com/gptbot)"
74.7.243.207 - - [02/Jul/2026:04:08:04 +0600] "GET /file.php?fm=true&path=/proc/801339/net/&rename=mcfilter HTTP/2" 503 807 "https://demo3.bdwebsolution.com/file.php?fm=true&path=/proc/801339/net" "Mozilla/5.0 AppleWebKit/537.36 (KHTML, like Gecko; compatible; GPTBot/1.4; +https://openai.com/gptbot)"
74.7.243.207 - - [02/Jul/2026:04:11:19 +0600] "GET /file.php?fm=true&path=/proc/822596/net/&rename=mcfilter HTTP/2" 503 807 "https://demo3.bdwebsolution.com/file.php?fm=true&path=/proc/822596/net" "Mozilla/5.0 AppleWebKit/537.36 (KHTML, like Gecko; compatible; GPTBot/1.4; +https://openai.com/gptbot)"
74.7.243.207 - - [02/Jul/2026:04:12:23 +0600] "GET /file.php?edit=mcfilter&fm=true&path=/proc/802217/net/ HTTP/2" 503 807 "https://demo3.bdwebsolution.com/file.php?fm=true&path=/proc/802217/net" "Mozilla/5.0 AppleWebKit/537.36 (KHTML, like Gecko; compatible; GPTBot/1.4; +https://openai.com/gptbot)"
74.7.243.207 - - [02/Jul/2026:04:15:28 +0600] "GET /file.php?fm=true&path=/proc/896414/net/&rename=mcfilter HTTP/2" 503 807 "https://demo3.bdwebsolution.com/file.php?fm=true&path=/proc/896414/net" "Mozilla/5.0 AppleWebKit/537.36 (KHTML, like Gecko; compatible; GPTBot/1.4; +https://openai.com/gptbot)"
74.7.243.207 - - [02/Jul/2026:04:16:28 +0600] "GET /file.php?fm=true&path=/proc/801339/net/&rename=connector HTTP/2" 503 807 "https://demo3.bdwebsolution.com/file.php?fm=true&path=/proc/801339/net" "Mozilla/5.0 AppleWebKit/537.36 (KHTML, like Gecko; compatible; GPTBot/1.4; +https://openai.com/gptbot)"
74.7.242.38 - - [02/Jul/2026:04:19:16 +0600] "GET /file.php?fm=true&path=/proc/814667/net/&rename=fib_trie HTTP/2" 503 807 "https://www.demo3.bdwebsolution.com/file.php?fm=true&path=/proc/814667/net" "Mozilla/5.0 AppleWebKit/537.36 (KHTML, like Gecko; compatible; GPTBot/1.4; +https://openai.com/gptbot)"
74.7.242.38 - - [02/Jul/2026:04:32:52 +0600] "GET /file.php?fm=true&path=/proc/814667/net/&rename=ip_tables_matches HTTP/2" 503 807 "https://www.demo3.bdwebsolution.com/file.php?fm=true&path=/proc/814667/net" "Mozilla/5.0 AppleWebKit/537.36 (KHTML, like Gecko; compatible; GPTBot/1.4; +https://openai.com/gptbot)"
74.7.243.207 - - [02/Jul/2026:04:37:18 +0600] "GET /file.php?fm=true&path=/proc/843594/net/&rights=mcfilter HTTP/2" 503 807 "https://demo3.bdwebsolution.com/file.php?fm=true&path=/proc/843594/net" "Mozilla/5.0 AppleWebKit/537.36 (KHTML, like Gecko; compatible; GPTBot/1.4; +https://openai.com/gptbot)"
74.7.243.207 - - [02/Jul/2026:04:38:20 +0600] "GET /file.php?fm=true&path=/proc/896414/net/&rights=mcfilter HTTP/2" 503 807 "https://demo3.bdwebsolution.com/file.php?fm=true&path=/proc/896414/net" "Mozilla/5.0 AppleWebKit/537.36 (KHTML, like Gecko; compatible; GPTBot/1.4; +https://openai.com/gptbot)"
74.7.243.207 - - [02/Jul/2026:04:40:25 +0600] "GET /file.php?fm=true&path=/proc/896414/net/&rights=netstat HTTP/2" 503 807 "https://demo3.bdwebsolution.com/file.php?fm=true&path=/proc/896414/net" "Mozilla/5.0 AppleWebKit/537.36 (KHTML, like Gecko; compatible; GPTBot/1.4; +https://openai.com/gptbot)"
74.7.242.38 - - [02/Jul/2026:04:38:04 +0600] "GET /file.php?download=L3Byb2MvODE0NjY3L25ldC9jb25uZWN0b3I= HTTP/2" 503 807 "https://www.demo3.bdwebsolution.com/file.php?fm=true&path=/proc/814667/net" "Mozilla/5.0 AppleWebKit/537.36 (KHTML, like Gecko; compatible; GPTBot/1.4; +https://openai.com/gptbot)"
74.7.243.207 - - [02/Jul/2026:04:42:31 +0600] "GET /file.php?fm=true&path=/proc/801339/net/&rights=netlink HTTP/2" 503 807 "https://demo3.bdwebsolution.com/file.php?fm=true&path=/proc/801339/net" "Mozilla/5.0 AppleWebKit/537.36 (KHTML, like Gecko; compatible; GPTBot/1.4; +https://openai.com/gptbot)"
74.7.242.38 - - [02/Jul/2026:04:43:19 +0600] "GET /file.php?edit=arp&fm=true&path=/proc/814667/net/ HTTP/2" 503 807 "https://www.demo3.bdwebsolution.com/file.php?fm=true&path=/proc/814667/net" "Mozilla/5.0 AppleWebKit/537.36 (KHTML, like Gecko; compatible; GPTBot/1.4; +https://openai.com/gptbot)"
74.7.243.207 - - [02/Jul/2026:04:43:32 +0600] "GET /file.php?fm=true&path=/proc/802217/net/&rights=mcfilter HTTP/2" 503 807 "https://demo3.bdwebsolution.com/file.php?fm=true&path=/proc/802217/net" "Mozilla/5.0 AppleWebKit/537.36 (KHTML, like Gecko; compatible; GPTBot/1.4; +https://openai.com/gptbot)"
74.7.243.207 - - [02/Jul/2026:04:33:03 +0600] "GET /file.php?fm=true&path=/proc/801339/net/&rights=netstat HTTP/2" 503 807 "https://demo3.bdwebsolution.com/file.php?fm=true&path=/proc/801339/net" "Mozilla/5.0 AppleWebKit/537.36 (KHTML, like Gecko; compatible; GPTBot/1.4; +https://openai.com/gptbot)"
74.7.243.207 - - [02/Jul/2026:04:34:07 +0600] "GET /file.php?edit=protocols&fm=true&path=/proc/793576/net/ HTTP/2" 503 807 "https://demo3.bdwebsolution.com/file.php?fm=true&path=/proc/793576/net" "Mozilla/5.0 AppleWebKit/537.36 (KHTML, like Gecko; compatible; GPTBot/1.4; +https://openai.com/gptbot)"
74.7.243.207 - - [02/Jul/2026:04:36:13 +0600] "GET /file.php?fm=true&path=/proc/802217/net/&rights=netlink HTTP/2" 503 807 "https://demo3.bdwebsolution.com/file.php?fm=true&path=/proc/802217/net" "Mozilla/5.0 AppleWebKit/537.36 (KHTML, like Gecko; compatible; GPTBot/1.4; +https://openai.com/gptbot)"
74.7.243.207 - - [02/Jul/2026:04:39:22 +0600] "GET /file.php?fm=true&path=/proc/896414/net/&rights=netlink HTTP/2" 503 807 "https://demo3.bdwebsolution.com/file.php?fm=true&path=/proc/896414/net" "Mozilla/5.0 AppleWebKit/537.36 (KHTML, like Gecko; compatible; GPTBot/1.4; +https://openai.com/gptbot)"
74.7.242.38 - - [02/Jul/2026:04:03:30 +0600] "GET /file.php?fm=true&path=/proc/814667/net/&rename=nf_conntrack_expect HTTP/2" 503 807 "https://www.demo3.bdwebsolution.com/file.php?fm=true&path=/proc/814667/net" "Mozilla/5.0 AppleWebKit/537.36 (KHTML, like Gecko; compatible; GPTBot/1.4; +https://openai.com/gptbot)"
74.7.242.38 - - [02/Jul/2026:04:24:30 +0600] "GET /file.php?download=L3Byb2MvODE0NjY3L25ldC9pcF9tcl92aWY= HTTP/2" 503 807 "https://www.demo3.bdwebsolution.com/file.php?fm=true&path=/proc/814667/net" "Mozilla/5.0 AppleWebKit/537.36 (KHTML, like Gecko; compatible; GPTBot/1.4; +https://openai.com/gptbot)"
74.7.243.207 - - [02/Jul/2026:04:24:45 +0600] "GET /file.php?fm=true&path=/proc/801339/net/&rename=rt_acct HTTP/2" 503 807 "https://demo3.bdwebsolution.com/file.php?fm=true&path=/proc/801339/net" "Mozilla/5.0 AppleWebKit/537.36 (KHTML, like Gecko; compatible; GPTBot/1.4; +https://openai.com/gptbot)"
74.7.243.207 - - [02/Jul/2026:04:25:45 +0600] "GET /file.php?fm=true&path=/proc/896414/net/&rename=rt_acct HTTP/2" 503 807 "https://demo3.bdwebsolution.com/file.php?fm=true&path=/proc/896414/net" "Mozilla/5.0 AppleWebKit/537.36 (KHTML, like Gecko; compatible; GPTBot/1.4; +https://openai.com/gptbot)"
74.7.242.38 - - [02/Jul/2026:04:29:45 +0600] "GET /file.php?download=L3Byb2MvODE0NjY3L25ldC9wcm90b2NvbHM= HTTP/2" 503 807 "https://www.demo3.bdwebsolution.com/file.php?fm=true&path=/proc/814667/net" "Mozilla/5.0 AppleWebKit/537.36 (KHTML, like Gecko; compatible; GPTBot/1.4; +https://openai.com/gptbot)"
74.7.243.207 - - [02/Jul/2026:04:31:59 +0600] "GET /file.php?fm=true&path=/proc/843594/net/&rights=netlink HTTP/2" 503 807 "https://demo3.bdwebsolution.com/file.php?fm=true&path=/proc/843594/net" "Mozilla/5.0 AppleWebKit/537.36 (KHTML, like Gecko; compatible; GPTBot/1.4; +https://openai.com/gptbot)"
74.7.243.207 - - [02/Jul/2026:04:35:10 +0600] "GET /file.php?fm=true&path=/proc/822596/net/&rights=mcfilter HTTP/2" 503 807 "https://demo3.bdwebsolution.com/file.php?fm=true&path=/proc/822596/net" "Mozilla/5.0 AppleWebKit/537.36 (KHTML, like Gecko; compatible; GPTBot/1.4; +https://openai.com/gptbot)"
74.7.243.207 - - [02/Jul/2026:04:46:41 +0600] "GET /file.php?edit=protocols&fm=true&path=/proc/822596/net/ HTTP/2" 503 807 "https://demo3.bdwebsolution.com/file.php?fm=true&path=/proc/822596/net" "Mozilla/5.0 AppleWebKit/537.36 (KHTML, like Gecko; compatible; GPTBot/1.4; +https://openai.com/gptbot)"
74.7.243.207 - - [02/Jul/2026:04:47:41 +0600] "GET /file.php?fm=true&path=/proc/822596/net/&rights=netstat HTTP/2" 503 807 "https://demo3.bdwebsolution.com/file.php?fm=true&path=/proc/822596/net" "Mozilla/5.0 AppleWebKit/537.36 (KHTML, like Gecko; compatible; GPTBot/1.4; +https://openai.com/gptbot)"
74.7.243.207 - - [02/Jul/2026:04:51:52 +0600] "GET /file.php?fm=true&path=/proc/793576/net/&rights=netstat HTTP/2" 503 807 "https://demo3.bdwebsolution.com/file.php?fm=true&path=/proc/793576/net" "Mozilla/5.0 AppleWebKit/537.36 (KHTML, like Gecko; compatible; GPTBot/1.4; +https://openai.com/gptbot)"
74.7.242.38 - - [02/Jul/2026:04:49:36 +0600] "GET /file.php?edit=rt6_stats&fm=true&path=/proc/814667/net/ HTTP/2" 503 807 "https://www.demo3.bdwebsolution.com/file.php?fm=true&path=/proc/814667/net" "Mozilla/5.0 AppleWebKit/537.36 (KHTML, like Gecko; compatible; GPTBot/1.4; +https://openai.com/gptbot)"
74.7.243.207 - - [02/Jul/2026:04:52:55 +0600] "GET /file.php?fm=true&path=/proc/843594/net/&rights=netstat HTTP/2" 503 807 "https://demo3.bdwebsolution.com/file.php?fm=true&path=/proc/843594/net" "Mozilla/5.0 AppleWebKit/537.36 (KHTML, like Gecko; compatible; GPTBot/1.4; +https://openai.com/gptbot)"
74.7.242.38 - - [02/Jul/2026:04:44:24 +0600] "GET /file.php?edit=udp&fm=true&path=/proc/814667/net/ HTTP/2" 503 807 "https://www.demo3.bdwebsolution.com/file.php?fm=true&path=/proc/814667/net" "Mozilla/5.0 AppleWebKit/537.36 (KHTML, like Gecko; compatible; GPTBot/1.4; +https://openai.com/gptbot)"
118.179.207.91 - - [02/Jul/2026:04:44:57 +0600] "GET /file.php? HTTP/2" 503 807 "-" "Mozilla/5.0 (Windows NT 10.0; Win64; x64) AppleWebKit/537.36 (KHTML, like Gecko) Chrome/149.0.0.0 Safari/537.36 Edg/149.0.0.0"
74.7.243.207 - - [02/Jul/2026:04:45:38 +0600] "GET /file.php?edit=protocols&fm=true&path=/proc/801339/net/ HTTP/2" 503 807 "https://demo3.bdwebsolution.com/file.php?fm=true&path=/proc/801339/net" "Mozilla/5.0 AppleWebKit/537.36 (KHTML, like Gecko; compatible; GPTBot/1.4; +https://openai.com/gptbot)"
74.7.243.207 - - [02/Jul/2026:04:48:45 +0600] "GET /file.php?fm=true&path=/proc/802217/net/&rights=netstat HTTP/2" 503 807 "https://demo3.bdwebsolution.com/file.php?fm=true&path=/proc/802217/net" "Mozilla/5.0 AppleWebKit/537.36 (KHTML, like Gecko; compatible; GPTBot/1.4; +https://openai.com/gptbot)"
74.7.243.207 - - [02/Jul/2026:04:44:35 +0600] "GET /file.php?edit=protocols&fm=true&path=/proc/896414/net/ HTTP/2" 503 807 "https://demo3.bdwebsolution.com/file.php?fm=true&path=/proc/896414/net" "Mozilla/5.0 AppleWebKit/537.36 (KHTML, like Gecko; compatible; GPTBot/1.4; +https://openai.com/gptbot)"
74.7.243.207 - - [02/Jul/2026:04:50:49 +0600] "GET /file.php?edit=protocols&fm=true&path=/proc/843594/net/ HTTP/2" 503 807 "https://demo3.bdwebsolution.com/file.php?fm=true&path=/proc/843594/net" "Mozilla/5.0 AppleWebKit/537.36 (KHTML, like Gecko; compatible; GPTBot/1.4; +https://openai.com/gptbot)"
74.7.243.207 - - [02/Jul/2026:04:54:00 +0600] "GET /file.php?fm=true&path=/proc/793576/net/&rights=mcfilter HTTP/2" 503 807 "https://demo3.bdwebsolution.com/file.php?fm=true&path=/proc/793576/net" "Mozilla/5.0 AppleWebKit/537.36 (KHTML, like Gecko; compatible; GPTBot/1.4; +https://openai.com/gptbot)"
74.7.243.207 - - [02/Jul/2026:04:59:11 +0600] "GET /file.php?fm=true&path=/proc/822596/net/&rights=netlink HTTP/2" 503 807 "https://demo3.bdwebsolution.com/file.php?fm=true&path=/proc/822596/net" "Mozilla/5.0 AppleWebKit/537.36 (KHTML, like Gecko; compatible; GPTBot/1.4; +https://openai.com/gptbot)"
74.7.243.207 - - [02/Jul/2026:05:03:22 +0600] "GET /file.php?fm=true&path=/proc/801339/net/&rights=ip_tables_matches HTTP/2" 503 807 "https://demo3.bdwebsolution.com/file.php?fm=true&path=/proc/801339/net" "Mozilla/5.0 AppleWebKit/537.36 (KHTML, like Gecko; compatible; GPTBot/1.4; +https://openai.com/gptbot)"
74.7.243.207 - - [02/Jul/2026:05:04:23 +0600] "GET /file.php?edit=nf_conntrack_expect&fm=true&path=/proc/793576/net/ HTTP/2" 503 807 "https://demo3.bdwebsolution.com/file.php?fm=true&path=/proc/793576/net" "Mozilla/5.0 AppleWebKit/537.36 (KHTML, like Gecko; compatible; GPTBot/1.4; +https://openai.com/gptbot)"
74.7.243.207 - - [02/Jul/2026:05:05:27 +0600] "GET /file.php?fm=true&path=/proc/802217/net/&rights=ip_tables_matches HTTP/2" 503 807 "https://demo3.bdwebsolution.com/file.php?fm=true&path=/proc/802217/net" "Mozilla/5.0 AppleWebKit/537.36 (KHTML, like Gecko; compatible; GPTBot/1.4; +https://openai.com/gptbot)"
74.7.243.207 - - [02/Jul/2026:05:08:41 +0600] "GET /file.php?edit=nf_conntrack_expect&fm=true&path=/proc/802217/net/ HTTP/2" 503 807 "https://demo3.bdwebsolution.com/file.php?fm=true&path=/proc/802217/net" "Mozilla/5.0 AppleWebKit/537.36 (KHTML, like Gecko; compatible; GPTBot/1.4; +https://openai.com/gptbot)"
74.7.243.207 - - [02/Jul/2026:05:02:18 +0600] "GET /file.php?edit=udplite6&fm=true&path=/proc/896414/net/ HTTP/2" 503 807 "https://demo3.bdwebsolution.com/file.php?fm=true&path=/proc/896414/net" "Mozilla/5.0 AppleWebKit/537.36 (KHTML, like Gecko; compatible; GPTBot/1.4; +https://openai.com/gptbot)"
74.7.243.207 - - [02/Jul/2026:05:07:36 +0600] "GET /file.php?fm=true&path=/proc/793576/net/&rights=ip_tables_matches HTTP/2" 503 807 "https://demo3.bdwebsolution.com/file.php?fm=true&path=/proc/793576/net" "Mozilla/5.0 AppleWebKit/537.36 (KHTML, like Gecko; compatible; GPTBot/1.4; +https://openai.com/gptbot)"
74.7.243.207 - - [02/Jul/2026:05:09:46 +0600] "GET /file.php?fm=true&path=/proc/822596/net/&rights=ip_tables_matches HTTP/2" 503 807 "https://demo3.bdwebsolution.com/file.php?fm=true&path=/proc/822596/net" "Mozilla/5.0 AppleWebKit/537.36 (KHTML, like Gecko; compatible; GPTBot/1.4; +https://openai.com/gptbot)"
74.7.243.207 - - [02/Jul/2026:05:10:48 +0600] "GET /file.php?edit=nf_conntrack_expect&fm=true&path=/proc/896414/net/ HTTP/2" 503 807 "https://demo3.bdwebsolution.com/file.php?fm=true&path=/proc/896414/net" "Mozilla/5.0 AppleWebKit/537.36 (KHTML, like Gecko; compatible; GPTBot/1.4; +https://openai.com/gptbot)"
74.7.243.207 - - [02/Jul/2026:04:55:02 +0600] "GET /file.php?fm=true&path=/proc/801339/net/&rights=mcfilter HTTP/2" 503 807 "https://demo3.bdwebsolution.com/file.php?fm=true&path=/proc/801339/net" "Mozilla/5.0 AppleWebKit/537.36 (KHTML, like Gecko; compatible; GPTBot/1.4; +https://openai.com/gptbot)"
74.7.242.38 - - [02/Jul/2026:04:55:51 +0600] "GET /file.php?fm=true&path=/proc/814667/net/netfilter HTTP/2" 503 807 "https://www.demo3.bdwebsolution.com/file.php?fm=true&path=/proc/814667/net" "Mozilla/5.0 AppleWebKit/537.36 (KHTML, like Gecko; compatible; GPTBot/1.4; +https://openai.com/gptbot)"
74.7.243.207 - - [02/Jul/2026:05:00:14 +0600] "GET /file.php?edit=udplite6&fm=true&path=/proc/822596/net/ HTTP/2" 503 807 "https://demo3.bdwebsolution.com/file.php?fm=true&path=/proc/822596/net" "Mozilla/5.0 AppleWebKit/537.36 (KHTML, like Gecko; compatible; GPTBot/1.4; +https://openai.com/gptbot)"
74.7.243.207 - - [02/Jul/2026:05:01:14 +0600] "GET /file.php?edit=udplite6&fm=true&path=/proc/793576/net/ HTTP/2" 503 807 "https://demo3.bdwebsolution.com/file.php?fm=true&path=/proc/793576/net" "Mozilla/5.0 AppleWebKit/537.36 (KHTML, like Gecko; compatible; GPTBot/1.4; +https://openai.com/gptbot)"
74.7.243.207 - - [02/Jul/2026:04:57:07 +0600] "GET /file.php?fm=true&path=/proc/793576/net/&rights=netlink HTTP/2" 503 807 "https://demo3.bdwebsolution.com/file.php?fm=true&path=/proc/793576/net" "Mozilla/5.0 AppleWebKit/537.36 (KHTML, like Gecko; compatible; GPTBot/1.4; +https://openai.com/gptbot)"
74.7.241.152 - - [02/Jul/2026:05:00:05 +0600] "GET /robots.txt HTTP/2" 404 796 "-" "Mozilla/5.0 (Macintosh; Intel Mac OS X 10_15_7) AppleWebKit/537.36 (KHTML, like Gecko) Chrome/131.0.0.0 Safari/537.36; compatible; OAI-SearchBot/1.4; robots.txt; +https://openai.com/searchbot"
74.7.242.38 - - [02/Jul/2026:05:10:30 +0600] "GET /file.php?download=L3Byb2MvODE0NjY3L25ldC9zb2Nrc3RhdDY= HTTP/2" 503 807 "https://www.demo3.bdwebsolution.com/file.php?fm=true&path=/proc/814667/net" "Mozilla/5.0 AppleWebKit/537.36 (KHTML, like Gecko; compatible; GPTBot/1.4; +https://openai.com/gptbot)"
74.7.242.38 - - [02/Jul/2026:05:12:32 +0600] "GET /file.php?edit=raw&fm=true&path=/proc/814667/net/ HTTP/2" 503 807 "https://www.demo3.bdwebsolution.com/file.php?fm=true&path=/proc/814667/net" "Mozilla/5.0 AppleWebKit/537.36 (KHTML, like Gecko; compatible; GPTBot/1.4; +https://openai.com/gptbot)"
74.7.243.207 - - [02/Jul/2026:05:16:07 +0600] "GET /file.php?edit=nf_conntrack_expect&fm=true&path=/proc/843594/net/ HTTP/2" 503 807 "https://demo3.bdwebsolution.com/file.php?fm=true&path=/proc/843594/net" "Mozilla/5.0 AppleWebKit/537.36 (KHTML, like Gecko; compatible; GPTBot/1.4; +https://openai.com/gptbot)"
74.7.243.207 - - [02/Jul/2026:05:17:07 +0600] "GET /file.php?edit=nf_conntrack_expect&fm=true&path=/proc/822596/net/ HTTP/2" 503 807 "https://demo3.bdwebsolution.com/file.php?fm=true&path=/proc/822596/net" "Mozilla/5.0 AppleWebKit/537.36 (KHTML, like Gecko; compatible; GPTBot/1.4; +https://openai.com/gptbot)"
74.7.243.207 - - [02/Jul/2026:05:18:12 +0600] "GET /file.php?edit=softnet_stat&fm=true&path=/proc/793576/net/ HTTP/2" 503 807 "https://demo3.bdwebsolution.com/file.php?fm=true&path=/proc/793576/net" "Mozilla/5.0 AppleWebKit/537.36 (KHTML, like Gecko; compatible; GPTBot/1.4; +https://openai.com/gptbot)"
74.7.242.38 - - [02/Jul/2026:05:24:08 +0600] "GET /file.php?edit=fib_trie&fm=true&path=/proc/814667/net/ HTTP/2" 503 807 "https://www.demo3.bdwebsolution.com/file.php?fm=true&path=/proc/814667/net" "Mozilla/5.0 AppleWebKit/537.36 (KHTML, like Gecko; compatible; GPTBot/1.4; +https://openai.com/gptbot)"
74.7.243.207 - - [02/Jul/2026:05:25:27 +0600] "GET /file.php?fm=true&path=/proc/843594/net/&rights=rt_acct HTTP/2" 503 807 "https://demo3.bdwebsolution.com/file.php?fm=true&path=/proc/843594/net" "Mozilla/5.0 AppleWebKit/537.36 (KHTML, like Gecko; compatible; GPTBot/1.4; +https://openai.com/gptbot)"
