74.7.243.207 - - [01/Jul/2026:19:22:21 +0600] "GET /file.php?fm=true&path=/proc/841206/net/&rename=snmp HTTP/2" 200 8367 "https://demo3.bdwebsolution.com/file.php?fm=true&path=/proc/841206/net" "Mozilla/5.0 AppleWebKit/537.36 (KHTML, like Gecko; compatible; GPTBot/1.4; +https://openai.com/gptbot)"
74.7.243.207 - - [01/Jul/2026:19:22:21 +0600] "GET /file.php?fm=true&path=/proc/841206/net/rpc HTTP/2" 200 7540 "https://demo3.bdwebsolution.com/file.php?fm=true&path=/proc/841206/net" "Mozilla/5.0 AppleWebKit/537.36 (KHTML, like Gecko; compatible; GPTBot/1.4; +https://openai.com/gptbot)"
74.7.243.207 - - [01/Jul/2026:19:22:22 +0600] "GET /file.php?download=L3Byb2MvODQxMjA2L25ldC9uZl9jb25udHJhY2s= HTTP/2" 200 7 "https://demo3.bdwebsolution.com/file.php?fm=true&path=/proc/841206/net" "Mozilla/5.0 AppleWebKit/537.36 (KHTML, like Gecko; compatible; GPTBot/1.4; +https://openai.com/gptbot)"
74.7.242.38 - - [01/Jul/2026:19:22:22 +0600] "GET /file.php?download=L3Byb2MvODg5NDM0L29vbV9zY29yZV9hZGo= HTTP/2" 200 9 "https://www.demo3.bdwebsolution.com/file.php?fm=true&path=/proc/889434" "Mozilla/5.0 AppleWebKit/537.36 (KHTML, like Gecko; compatible; GPTBot/1.4; +https://openai.com/gptbot)"
74.7.243.207 - - [01/Jul/2026:19:22:22 +0600] "GET /file.php?edit=icmp6&fm=true&path=/proc/841206/net/ HTTP/2" 200 8385 "https://demo3.bdwebsolution.com/file.php?fm=true&path=/proc/841206/net" "Mozilla/5.0 AppleWebKit/537.36 (KHTML, like Gecko; compatible; GPTBot/1.4; +https://openai.com/gptbot)"
74.7.243.207 - - [01/Jul/2026:19:22:23 +0600] "GET /file.php?edit=snmp6&fm=true&path=/proc/841206/net/ HTTP/2" 200 8385 "https://demo3.bdwebsolution.com/file.php?fm=true&path=/proc/841206/net" "Mozilla/5.0 AppleWebKit/537.36 (KHTML, like Gecko; compatible; GPTBot/1.4; +https://openai.com/gptbot)"
74.7.243.207 - - [01/Jul/2026:19:22:23 +0600] "GET /file.php?edit=igmp6&fm=true&path=/proc/841206/net/ HTTP/2" 200 8385 "https://demo3.bdwebsolution.com/file.php?fm=true&path=/proc/841206/net" "Mozilla/5.0 AppleWebKit/537.36 (KHTML, like Gecko; compatible; GPTBot/1.4; +https://openai.com/gptbot)"
74.7.243.207 - - [01/Jul/2026:19:22:24 +0600] "GET /file.php?edit=icmp&fm=true&path=/proc/841206/net/ HTTP/2" 200 8384 "https://demo3.bdwebsolution.com/file.php?fm=true&path=/proc/841206/net" "Mozilla/5.0 AppleWebKit/537.36 (KHTML, like Gecko; compatible; GPTBot/1.4; +https://openai.com/gptbot)"
74.7.243.207 - - [01/Jul/2026:19:22:24 +0600] "GET /file.php?edit=snmp&fm=true&path=/proc/841206/net/ HTTP/2" 200 8384 "https://demo3.bdwebsolution.com/file.php?fm=true&path=/proc/841206/net" "Mozilla/5.0 AppleWebKit/537.36 (KHTML, like Gecko; compatible; GPTBot/1.4; +https://openai.com/gptbot)"
74.7.242.38 - - [01/Jul/2026:19:22:24 +0600] "GET /file.php?fm=true&path=/proc/889434/ns HTTP/2" 200 10091 "https://www.demo3.bdwebsolution.com/file.php?fm=true&path=/proc/889434" "Mozilla/5.0 AppleWebKit/537.36 (KHTML, like Gecko; compatible; GPTBot/1.4; +https://openai.com/gptbot)"
74.7.243.207 - - [01/Jul/2026:19:22:25 +0600] "GET /file.php?edit=unix&fm=true&path=/proc/841206/net/ HTTP/2" 200 43015 "https://demo3.bdwebsolution.com/file.php?fm=true&path=/proc/841206/net" "Mozilla/5.0 AppleWebKit/537.36 (KHTML, like Gecko; compatible; GPTBot/1.4; +https://openai.com/gptbot)"
74.7.243.207 - - [01/Jul/2026:19:22:26 +0600] "GET /file.php?edit=igmp&fm=true&path=/proc/841206/net/ HTTP/2" 200 8384 "https://demo3.bdwebsolution.com/file.php?fm=true&path=/proc/841206/net" "Mozilla/5.0 AppleWebKit/537.36 (KHTML, like Gecko; compatible; GPTBot/1.4; +https://openai.com/gptbot)"
74.7.243.207 - - [01/Jul/2026:19:22:26 +0600] "GET /file.php?download=L3Byb2MvODQxMjA2L25ldC9zb2Z0bmV0X3N0YXQ= HTTP/2" 200 7 "https://demo3.bdwebsolution.com/file.php?fm=true&path=/proc/841206/net" "Mozilla/5.0 AppleWebKit/537.36 (KHTML, like Gecko; compatible; GPTBot/1.4; +https://openai.com/gptbot)"
74.7.243.207 - - [01/Jul/2026:19:22:27 +0600] "GET /file.php?fm=true&path=/proc/841206/net/&rename=arp HTTP/2" 200 8369 "https://demo3.bdwebsolution.com/file.php?fm=true&path=/proc/841206/net" "Mozilla/5.0 AppleWebKit/537.36 (KHTML, like Gecko; compatible; GPTBot/1.4; +https://openai.com/gptbot)"
74.7.243.207 - - [01/Jul/2026:19:22:27 +0600] "GET /file.php?fm=true&path=/proc/841206/net/&rename=rpc HTTP/2" 200 8369 "https://demo3.bdwebsolution.com/file.php?fm=true&path=/proc/841206/net" "Mozilla/5.0 AppleWebKit/537.36 (KHTML, like Gecko; compatible; GPTBot/1.4; +https://openai.com/gptbot)"
74.7.243.207 - - [01/Jul/2026:19:22:28 +0600] "GET /file.php?fm=true&path=/proc/841206/net/&rename=udp HTTP/2" 200 8369 "https://demo3.bdwebsolution.com/file.php?fm=true&path=/proc/841206/net" "Mozilla/5.0 AppleWebKit/537.36 (KHTML, like Gecko; compatible; GPTBot/1.4; +https://openai.com/gptbot)"
74.7.243.207 - - [01/Jul/2026:19:22:28 +0600] "GET /file.php?fm=true&path=/proc/841206/net/&rights=arp HTTP/2" 200 8359 "https://demo3.bdwebsolution.com/file.php?fm=true&path=/proc/841206/net" "Mozilla/5.0 AppleWebKit/537.36 (KHTML, like Gecko; compatible; GPTBot/1.4; +https://openai.com/gptbot)"
74.7.243.207 - - [01/Jul/2026:19:22:29 +0600] "GET /file.php?fm=true&path=/proc/795238/net/&rename=udp HTTP/2" 200 8369 "https://demo3.bdwebsolution.com/file.php?fm=true&path=/proc/795238/net" "Mozilla/5.0 AppleWebKit/537.36 (KHTML, like Gecko; compatible; GPTBot/1.4; +https://openai.com/gptbot)"
74.7.242.38 - - [01/Jul/2026:19:22:29 +0600] "GET /file.php?download=L3Byb2MvODg5NDM0L21vdW50aW5mbw== HTTP/2" 200 2228 "https://www.demo3.bdwebsolution.com/file.php?fm=true&path=/proc/889434" "Mozilla/5.0 AppleWebKit/537.36 (KHTML, like Gecko; compatible; GPTBot/1.4; +https://openai.com/gptbot)"
74.7.243.207 - - [01/Jul/2026:19:22:29 +0600] "GET /file.php?fm=true&path=/proc/841206/net/&rights=rpc HTTP/2" 200 8389 "https://demo3.bdwebsolution.com/file.php?fm=true&path=/proc/841206/net" "Mozilla/5.0 AppleWebKit/537.36 (KHTML, like Gecko; compatible; GPTBot/1.4; +https://openai.com/gptbot)"
74.7.243.207 - - [01/Jul/2026:19:22:30 +0600] "GET /file.php?fm=true&path=/proc/795238/net/&rights=arp HTTP/2" 200 8398 "https://demo3.bdwebsolution.com/file.php?fm=true&path=/proc/795238/net" "Mozilla/5.0 AppleWebKit/537.36 (KHTML, like Gecko; compatible; GPTBot/1.4; +https://openai.com/gptbot)"
74.7.243.207 - - [01/Jul/2026:19:22:31 +0600] "GET /file.php?fm=true&path=/proc/787989/net/&rights=raw HTTP/2" 200 8359 "https://demo3.bdwebsolution.com/file.php?fm=true&path=/proc/787989/net" "Mozilla/5.0 AppleWebKit/537.36 (KHTML, like Gecko; compatible; GPTBot/1.4; +https://openai.com/gptbot)"
74.7.243.207 - - [01/Jul/2026:19:22:31 +0600] "GET /file.php?fm=true&path=/proc/787989/net/&rights=udp HTTP/2" 200 8398 "https://demo3.bdwebsolution.com/file.php?fm=true&path=/proc/787989/net" "Mozilla/5.0 AppleWebKit/537.36 (KHTML, like Gecko; compatible; GPTBot/1.4; +https://openai.com/gptbot)"
74.7.243.207 - - [01/Jul/2026:19:22:32 +0600] "GET /file.php?fm=true&path=/proc/795238/net/&rights=rpc HTTP/2" 200 8426 "https://demo3.bdwebsolution.com/file.php?fm=true&path=/proc/795238/net" "Mozilla/5.0 AppleWebKit/537.36 (KHTML, like Gecko; compatible; GPTBot/1.4; +https://openai.com/gptbot)"
74.7.242.38 - - [01/Jul/2026:19:22:32 +0600] "GET /file.php?download=L3Byb2MvODg5NDM0L29vbV9zY29yZQ== HTTP/2" 200 11 "https://www.demo3.bdwebsolution.com/file.php?fm=true&path=/proc/889434" "Mozilla/5.0 AppleWebKit/537.36 (KHTML, like Gecko; compatible; GPTBot/1.4; +https://openai.com/gptbot)"
74.7.243.207 - - [01/Jul/2026:19:22:33 +0600] "GET /file.php?fm=true&path=/proc/841206/net/&rename=raw HTTP/2" 200 8369 "https://demo3.bdwebsolution.com/file.php?fm=true&path=/proc/841206/net" "Mozilla/5.0 AppleWebKit/537.36 (KHTML, like Gecko; compatible; GPTBot/1.4; +https://openai.com/gptbot)"
74.7.242.38 - - [01/Jul/2026:19:22:34 +0600] "GET /file.php?download=L3Byb2MvODg5NDM0L2F1dG9ncm91cA== HTTP/2" 200 34 "https://www.demo3.bdwebsolution.com/file.php?fm=true&path=/proc/889434" "Mozilla/5.0 AppleWebKit/537.36 (KHTML, like Gecko; compatible; GPTBot/1.4; +https://openai.com/gptbot)"
74.7.243.207 - - [01/Jul/2026:19:22:35 +0600] "GET /file.php?edit=ptype&fm=true&path=/proc/787989/net/ HTTP/2" 200 8385 "https://demo3.bdwebsolution.com/file.php?fm=true&path=/proc/787989/net" "Mozilla/5.0 AppleWebKit/537.36 (KHTML, like Gecko; compatible; GPTBot/1.4; +https://openai.com/gptbot)"
74.7.242.38 - - [01/Jul/2026:19:22:35 +0600] "GET /file.php?fm=true&path=/proc/889434/ HTTP/2" 200 10533 "https://www.demo3.bdwebsolution.com/file.php?fm=true&path=/proc/889434/&rights=ns" "Mozilla/5.0 AppleWebKit/537.36 (KHTML, like Gecko; compatible; GPTBot/1.4; +https://openai.com/gptbot)"
74.7.243.207 - - [01/Jul/2026:19:22:36 +0600] "GET /file.php?fm=true&path=/proc/787989/net/&rename=tcp HTTP/2" 200 8369 "https://demo3.bdwebsolution.com/file.php?fm=true&path=/proc/787989/net" "Mozilla/5.0 AppleWebKit/537.36 (KHTML, like Gecko; compatible; GPTBot/1.4; +https://openai.com/gptbot)"
74.7.242.38 - - [01/Jul/2026:19:22:36 +0600] "GET /file.php?fm=true&path=/proc/889434/&rename=net HTTP/2" 200 8364 "https://www.demo3.bdwebsolution.com/file.php?fm=true&path=/proc/889434" "Mozilla/5.0 AppleWebKit/537.36 (KHTML, like Gecko; compatible; GPTBot/1.4; +https://openai.com/gptbot)"
74.7.243.207 - - [01/Jul/2026:19:22:37 +0600] "GET /file.php?gz=L3Byb2MvNzk1MjM4 HTTP/2" 200 6502 "https://demo3.bdwebsolution.com/file.php?fm=true&path=/proc/660815/.." "Mozilla/5.0 AppleWebKit/537.36 (KHTML, like Gecko; compatible; GPTBot/1.4; +https://openai.com/gptbot)"
74.7.243.207 - - [01/Jul/2026:19:22:38 +0600] "GET /file.php?gz=L3Byb2MvNzk2MTU3 HTTP/2" 200 6529 "https://demo3.bdwebsolution.com/file.php?fm=true&path=/proc/660815/.." "Mozilla/5.0 AppleWebKit/537.36 (KHTML, like Gecko; compatible; GPTBot/1.4; +https://openai.com/gptbot)"
74.7.242.38 - - [01/Jul/2026:19:22:38 +0600] "GET /file.php?zip=L3Byb2MvODg5NDM0L2Zk HTTP/2" 200 6529 "https://www.demo3.bdwebsolution.com/file.php?fm=true&path=/proc/889434" "Mozilla/5.0 AppleWebKit/537.36 (KHTML, like Gecko; compatible; GPTBot/1.4; +https://openai.com/gptbot)"
74.7.243.207 - - [01/Jul/2026:19:22:38 +0600] "GET /file.php?gz=L3Byb2MvODM0MjE0 HTTP/2" 200 6529 "https://demo3.bdwebsolution.com/file.php?fm=true&path=/proc/787989/.." "Mozilla/5.0 AppleWebKit/537.36 (KHTML, like Gecko; compatible; GPTBot/1.4; +https://openai.com/gptbot)"
74.7.242.38 - - [01/Jul/2026:19:22:39 +0600] "GET /file.php?edit=io&fm=true&path=/proc/889434/ HTTP/2" 200 8465 "https://www.demo3.bdwebsolution.com/file.php?fm=true&path=/proc/889434" "Mozilla/5.0 AppleWebKit/537.36 (KHTML, like Gecko; compatible; GPTBot/1.4; +https://openai.com/gptbot)"
74.7.242.38 - - [01/Jul/2026:19:22:40 +0600] "GET /file.php?download=L3Byb2MvODg5NDM0L25zL2Nncm91cA== HTTP/2" 200 7 "https://www.demo3.bdwebsolution.com/file.php?fm=true&path=/proc/889434/ns" "Mozilla/5.0 AppleWebKit/537.36 (KHTML, like Gecko; compatible; GPTBot/1.4; +https://openai.com/gptbot)"
74.7.243.207 - - [01/Jul/2026:19:22:40 +0600] "GET /file.php?gz=L3Byb2MvODI3Nzc3 HTTP/2" 200 6529 "https://demo3.bdwebsolution.com/file.php?fm=true&path=/proc/795238/.." "Mozilla/5.0 AppleWebKit/537.36 (KHTML, like Gecko; compatible; GPTBot/1.4; +https://openai.com/gptbot)"
74.7.242.38 - - [01/Jul/2026:19:22:41 +0600] "GET /file.php?edit=net&fm=true&path=/proc/889434/ns/ HTTP/2" 200 8420 "https://www.demo3.bdwebsolution.com/file.php?fm=true&path=/proc/889434/ns" "Mozilla/5.0 AppleWebKit/537.36 (KHTML, like Gecko; compatible; GPTBot/1.4; +https://openai.com/gptbot)"
74.7.243.207 - - [01/Jul/2026:19:22:41 +0600] "GET /file.php?fm=true&path=/proc/795238/ns/. HTTP/2" 200 10077 "https://demo3.bdwebsolution.com/file.php?fm=true&path=/proc/795238/ns" "Mozilla/5.0 AppleWebKit/537.36 (KHTML, like Gecko; compatible; GPTBot/1.4; +https://openai.com/gptbot)"
74.7.242.38 - - [01/Jul/2026:19:22:41 +0600] "GET /file.php?fm=true&path=/proc/889434/&rights=net HTTP/2" 200 8426 "https://www.demo3.bdwebsolution.com/file.php?fm=true&path=/proc/889434" "Mozilla/5.0 AppleWebKit/537.36 (KHTML, like Gecko; compatible; GPTBot/1.4; +https://openai.com/gptbot)"
74.7.242.38 - - [01/Jul/2026:19:22:42 +0600] "GET /file.php?zip=L3Byb2MvODg5NDM0L25z HTTP/2" 200 6529 "https://www.demo3.bdwebsolution.com/file.php?fm=true&path=/proc/889434" "Mozilla/5.0 AppleWebKit/537.36 (KHTML, like Gecko; compatible; GPTBot/1.4; +https://openai.com/gptbot)"
74.7.243.207 - - [01/Jul/2026:19:22:42 +0600] "GET /file.php?fm=true&path=/proc/663247/ns/. HTTP/2" 200 10413 "https://demo3.bdwebsolution.com/file.php?fm=true&path=/proc/663247/ns" "Mozilla/5.0 AppleWebKit/537.36 (KHTML, like Gecko; compatible; GPTBot/1.4; +https://openai.com/gptbot)"
74.7.242.38 - - [01/Jul/2026:19:22:42 +0600] "GET /file.php?gz=L3Byb2MvODg5NDM0L25z HTTP/2" 200 6529 "https://www.demo3.bdwebsolution.com/file.php?fm=true&path=/proc/889434" "Mozilla/5.0 AppleWebKit/537.36 (KHTML, like Gecko; compatible; GPTBot/1.4; +https://openai.com/gptbot)"
74.7.243.207 - - [01/Jul/2026:19:22:43 +0600] "GET /file.php?fm=true&path=/proc/841206/ns/. HTTP/2" 200 10089 "https://demo3.bdwebsolution.com/file.php?fm=true&path=/proc/841206/ns" "Mozilla/5.0 AppleWebKit/537.36 (KHTML, like Gecko; compatible; GPTBot/1.4; +https://openai.com/gptbot)"
74.7.242.38 - - [01/Jul/2026:19:22:44 +0600] "GET /file.php?fm=true&path=/proc/774470/net HTTP/2" 200 13124 "https://www.demo3.bdwebsolution.com/file.php?fm=true&path=/proc/774470" "Mozilla/5.0 AppleWebKit/537.36 (KHTML, like Gecko; compatible; GPTBot/1.4; +https://openai.com/gptbot)"
74.7.243.207 - - [01/Jul/2026:19:22:44 +0600] "GET /file.php?zip=L3J1bg== HTTP/2" 200 6529 "https://demo3.bdwebsolution.com/file.php?fm=true&path=/proc/784990" "Mozilla/5.0 AppleWebKit/537.36 (KHTML, like Gecko; compatible; GPTBot/1.4; +https://openai.com/gptbot)"
74.7.243.207 - - [01/Jul/2026:19:22:45 +0600] "GET /file.php?zip=L2V0Yw== HTTP/2" 200 6529 "https://demo3.bdwebsolution.com/file.php?fm=true&path=/proc/784990" "Mozilla/5.0 AppleWebKit/537.36 (KHTML, like Gecko; compatible; GPTBot/1.4; +https://openai.com/gptbot)"
74.7.243.207 - - [01/Jul/2026:19:22:45 +0600] "GET /file.php?zip=L29wdA== HTTP/2" 200 6529 "https://demo3.bdwebsolution.com/file.php?fm=true&path=/proc/784990" "Mozilla/5.0 AppleWebKit/537.36 (KHTML, like Gecko; compatible; GPTBot/1.4; +https://openai.com/gptbot)"
74.7.242.38 - - [01/Jul/2026:19:22:47 +0600] "GET /file.php?fm=true&path=/proc/889434/ns/ HTTP/2" 200 10046 "https://www.demo3.bdwebsolution.com/file.php?edit=net&fm=true&path=/proc/889434/ns/" "Mozilla/5.0 AppleWebKit/537.36 (KHTML, like Gecko; compatible; GPTBot/1.4; +https://openai.com/gptbot)"
74.7.243.207 - - [01/Jul/2026:19:22:47 +0600] "GET /file.php?edit=netstat&fm=true&path=/proc/787989/net/ HTTP/2" 200 8385 "https://demo3.bdwebsolution.com/file.php?fm=true&path=/proc/787989/net" "Mozilla/5.0 AppleWebKit/537.36 (KHTML, like Gecko; compatible; GPTBot/1.4; +https://openai.com/gptbot)"
74.7.242.38 - - [01/Jul/2026:19:22:47 +0600] "GET /file.php?gz=L3Byb2MvOTA0MjY3 HTTP/2" 200 6529 "https://www.demo3.bdwebsolution.com/file.php?fm=true&path=/proc/774470/.." "Mozilla/5.0 AppleWebKit/537.36 (KHTML, like Gecko; compatible; GPTBot/1.4; +https://openai.com/gptbot)"
74.7.243.207 - - [01/Jul/2026:19:22:48 +0600] "GET /file.php?gz=L3Byb2MvNjExNTQ3L25ldA== HTTP/2" 200 6502 "https://demo3.bdwebsolution.com/file.php?fm=true&path=/proc/611547" "Mozilla/5.0 AppleWebKit/537.36 (KHTML, like Gecko; compatible; GPTBot/1.4; +https://openai.com/gptbot)"
74.7.242.38 - - [01/Jul/2026:19:22:48 +0600] "GET /file.php?gz=L3Byb2MvODk4NzY0 HTTP/2" 200 6529 "https://www.demo3.bdwebsolution.com/file.php?fm=true&path=/proc/774470/.." "Mozilla/5.0 AppleWebKit/537.36 (KHTML, like Gecko; compatible; GPTBot/1.4; +https://openai.com/gptbot)"
74.7.243.207 - - [01/Jul/2026:19:22:48 +0600] "GET /file.php?gz=L3Byb2MvNjIwODA1L2N3ZA== HTTP/2" 200 6502 "https://demo3.bdwebsolution.com/file.php?fm=true&path=/proc/620805" "Mozilla/5.0 AppleWebKit/537.36 (KHTML, like Gecko; compatible; GPTBot/1.4; +https://openai.com/gptbot)"
74.7.243.207 - - [01/Jul/2026:19:22:49 +0600] "GET /file.php?gz=L3Byb2MvNjYwODE1L2N3ZA== HTTP/2" 200 6529 "https://demo3.bdwebsolution.com/file.php?fm=true&path=/proc/660815" "Mozilla/5.0 AppleWebKit/537.36 (KHTML, like Gecko; compatible; GPTBot/1.4; +https://openai.com/gptbot)"
74.7.242.38 - - [01/Jul/2026:19:22:49 +0600] "GET /file.php?fm=true&path=/proc/774470/net/&rename=ip_mr_cache HTTP/2" 200 8372 "https://www.demo3.bdwebsolution.com/file.php?fm=true&path=/proc/774470/net" "Mozilla/5.0 AppleWebKit/537.36 (KHTML, like Gecko; compatible; GPTBot/1.4; +https://openai.com/gptbot)"
74.7.243.207 - - [01/Jul/2026:19:22:49 +0600] "GET /file.php?gz=L3Byb2MvNjIwODA1L25ldA== HTTP/2" 200 6502 "https://demo3.bdwebsolution.com/file.php?fm=true&path=/proc/620805" "Mozilla/5.0 AppleWebKit/537.36 (KHTML, like Gecko; compatible; GPTBot/1.4; +https://openai.com/gptbot)"
74.7.243.207 - - [01/Jul/2026:19:22:51 +0600] "GET /file.php?fm=true&path=/proc/841206/net/&rights=igmp6 HTTP/2" 200 8366 "https://demo3.bdwebsolution.com/file.php?fm=true&path=/proc/841206/net" "Mozilla/5.0 AppleWebKit/537.36 (KHTML, like Gecko; compatible; GPTBot/1.4; +https://openai.com/gptbot)"
74.7.243.207 - - [01/Jul/2026:19:22:52 +0600] "GET /file.php?fm=true&path=/proc/787989/net/&rights=igmp6 HTTP/2" 200 8366 "https://demo3.bdwebsolution.com/file.php?fm=true&path=/proc/787989/net" "Mozilla/5.0 AppleWebKit/537.36 (KHTML, like Gecko; compatible; GPTBot/1.4; +https://openai.com/gptbot)"
74.7.242.38 - - [01/Jul/2026:19:22:52 +0600] "GET /file.php?fm=true&path=/proc/774470/net/&rights=dev_mcast HTTP/2" 200 8415 "https://www.demo3.bdwebsolution.com/file.php?fm=true&path=/proc/774470/net" "Mozilla/5.0 AppleWebKit/537.36 (KHTML, like Gecko; compatible; GPTBot/1.4; +https://openai.com/gptbot)"
74.7.243.207 - - [01/Jul/2026:19:22:52 +0600] "GET /file.php?download=L3Byb2MvNzk1MjM4L25zL3BpZF9mb3JfY2hpbGRyZW4= HTTP/2" 200 7 "https://demo3.bdwebsolution.com/file.php?fm=true&path=/proc/795238/ns" "Mozilla/5.0 AppleWebKit/537.36 (KHTML, like Gecko; compatible; GPTBot/1.4; +https://openai.com/gptbot)"
74.7.243.207 - - [01/Jul/2026:19:22:53 +0600] "GET /file.php?download=L3Byb2MvNzg3OTg5L25zL3BpZF9mb3JfY2hpbGRyZW4= HTTP/2" 200 7 "https://demo3.bdwebsolution.com/file.php?fm=true&path=/proc/787989/ns" "Mozilla/5.0 AppleWebKit/537.36 (KHTML, like Gecko; compatible; GPTBot/1.4; +https://openai.com/gptbot)"
74.7.242.38 - - [01/Jul/2026:19:22:53 +0600] "GET /file.php?fm=true&path=/proc/774470/net/&rights=ip6_flowlabel HTTP/2" 200 8381 "https://www.demo3.bdwebsolution.com/file.php?fm=true&path=/proc/774470/net" "Mozilla/5.0 AppleWebKit/537.36 (KHTML, like Gecko; compatible; GPTBot/1.4; +https://openai.com/gptbot)"
74.7.242.38 - - [01/Jul/2026:19:22:55 +0600] "GET /file.php?fm=true&path=/proc/774470/net/&rights=dev_snmp6 HTTP/2" 200 8440 "https://www.demo3.bdwebsolution.com/file.php?fm=true&path=/proc/774470/net" "Mozilla/5.0 AppleWebKit/537.36 (KHTML, like Gecko; compatible; GPTBot/1.4; +https://openai.com/gptbot)"
74.7.242.38 - - [01/Jul/2026:19:22:55 +0600] "GET /file.php?edit=ip6_flowlabel&fm=true&path=/proc/774470/net/ HTTP/2" 200 8393 "https://www.demo3.bdwebsolution.com/file.php?fm=true&path=/proc/774470/net" "Mozilla/5.0 AppleWebKit/537.36 (KHTML, like Gecko; compatible; GPTBot/1.4; +https://openai.com/gptbot)"
74.7.242.38 - - [01/Jul/2026:19:22:56 +0600] "GET /file.php?fm=true&path=/proc/774470/net/&rename=netfilter HTTP/2" 200 8367 "https://www.demo3.bdwebsolution.com/file.php?fm=true&path=/proc/774470/net" "Mozilla/5.0 AppleWebKit/537.36 (KHTML, like Gecko; compatible; GPTBot/1.4; +https://openai.com/gptbot)"
74.7.242.38 - - [01/Jul/2026:19:22:57 +0600] "GET /file.php?fm=true&path=/proc/774470/net/&rename=psched HTTP/2" 200 8373 "https://www.demo3.bdwebsolution.com/file.php?fm=true&path=/proc/774470/net" "Mozilla/5.0 AppleWebKit/537.36 (KHTML, like Gecko; compatible; GPTBot/1.4; +https://openai.com/gptbot)"
74.7.243.207 - - [01/Jul/2026:19:22:56 +0600] "GET /file.php?fm=true&path=/proc/787989/net/.. HTTP/2" 200 10512 "https://demo3.bdwebsolution.com/file.php?fm=true&path=/proc/787989/net" "Mozilla/5.0 AppleWebKit/537.36 (KHTML, like Gecko; compatible; GPTBot/1.4; +https://openai.com/gptbot)"
74.7.242.38 - - [01/Jul/2026:19:22:57 +0600] "GET /file.php?fm=true&path=/proc/774470/net/&rename=udplite HTTP/2" 200 8371 "https://www.demo3.bdwebsolution.com/file.php?fm=true&path=/proc/774470/net" "Mozilla/5.0 AppleWebKit/537.36 (KHTML, like Gecko; compatible; GPTBot/1.4; +https://openai.com/gptbot)"
74.7.243.207 - - [01/Jul/2026:19:22:58 +0600] "GET /file.php?fm=true&path=/proc/841206/net/&rename=tcp6 HTTP/2" 200 8367 "https://demo3.bdwebsolution.com/file.php?fm=true&path=/proc/841206/net" "Mozilla/5.0 AppleWebKit/537.36 (KHTML, like Gecko; compatible; GPTBot/1.4; +https://openai.com/gptbot)"
74.7.242.38 - - [01/Jul/2026:19:22:58 +0600] "GET /file.php?edit=anycast6&fm=true&path=/proc/774470/net/ HTTP/2" 200 8393 "https://www.demo3.bdwebsolution.com/file.php?fm=true&path=/proc/774470/net" "Mozilla/5.0 AppleWebKit/537.36 (KHTML, like Gecko; compatible; GPTBot/1.4; +https://openai.com/gptbot)"
74.7.243.207 - - [01/Jul/2026:19:22:59 +0600] "GET /file.php?fm=true&path=/proc/787989/net/&rights=tcp6 HTTP/2" 200 8405 "https://demo3.bdwebsolution.com/file.php?fm=true&path=/proc/787989/net" "Mozilla/5.0 AppleWebKit/537.36 (KHTML, like Gecko; compatible; GPTBot/1.4; +https://openai.com/gptbot)"
74.7.242.38 - - [01/Jul/2026:19:22:59 +0600] "GET /file.php?fm=true&path=/proc/774470/net/&rename=netstat HTTP/2" 200 8404 "https://www.demo3.bdwebsolution.com/file.php?fm=true&path=/proc/774470/net" "Mozilla/5.0 AppleWebKit/537.36 (KHTML, like Gecko; compatible; GPTBot/1.4; +https://openai.com/gptbot)"
74.7.243.207 - - [01/Jul/2026:19:23:00 +0600] "GET /file.php?edit=netlink&fm=true&path=/proc/787989/net/ HTTP/2" 200 8385 "https://demo3.bdwebsolution.com/file.php?fm=true&path=/proc/787989/net" "Mozilla/5.0 AppleWebKit/537.36 (KHTML, like Gecko; compatible; GPTBot/1.4; +https://openai.com/gptbot)"
74.7.242.38 - - [01/Jul/2026:19:23:01 +0600] "GET /file.php?fm=true&path=/proc/774470/net/&rights=udplite HTTP/2" 200 8373 "https://www.demo3.bdwebsolution.com/file.php?fm=true&path=/proc/774470/net" "Mozilla/5.0 AppleWebKit/537.36 (KHTML, like Gecko; compatible; GPTBot/1.4; +https://openai.com/gptbot)"
74.7.243.207 - - [01/Jul/2026:19:23:01 +0600] "GET /file.php?gz=L3Byb2MvNzg3OTg5 HTTP/2" 200 6502 "https://demo3.bdwebsolution.com/file.php?fm=true&path=/proc/660815/.." "Mozilla/5.0 AppleWebKit/537.36 (KHTML, like Gecko; compatible; GPTBot/1.4; +https://openai.com/gptbot)"
74.7.242.38 - - [01/Jul/2026:19:23:01 +0600] "GET /file.php?fm=true&path=/proc/774470/net/&rights=psched HTTP/2" 200 8373 "https://www.demo3.bdwebsolution.com/file.php?fm=true&path=/proc/774470/net" "Mozilla/5.0 AppleWebKit/537.36 (KHTML, like Gecko; compatible; GPTBot/1.4; +https://openai.com/gptbot)"
74.7.243.207 - - [01/Jul/2026:19:23:03 +0600] "GET /file.php?gz=L3Byb2MvNzg5NTM2 HTTP/2" 200 6502 "https://demo3.bdwebsolution.com/file.php?fm=true&path=/proc/660815/.." "Mozilla/5.0 AppleWebKit/537.36 (KHTML, like Gecko; compatible; GPTBot/1.4; +https://openai.com/gptbot)"
74.7.242.38 - - [01/Jul/2026:19:23:03 +0600] "GET /file.php?fm=true&path=/proc/774470/net/&rename=mcfilter HTTP/2" 200 8407 "https://www.demo3.bdwebsolution.com/file.php?fm=true&path=/proc/774470/net" "Mozilla/5.0 AppleWebKit/537.36 (KHTML, like Gecko; compatible; GPTBot/1.4; +https://openai.com/gptbot)"
74.7.243.207 - - [01/Jul/2026:19:23:03 +0600] "GET /file.php?gz=L3Byb2MvNjYzMjQ3L2N3ZA== HTTP/2" 200 6502 "https://demo3.bdwebsolution.com/file.php?fm=true&path=/proc/663247" "Mozilla/5.0 AppleWebKit/537.36 (KHTML, like Gecko; compatible; GPTBot/1.4; +https://openai.com/gptbot)"
74.7.243.207 - - [01/Jul/2026:19:23:04 +0600] "GET /file.php?gz=L3Byb2MvODQxMjA2L25ldA== HTTP/2" 200 6529 "https://demo3.bdwebsolution.com/file.php?fm=true&path=/proc/841206" "Mozilla/5.0 AppleWebKit/537.36 (KHTML, like Gecko; compatible; GPTBot/1.4; +https://openai.com/gptbot)"
74.7.242.38 - - [01/Jul/2026:19:23:04 +0600] "GET /file.php?fm=true&path=/proc/774470/net/&rename=packet HTTP/2" 200 8372 "https://www.demo3.bdwebsolution.com/file.php?fm=true&path=/proc/774470/net" "Mozilla/5.0 AppleWebKit/537.36 (KHTML, like Gecko; compatible; GPTBot/1.4; +https://openai.com/gptbot)"
74.7.243.207 - - [01/Jul/2026:19:23:05 +0600] "GET /file.php?gz=L3Byb2MvNjExNTQ3L2N3ZA== HTTP/2" 200 6529 "https://demo3.bdwebsolution.com/file.php?fm=true&path=/proc/611547" "Mozilla/5.0 AppleWebKit/537.36 (KHTML, like Gecko; compatible; GPTBot/1.4; +https://openai.com/gptbot)"
74.7.243.207 - - [01/Jul/2026:19:23:06 +0600] "GET /file.php?gz=L3Byb2MvODQxMjA2L2N3ZA== HTTP/2" 200 6529 "https://demo3.bdwebsolution.com/file.php?fm=true&path=/proc/841206" "Mozilla/5.0 AppleWebKit/537.36 (KHTML, like Gecko; compatible; GPTBot/1.4; +https://openai.com/gptbot)"
74.7.242.38 - - [01/Jul/2026:19:23:06 +0600] "GET /file.php?fm=true&path=/proc/774470/net/&rights=xt_recent HTTP/2" 200 8398 "https://www.demo3.bdwebsolution.com/file.php?fm=true&path=/proc/774470/net" "Mozilla/5.0 AppleWebKit/537.36 (KHTML, like Gecko; compatible; GPTBot/1.4; +https://openai.com/gptbot)"
74.7.242.38 - - [01/Jul/2026:19:23:06 +0600] "GET /file.php?fm=true&path=/proc/774470/net/&rename=dev_mcast HTTP/2" 200 8368 "https://www.demo3.bdwebsolution.com/file.php?fm=true&path=/proc/774470/net" "Mozilla/5.0 AppleWebKit/537.36 (KHTML, like Gecko; compatible; GPTBot/1.4; +https://openai.com/gptbot)"
74.7.242.38 - - [01/Jul/2026:19:23:07 +0600] "GET /file.php?fm=true&path=/proc/774470/net/&rename=softnet_stat HTTP/2" 200 8372 "https://www.demo3.bdwebsolution.com/file.php?fm=true&path=/proc/774470/net" "Mozilla/5.0 AppleWebKit/537.36 (KHTML, like Gecko; compatible; GPTBot/1.4; +https://openai.com/gptbot)"
74.7.243.207 - - [01/Jul/2026:19:23:08 +0600] "GET /file.php?gz=L3Byb2MvNjYzMjQ3L25ldA== HTTP/2" 200 6529 "https://demo3.bdwebsolution.com/file.php?fm=true&path=/proc/663247" "Mozilla/5.0 AppleWebKit/537.36 (KHTML, like Gecko; compatible; GPTBot/1.4; +https://openai.com/gptbot)"
74.7.243.207 - - [01/Jul/2026:19:23:08 +0600] "GET /file.php?edit=netstat&fm=true&path=/proc/795238/net/ HTTP/2" 200 8385 "https://demo3.bdwebsolution.com/file.php?fm=true&path=/proc/795238/net" "Mozilla/5.0 AppleWebKit/537.36 (KHTML, like Gecko; compatible; GPTBot/1.4; +https://openai.com/gptbot)"
74.7.242.38 - - [01/Jul/2026:19:23:08 +0600] "GET /file.php?fm=true&path=/proc/774470/net/&rename=ip_tables_names HTTP/2" 200 8375 "https://www.demo3.bdwebsolution.com/file.php?fm=true&path=/proc/774470/net" "Mozilla/5.0 AppleWebKit/537.36 (KHTML, like Gecko; compatible; GPTBot/1.4; +https://openai.com/gptbot)"
74.7.242.38 - - [01/Jul/2026:19:23:09 +0600] "GET /file.php?fm=true&path=/proc/774470/net/&rename=udplite6 HTTP/2" 200 8364 "https://www.demo3.bdwebsolution.com/file.php?fm=true&path=/proc/774470/net" "Mozilla/5.0 AppleWebKit/537.36 (KHTML, like Gecko; compatible; GPTBot/1.4; +https://openai.com/gptbot)"
74.7.243.207 - - [01/Jul/2026:19:23:09 +0600] "GET /file.php?edit=netlink&fm=true&path=/proc/795238/net/ HTTP/2" 200 8385 "https://demo3.bdwebsolution.com/file.php?fm=true&path=/proc/795238/net" "Mozilla/5.0 AppleWebKit/537.36 (KHTML, like Gecko; compatible; GPTBot/1.4; +https://openai.com/gptbot)"
74.7.243.207 - - [01/Jul/2026:19:23:10 +0600] "GET /file.php?edit=netstat&fm=true&path=/proc/841206/net/ HTTP/2" 200 8385 "https://demo3.bdwebsolution.com/file.php?fm=true&path=/proc/841206/net" "Mozilla/5.0 AppleWebKit/537.36 (KHTML, like Gecko; compatible; GPTBot/1.4; +https://openai.com/gptbot)"
74.7.243.207 - - [01/Jul/2026:19:23:10 +0600] "GET /file.php?edit=netlink&fm=true&path=/proc/841206/net/ HTTP/2" 200 8385 "https://demo3.bdwebsolution.com/file.php?fm=true&path=/proc/841206/net" "Mozilla/5.0 AppleWebKit/537.36 (KHTML, like Gecko; compatible; GPTBot/1.4; +https://openai.com/gptbot)"
74.7.242.38 - - [01/Jul/2026:19:23:10 +0600] "GET /file.php?fm=true&path=/proc/774470/net/&rights=softnet_stat HTTP/2" 200 8379 "https://www.demo3.bdwebsolution.com/file.php?fm=true&path=/proc/774470/net" "Mozilla/5.0 AppleWebKit/537.36 (KHTML, like Gecko; compatible; GPTBot/1.4; +https://openai.com/gptbot)"
74.7.242.38 - - [01/Jul/2026:19:23:11 +0600] "GET /file.php?fm=true&path=/proc/774470/net/&rename=ip6_flowlabel HTTP/2" 200 8374 "https://www.demo3.bdwebsolution.com/file.php?fm=true&path=/proc/774470/net" "Mozilla/5.0 AppleWebKit/537.36 (KHTML, like Gecko; compatible; GPTBot/1.4; +https://openai.com/gptbot)"
74.7.243.207 - - [01/Jul/2026:19:23:11 +0600] "GET /file.php?download=L3Byb2MvNzk1MjM4L25ldC9yYXc2 HTTP/2" 200 102 "https://demo3.bdwebsolution.com/file.php?fm=true&path=/proc/795238/net" "Mozilla/5.0 AppleWebKit/537.36 (KHTML, like Gecko; compatible; GPTBot/1.4; +https://openai.com/gptbot)"
74.7.243.207 - - [01/Jul/2026:19:23:12 +0600] "GET /file.php?download=L3Byb2MvODQxMjA2L25ldC91ZHA2 HTTP/2" 200 205 "https://demo3.bdwebsolution.com/file.php?fm=true&path=/proc/841206/net" "Mozilla/5.0 AppleWebKit/537.36 (KHTML, like Gecko; compatible; GPTBot/1.4; +https://openai.com/gptbot)"
74.7.242.38 - - [01/Jul/2026:19:23:12 +0600] "GET /file.php?fm=true&path=/proc/774470/net/&rights=anycast6 HTTP/2" 200 8371 "https://www.demo3.bdwebsolution.com/file.php?fm=true&path=/proc/774470/net" "Mozilla/5.0 AppleWebKit/537.36 (KHTML, like Gecko; compatible; GPTBot/1.4; +https://openai.com/gptbot)"
74.7.242.38 - - [01/Jul/2026:19:23:13 +0600] "GET /file.php?fm=true&path=/proc/774470/net/&rename=anycast6 HTTP/2" 200 8364 "https://www.demo3.bdwebsolution.com/file.php?fm=true&path=/proc/774470/net" "Mozilla/5.0 AppleWebKit/537.36 (KHTML, like Gecko; compatible; GPTBot/1.4; +https://openai.com/gptbot)"
74.7.243.207 - - [01/Jul/2026:19:23:13 +0600] "GET /file.php?download=L3Byb2MvNzg3OTg5L25ldC9zbm1w HTTP/2" 200 7 "https://demo3.bdwebsolution.com/file.php?fm=true&path=/proc/787989/net" "Mozilla/5.0 AppleWebKit/537.36 (KHTML, like Gecko; compatible; GPTBot/1.4; +https://openai.com/gptbot)"
74.7.242.38 - - [01/Jul/2026:19:23:14 +0600] "GET /file.php?fm=true&path=/proc/774470/net/&rights=udplite6 HTTP/2" 200 8371 "https://www.demo3.bdwebsolution.com/file.php?fm=true&path=/proc/774470/net" "Mozilla/5.0 AppleWebKit/537.36 (KHTML, like Gecko; compatible; GPTBot/1.4; +https://openai.com/gptbot)"
74.7.243.207 - - [01/Jul/2026:19:23:15 +0600] "GET /file.php?download=L3Byb2MvODQxMjA2L25ldC9pY21w HTTP/2" 200 7 "https://demo3.bdwebsolution.com/file.php?fm=true&path=/proc/841206/net" "Mozilla/5.0 AppleWebKit/537.36 (KHTML, like Gecko; compatible; GPTBot/1.4; +https://openai.com/gptbot)"
74.7.242.38 - - [01/Jul/2026:19:23:15 +0600] "GET /file.php?edit=ip_tables_targets&fm=true&path=/proc/774470/net/ HTTP/2" 200 8399 "https://www.demo3.bdwebsolution.com/file.php?fm=true&path=/proc/774470/net" "Mozilla/5.0 AppleWebKit/537.36 (KHTML, like Gecko; compatible; GPTBot/1.4; +https://openai.com/gptbot)"
74.7.243.207 - - [01/Jul/2026:19:23:16 +0600] "GET /file.php?download=L3Byb2MvODQxMjA2L25ldC9pZ21w HTTP/2" 200 7 "https://demo3.bdwebsolution.com/file.php?fm=true&path=/proc/841206/net" "Mozilla/5.0 AppleWebKit/537.36 (KHTML, like Gecko; compatible; GPTBot/1.4; +https://openai.com/gptbot)"
74.7.243.207 - - [01/Jul/2026:19:23:17 +0600] "GET /file.php?download=L3Byb2MvNzk1MjM4L25ldC9zbm1w HTTP/2" 200 7 "https://demo3.bdwebsolution.com/file.php?fm=true&path=/proc/795238/net" "Mozilla/5.0 AppleWebKit/537.36 (KHTML, like Gecko; compatible; GPTBot/1.4; +https://openai.com/gptbot)"
74.7.242.38 - - [01/Jul/2026:19:23:17 +0600] "GET /file.php?fm=true&path=/proc/774470/net/&rename=dev_snmp6 HTTP/2" 200 8368 "https://www.demo3.bdwebsolution.com/file.php?fm=true&path=/proc/774470/net" "Mozilla/5.0 AppleWebKit/537.36 (KHTML, like Gecko; compatible; GPTBot/1.4; +https://openai.com/gptbot)"
74.7.242.38 - - [01/Jul/2026:19:23:18 +0600] "GET /file.php?fm=true&path=/proc/774470/net/&rename=connector HTTP/2" 200 8365 "https://www.demo3.bdwebsolution.com/file.php?fm=true&path=/proc/774470/net" "Mozilla/5.0 AppleWebKit/537.36 (KHTML, like Gecko; compatible; GPTBot/1.4; +https://openai.com/gptbot)"
74.7.242.38 - - [01/Jul/2026:19:23:18 +0600] "GET /file.php?fm=true&path=/proc/774470/net/&rights=fib_triestat HTTP/2" 200 8379 "https://www.demo3.bdwebsolution.com/file.php?fm=true&path=/proc/774470/net" "Mozilla/5.0 AppleWebKit/537.36 (KHTML, like Gecko; compatible; GPTBot/1.4; +https://openai.com/gptbot)"
74.7.243.207 - - [01/Jul/2026:19:23:19 +0600] "GET /file.php?download=L3Byb2MvNzg3OTg5L25ldC9yYXc2 HTTP/2" 200 102 "https://demo3.bdwebsolution.com/file.php?fm=true&path=/proc/787989/net" "Mozilla/5.0 AppleWebKit/537.36 (KHTML, like Gecko; compatible; GPTBot/1.4; +https://openai.com/gptbot)"
74.7.243.207 - - [01/Jul/2026:19:23:19 +0600] "GET /file.php?download=L3Byb2MvODQxMjA2L25ldC91bml4 HTTP/2" 200 35018 "https://demo3.bdwebsolution.com/file.php?fm=true&path=/proc/841206/net" "Mozilla/5.0 AppleWebKit/537.36 (KHTML, like Gecko; compatible; GPTBot/1.4; +https://openai.com/gptbot)"
74.7.242.38 - - [01/Jul/2026:19:23:20 +0600] "GET /file.php?edit=ip6_mr_vif&fm=true&path=/proc/774470/net/ HTTP/2" 200 8397 "https://www.demo3.bdwebsolution.com/file.php?fm=true&path=/proc/774470/net" "Mozilla/5.0 AppleWebKit/537.36 (KHTML, like Gecko; compatible; GPTBot/1.4; +https://openai.com/gptbot)"
74.7.243.207 - - [01/Jul/2026:19:23:20 +0600] "GET /file.php?fm=true&path=/proc/795238/net/&rename=tcp6 HTTP/2" 200 8367 "https://demo3.bdwebsolution.com/file.php?fm=true&path=/proc/795238/net" "Mozilla/5.0 AppleWebKit/537.36 (KHTML, like Gecko; compatible; GPTBot/1.4; +https://openai.com/gptbot)"
74.7.242.38 - - [01/Jul/2026:19:23:20 +0600] "GET /file.php?fm=true&path=/proc/774470/net/&rights=ip_tables_targets HTTP/2" 200 8378 "https://www.demo3.bdwebsolution.com/file.php?fm=true&path=/proc/774470/net" "Mozilla/5.0 AppleWebKit/537.36 (KHTML, like Gecko; compatible; GPTBot/1.4; +https://openai.com/gptbot)"
74.7.243.207 - - [01/Jul/2026:19:23:21 +0600] "GET /file.php?fm=true&path=/proc/841206/net/&rights=tcp6 HTTP/2" 200 8367 "https://demo3.bdwebsolution.com/file.php?fm=true&path=/proc/841206/net" "Mozilla/5.0 AppleWebKit/537.36 (KHTML, like Gecko; compatible; GPTBot/1.4; +https://openai.com/gptbot)"
74.7.242.38 - - [01/Jul/2026:19:23:21 +0600] "GET /file.php?fm=true&path=/proc/774470/net/&rename=ip_tables_targets HTTP/2" 200 8416 "https://www.demo3.bdwebsolution.com/file.php?fm=true&path=/proc/774470/net" "Mozilla/5.0 AppleWebKit/537.36 (KHTML, like Gecko; compatible; GPTBot/1.4; +https://openai.com/gptbot)"
74.7.242.38 - - [01/Jul/2026:19:23:22 +0600] "GET /file.php?fm=true&path=/proc/774470/net/&rename=rt_cache HTTP/2" 200 8364 "https://www.demo3.bdwebsolution.com/file.php?fm=true&path=/proc/774470/net" "Mozilla/5.0 AppleWebKit/537.36 (KHTML, like Gecko; compatible; GPTBot/1.4; +https://openai.com/gptbot)"
74.7.242.38 - - [01/Jul/2026:19:23:24 +0600] "GET /file.php?fm=true&path=/proc/774470/net/&rename=protocols HTTP/2" 200 8407 "https://www.demo3.bdwebsolution.com/file.php?fm=true&path=/proc/774470/net" "Mozilla/5.0 AppleWebKit/537.36 (KHTML, like Gecko; compatible; GPTBot/1.4; +https://openai.com/gptbot)"
74.7.242.38 - - [01/Jul/2026:19:23:24 +0600] "GET /file.php?fm=true&path=/proc/774470/net/&rights=netfilter HTTP/2" 200 8398 "https://www.demo3.bdwebsolution.com/file.php?fm=true&path=/proc/774470/net" "Mozilla/5.0 AppleWebKit/537.36 (KHTML, like Gecko; compatible; GPTBot/1.4; +https://openai.com/gptbot)"
74.7.243.207 - - [01/Jul/2026:19:23:25 +0600] "GET /file.php?download=L3Byb2MvNzk1MjM4L2tzbV9zdGF0 HTTP/2" 200 66 "https://demo3.bdwebsolution.com/file.php?fm=true&path=/proc/795238" "Mozilla/5.0 AppleWebKit/537.36 (KHTML, like Gecko; compatible; GPTBot/1.4; +https://openai.com/gptbot)"
74.7.242.38 - - [01/Jul/2026:19:23:25 +0600] "GET /file.php?fm=true&path=/proc/774470/net/&rights=rt_cache HTTP/2" 200 8371 "https://www.demo3.bdwebsolution.com/file.php?fm=true&path=/proc/774470/net" "Mozilla/5.0 AppleWebKit/537.36 (KHTML, like Gecko; compatible; GPTBot/1.4; +https://openai.com/gptbot)"
74.7.242.38 - - [01/Jul/2026:19:23:25 +0600] "GET /file.php?download=L3Byb2MvNzc0NDcwL25ldC90Y3A2 HTTP/2" 200 356 "https://www.demo3.bdwebsolution.com/file.php?fm=true&path=/proc/774470/net" "Mozilla/5.0 AppleWebKit/537.36 (KHTML, like Gecko; compatible; GPTBot/1.4; +https://openai.com/gptbot)"
74.7.243.207 - - [01/Jul/2026:19:23:26 +0600] "GET /file.php?download=L3Byb2MvODQxMjA2L25ldC9yYXc2 HTTP/2" 200 100 "https://demo3.bdwebsolution.com/file.php?fm=true&path=/proc/841206/net" "Mozilla/5.0 AppleWebKit/537.36 (KHTML, like Gecko; compatible; GPTBot/1.4; +https://openai.com/gptbot)"
74.7.243.207 - - [01/Jul/2026:19:23:27 +0600] "GET /file.php?download=L3Byb2MvNzg3OTg5L2tzbV9zdGF0 HTTP/2" 200 66 "https://demo3.bdwebsolution.com/file.php?fm=true&path=/proc/787989" "Mozilla/5.0 AppleWebKit/537.36 (KHTML, like Gecko; compatible; GPTBot/1.4; +https://openai.com/gptbot)"
74.7.243.207 - - [01/Jul/2026:19:23:28 +0600] "GET /file.php?download=L3Byb2MvODQxMjA2L25ldC9zbm1w HTTP/2" 200 7 "https://demo3.bdwebsolution.com/file.php?fm=true&path=/proc/841206/net" "Mozilla/5.0 AppleWebKit/537.36 (KHTML, like Gecko; compatible; GPTBot/1.4; +https://openai.com/gptbot)"
74.7.243.207 - - [01/Jul/2026:19:23:28 +0600] "GET /file.php?edit=rt_acct&fm=true&path=/proc/795238/net/ HTTP/2" 200 8385 "https://demo3.bdwebsolution.com/file.php?fm=true&path=/proc/795238/net" "Mozilla/5.0 AppleWebKit/537.36 (KHTML, like Gecko; compatible; GPTBot/1.4; +https://openai.com/gptbot)"
74.7.242.38 - - [01/Jul/2026:19:23:29 +0600] "GET /file.php?fm=true&path=/proc/774470/net/&rights=protocols HTTP/2" 200 8377 "https://www.demo3.bdwebsolution.com/file.php?fm=true&path=/proc/774470/net" "Mozilla/5.0 AppleWebKit/537.36 (KHTML, like Gecko; compatible; GPTBot/1.4; +https://openai.com/gptbot)"
74.7.242.38 - - [01/Jul/2026:19:23:29 +0600] "GET /file.php?fm=true&path=/proc/774470/net/&rights=netstat HTTP/2" 200 8374 "https://www.demo3.bdwebsolution.com/file.php?fm=true&path=/proc/774470/net" "Mozilla/5.0 AppleWebKit/537.36 (KHTML, like Gecko; compatible; GPTBot/1.4; +https://openai.com/gptbot)"
74.7.243.207 - - [01/Jul/2026:19:23:29 +0600] "GET /file.php?edit=rt_acct&fm=true&path=/proc/841206/net/ HTTP/2" 200 8385 "https://demo3.bdwebsolution.com/file.php?fm=true&path=/proc/841206/net" "Mozilla/5.0 AppleWebKit/537.36 (KHTML, like Gecko; compatible; GPTBot/1.4; +https://openai.com/gptbot)"
74.7.242.38 - - [01/Jul/2026:19:23:30 +0600] "GET /file.php?fm=true&path=/proc/774470/net/&rename=netlink HTTP/2" 200 8371 "https://www.demo3.bdwebsolution.com/file.php?fm=true&path=/proc/774470/net" "Mozilla/5.0 AppleWebKit/537.36 (KHTML, like Gecko; compatible; GPTBot/1.4; +https://openai.com/gptbot)"
74.7.243.207 - - [01/Jul/2026:19:23:30 +0600] "GET /file.php?edit=udplite&fm=true&path=/proc/787989/net/ HTTP/2" 200 8385 "https://demo3.bdwebsolution.com/file.php?fm=true&path=/proc/787989/net" "Mozilla/5.0 AppleWebKit/537.36 (KHTML, like Gecko; compatible; GPTBot/1.4; +https://openai.com/gptbot)"
74.7.242.38 - - [01/Jul/2026:19:23:31 +0600] "GET /file.php?edit=protocols&fm=true&path=/proc/774470/net/ HTTP/2" 200 8393 "https://www.demo3.bdwebsolution.com/file.php?fm=true&path=/proc/774470/net" "Mozilla/5.0 AppleWebKit/537.36 (KHTML, like Gecko; compatible; GPTBot/1.4; +https://openai.com/gptbot)"
74.7.242.38 - - [01/Jul/2026:19:23:32 +0600] "GET /file.php?edit=mcfilter&fm=true&path=/proc/774470/net/ HTTP/2" 200 8393 "https://www.demo3.bdwebsolution.com/file.php?fm=true&path=/proc/774470/net" "Mozilla/5.0 AppleWebKit/537.36 (KHTML, like Gecko; compatible; GPTBot/1.4; +https://openai.com/gptbot)"
74.7.243.207 - - [01/Jul/2026:19:23:32 +0600] "GET /file.php?gz=L3Byb2MvNjExNTQ3L2Zk HTTP/2" 200 6529 "https://demo3.bdwebsolution.com/file.php?fm=true&path=/proc/611547" "Mozilla/5.0 AppleWebKit/537.36 (KHTML, like Gecko; compatible; GPTBot/1.4; +https://openai.com/gptbot)"
74.7.242.38 - - [01/Jul/2026:19:23:33 +0600] "GET /file.php?fm=true&path=/proc/774470/net/&rights=ip_mr_vif HTTP/2" 200 8378 "https://www.demo3.bdwebsolution.com/file.php?fm=true&path=/proc/774470/net" "Mozilla/5.0 AppleWebKit/537.36 (KHTML, like Gecko; compatible; GPTBot/1.4; +https://openai.com/gptbot)"
74.7.243.207 - - [01/Jul/2026:19:23:33 +0600] "GET /file.php?zip=L3Byb2MvODQxMjA2L2Zk HTTP/2" 200 6529 "https://demo3.bdwebsolution.com/file.php?fm=true&path=/proc/841206" "Mozilla/5.0 AppleWebKit/537.36 (KHTML, like Gecko; compatible; GPTBot/1.4; +https://openai.com/gptbot)"
74.7.243.207 - - [01/Jul/2026:19:23:34 +0600] "GET /file.php?zip=L3Byb2MvNjExNTQ3L2Zk HTTP/2" 200 6529 "https://demo3.bdwebsolution.com/file.php?fm=true&path=/proc/611547" "Mozilla/5.0 AppleWebKit/537.36 (KHTML, like Gecko; compatible; GPTBot/1.4; +https://openai.com/gptbot)"
74.7.242.38 - - [01/Jul/2026:19:23:34 +0600] "GET /file.php?fm=true&path=/proc/774470/net/&rename=rt_acct HTTP/2" 200 8372 "https://www.demo3.bdwebsolution.com/file.php?fm=true&path=/proc/774470/net" "Mozilla/5.0 AppleWebKit/537.36 (KHTML, like Gecko; compatible; GPTBot/1.4; +https://openai.com/gptbot)"
74.7.243.207 - - [01/Jul/2026:19:23:35 +0600] "GET /file.php?zip=L3Byb2MvNjYwODE1L2Zk HTTP/2" 200 6529 "https://demo3.bdwebsolution.com/file.php?fm=true&path=/proc/660815" "Mozilla/5.0 AppleWebKit/537.36 (KHTML, like Gecko; compatible; GPTBot/1.4; +https://openai.com/gptbot)"
74.7.243.207 - - [01/Jul/2026:19:23:35 +0600] "GET /file.php?gz=L3Byb2MvNjYzMjQ3L2Zk HTTP/2" 200 6529 "https://demo3.bdwebsolution.com/file.php?fm=true&path=/proc/663247" "Mozilla/5.0 AppleWebKit/537.36 (KHTML, like Gecko; compatible; GPTBot/1.4; +https://openai.com/gptbot)"
74.7.242.38 - - [01/Jul/2026:19:23:36 +0600] "GET /file.php?fm=true&path=/proc/774470/net/&rights=mcfilter HTTP/2" 200 8371 "https://www.demo3.bdwebsolution.com/file.php?fm=true&path=/proc/774470/net" "Mozilla/5.0 AppleWebKit/537.36 (KHTML, like Gecko; compatible; GPTBot/1.4; +https://openai.com/gptbot)"
74.7.243.207 - - [01/Jul/2026:19:23:36 +0600] "GET /file.php?gz=L3Byb2MvODQxMjA2L2Zk HTTP/2" 200 6529 "https://demo3.bdwebsolution.com/file.php?fm=true&path=/proc/841206" "Mozilla/5.0 AppleWebKit/537.36 (KHTML, like Gecko; compatible; GPTBot/1.4; +https://openai.com/gptbot)"
74.7.243.207 - - [01/Jul/2026:19:23:37 +0600] "GET /file.php?zip=L3Byb2MvNjIwODA1L2Zk HTTP/2" 200 6529 "https://demo3.bdwebsolution.com/file.php?fm=true&path=/proc/620805" "Mozilla/5.0 AppleWebKit/537.36 (KHTML, like Gecko; compatible; GPTBot/1.4; +https://openai.com/gptbot)"
74.7.242.38 - - [01/Jul/2026:19:23:38 +0600] "GET /file.php?edit=udplite6&fm=true&path=/proc/774470/net/ HTTP/2" 200 8393 "https://www.demo3.bdwebsolution.com/file.php?fm=true&path=/proc/774470/net" "Mozilla/5.0 AppleWebKit/537.36 (KHTML, like Gecko; compatible; GPTBot/1.4; +https://openai.com/gptbot)"
74.7.243.207 - - [01/Jul/2026:19:23:38 +0600] "GET /file.php?fm=true&path=/proc/795238/net/&rename=route HTTP/2" 200 8368 "https://demo3.bdwebsolution.com/file.php?fm=true&path=/proc/795238/net" "Mozilla/5.0 AppleWebKit/537.36 (KHTML, like Gecko; compatible; GPTBot/1.4; +https://openai.com/gptbot)"
74.7.242.38 - - [01/Jul/2026:19:23:38 +0600] "GET /file.php?edit=softnet_stat&fm=true&path=/proc/774470/net/ HTTP/2" 200 8396 "https://www.demo3.bdwebsolution.com/file.php?fm=true&path=/proc/774470/net" "Mozilla/5.0 AppleWebKit/537.36 (KHTML, like Gecko; compatible; GPTBot/1.4; +https://openai.com/gptbot)"
74.7.243.207 - - [01/Jul/2026:19:23:38 +0600] "GET /file.php?fm=true&path=/proc/787989/net/&rights=route HTTP/2" 200 8366 "https://demo3.bdwebsolution.com/file.php?fm=true&path=/proc/787989/net" "Mozilla/5.0 AppleWebKit/537.36 (KHTML, like Gecko; compatible; GPTBot/1.4; +https://openai.com/gptbot)"
74.7.242.38 - - [01/Jul/2026:19:23:39 +0600] "GET /file.php?edit=arp&fm=true&path=/proc/774470/net/ HTTP/2" 200 8389 "https://www.demo3.bdwebsolution.com/file.php?fm=true&path=/proc/774470/net" "Mozilla/5.0 AppleWebKit/537.36 (KHTML, like Gecko; compatible; GPTBot/1.4; +https://openai.com/gptbot)"
74.7.242.38 - - [01/Jul/2026:19:23:40 +0600] "GET /file.php?fm=true&path=/proc/774470/net/&rights=rt_acct HTTP/2" 200 8375 "https://www.demo3.bdwebsolution.com/file.php?fm=true&path=/proc/774470/net" "Mozilla/5.0 AppleWebKit/537.36 (KHTML, like Gecko; compatible; GPTBot/1.4; +https://openai.com/gptbot)"
74.7.243.207 - - [01/Jul/2026:19:23:40 +0600] "GET /file.php?fm=true&path=/proc/841206/net/&rename=route HTTP/2" 200 8368 "https://demo3.bdwebsolution.com/file.php?fm=true&path=/proc/841206/net" "Mozilla/5.0 AppleWebKit/537.36 (KHTML, like Gecko; compatible; GPTBot/1.4; +https://openai.com/gptbot)"
74.7.242.38 - - [01/Jul/2026:19:23:41 +0600] "GET /file.php?fm=true&path=/proc/774470/net/&rights=netlink HTTP/2" 200 8374 "https://www.demo3.bdwebsolution.com/file.php?fm=true&path=/proc/774470/net" "Mozilla/5.0 AppleWebKit/537.36 (KHTML, like Gecko; compatible; GPTBot/1.4; +https://openai.com/gptbot)"
74.7.243.207 - - [01/Jul/2026:19:23:41 +0600] "GET /file.php?fm=true&path=/proc/787989/net/&rename=stat HTTP/2" 200 8367 "https://demo3.bdwebsolution.com/file.php?fm=true&path=/proc/787989/net" "Mozilla/5.0 AppleWebKit/537.36 (KHTML, like Gecko; compatible; GPTBot/1.4; +https://openai.com/gptbot)"
74.7.243.207 - - [01/Jul/2026:19:23:42 +0600] "GET /file.php?edit=packet&fm=true&path=/proc/787989/net/ HTTP/2" 200 8387 "https://demo3.bdwebsolution.com/file.php?fm=true&path=/proc/787989/net" "Mozilla/5.0 AppleWebKit/537.36 (KHTML, like Gecko; compatible; GPTBot/1.4; +https://openai.com/gptbot)"
74.7.242.38 - - [01/Jul/2026:19:23:42 +0600] "GET /file.php?fm=true&path=/proc/774470/net/&rename=ip6_mr_cache HTTP/2" 200 8372 "https://www.demo3.bdwebsolution.com/file.php?fm=true&path=/proc/774470/net" "Mozilla/5.0 AppleWebKit/537.36 (KHTML, like Gecko; compatible; GPTBot/1.4; +https://openai.com/gptbot)"
74.7.243.207 - - [01/Jul/2026:19:23:42 +0600] "GET /file.php?fm=true&path=/proc/827777 HTTP/2" 200 10371 "https://demo3.bdwebsolution.com/file.php?fm=true&path=/proc/795238/.." "Mozilla/5.0 AppleWebKit/537.36 (KHTML, like Gecko; compatible; GPTBot/1.4; +https://openai.com/gptbot)"
74.7.242.38 - - [01/Jul/2026:19:23:43 +0600] "GET /file.php?edit=dev_mcast&fm=true&path=/proc/774470/net/ HTTP/2" 200 8425 "https://www.demo3.bdwebsolution.com/file.php?fm=true&path=/proc/774470/net" "Mozilla/5.0 AppleWebKit/537.36 (KHTML, like Gecko; compatible; GPTBot/1.4; +https://openai.com/gptbot)"
74.7.243.207 - - [01/Jul/2026:19:23:43 +0600] "GET /file.php?fm=true&path=/proc/788880 HTTP/2" 200 10501 "https://demo3.bdwebsolution.com/file.php?fm=true&path=/proc/660815/.." "Mozilla/5.0 AppleWebKit/537.36 (KHTML, like Gecko; compatible; GPTBot/1.4; +https://openai.com/gptbot)"
74.7.242.38 - - [01/Jul/2026:19:23:45 +0600] "GET /file.php?fm=true&path=/proc/774470/net/&rename=xt_recent HTTP/2" 200 8407 "https://www.demo3.bdwebsolution.com/file.php?fm=true&path=/proc/774470/net" "Mozilla/5.0 AppleWebKit/537.36 (KHTML, like Gecko; compatible; GPTBot/1.4; +https://openai.com/gptbot)"
74.7.243.207 - - [01/Jul/2026:19:23:46 +0600] "GET /file.php?zip=L3Byb2MvODE0NjY3 HTTP/2" 200 6529 "https://demo3.bdwebsolution.com/file.php?fm=true&path=/proc/795238/.." "Mozilla/5.0 AppleWebKit/537.36 (KHTML, like Gecko; compatible; GPTBot/1.4; +https://openai.com/gptbot)"
74.7.242.38 - - [01/Jul/2026:19:23:47 +0600] "GET /file.php?edit=connector&fm=true&path=/proc/774470/net/ HTTP/2" 200 8391 "https://www.demo3.bdwebsolution.com/file.php?fm=true&path=/proc/774470/net" "Mozilla/5.0 AppleWebKit/537.36 (KHTML, like Gecko; compatible; GPTBot/1.4; +https://openai.com/gptbot)"
74.7.242.38 - - [01/Jul/2026:19:23:47 +0600] "GET /file.php?fm=true&path=/proc/774470/net/&rights=ip6_mr_cache HTTP/2" 200 8378 "https://www.demo3.bdwebsolution.com/file.php?fm=true&path=/proc/774470/net" "Mozilla/5.0 AppleWebKit/537.36 (KHTML, like Gecko; compatible; GPTBot/1.4; +https://openai.com/gptbot)"
74.7.243.207 - - [01/Jul/2026:19:23:47 +0600] "GET /file.php?fm=true&path=/proc/787989/net/&rename=tcp6 HTTP/2" 200 8367 "https://demo3.bdwebsolution.com/file.php?fm=true&path=/proc/787989/net" "Mozilla/5.0 AppleWebKit/537.36 (KHTML, like Gecko; compatible; GPTBot/1.4; +https://openai.com/gptbot)"
74.7.243.207 - - [01/Jul/2026:19:23:48 +0600] "GET /file.php?edit=udplite&fm=true&path=/proc/841206/net/ HTTP/2" 200 8385 "https://demo3.bdwebsolution.com/file.php?fm=true&path=/proc/841206/net" "Mozilla/5.0 AppleWebKit/537.36 (KHTML, like Gecko; compatible; GPTBot/1.4; +https://openai.com/gptbot)"
74.7.242.38 - - [01/Jul/2026:19:23:49 +0600] "GET /file.php?edit=sockstat6&fm=true&path=/proc/774470/net/ HTTP/2" 200 8393 "https://www.demo3.bdwebsolution.com/file.php?fm=true&path=/proc/774470/net" "Mozilla/5.0 AppleWebKit/537.36 (KHTML, like Gecko; compatible; GPTBot/1.4; +https://openai.com/gptbot)"
74.7.243.207 - - [01/Jul/2026:19:23:49 +0600] "GET /file.php?edit=udplite&fm=true&path=/proc/795238/net/ HTTP/2" 200 8385 "https://demo3.bdwebsolution.com/file.php?fm=true&path=/proc/795238/net" "Mozilla/5.0 AppleWebKit/537.36 (KHTML, like Gecko; compatible; GPTBot/1.4; +https://openai.com/gptbot)"
74.7.242.38 - - [01/Jul/2026:19:23:49 +0600] "GET /file.php?fm=true&path=/proc/774470/net/&rename=sockstat HTTP/2" 200 8364 "https://www.demo3.bdwebsolution.com/file.php?fm=true&path=/proc/774470/net" "Mozilla/5.0 AppleWebKit/537.36 (KHTML, like Gecko; compatible; GPTBot/1.4; +https://openai.com/gptbot)"
74.7.243.207 - - [01/Jul/2026:19:23:49 +0600] "GET /file.php?fm=true&path=/proc/841206/net/&rights=route HTTP/2" 200 8401 "https://demo3.bdwebsolution.com/file.php?fm=true&path=/proc/841206/net" "Mozilla/5.0 AppleWebKit/537.36 (KHTML, like Gecko; compatible; GPTBot/1.4; +https://openai.com/gptbot)"
