74.7.243.207 - - [01/Jul/2026:19:28:32 +0600] "GET /file.php?fm=true&path=/proc/880333 HTTP/2" 200 9890 "https://demo3.bdwebsolution.com/file.php?fm=true&path=/proc/788880/.." "Mozilla/5.0 AppleWebKit/537.36 (KHTML, like Gecko; compatible; GPTBot/1.4; +https://openai.com/gptbot)"
74.7.242.38 - - [01/Jul/2026:19:28:33 +0600] "GET /file.php?fm=true&path=/proc/880333 HTTP/2" 200 9884 "https://www.demo3.bdwebsolution.com/file.php?fm=true&path=/proc/774470/.." "Mozilla/5.0 AppleWebKit/537.36 (KHTML, like Gecko; compatible; GPTBot/1.4; +https://openai.com/gptbot)"
74.7.243.207 - - [01/Jul/2026:19:28:37 +0600] "GET /file.php?gz=L3Byb2MvNzg4ODgwL25ldA== HTTP/2" 200 6529 "https://demo3.bdwebsolution.com/file.php?fm=true&path=/proc/788880" "Mozilla/5.0 AppleWebKit/537.36 (KHTML, like Gecko; compatible; GPTBot/1.4; +https://openai.com/gptbot)"
74.7.242.38 - - [01/Jul/2026:19:28:37 +0600] "GET /file.php?edit=netlink&fm=true&path=/proc/774200/net/ HTTP/2" 200 8393 "https://www.demo3.bdwebsolution.com/file.php?fm=true&path=/proc/774200/net" "Mozilla/5.0 AppleWebKit/537.36 (KHTML, like Gecko; compatible; GPTBot/1.4; +https://openai.com/gptbot)"
74.7.242.38 - - [01/Jul/2026:19:28:37 +0600] "GET /file.php?edit=netlink&fm=true&path=/proc/889434/net/ HTTP/2" 200 8393 "https://www.demo3.bdwebsolution.com/file.php?fm=true&path=/proc/889434/net" "Mozilla/5.0 AppleWebKit/537.36 (KHTML, like Gecko; compatible; GPTBot/1.4; +https://openai.com/gptbot)"
74.7.243.207 - - [01/Jul/2026:19:28:38 +0600] "GET /file.php?gz=L3Byb2MvNzg4ODgwL2N3ZA== HTTP/2" 200 6529 "https://demo3.bdwebsolution.com/file.php?fm=true&path=/proc/788880" "Mozilla/5.0 AppleWebKit/537.36 (KHTML, like Gecko; compatible; GPTBot/1.4; +https://openai.com/gptbot)"
74.7.242.38 - - [01/Jul/2026:19:28:38 +0600] "GET /file.php?edit=netstat&fm=true&path=/proc/734489/net/ HTTP/2" 200 8393 "https://www.demo3.bdwebsolution.com/file.php?fm=true&path=/proc/734489/net" "Mozilla/5.0 AppleWebKit/537.36 (KHTML, like Gecko; compatible; GPTBot/1.4; +https://openai.com/gptbot)"
74.7.243.207 - - [01/Jul/2026:19:28:39 +0600] "GET /file.php?fm=true&path=/proc/788880/net/&rename=ip6_mr_vif HTTP/2" 200 8363 "https://demo3.bdwebsolution.com/file.php?fm=true&path=/proc/788880/net" "Mozilla/5.0 AppleWebKit/537.36 (KHTML, like Gecko; compatible; GPTBot/1.4; +https://openai.com/gptbot)"
74.7.242.38 - - [01/Jul/2026:19:28:39 +0600] "GET /file.php?fm=true&path=/proc/787989/net/&rights=tcp6 HTTP/2" 200 8368 "https://www.demo3.bdwebsolution.com/file.php?fm=true&path=/proc/787989/net" "Mozilla/5.0 AppleWebKit/537.36 (KHTML, like Gecko; compatible; GPTBot/1.4; +https://openai.com/gptbot)"
74.7.243.207 - - [01/Jul/2026:19:28:39 +0600] "GET /file.php?edit=ip6_mr_cache&fm=true&path=/proc/788880/net/ HTTP/2" 200 8397 "https://demo3.bdwebsolution.com/file.php?fm=true&path=/proc/788880/net" "Mozilla/5.0 AppleWebKit/537.36 (KHTML, like Gecko; compatible; GPTBot/1.4; +https://openai.com/gptbot)"
74.7.242.38 - - [01/Jul/2026:19:28:39 +0600] "GET /file.php?fm=true&path=/proc/774470/net/&rights=tcp6 HTTP/2" 200 8368 "https://www.demo3.bdwebsolution.com/file.php?fm=true&path=/proc/774470/net" "Mozilla/5.0 AppleWebKit/537.36 (KHTML, like Gecko; compatible; GPTBot/1.4; +https://openai.com/gptbot)"
74.7.242.38 - - [01/Jul/2026:19:28:40 +0600] "GET /file.php?fm=true&path=/proc/734489/net/&rename=tcp6 HTTP/2" 200 8368 "https://www.demo3.bdwebsolution.com/file.php?fm=true&path=/proc/734489/net" "Mozilla/5.0 AppleWebKit/537.36 (KHTML, like Gecko; compatible; GPTBot/1.4; +https://openai.com/gptbot)"
74.7.243.207 - - [01/Jul/2026:19:28:40 +0600] "GET /file.php?download=L3Byb2MvNzg4ODgwL25ldC91ZHA2 HTTP/2" 200 205 "https://demo3.bdwebsolution.com/file.php?fm=true&path=/proc/788880/net" "Mozilla/5.0 AppleWebKit/537.36 (KHTML, like Gecko; compatible; GPTBot/1.4; +https://openai.com/gptbot)"
74.7.243.207 - - [01/Jul/2026:19:28:41 +0600] "GET /file.php?edit=io&fm=true&path=/proc/880333/ HTTP/2" 200 8442 "https://demo3.bdwebsolution.com/file.php?fm=true&path=/proc/880333" "Mozilla/5.0 AppleWebKit/537.36 (KHTML, like Gecko; compatible; GPTBot/1.4; +https://openai.com/gptbot)"
74.7.242.38 - - [01/Jul/2026:19:28:41 +0600] "GET /file.php?fm=true&path=/proc/809763/net/&rename=tcp6 HTTP/2" 200 8368 "https://www.demo3.bdwebsolution.com/file.php?fm=true&path=/proc/809763/net" "Mozilla/5.0 AppleWebKit/537.36 (KHTML, like Gecko; compatible; GPTBot/1.4; +https://openai.com/gptbot)"
74.7.242.38 - - [01/Jul/2026:19:28:41 +0600] "GET /file.php?fm=true&path=/proc/880333/.. HTTP/2" 200 17224 "https://www.demo3.bdwebsolution.com/file.php?fm=true&path=/proc/880333" "Mozilla/5.0 AppleWebKit/537.36 (KHTML, like Gecko; compatible; GPTBot/1.4; +https://openai.com/gptbot)"
74.7.243.207 - - [01/Jul/2026:19:28:42 +0600] "GET /file.php?gzfile=L3Byb2MvODgwMzMzL2FyY2hfc3RhdHVz HTTP/2" 200 6529 "https://demo3.bdwebsolution.com/file.php?fm=true&path=/proc/880333" "Mozilla/5.0 AppleWebKit/537.36 (KHTML, like Gecko; compatible; GPTBot/1.4; +https://openai.com/gptbot)"
74.7.243.207 - - [01/Jul/2026:19:28:43 +0600] "GET /file.php?fm=true&path=/proc/880333/.. HTTP/2" 200 17493 "https://demo3.bdwebsolution.com/file.php?fm=true&path=/proc/880333" "Mozilla/5.0 AppleWebKit/537.36 (KHTML, like Gecko; compatible; GPTBot/1.4; +https://openai.com/gptbot)"
74.7.243.207 - - [01/Jul/2026:19:28:43 +0600] "GET /file.php?fm=true&path=/proc/880333/. HTTP/2" 200 10473 "https://demo3.bdwebsolution.com/file.php?fm=true&path=/proc/880333" "Mozilla/5.0 AppleWebKit/537.36 (KHTML, like Gecko; compatible; GPTBot/1.4; +https://openai.com/gptbot)"
74.7.243.207 - - [01/Jul/2026:19:28:47 +0600] "GET /file.php?fm=true&path=/proc/880333/net HTTP/2" 200 13056 "https://demo3.bdwebsolution.com/file.php?fm=true&path=/proc/880333" "Mozilla/5.0 AppleWebKit/537.36 (KHTML, like Gecko; compatible; GPTBot/1.4; +https://openai.com/gptbot)"
74.7.242.38 - - [01/Jul/2026:19:28:47 +0600] "GET /file.php?fm=true&path=/proc/880333/. HTTP/2" 200 10467 "https://www.demo3.bdwebsolution.com/file.php?fm=true&path=/proc/880333" "Mozilla/5.0 AppleWebKit/537.36 (KHTML, like Gecko; compatible; GPTBot/1.4; +https://openai.com/gptbot)"
74.7.242.38 - - [01/Jul/2026:19:28:49 +0600] "GET /file.php?edit=io&fm=true&path=/proc/880333/ HTTP/2" 200 8486 "https://www.demo3.bdwebsolution.com/file.php?fm=true&path=/proc/880333" "Mozilla/5.0 AppleWebKit/537.36 (KHTML, like Gecko; compatible; GPTBot/1.4; +https://openai.com/gptbot)"
74.7.243.207 - - [01/Jul/2026:19:28:48 +0600] "GET /file.php?fm=true&path=/proc/880333/ HTTP/2" 200 10470 "https://demo3.bdwebsolution.com/file.php?edit=io&fm=true&path=/proc/880333/" "Mozilla/5.0 AppleWebKit/537.36 (KHTML, like Gecko; compatible; GPTBot/1.4; +https://openai.com/gptbot)"
74.7.242.38 - - [01/Jul/2026:19:28:50 +0600] "GET /file.php?fm=true&path=/proc/880333/net HTTP/2" 200 13107 "https://www.demo3.bdwebsolution.com/file.php?fm=true&path=/proc/880333" "Mozilla/5.0 AppleWebKit/537.36 (KHTML, like Gecko; compatible; GPTBot/1.4; +https://openai.com/gptbot)"
74.7.243.207 - - [01/Jul/2026:19:28:51 +0600] "GET /file.php?fm=true&path=/proc/880333/&rename=net HTTP/2" 200 8358 "https://demo3.bdwebsolution.com/file.php?fm=true&path=/proc/880333" "Mozilla/5.0 AppleWebKit/537.36 (KHTML, like Gecko; compatible; GPTBot/1.4; +https://openai.com/gptbot)"
74.7.242.38 - - [01/Jul/2026:19:28:51 +0600] "GET /file.php?fm=true&path=/proc/880333/&rename=net HTTP/2" 200 8403 "https://www.demo3.bdwebsolution.com/file.php?fm=true&path=/proc/880333" "Mozilla/5.0 AppleWebKit/537.36 (KHTML, like Gecko; compatible; GPTBot/1.4; +https://openai.com/gptbot)"
74.7.243.207 - - [01/Jul/2026:19:28:52 +0600] "GET /file.php?fm=true&path=/proc/880333/fd HTTP/2" 200 7653 "https://demo3.bdwebsolution.com/file.php?fm=true&path=/proc/880333" "Mozilla/5.0 AppleWebKit/537.36 (KHTML, like Gecko; compatible; GPTBot/1.4; +https://openai.com/gptbot)"
74.7.243.207 - - [01/Jul/2026:19:29:22 +0600] "GET /file.php?zip=L3Byb2MvOTMzMTU2 HTTP/2" 200 6502 "https://demo3.bdwebsolution.com/file.php?fm=true&path=/proc/880333/.." "Mozilla/5.0 AppleWebKit/537.36 (KHTML, like Gecko; compatible; GPTBot/1.4; +https://openai.com/gptbot)"
74.7.242.38 - - [01/Jul/2026:19:29:25 +0600] "GET /file.php?fm=true&path=/proc/880333/fd HTTP/2" 200 7650 "https://www.demo3.bdwebsolution.com/file.php?fm=true&path=/proc/880333" "Mozilla/5.0 AppleWebKit/537.36 (KHTML, like Gecko; compatible; GPTBot/1.4; +https://openai.com/gptbot)"
74.7.243.207 - - [01/Jul/2026:19:29:58 +0600] "GET /file.php?gz=L3Byb2MvOTI2MTc0 HTTP/2" 200 6529 "https://demo3.bdwebsolution.com/file.php?fm=true&path=/proc/880333/.." "Mozilla/5.0 AppleWebKit/537.36 (KHTML, like Gecko; compatible; GPTBot/1.4; +https://openai.com/gptbot)"
74.7.242.38 - - [01/Jul/2026:19:29:59 +0600] "GET /file.php?gz=L3Byb2MvOTI2MTc0 HTTP/2" 200 6529 "https://www.demo3.bdwebsolution.com/file.php?fm=true&path=/proc/880333/.." "Mozilla/5.0 AppleWebKit/537.36 (KHTML, like Gecko; compatible; GPTBot/1.4; +https://openai.com/gptbot)"
74.7.243.207 - - [01/Jul/2026:19:30:02 +0600] "GET /file.php?fm=true&path=/proc/880333/net/&rights=if_inet6 HTTP/2" 200 8371 "https://demo3.bdwebsolution.com/file.php?fm=true&path=/proc/880333/net" "Mozilla/5.0 AppleWebKit/537.36 (KHTML, like Gecko; compatible; GPTBot/1.4; +https://openai.com/gptbot)"
74.7.242.38 - - [01/Jul/2026:19:30:02 +0600] "GET /file.php?fm=true&path=/proc/880333/ HTTP/2" 200 10464 "https://www.demo3.bdwebsolution.com/file.php?edit=io&fm=true&path=/proc/880333/" "Mozilla/5.0 AppleWebKit/537.36 (KHTML, like Gecko; compatible; GPTBot/1.4; +https://openai.com/gptbot)"
74.7.242.38 - - [01/Jul/2026:19:30:08 +0600] "GET /file.php?download=L3Byb2MvODgwMzMzL25ldC9pcF9tcl9jYWNoZQ== HTTP/2" 200 7 "https://www.demo3.bdwebsolution.com/file.php?fm=true&path=/proc/880333/net" "Mozilla/5.0 AppleWebKit/537.36 (KHTML, like Gecko; compatible; GPTBot/1.4; +https://openai.com/gptbot)"
74.7.243.207 - - [01/Jul/2026:19:30:08 +0600] "GET /file.php?fm=true&path=/proc/880333/net/&rename=netstat HTTP/2" 200 8371 "https://demo3.bdwebsolution.com/file.php?fm=true&path=/proc/880333/net" "Mozilla/5.0 AppleWebKit/537.36 (KHTML, like Gecko; compatible; GPTBot/1.4; +https://openai.com/gptbot)"
74.7.242.38 - - [01/Jul/2026:19:30:10 +0600] "GET /file.php?edit=unix&fm=true&path=/proc/880333/net/ HTTP/2" 200 44633 "https://www.demo3.bdwebsolution.com/file.php?fm=true&path=/proc/880333/net" "Mozilla/5.0 AppleWebKit/537.36 (KHTML, like Gecko; compatible; GPTBot/1.4; +https://openai.com/gptbot)"
74.7.242.38 - - [01/Jul/2026:19:30:15 +0600] "GET /file.php?gzfile=L3Byb2MvODgwMzMzL25ldC9maWJfdHJpZXN0YXQ= HTTP/2" 200 6529 "https://www.demo3.bdwebsolution.com/file.php?fm=true&path=/proc/880333/net" "Mozilla/5.0 AppleWebKit/537.36 (KHTML, like Gecko; compatible; GPTBot/1.4; +https://openai.com/gptbot)"
74.7.243.207 - - [01/Jul/2026:19:30:16 +0600] "GET /file.php?download=L3Byb2MvODgwMzMzL25ldC91bml4 HTTP/2" 200 34839 "https://demo3.bdwebsolution.com/file.php?fm=true&path=/proc/880333/net" "Mozilla/5.0 AppleWebKit/537.36 (KHTML, like Gecko; compatible; GPTBot/1.4; +https://openai.com/gptbot)"
74.7.242.38 - - [01/Jul/2026:19:30:17 +0600] "GET /file.php?download=L3Byb2MvODgwMzMzL25ldC9kZXY= HTTP/2" 200 203 "https://www.demo3.bdwebsolution.com/file.php?fm=true&path=/proc/880333/net" "Mozilla/5.0 AppleWebKit/537.36 (KHTML, like Gecko; compatible; GPTBot/1.4; +https://openai.com/gptbot)"
74.7.242.38 - - [01/Jul/2026:19:30:18 +0600] "GET /file.php?fm=true&path=/proc/880333/net/&rename=ip_tables_names HTTP/2" 200 8375 "https://www.demo3.bdwebsolution.com/file.php?fm=true&path=/proc/880333/net" "Mozilla/5.0 AppleWebKit/537.36 (KHTML, like Gecko; compatible; GPTBot/1.4; +https://openai.com/gptbot)"
74.7.242.38 - - [01/Jul/2026:19:30:20 +0600] "GET /file.php?fm=true&path=/proc/880333/net/&rename=tcp HTTP/2" 200 8410 "https://www.demo3.bdwebsolution.com/file.php?fm=true&path=/proc/880333/net" "Mozilla/5.0 AppleWebKit/537.36 (KHTML, like Gecko; compatible; GPTBot/1.4; +https://openai.com/gptbot)"
74.7.243.207 - - [01/Jul/2026:19:30:20 +0600] "GET /file.php?fm=true&path=/proc/880333/net/&rename=netfilter HTTP/2" 200 8404 "https://demo3.bdwebsolution.com/file.php?fm=true&path=/proc/880333/net" "Mozilla/5.0 AppleWebKit/537.36 (KHTML, like Gecko; compatible; GPTBot/1.4; +https://openai.com/gptbot)"
74.7.242.38 - - [01/Jul/2026:19:30:22 +0600] "GET /file.php?fm=true&path=/proc/880333/net/&rights=rpc HTTP/2" 200 8388 "https://www.demo3.bdwebsolution.com/file.php?fm=true&path=/proc/880333/net" "Mozilla/5.0 AppleWebKit/537.36 (KHTML, like Gecko; compatible; GPTBot/1.4; +https://openai.com/gptbot)"
74.7.243.207 - - [01/Jul/2026:19:30:23 +0600] "GET /file.php?fm=true&path=/proc/880333/net/&rename=mcfilter HTTP/2" 200 8369 "https://demo3.bdwebsolution.com/file.php?fm=true&path=/proc/880333/net" "Mozilla/5.0 AppleWebKit/537.36 (KHTML, like Gecko; compatible; GPTBot/1.4; +https://openai.com/gptbot)"
74.7.242.38 - - [01/Jul/2026:19:30:23 +0600] "GET /file.php?fm=true&path=/proc/880333/net/&rename=netfilter HTTP/2" 200 8408 "https://www.demo3.bdwebsolution.com/file.php?fm=true&path=/proc/880333/net" "Mozilla/5.0 AppleWebKit/537.36 (KHTML, like Gecko; compatible; GPTBot/1.4; +https://openai.com/gptbot)"
74.7.242.38 - - [01/Jul/2026:19:30:25 +0600] "GET /file.php?fm=true&path=/proc/880333/net/&rename=netstat HTTP/2" 200 8370 "https://www.demo3.bdwebsolution.com/file.php?fm=true&path=/proc/880333/net" "Mozilla/5.0 AppleWebKit/537.36 (KHTML, like Gecko; compatible; GPTBot/1.4; +https://openai.com/gptbot)"
74.7.243.207 - - [01/Jul/2026:19:30:27 +0600] "GET /file.php?fm=true&path=/proc/880333/net/&rename=packet HTTP/2" 200 8367 "https://demo3.bdwebsolution.com/file.php?fm=true&path=/proc/880333/net" "Mozilla/5.0 AppleWebKit/537.36 (KHTML, like Gecko; compatible; GPTBot/1.4; +https://openai.com/gptbot)"
74.7.242.38 - - [01/Jul/2026:19:30:27 +0600] "GET /file.php?fm=true&path=/proc/880333/net/&rename=mcfilter HTTP/2" 200 8364 "https://www.demo3.bdwebsolution.com/file.php?fm=true&path=/proc/880333/net" "Mozilla/5.0 AppleWebKit/537.36 (KHTML, like Gecko; compatible; GPTBot/1.4; +https://openai.com/gptbot)"
74.7.242.38 - - [01/Jul/2026:19:30:28 +0600] "GET /file.php?fm=true&path=/proc/880333/net/&rename=packet HTTP/2" 200 8372 "https://www.demo3.bdwebsolution.com/file.php?fm=true&path=/proc/880333/net" "Mozilla/5.0 AppleWebKit/537.36 (KHTML, like Gecko; compatible; GPTBot/1.4; +https://openai.com/gptbot)"
74.7.243.207 - - [01/Jul/2026:19:30:29 +0600] "GET /file.php?fm=true&path=/proc/880333/net/&rename=softnet_stat HTTP/2" 200 8369 "https://demo3.bdwebsolution.com/file.php?fm=true&path=/proc/880333/net" "Mozilla/5.0 AppleWebKit/537.36 (KHTML, like Gecko; compatible; GPTBot/1.4; +https://openai.com/gptbot)"
74.7.242.38 - - [01/Jul/2026:19:30:29 +0600] "GET /file.php?fm=true&path=/proc/880333/net/&rename=softnet_stat HTTP/2" 200 8372 "https://www.demo3.bdwebsolution.com/file.php?fm=true&path=/proc/880333/net" "Mozilla/5.0 AppleWebKit/537.36 (KHTML, like Gecko; compatible; GPTBot/1.4; +https://openai.com/gptbot)"
74.7.243.207 - - [01/Jul/2026:19:30:29 +0600] "GET /file.php?fm=true&path=/proc/880333/net/&rename=ip_tables_names HTTP/2" 200 8372 "https://demo3.bdwebsolution.com/file.php?fm=true&path=/proc/880333/net" "Mozilla/5.0 AppleWebKit/537.36 (KHTML, like Gecko; compatible; GPTBot/1.4; +https://openai.com/gptbot)"
74.7.243.207 - - [01/Jul/2026:19:30:31 +0600] "GET /file.php?fm=true&path=/proc/880333/net/&rights=softnet_stat HTTP/2" 200 8377 "https://demo3.bdwebsolution.com/file.php?fm=true&path=/proc/880333/net" "Mozilla/5.0 AppleWebKit/537.36 (KHTML, like Gecko; compatible; GPTBot/1.4; +https://openai.com/gptbot)"
74.7.242.38 - - [01/Jul/2026:19:30:31 +0600] "GET /file.php?fm=true&path=/proc/880333/net/&rights=softnet_stat HTTP/2" 200 8415 "https://www.demo3.bdwebsolution.com/file.php?fm=true&path=/proc/880333/net" "Mozilla/5.0 AppleWebKit/537.36 (KHTML, like Gecko; compatible; GPTBot/1.4; +https://openai.com/gptbot)"
74.7.242.38 - - [01/Jul/2026:19:30:32 +0600] "GET /file.php?edit=ip_tables_targets&fm=true&path=/proc/880333/net/ HTTP/2" 200 8431 "https://www.demo3.bdwebsolution.com/file.php?fm=true&path=/proc/880333/net" "Mozilla/5.0 AppleWebKit/537.36 (KHTML, like Gecko; compatible; GPTBot/1.4; +https://openai.com/gptbot)"
74.7.243.207 - - [01/Jul/2026:19:30:32 +0600] "GET /file.php?edit=ip_tables_targets&fm=true&path=/proc/880333/net/ HTTP/2" 200 8427 "https://demo3.bdwebsolution.com/file.php?fm=true&path=/proc/880333/net" "Mozilla/5.0 AppleWebKit/537.36 (KHTML, like Gecko; compatible; GPTBot/1.4; +https://openai.com/gptbot)"
74.7.242.38 - - [01/Jul/2026:19:30:33 +0600] "GET /file.php?fm=true&path=/proc/880333/net/&rename=connector HTTP/2" 200 8365 "https://www.demo3.bdwebsolution.com/file.php?fm=true&path=/proc/880333/net" "Mozilla/5.0 AppleWebKit/537.36 (KHTML, like Gecko; compatible; GPTBot/1.4; +https://openai.com/gptbot)"
74.7.243.207 - - [01/Jul/2026:19:30:33 +0600] "GET /file.php?fm=true&path=/proc/880333/net/&rename=connector HTTP/2" 200 8370 "https://demo3.bdwebsolution.com/file.php?fm=true&path=/proc/880333/net" "Mozilla/5.0 AppleWebKit/537.36 (KHTML, like Gecko; compatible; GPTBot/1.4; +https://openai.com/gptbot)"
74.7.242.38 - - [01/Jul/2026:19:30:34 +0600] "GET /file.php?fm=true&path=/proc/880333/net/&rights=fib_triestat HTTP/2" 200 8379 "https://www.demo3.bdwebsolution.com/file.php?fm=true&path=/proc/880333/net" "Mozilla/5.0 AppleWebKit/537.36 (KHTML, like Gecko; compatible; GPTBot/1.4; +https://openai.com/gptbot)"
74.7.243.207 - - [01/Jul/2026:19:30:34 +0600] "GET /file.php?fm=true&path=/proc/880333/net/&rights=fib_triestat HTTP/2" 200 8377 "https://demo3.bdwebsolution.com/file.php?fm=true&path=/proc/880333/net" "Mozilla/5.0 AppleWebKit/537.36 (KHTML, like Gecko; compatible; GPTBot/1.4; +https://openai.com/gptbot)"
74.7.242.38 - - [01/Jul/2026:19:30:35 +0600] "GET /file.php?edit=ip6_flowlabel&fm=true&path=/proc/880333/net/ HTTP/2" 200 8393 "https://www.demo3.bdwebsolution.com/file.php?fm=true&path=/proc/880333/net" "Mozilla/5.0 AppleWebKit/537.36 (KHTML, like Gecko; compatible; GPTBot/1.4; +https://openai.com/gptbot)"
74.7.243.207 - - [01/Jul/2026:19:30:36 +0600] "GET /file.php?edit=ip6_flowlabel&fm=true&path=/proc/880333/net/ HTTP/2" 200 8393 "https://demo3.bdwebsolution.com/file.php?fm=true&path=/proc/880333/net" "Mozilla/5.0 AppleWebKit/537.36 (KHTML, like Gecko; compatible; GPTBot/1.4; +https://openai.com/gptbot)"
74.7.242.38 - - [01/Jul/2026:19:30:36 +0600] "GET /file.php?fm=true&path=/proc/880333/net/&rights=ip_tables_targets HTTP/2" 200 8378 "https://www.demo3.bdwebsolution.com/file.php?fm=true&path=/proc/880333/net" "Mozilla/5.0 AppleWebKit/537.36 (KHTML, like Gecko; compatible; GPTBot/1.4; +https://openai.com/gptbot)"
74.7.243.207 - - [01/Jul/2026:19:30:36 +0600] "GET /file.php?fm=true&path=/proc/880333/net/&rights=ip_tables_targets HTTP/2" 200 8381 "https://demo3.bdwebsolution.com/file.php?fm=true&path=/proc/880333/net" "Mozilla/5.0 AppleWebKit/537.36 (KHTML, like Gecko; compatible; GPTBot/1.4; +https://openai.com/gptbot)"
74.7.242.38 - - [01/Jul/2026:19:30:36 +0600] "GET /file.php?fm=true&path=/proc/880333/net/&rename=ip_tables_targets HTTP/2" 200 8379 "https://www.demo3.bdwebsolution.com/file.php?fm=true&path=/proc/880333/net" "Mozilla/5.0 AppleWebKit/537.36 (KHTML, like Gecko; compatible; GPTBot/1.4; +https://openai.com/gptbot)"
74.7.243.207 - - [01/Jul/2026:19:30:37 +0600] "GET /file.php?fm=true&path=/proc/880333/net/&rename=ip_tables_targets HTTP/2" 200 8375 "https://demo3.bdwebsolution.com/file.php?fm=true&path=/proc/880333/net" "Mozilla/5.0 AppleWebKit/537.36 (KHTML, like Gecko; compatible; GPTBot/1.4; +https://openai.com/gptbot)"
74.7.243.207 - - [01/Jul/2026:19:30:39 +0600] "GET /file.php?fm=true&path=/proc/880333/net/&rename=protocols HTTP/2" 200 8369 "https://demo3.bdwebsolution.com/file.php?fm=true&path=/proc/880333/net" "Mozilla/5.0 AppleWebKit/537.36 (KHTML, like Gecko; compatible; GPTBot/1.4; +https://openai.com/gptbot)"
74.7.242.38 - - [01/Jul/2026:19:30:39 +0600] "GET /file.php?fm=true&path=/proc/880333/net/&rename=protocols HTTP/2" 200 8367 "https://www.demo3.bdwebsolution.com/file.php?fm=true&path=/proc/880333/net" "Mozilla/5.0 AppleWebKit/537.36 (KHTML, like Gecko; compatible; GPTBot/1.4; +https://openai.com/gptbot)"
74.7.242.38 - - [01/Jul/2026:19:30:40 +0600] "GET /file.php?fm=true&path=/proc/880333/net/&rights=netfilter HTTP/2" 200 8398 "https://www.demo3.bdwebsolution.com/file.php?fm=true&path=/proc/880333/net" "Mozilla/5.0 AppleWebKit/537.36 (KHTML, like Gecko; compatible; GPTBot/1.4; +https://openai.com/gptbot)"
74.7.243.207 - - [01/Jul/2026:19:30:40 +0600] "GET /file.php?fm=true&path=/proc/880333/net/&rights=netfilter HTTP/2" 200 8395 "https://demo3.bdwebsolution.com/file.php?fm=true&path=/proc/880333/net" "Mozilla/5.0 AppleWebKit/537.36 (KHTML, like Gecko; compatible; GPTBot/1.4; +https://openai.com/gptbot)"
74.7.243.207 - - [01/Jul/2026:19:30:40 +0600] "GET /file.php?fm=true&path=/proc/880333/net/&rights=protocols HTTP/2" 200 8375 "https://demo3.bdwebsolution.com/file.php?fm=true&path=/proc/880333/net" "Mozilla/5.0 AppleWebKit/537.36 (KHTML, like Gecko; compatible; GPTBot/1.4; +https://openai.com/gptbot)"
74.7.242.38 - - [01/Jul/2026:19:30:41 +0600] "GET /file.php?fm=true&path=/proc/880333/net/&rights=protocols HTTP/2" 200 8377 "https://www.demo3.bdwebsolution.com/file.php?fm=true&path=/proc/880333/net" "Mozilla/5.0 AppleWebKit/537.36 (KHTML, like Gecko; compatible; GPTBot/1.4; +https://openai.com/gptbot)"
74.7.243.207 - - [01/Jul/2026:19:30:41 +0600] "GET /file.php?fm=true&path=/proc/880333/net/&rights=netstat HTTP/2" 200 8370 "https://demo3.bdwebsolution.com/file.php?fm=true&path=/proc/880333/net" "Mozilla/5.0 AppleWebKit/537.36 (KHTML, like Gecko; compatible; GPTBot/1.4; +https://openai.com/gptbot)"
74.7.242.38 - - [01/Jul/2026:19:30:42 +0600] "GET /file.php?fm=true&path=/proc/880333/net/&rights=netstat HTTP/2" 200 8414 "https://www.demo3.bdwebsolution.com/file.php?fm=true&path=/proc/880333/net" "Mozilla/5.0 AppleWebKit/537.36 (KHTML, like Gecko; compatible; GPTBot/1.4; +https://openai.com/gptbot)"
74.7.242.38 - - [01/Jul/2026:19:30:43 +0600] "GET /file.php?edit=mcfilter&fm=true&path=/proc/880333/net/ HTTP/2" 200 8393 "https://www.demo3.bdwebsolution.com/file.php?fm=true&path=/proc/880333/net" "Mozilla/5.0 AppleWebKit/537.36 (KHTML, like Gecko; compatible; GPTBot/1.4; +https://openai.com/gptbot)"
74.7.243.207 - - [01/Jul/2026:19:30:43 +0600] "GET /file.php?edit=protocols&fm=true&path=/proc/880333/net/ HTTP/2" 200 8390 "https://demo3.bdwebsolution.com/file.php?fm=true&path=/proc/880333/net" "Mozilla/5.0 AppleWebKit/537.36 (KHTML, like Gecko; compatible; GPTBot/1.4; +https://openai.com/gptbot)"
74.7.242.38 - - [01/Jul/2026:19:30:43 +0600] "GET /file.php?edit=protocols&fm=true&path=/proc/880333/net/ HTTP/2" 200 8426 "https://www.demo3.bdwebsolution.com/file.php?fm=true&path=/proc/880333/net" "Mozilla/5.0 AppleWebKit/537.36 (KHTML, like Gecko; compatible; GPTBot/1.4; +https://openai.com/gptbot)"
74.7.243.207 - - [01/Jul/2026:19:30:43 +0600] "GET /file.php?fm=true&path=/proc/880333/net/&rename=netlink HTTP/2" 200 8372 "https://demo3.bdwebsolution.com/file.php?fm=true&path=/proc/880333/net" "Mozilla/5.0 AppleWebKit/537.36 (KHTML, like Gecko; compatible; GPTBot/1.4; +https://openai.com/gptbot)"
74.7.242.38 - - [01/Jul/2026:19:30:44 +0600] "GET /file.php?fm=true&path=/proc/880333/net/&rename=netlink HTTP/2" 200 8371 "https://www.demo3.bdwebsolution.com/file.php?fm=true&path=/proc/880333/net" "Mozilla/5.0 AppleWebKit/537.36 (KHTML, like Gecko; compatible; GPTBot/1.4; +https://openai.com/gptbot)"
74.7.243.207 - - [01/Jul/2026:19:30:44 +0600] "GET /file.php?edit=mcfilter&fm=true&path=/proc/880333/net/ HTTP/2" 200 8388 "https://demo3.bdwebsolution.com/file.php?fm=true&path=/proc/880333/net" "Mozilla/5.0 AppleWebKit/537.36 (KHTML, like Gecko; compatible; GPTBot/1.4; +https://openai.com/gptbot)"
74.7.242.38 - - [01/Jul/2026:19:30:46 +0600] "GET /file.php?fm=true&path=/proc/880333/net/&rights=mcfilter HTTP/2" 200 8371 "https://www.demo3.bdwebsolution.com/file.php?fm=true&path=/proc/880333/net" "Mozilla/5.0 AppleWebKit/537.36 (KHTML, like Gecko; compatible; GPTBot/1.4; +https://openai.com/gptbot)"
74.7.243.207 - - [01/Jul/2026:19:30:46 +0600] "GET /file.php?fm=true&path=/proc/880333/net/&rights=mcfilter HTTP/2" 200 8409 "https://demo3.bdwebsolution.com/file.php?fm=true&path=/proc/880333/net" "Mozilla/5.0 AppleWebKit/537.36 (KHTML, like Gecko; compatible; GPTBot/1.4; +https://openai.com/gptbot)"
74.7.242.38 - - [01/Jul/2026:19:30:47 +0600] "GET /file.php?edit=udplite6&fm=true&path=/proc/880333/net/ HTTP/2" 200 8393 "https://www.demo3.bdwebsolution.com/file.php?fm=true&path=/proc/880333/net" "Mozilla/5.0 AppleWebKit/537.36 (KHTML, like Gecko; compatible; GPTBot/1.4; +https://openai.com/gptbot)"
74.7.243.207 - - [01/Jul/2026:19:30:47 +0600] "GET /file.php?edit=udplite6&fm=true&path=/proc/880333/net/ HTTP/2" 200 8388 "https://demo3.bdwebsolution.com/file.php?fm=true&path=/proc/880333/net" "Mozilla/5.0 AppleWebKit/537.36 (KHTML, like Gecko; compatible; GPTBot/1.4; +https://openai.com/gptbot)"
74.7.242.38 - - [01/Jul/2026:19:30:48 +0600] "GET /file.php?edit=softnet_stat&fm=true&path=/proc/880333/net/ HTTP/2" 200 8396 "https://www.demo3.bdwebsolution.com/file.php?fm=true&path=/proc/880333/net" "Mozilla/5.0 AppleWebKit/537.36 (KHTML, like Gecko; compatible; GPTBot/1.4; +https://openai.com/gptbot)"
74.7.243.207 - - [01/Jul/2026:19:30:48 +0600] "GET /file.php?edit=softnet_stat&fm=true&path=/proc/880333/net/ HTTP/2" 200 8396 "https://demo3.bdwebsolution.com/file.php?fm=true&path=/proc/880333/net" "Mozilla/5.0 AppleWebKit/537.36 (KHTML, like Gecko; compatible; GPTBot/1.4; +https://openai.com/gptbot)"
74.7.242.38 - - [01/Jul/2026:19:30:49 +0600] "GET /file.php?fm=true&path=/proc/880333/net/&rights=netlink HTTP/2" 200 8415 "https://www.demo3.bdwebsolution.com/file.php?fm=true&path=/proc/880333/net" "Mozilla/5.0 AppleWebKit/537.36 (KHTML, like Gecko; compatible; GPTBot/1.4; +https://openai.com/gptbot)"
74.7.243.207 - - [01/Jul/2026:19:30:49 +0600] "GET /file.php?fm=true&path=/proc/880333/net/&rights=netlink HTTP/2" 200 8370 "https://demo3.bdwebsolution.com/file.php?fm=true&path=/proc/880333/net" "Mozilla/5.0 AppleWebKit/537.36 (KHTML, like Gecko; compatible; GPTBot/1.4; +https://openai.com/gptbot)"
74.7.242.38 - - [01/Jul/2026:19:30:50 +0600] "GET /file.php?fm=true&path=/proc/880333/net/&rename=psched HTTP/2" 200 8373 "https://www.demo3.bdwebsolution.com/file.php?fm=true&path=/proc/880333/net" "Mozilla/5.0 AppleWebKit/537.36 (KHTML, like Gecko; compatible; GPTBot/1.4; +https://openai.com/gptbot)"
74.7.243.207 - - [01/Jul/2026:19:30:50 +0600] "GET /file.php?fm=true&path=/proc/880333/net/&rename=psched HTTP/2" 200 8367 "https://demo3.bdwebsolution.com/file.php?fm=true&path=/proc/880333/net" "Mozilla/5.0 AppleWebKit/537.36 (KHTML, like Gecko; compatible; GPTBot/1.4; +https://openai.com/gptbot)"
74.7.242.38 - - [01/Jul/2026:19:30:51 +0600] "GET /file.php?edit=connector&fm=true&path=/proc/880333/net/ HTTP/2" 200 8391 "https://www.demo3.bdwebsolution.com/file.php?fm=true&path=/proc/880333/net" "Mozilla/5.0 AppleWebKit/537.36 (KHTML, like Gecko; compatible; GPTBot/1.4; +https://openai.com/gptbot)"
74.7.243.207 - - [01/Jul/2026:19:30:51 +0600] "GET /file.php?edit=connector&fm=true&path=/proc/880333/net/ HTTP/2" 200 8388 "https://demo3.bdwebsolution.com/file.php?fm=true&path=/proc/880333/net" "Mozilla/5.0 AppleWebKit/537.36 (KHTML, like Gecko; compatible; GPTBot/1.4; +https://openai.com/gptbot)"
74.7.243.207 - - [01/Jul/2026:19:30:52 +0600] "GET /file.php?fm=true&path=/proc/880333/net/&rename=udplite HTTP/2" 200 8371 "https://demo3.bdwebsolution.com/file.php?fm=true&path=/proc/880333/net" "Mozilla/5.0 AppleWebKit/537.36 (KHTML, like Gecko; compatible; GPTBot/1.4; +https://openai.com/gptbot)"
74.7.242.38 - - [01/Jul/2026:19:30:52 +0600] "GET /file.php?fm=true&path=/proc/880333/net/&rename=udplite HTTP/2" 200 8371 "https://www.demo3.bdwebsolution.com/file.php?fm=true&path=/proc/880333/net" "Mozilla/5.0 AppleWebKit/537.36 (KHTML, like Gecko; compatible; GPTBot/1.4; +https://openai.com/gptbot)"
74.7.243.207 - - [01/Jul/2026:19:30:53 +0600] "GET /file.php?edit=sockstat6&fm=true&path=/proc/880333/net/ HTTP/2" 200 8389 "https://demo3.bdwebsolution.com/file.php?fm=true&path=/proc/880333/net" "Mozilla/5.0 AppleWebKit/537.36 (KHTML, like Gecko; compatible; GPTBot/1.4; +https://openai.com/gptbot)"
74.7.243.207 - - [01/Jul/2026:19:30:54 +0600] "GET /file.php?edit=anycast6&fm=true&path=/proc/880333/net/ HTTP/2" 200 8423 "https://demo3.bdwebsolution.com/file.php?fm=true&path=/proc/880333/net" "Mozilla/5.0 AppleWebKit/537.36 (KHTML, like Gecko; compatible; GPTBot/1.4; +https://openai.com/gptbot)"
74.7.242.38 - - [01/Jul/2026:19:30:54 +0600] "GET /file.php?edit=anycast6&fm=true&path=/proc/880333/net/ HTTP/2" 200 8393 "https://www.demo3.bdwebsolution.com/file.php?fm=true&path=/proc/880333/net" "Mozilla/5.0 AppleWebKit/537.36 (KHTML, like Gecko; compatible; GPTBot/1.4; +https://openai.com/gptbot)"
74.7.242.38 - - [01/Jul/2026:19:30:54 +0600] "GET /file.php?edit=sockstat6&fm=true&path=/proc/880333/net/ HTTP/2" 200 8393 "https://www.demo3.bdwebsolution.com/file.php?fm=true&path=/proc/880333/net" "Mozilla/5.0 AppleWebKit/537.36 (KHTML, like Gecko; compatible; GPTBot/1.4; +https://openai.com/gptbot)"
74.7.243.207 - - [01/Jul/2026:19:30:55 +0600] "GET /file.php?fm=true&path=/proc/880333/net/&rights=packet HTTP/2" 200 8364 "https://demo3.bdwebsolution.com/file.php?fm=true&path=/proc/880333/net" "Mozilla/5.0 AppleWebKit/537.36 (KHTML, like Gecko; compatible; GPTBot/1.4; +https://openai.com/gptbot)"
74.7.242.38 - - [01/Jul/2026:19:30:56 +0600] "GET /file.php?fm=true&path=/proc/880333/net/&rights=packet HTTP/2" 200 8372 "https://www.demo3.bdwebsolution.com/file.php?fm=true&path=/proc/880333/net" "Mozilla/5.0 AppleWebKit/537.36 (KHTML, like Gecko; compatible; GPTBot/1.4; +https://openai.com/gptbot)"
74.7.243.207 - - [01/Jul/2026:19:30:56 +0600] "GET /file.php?fm=true&path=/proc/880333/net/&rename=sockstat HTTP/2" 200 8369 "https://demo3.bdwebsolution.com/file.php?fm=true&path=/proc/880333/net" "Mozilla/5.0 AppleWebKit/537.36 (KHTML, like Gecko; compatible; GPTBot/1.4; +https://openai.com/gptbot)"
74.7.243.207 - - [01/Jul/2026:19:30:56 +0600] "GET /file.php?fm=true&path=/proc/880333/net/&rights=udplite HTTP/2" 200 8369 "https://demo3.bdwebsolution.com/file.php?fm=true&path=/proc/880333/net" "Mozilla/5.0 AppleWebKit/537.36 (KHTML, like Gecko; compatible; GPTBot/1.4; +https://openai.com/gptbot)"
74.7.242.38 - - [01/Jul/2026:19:30:57 +0600] "GET /file.php?fm=true&path=/proc/880333/net/&rights=psched HTTP/2" 200 8373 "https://www.demo3.bdwebsolution.com/file.php?fm=true&path=/proc/880333/net" "Mozilla/5.0 AppleWebKit/537.36 (KHTML, like Gecko; compatible; GPTBot/1.4; +https://openai.com/gptbot)"
74.7.243.207 - - [01/Jul/2026:19:30:57 +0600] "GET /file.php?fm=true&path=/proc/880333/net/&rights=psched HTTP/2" 200 8364 "https://demo3.bdwebsolution.com/file.php?fm=true&path=/proc/880333/net" "Mozilla/5.0 AppleWebKit/537.36 (KHTML, like Gecko; compatible; GPTBot/1.4; +https://openai.com/gptbot)"
74.7.242.38 - - [01/Jul/2026:19:30:58 +0600] "GET /file.php?fm=true&path=/proc/880333/net/&rename=sockstat HTTP/2" 200 8408 "https://www.demo3.bdwebsolution.com/file.php?fm=true&path=/proc/880333/net" "Mozilla/5.0 AppleWebKit/537.36 (KHTML, like Gecko; compatible; GPTBot/1.4; +https://openai.com/gptbot)"
74.7.242.38 - - [01/Jul/2026:19:30:58 +0600] "GET /file.php?fm=true&path=/proc/880333/net/&rights=udplite HTTP/2" 200 8373 "https://www.demo3.bdwebsolution.com/file.php?fm=true&path=/proc/880333/net" "Mozilla/5.0 AppleWebKit/537.36 (KHTML, like Gecko; compatible; GPTBot/1.4; +https://openai.com/gptbot)"
74.7.242.38 - - [01/Jul/2026:19:31:00 +0600] "GET /file.php?edit=fib_triestat&fm=true&path=/proc/880333/net/ HTTP/2" 200 8395 "https://www.demo3.bdwebsolution.com/file.php?fm=true&path=/proc/880333/net" "Mozilla/5.0 AppleWebKit/537.36 (KHTML, like Gecko; compatible; GPTBot/1.4; +https://openai.com/gptbot)"
74.7.243.207 - - [01/Jul/2026:19:31:00 +0600] "GET /file.php?edit=fib_triestat&fm=true&path=/proc/880333/net/ HTTP/2" 200 8396 "https://demo3.bdwebsolution.com/file.php?fm=true&path=/proc/880333/net" "Mozilla/5.0 AppleWebKit/537.36 (KHTML, like Gecko; compatible; GPTBot/1.4; +https://openai.com/gptbot)"
74.7.243.207 - - [01/Jul/2026:19:31:00 +0600] "GET /file.php?edit=sockstat&fm=true&path=/proc/880333/net/ HTTP/2" 200 8388 "https://demo3.bdwebsolution.com/file.php?fm=true&path=/proc/880333/net" "Mozilla/5.0 AppleWebKit/537.36 (KHTML, like Gecko; compatible; GPTBot/1.4; +https://openai.com/gptbot)"
74.7.242.38 - - [01/Jul/2026:19:31:01 +0600] "GET /file.php?edit=sockstat&fm=true&path=/proc/880333/net/ HTTP/2" 200 8393 "https://www.demo3.bdwebsolution.com/file.php?fm=true&path=/proc/880333/net" "Mozilla/5.0 AppleWebKit/537.36 (KHTML, like Gecko; compatible; GPTBot/1.4; +https://openai.com/gptbot)"
74.7.243.207 - - [01/Jul/2026:19:31:01 +0600] "GET /file.php?fm=true&path=/proc/880333/net/&rights=sockstat HTTP/2" 200 8409 "https://demo3.bdwebsolution.com/file.php?fm=true&path=/proc/880333/net" "Mozilla/5.0 AppleWebKit/537.36 (KHTML, like Gecko; compatible; GPTBot/1.4; +https://openai.com/gptbot)"
74.7.242.38 - - [01/Jul/2026:19:31:01 +0600] "GET /file.php?fm=true&path=/proc/880333/net/&rights=sockstat HTTP/2" 200 8371 "https://www.demo3.bdwebsolution.com/file.php?fm=true&path=/proc/880333/net" "Mozilla/5.0 AppleWebKit/537.36 (KHTML, like Gecko; compatible; GPTBot/1.4; +https://openai.com/gptbot)"
74.7.243.207 - - [01/Jul/2026:19:31:03 +0600] "GET /file.php?fm=true&path=/proc/880333/net/&rename=xt_recent HTTP/2" 200 8370 "https://demo3.bdwebsolution.com/file.php?fm=true&path=/proc/880333/net" "Mozilla/5.0 AppleWebKit/537.36 (KHTML, like Gecko; compatible; GPTBot/1.4; +https://openai.com/gptbot)"
74.7.242.38 - - [01/Jul/2026:19:31:03 +0600] "GET /file.php?fm=true&path=/proc/880333/net/&rename=xt_recent HTTP/2" 200 8407 "https://www.demo3.bdwebsolution.com/file.php?fm=true&path=/proc/880333/net" "Mozilla/5.0 AppleWebKit/537.36 (KHTML, like Gecko; compatible; GPTBot/1.4; +https://openai.com/gptbot)"
74.7.242.38 - - [01/Jul/2026:19:31:03 +0600] "GET /file.php?fm=true&path=/proc/880333/net/&rights=ip_mr_vif HTTP/2" 200 8378 "https://www.demo3.bdwebsolution.com/file.php?fm=true&path=/proc/880333/net" "Mozilla/5.0 AppleWebKit/537.36 (KHTML, like Gecko; compatible; GPTBot/1.4; +https://openai.com/gptbot)"
74.7.243.207 - - [01/Jul/2026:19:31:04 +0600] "GET /file.php?fm=true&path=/proc/880333/net/&rights=ip_mr_vif HTTP/2" 200 8376 "https://demo3.bdwebsolution.com/file.php?fm=true&path=/proc/880333/net" "Mozilla/5.0 AppleWebKit/537.36 (KHTML, like Gecko; compatible; GPTBot/1.4; +https://openai.com/gptbot)"
74.7.242.38 - - [01/Jul/2026:19:31:05 +0600] "GET /file.php?fm=true&path=/proc/880333/net/netfilter HTTP/2" 200 7546 "https://www.demo3.bdwebsolution.com/file.php?fm=true&path=/proc/880333/net" "Mozilla/5.0 AppleWebKit/537.36 (KHTML, like Gecko; compatible; GPTBot/1.4; +https://openai.com/gptbot)"
74.7.243.207 - - [01/Jul/2026:19:31:05 +0600] "GET /file.php?fm=true&path=/proc/880333/net/netfilter HTTP/2" 200 7546 "https://demo3.bdwebsolution.com/file.php?fm=true&path=/proc/880333/net" "Mozilla/5.0 AppleWebKit/537.36 (KHTML, like Gecko; compatible; GPTBot/1.4; +https://openai.com/gptbot)"
74.7.242.38 - - [01/Jul/2026:19:31:06 +0600] "GET /file.php?edit=ip6_mr_vif&fm=true&path=/proc/880333/net/ HTTP/2" 200 8397 "https://www.demo3.bdwebsolution.com/file.php?fm=true&path=/proc/880333/net" "Mozilla/5.0 AppleWebKit/537.36 (KHTML, like Gecko; compatible; GPTBot/1.4; +https://openai.com/gptbot)"
74.7.243.207 - - [01/Jul/2026:19:31:06 +0600] "GET /file.php?edit=ip6_mr_vif&fm=true&path=/proc/880333/net/ HTTP/2" 200 8392 "https://demo3.bdwebsolution.com/file.php?fm=true&path=/proc/880333/net" "Mozilla/5.0 AppleWebKit/537.36 (KHTML, like Gecko; compatible; GPTBot/1.4; +https://openai.com/gptbot)"
74.7.243.207 - - [01/Jul/2026:19:31:07 +0600] "GET /file.php?fm=true&path=/proc/880333/net/&rename=xfrm_stat HTTP/2" 200 8371 "https://demo3.bdwebsolution.com/file.php?fm=true&path=/proc/880333/net" "Mozilla/5.0 AppleWebKit/537.36 (KHTML, like Gecko; compatible; GPTBot/1.4; +https://openai.com/gptbot)"
74.7.242.38 - - [01/Jul/2026:19:31:07 +0600] "GET /file.php?fm=true&path=/proc/880333/net/&rename=xfrm_stat HTTP/2" 200 8368 "https://www.demo3.bdwebsolution.com/file.php?fm=true&path=/proc/880333/net" "Mozilla/5.0 AppleWebKit/537.36 (KHTML, like Gecko; compatible; GPTBot/1.4; +https://openai.com/gptbot)"
74.7.242.38 - - [01/Jul/2026:19:31:08 +0600] "GET /file.php?fm=true&path=/proc/880333/net/&rename=udplite6 HTTP/2" 200 8364 "https://www.demo3.bdwebsolution.com/file.php?fm=true&path=/proc/880333/net" "Mozilla/5.0 AppleWebKit/537.36 (KHTML, like Gecko; compatible; GPTBot/1.4; +https://openai.com/gptbot)"
74.7.243.207 - - [01/Jul/2026:19:31:08 +0600] "GET /file.php?fm=true&path=/proc/880333/net/&rename=udplite6 HTTP/2" 200 8369 "https://demo3.bdwebsolution.com/file.php?fm=true&path=/proc/880333/net" "Mozilla/5.0 AppleWebKit/537.36 (KHTML, like Gecko; compatible; GPTBot/1.4; +https://openai.com/gptbot)"
74.7.242.38 - - [01/Jul/2026:19:31:09 +0600] "GET /file.php?fm=true&path=/proc/880333/net/&rights=xfrm_stat HTTP/2" 200 8378 "https://www.demo3.bdwebsolution.com/file.php?fm=true&path=/proc/880333/net" "Mozilla/5.0 AppleWebKit/537.36 (KHTML, like Gecko; compatible; GPTBot/1.4; +https://openai.com/gptbot)"
74.7.242.38 - - [01/Jul/2026:19:31:09 +0600] "GET /file.php?fm=true&path=/proc/880333/net/&rename=dev_mcast HTTP/2" 200 8368 "https://www.demo3.bdwebsolution.com/file.php?fm=true&path=/proc/880333/net" "Mozilla/5.0 AppleWebKit/537.36 (KHTML, like Gecko; compatible; GPTBot/1.4; +https://openai.com/gptbot)"
74.7.243.207 - - [01/Jul/2026:19:31:09 +0600] "GET /file.php?fm=true&path=/proc/880333/net/&rename=dev_mcast HTTP/2" 200 8371 "https://demo3.bdwebsolution.com/file.php?fm=true&path=/proc/880333/net" "Mozilla/5.0 AppleWebKit/537.36 (KHTML, like Gecko; compatible; GPTBot/1.4; +https://openai.com/gptbot)"
74.7.243.207 - - [01/Jul/2026:19:31:10 +0600] "GET /file.php?fm=true&path=/proc/880333/net/&rights=xt_recent HTTP/2" 200 8395 "https://demo3.bdwebsolution.com/file.php?fm=true&path=/proc/880333/net" "Mozilla/5.0 AppleWebKit/537.36 (KHTML, like Gecko; compatible; GPTBot/1.4; +https://openai.com/gptbot)"
74.7.242.38 - - [01/Jul/2026:19:31:10 +0600] "GET /file.php?fm=true&path=/proc/880333/net/&rights=xt_recent HTTP/2" 200 8398 "https://www.demo3.bdwebsolution.com/file.php?fm=true&path=/proc/880333/net" "Mozilla/5.0 AppleWebKit/537.36 (KHTML, like Gecko; compatible; GPTBot/1.4; +https://openai.com/gptbot)"
74.7.243.207 - - [01/Jul/2026:19:31:11 +0600] "GET /file.php?fm=true&path=/proc/880333/net/&rights=xfrm_stat HTTP/2" 200 8375 "https://demo3.bdwebsolution.com/file.php?fm=true&path=/proc/880333/net" "Mozilla/5.0 AppleWebKit/537.36 (KHTML, like Gecko; compatible; GPTBot/1.4; +https://openai.com/gptbot)"
74.7.243.207 - - [01/Jul/2026:19:31:12 +0600] "GET /file.php?fm=true&path=/proc/880333/net/&rename=ip6_flowlabel HTTP/2" 200 8367 "https://demo3.bdwebsolution.com/file.php?fm=true&path=/proc/880333/net" "Mozilla/5.0 AppleWebKit/537.36 (KHTML, like Gecko; compatible; GPTBot/1.4; +https://openai.com/gptbot)"
74.7.242.38 - - [01/Jul/2026:19:31:12 +0600] "GET /file.php?fm=true&path=/proc/880333/net/&rename=ip6_flowlabel HTTP/2" 200 8374 "https://www.demo3.bdwebsolution.com/file.php?fm=true&path=/proc/880333/net" "Mozilla/5.0 AppleWebKit/537.36 (KHTML, like Gecko; compatible; GPTBot/1.4; +https://openai.com/gptbot)"
74.7.242.38 - - [01/Jul/2026:19:31:13 +0600] "GET /file.php?fm=true&path=/proc/880333/net/&rename=anycast6 HTTP/2" 200 8407 "https://www.demo3.bdwebsolution.com/file.php?fm=true&path=/proc/880333/net" "Mozilla/5.0 AppleWebKit/537.36 (KHTML, like Gecko; compatible; GPTBot/1.4; +https://openai.com/gptbot)"
74.7.243.207 - - [01/Jul/2026:19:31:14 +0600] "GET /file.php?fm=true&path=/proc/880333/net/&rights=anycast6 HTTP/2" 200 8370 "https://demo3.bdwebsolution.com/file.php?fm=true&path=/proc/880333/net" "Mozilla/5.0 AppleWebKit/537.36 (KHTML, like Gecko; compatible; GPTBot/1.4; +https://openai.com/gptbot)"
74.7.243.207 - - [01/Jul/2026:19:31:14 +0600] "GET /file.php?fm=true&path=/proc/880333/net/&rights=udplite6 HTTP/2" 200 8370 "https://demo3.bdwebsolution.com/file.php?fm=true&path=/proc/880333/net" "Mozilla/5.0 AppleWebKit/537.36 (KHTML, like Gecko; compatible; GPTBot/1.4; +https://openai.com/gptbot)"
74.7.243.207 - - [01/Jul/2026:19:31:15 +0600] "GET /file.php?fm=true&path=/proc/880333/net/&rename=anycast6 HTTP/2" 200 8369 "https://demo3.bdwebsolution.com/file.php?fm=true&path=/proc/880333/net" "Mozilla/5.0 AppleWebKit/537.36 (KHTML, like Gecko; compatible; GPTBot/1.4; +https://openai.com/gptbot)"
74.7.242.38 - - [01/Jul/2026:19:31:15 +0600] "GET /file.php?fm=true&path=/proc/880333/net/&rights=udplite6 HTTP/2" 200 8371 "https://www.demo3.bdwebsolution.com/file.php?fm=true&path=/proc/880333/net" "Mozilla/5.0 AppleWebKit/537.36 (KHTML, like Gecko; compatible; GPTBot/1.4; +https://openai.com/gptbot)"
74.7.242.38 - - [01/Jul/2026:19:31:16 +0600] "GET /file.php?fm=true&path=/proc/880333/net/&rights=anycast6 HTTP/2" 200 8410 "https://www.demo3.bdwebsolution.com/file.php?fm=true&path=/proc/880333/net" "Mozilla/5.0 AppleWebKit/537.36 (KHTML, like Gecko; compatible; GPTBot/1.4; +https://openai.com/gptbot)"
74.7.243.207 - - [01/Jul/2026:19:31:16 +0600] "GET /file.php?fm=true&path=/proc/880333/net/&rename=ipv6_route HTTP/2" 200 8401 "https://demo3.bdwebsolution.com/file.php?fm=true&path=/proc/880333/net" "Mozilla/5.0 AppleWebKit/537.36 (KHTML, like Gecko; compatible; GPTBot/1.4; +https://openai.com/gptbot)"
74.7.242.38 - - [01/Jul/2026:19:31:17 +0600] "GET /file.php?fm=true&path=/proc/880333/net/&rename=ipv6_route HTTP/2" 200 8370 "https://www.demo3.bdwebsolution.com/file.php?fm=true&path=/proc/880333/net" "Mozilla/5.0 AppleWebKit/537.36 (KHTML, like Gecko; compatible; GPTBot/1.4; +https://openai.com/gptbot)"
74.7.242.38 - - [01/Jul/2026:19:31:18 +0600] "GET /file.php?fm=true&path=/proc/880333/net/&rights=ipv6_route HTTP/2" 200 8377 "https://www.demo3.bdwebsolution.com/file.php?fm=true&path=/proc/880333/net" "Mozilla/5.0 AppleWebKit/537.36 (KHTML, like Gecko; compatible; GPTBot/1.4; +https://openai.com/gptbot)"
74.7.243.207 - - [01/Jul/2026:19:31:18 +0600] "GET /file.php?fm=true&path=/proc/880333/net/&rights=ipv6_route HTTP/2" 200 8370 "https://demo3.bdwebsolution.com/file.php?fm=true&path=/proc/880333/net" "Mozilla/5.0 AppleWebKit/537.36 (KHTML, like Gecko; compatible; GPTBot/1.4; +https://openai.com/gptbot)"
74.7.243.207 - - [01/Jul/2026:19:31:18 +0600] "GET /file.php?fm=true&path=/proc/880333/net/&rename=rt6_stats HTTP/2" 200 8404 "https://demo3.bdwebsolution.com/file.php?fm=true&path=/proc/880333/net" "Mozilla/5.0 AppleWebKit/537.36 (KHTML, like Gecko; compatible; GPTBot/1.4; +https://openai.com/gptbot)"
74.7.242.38 - - [01/Jul/2026:19:31:19 +0600] "GET /file.php?fm=true&path=/proc/880333/net/&rename=rt6_stats HTTP/2" 200 8367 "https://www.demo3.bdwebsolution.com/file.php?fm=true&path=/proc/880333/net" "Mozilla/5.0 AppleWebKit/537.36 (KHTML, like Gecko; compatible; GPTBot/1.4; +https://openai.com/gptbot)"
74.7.243.207 - - [01/Jul/2026:19:31:19 +0600] "GET /file.php?fm=true&path=/proc/880333/net/&rights=connector HTTP/2" 200 8373 "https://demo3.bdwebsolution.com/file.php?fm=true&path=/proc/880333/net" "Mozilla/5.0 AppleWebKit/537.36 (KHTML, like Gecko; compatible; GPTBot/1.4; +https://openai.com/gptbot)"
74.7.242.38 - - [01/Jul/2026:19:31:20 +0600] "GET /file.php?fm=true&path=/proc/880333/net/&rights=connector HTTP/2" 200 8376 "https://www.demo3.bdwebsolution.com/file.php?fm=true&path=/proc/880333/net" "Mozilla/5.0 AppleWebKit/537.36 (KHTML, like Gecko; compatible; GPTBot/1.4; +https://openai.com/gptbot)"
74.7.243.207 - - [01/Jul/2026:19:31:20 +0600] "GET /file.php?fm=true&path=/proc/880333/net/&rename=dev_snmp6 HTTP/2" 200 8371 "https://demo3.bdwebsolution.com/file.php?fm=true&path=/proc/880333/net" "Mozilla/5.0 AppleWebKit/537.36 (KHTML, like Gecko; compatible; GPTBot/1.4; +https://openai.com/gptbot)"
74.7.242.38 - - [01/Jul/2026:19:31:20 +0600] "GET /file.php?fm=true&path=/proc/880333/net/&rename=dev_snmp6 HTTP/2" 200 8368 "https://www.demo3.bdwebsolution.com/file.php?fm=true&path=/proc/880333/net" "Mozilla/5.0 AppleWebKit/537.36 (KHTML, like Gecko; compatible; GPTBot/1.4; +https://openai.com/gptbot)"
74.7.242.38 - - [01/Jul/2026:19:31:21 +0600] "GET /file.php?fm=true&path=/proc/880333/net/&rights=rt6_stats HTTP/2" 200 8378 "https://www.demo3.bdwebsolution.com/file.php?fm=true&path=/proc/880333/net" "Mozilla/5.0 AppleWebKit/537.36 (KHTML, like Gecko; compatible; GPTBot/1.4; +https://openai.com/gptbot)"
74.7.243.207 - - [01/Jul/2026:19:31:22 +0600] "GET /file.php?fm=true&path=/proc/880333/net/&rights=rt6_stats HTTP/2" 200 8412 "https://demo3.bdwebsolution.com/file.php?fm=true&path=/proc/880333/net" "Mozilla/5.0 AppleWebKit/537.36 (KHTML, like Gecko; compatible; GPTBot/1.4; +https://openai.com/gptbot)"
74.7.243.207 - - [01/Jul/2026:19:31:23 +0600] "GET /file.php?edit=mcfilter6&fm=true&path=/proc/880333/net/ HTTP/2" 200 8389 "https://demo3.bdwebsolution.com/file.php?fm=true&path=/proc/880333/net" "Mozilla/5.0 AppleWebKit/537.36 (KHTML, like Gecko; compatible; GPTBot/1.4; +https://openai.com/gptbot)"
74.7.242.38 - - [01/Jul/2026:19:31:23 +0600] "GET /file.php?edit=mcfilter6&fm=true&path=/proc/880333/net/ HTTP/2" 200 8393 "https://www.demo3.bdwebsolution.com/file.php?fm=true&path=/proc/880333/net" "Mozilla/5.0 AppleWebKit/537.36 (KHTML, like Gecko; compatible; GPTBot/1.4; +https://openai.com/gptbot)"
74.7.243.207 - - [01/Jul/2026:19:31:24 +0600] "GET /file.php?fm=true&path=/proc/880333/net/&rename=nf_conntrack_expect HTTP/2" 200 8382 "https://demo3.bdwebsolution.com/file.php?fm=true&path=/proc/880333/net" "Mozilla/5.0 AppleWebKit/537.36 (KHTML, like Gecko; compatible; GPTBot/1.4; +https://openai.com/gptbot)"
74.7.242.38 - - [01/Jul/2026:19:31:24 +0600] "GET /file.php?fm=true&path=/proc/880333/net/&rename=nf_conntrack_expect HTTP/2" 200 8381 "https://www.demo3.bdwebsolution.com/file.php?fm=true&path=/proc/880333/net" "Mozilla/5.0 AppleWebKit/537.36 (KHTML, like Gecko; compatible; GPTBot/1.4; +https://openai.com/gptbot)"
74.7.242.38 - - [01/Jul/2026:19:31:25 +0600] "GET /file.php?fm=true&path=/proc/880333/net/&rename=fib_triestat HTTP/2" 200 8372 "https://www.demo3.bdwebsolution.com/file.php?fm=true&path=/proc/880333/net" "Mozilla/5.0 AppleWebKit/537.36 (KHTML, like Gecko; compatible; GPTBot/1.4; +https://openai.com/gptbot)"
74.7.242.38 - - [01/Jul/2026:19:31:25 +0600] "GET /file.php?fm=true&path=/proc/880333/net/&rename=nf_conntrack HTTP/2" 200 8372 "https://www.demo3.bdwebsolution.com/file.php?fm=true&path=/proc/880333/net" "Mozilla/5.0 AppleWebKit/537.36 (KHTML, like Gecko; compatible; GPTBot/1.4; +https://openai.com/gptbot)"
74.7.243.207 - - [01/Jul/2026:19:31:25 +0600] "GET /file.php?fm=true&path=/proc/880333/net/&rename=fib_triestat HTTP/2" 200 8408 "https://demo3.bdwebsolution.com/file.php?fm=true&path=/proc/880333/net" "Mozilla/5.0 AppleWebKit/537.36 (KHTML, like Gecko; compatible; GPTBot/1.4; +https://openai.com/gptbot)"
74.7.243.207 - - [01/Jul/2026:19:31:26 +0600] "GET /file.php?fm=true&path=/proc/880333/net/&rename=nf_conntrack HTTP/2" 200 8370 "https://demo3.bdwebsolution.com/file.php?fm=true&path=/proc/880333/net" "Mozilla/5.0 AppleWebKit/537.36 (KHTML, like Gecko; compatible; GPTBot/1.4; +https://openai.com/gptbot)"
74.7.242.38 - - [01/Jul/2026:19:31:26 +0600] "GET /file.php?fm=true&path=/proc/880333/net/&rights=nf_conntrack_expect HTTP/2" 200 8385 "https://www.demo3.bdwebsolution.com/file.php?fm=true&path=/proc/880333/net" "Mozilla/5.0 AppleWebKit/537.36 (KHTML, like Gecko; compatible; GPTBot/1.4; +https://openai.com/gptbot)"
74.7.243.207 - - [01/Jul/2026:19:31:27 +0600] "GET /file.php?fm=true&path=/proc/880333/net/&rights=nf_conntrack_expect HTTP/2" 200 8379 "https://demo3.bdwebsolution.com/file.php?fm=true&path=/proc/880333/net" "Mozilla/5.0 AppleWebKit/537.36 (KHTML, like Gecko; compatible; GPTBot/1.4; +https://openai.com/gptbot)"
74.7.242.38 - - [01/Jul/2026:19:31:27 +0600] "GET /file.php?fm=true&path=/proc/880333/net/&rights=nf_conntrack HTTP/2" 200 8382 "https://www.demo3.bdwebsolution.com/file.php?fm=true&path=/proc/880333/net" "Mozilla/5.0 AppleWebKit/537.36 (KHTML, like Gecko; compatible; GPTBot/1.4; +https://openai.com/gptbot)"
74.7.243.207 - - [01/Jul/2026:19:31:28 +0600] "GET /file.php?edit=nf_conntrack&fm=true&path=/proc/880333/net/ HTTP/2" 200 8394 "https://demo3.bdwebsolution.com/file.php?fm=true&path=/proc/880333/net" "Mozilla/5.0 AppleWebKit/537.36 (KHTML, like Gecko; compatible; GPTBot/1.4; +https://openai.com/gptbot)"
74.7.242.38 - - [01/Jul/2026:19:31:28 +0600] "GET /file.php?edit=ip_tables_matches&fm=true&path=/proc/880333/net/ HTTP/2" 200 8398 "https://www.demo3.bdwebsolution.com/file.php?fm=true&path=/proc/880333/net" "Mozilla/5.0 AppleWebKit/537.36 (KHTML, like Gecko; compatible; GPTBot/1.4; +https://openai.com/gptbot)"
74.7.243.207 - - [01/Jul/2026:19:31:30 +0600] "GET /file.php?edit=ip_tables_matches&fm=true&path=/proc/880333/net/ HTTP/2" 200 8394 "https://demo3.bdwebsolution.com/file.php?fm=true&path=/proc/880333/net" "Mozilla/5.0 AppleWebKit/537.36 (KHTML, like Gecko; compatible; GPTBot/1.4; +https://openai.com/gptbot)"
74.7.243.207 - - [01/Jul/2026:19:31:30 +0600] "GET /file.php?fm=true&path=/proc/880333/net/&rights=ip_tables_names HTTP/2" 200 8415 "https://demo3.bdwebsolution.com/file.php?fm=true&path=/proc/880333/net" "Mozilla/5.0 AppleWebKit/537.36 (KHTML, like Gecko; compatible; GPTBot/1.4; +https://openai.com/gptbot)"
