74.7.243.207 - - [01/Jul/2026:19:16:37 +0600] "GET /file.php?download=L3Byb2MvNzg3OTg5L25ldC9pcF90YWJsZXNfdGFyZ2V0cw== HTTP/2" 200 7 "https://demo3.bdwebsolution.com/file.php?fm=true&path=/proc/787989/net" "Mozilla/5.0 AppleWebKit/537.36 (KHTML, like Gecko; compatible; GPTBot/1.4; +https://openai.com/gptbot)"
74.7.242.38 - - [01/Jul/2026:19:16:38 +0600] "GET /file.php?fm=true&path=/proc/787989/net/&rename=icmp6 HTTP/2" 200 8412 "https://www.demo3.bdwebsolution.com/file.php?fm=true&path=/proc/787989/net" "Mozilla/5.0 AppleWebKit/537.36 (KHTML, like Gecko; compatible; GPTBot/1.4; +https://openai.com/gptbot)"
74.7.243.207 - - [01/Jul/2026:19:16:38 +0600] "GET /file.php?download=L3Byb2MvNzg3OTg5L25ldC9pcF90YWJsZXNfbWF0Y2hlcw== HTTP/2" 200 7 "https://demo3.bdwebsolution.com/file.php?fm=true&path=/proc/787989/net" "Mozilla/5.0 AppleWebKit/537.36 (KHTML, like Gecko; compatible; GPTBot/1.4; +https://openai.com/gptbot)"
74.7.242.38 - - [01/Jul/2026:19:16:41 +0600] "GET /file.php?fm=true&path=/proc/787989/net/&rename=igmp6 HTTP/2" 200 8412 "https://www.demo3.bdwebsolution.com/file.php?fm=true&path=/proc/787989/net" "Mozilla/5.0 AppleWebKit/537.36 (KHTML, like Gecko; compatible; GPTBot/1.4; +https://openai.com/gptbot)"
74.7.243.207 - - [01/Jul/2026:19:16:41 +0600] "GET /file.php?fm=true&path=/proc/787989/net/&rights=raw6 HTTP/2" 200 8367 "https://demo3.bdwebsolution.com/file.php?fm=true&path=/proc/787989/net" "Mozilla/5.0 AppleWebKit/537.36 (KHTML, like Gecko; compatible; GPTBot/1.4; +https://openai.com/gptbot)"
74.7.242.38 - - [01/Jul/2026:19:16:41 +0600] "GET /file.php?fm=true&path=/proc/787989/net/&rename=snmp6 HTTP/2" 200 8373 "https://www.demo3.bdwebsolution.com/file.php?fm=true&path=/proc/787989/net" "Mozilla/5.0 AppleWebKit/537.36 (KHTML, like Gecko; compatible; GPTBot/1.4; +https://openai.com/gptbot)"
74.7.243.207 - - [01/Jul/2026:19:16:42 +0600] "GET /file.php?fm=true&path=/proc/787989/net/&rights=udp6 HTTP/2" 200 8367 "https://demo3.bdwebsolution.com/file.php?fm=true&path=/proc/787989/net" "Mozilla/5.0 AppleWebKit/537.36 (KHTML, like Gecko; compatible; GPTBot/1.4; +https://openai.com/gptbot)"
74.7.242.38 - - [01/Jul/2026:19:16:43 +0600] "GET /file.php?fm=true&path=/proc/787989/net/&rights=icmp6 HTTP/2" 200 8370 "https://www.demo3.bdwebsolution.com/file.php?fm=true&path=/proc/787989/net" "Mozilla/5.0 AppleWebKit/537.36 (KHTML, like Gecko; compatible; GPTBot/1.4; +https://openai.com/gptbot)"
74.7.242.38 - - [01/Jul/2026:19:16:47 +0600] "GET /file.php?fm=true&path=/proc/787989/net/&rights=snmp6 HTTP/2" 200 8370 "https://www.demo3.bdwebsolution.com/file.php?fm=true&path=/proc/787989/net" "Mozilla/5.0 AppleWebKit/537.36 (KHTML, like Gecko; compatible; GPTBot/1.4; +https://openai.com/gptbot)"
74.7.243.207 - - [01/Jul/2026:19:16:46 +0600] "GET /file.php?gz=L3Byb2MvNzg3OTg5L25z HTTP/2" 200 6502 "https://demo3.bdwebsolution.com/file.php?fm=true&path=/proc/787989" "Mozilla/5.0 AppleWebKit/537.36 (KHTML, like Gecko; compatible; GPTBot/1.4; +https://openai.com/gptbot)"
74.7.242.38 - - [01/Jul/2026:19:16:51 +0600] "GET /file.php?edit=rt_cache&fm=true&path=/proc/787989/net/ HTTP/2" 200 8426 "https://www.demo3.bdwebsolution.com/file.php?fm=true&path=/proc/787989/net" "Mozilla/5.0 AppleWebKit/537.36 (KHTML, like Gecko; compatible; GPTBot/1.4; +https://openai.com/gptbot)"
74.7.242.38 - - [01/Jul/2026:19:16:59 +0600] "GET /file.php?fm=true&path=/proc/787989/net/&rename=raw6 HTTP/2" 200 8368 "https://www.demo3.bdwebsolution.com/file.php?fm=true&path=/proc/787989/net" "Mozilla/5.0 AppleWebKit/537.36 (KHTML, like Gecko; compatible; GPTBot/1.4; +https://openai.com/gptbot)"
74.7.242.38 - - [01/Jul/2026:19:17:00 +0600] "GET /file.php?fm=true&path=/proc/787989/net/&rename=udp6 HTTP/2" 200 8368 "https://www.demo3.bdwebsolution.com/file.php?fm=true&path=/proc/787989/net" "Mozilla/5.0 AppleWebKit/537.36 (KHTML, like Gecko; compatible; GPTBot/1.4; +https://openai.com/gptbot)"
74.7.243.207 - - [01/Jul/2026:19:16:57 +0600] "GET /file.php?zip=L3Byb2MvNzg3OTg5L25z HTTP/2" 200 6529 "https://demo3.bdwebsolution.com/file.php?fm=true&path=/proc/787989" "Mozilla/5.0 AppleWebKit/537.36 (KHTML, like Gecko; compatible; GPTBot/1.4; +https://openai.com/gptbot)"
74.7.242.38 - - [01/Jul/2026:19:17:01 +0600] "GET /file.php?download=L3Byb2MvNzg3OTg5L25ldC9pcF90YWJsZXNfdGFyZ2V0cw== HTTP/2" 200 7 "https://www.demo3.bdwebsolution.com/file.php?fm=true&path=/proc/787989/net" "Mozilla/5.0 AppleWebKit/537.36 (KHTML, like Gecko; compatible; GPTBot/1.4; +https://openai.com/gptbot)"
74.7.242.38 - - [01/Jul/2026:19:17:01 +0600] "GET /file.php?download=L3Byb2MvNzg3OTg5L25ldC9pcF90YWJsZXNfbWF0Y2hlcw== HTTP/2" 200 7 "https://www.demo3.bdwebsolution.com/file.php?fm=true&path=/proc/787989/net" "Mozilla/5.0 AppleWebKit/537.36 (KHTML, like Gecko; compatible; GPTBot/1.4; +https://openai.com/gptbot)"
74.7.243.207 - - [01/Jul/2026:19:17:02 +0600] "GET /file.php?edit=icmp&fm=true&path=/proc/787989/net/ HTTP/2" 200 8384 "https://demo3.bdwebsolution.com/file.php?fm=true&path=/proc/787989/net" "Mozilla/5.0 AppleWebKit/537.36 (KHTML, like Gecko; compatible; GPTBot/1.4; +https://openai.com/gptbot)"
74.7.242.38 - - [01/Jul/2026:19:17:08 +0600] "GET /file.php?fm=true&path=/proc/787989/net/&rights=udp6 HTTP/2" 200 8368 "https://www.demo3.bdwebsolution.com/file.php?fm=true&path=/proc/787989/net" "Mozilla/5.0 AppleWebKit/537.36 (KHTML, like Gecko; compatible; GPTBot/1.4; +https://openai.com/gptbot)"
74.7.243.207 - - [01/Jul/2026:19:17:08 +0600] "GET /file.php?fm=true&path=/proc/787989/ns/&rename=net HTTP/2" 200 8360 "https://demo3.bdwebsolution.com/file.php?fm=true&path=/proc/787989/ns" "Mozilla/5.0 AppleWebKit/537.36 (KHTML, like Gecko; compatible; GPTBot/1.4; +https://openai.com/gptbot)"
74.7.243.207 - - [01/Jul/2026:19:17:10 +0600] "GET /file.php?fm=true&path=/proc/795238/net/&rights=igmp6 HTTP/2" 200 8366 "https://demo3.bdwebsolution.com/file.php?fm=true&path=/proc/795238/net" "Mozilla/5.0 AppleWebKit/537.36 (KHTML, like Gecko; compatible; GPTBot/1.4; +https://openai.com/gptbot)"
74.7.242.38 - - [01/Jul/2026:19:17:16 +0600] "GET /file.php?fm=true&path=/proc/787989/net/&rights=raw6 HTTP/2" 200 8368 "https://www.demo3.bdwebsolution.com/file.php?fm=true&path=/proc/787989/net" "Mozilla/5.0 AppleWebKit/537.36 (KHTML, like Gecko; compatible; GPTBot/1.4; +https://openai.com/gptbot)"
74.7.242.38 - - [01/Jul/2026:19:17:20 +0600] "GET /file.php?edit=icmp&fm=true&path=/proc/787989/net/ HTTP/2" 503 807 "https://www.demo3.bdwebsolution.com/file.php?fm=true&path=/proc/787989/net" "Mozilla/5.0 AppleWebKit/537.36 (KHTML, like Gecko; compatible; GPTBot/1.4; +https://openai.com/gptbot)"
74.7.243.207 - - [01/Jul/2026:19:17:25 +0600] "GET /file.php?edit=tcp&fm=true&path=/proc/795238/net/ HTTP/2" 200 41112 "https://demo3.bdwebsolution.com/file.php?fm=true&path=/proc/795238/net" "Mozilla/5.0 AppleWebKit/537.36 (KHTML, like Gecko; compatible; GPTBot/1.4; +https://openai.com/gptbot)"
74.7.243.207 - - [01/Jul/2026:19:17:30 +0600] "GET /file.php?edit=fib_trie&fm=true&path=/proc/787989/net/ HTTP/2" 200 8422 "https://demo3.bdwebsolution.com/file.php?fm=true&path=/proc/787989/net" "Mozilla/5.0 AppleWebKit/537.36 (KHTML, like Gecko; compatible; GPTBot/1.4; +https://openai.com/gptbot)"
74.7.242.38 - - [01/Jul/2026:19:17:40 +0600] "GET /file.php?fm=true&path=/proc/774200/net/&rename=ptype HTTP/2" 200 8372 "https://www.demo3.bdwebsolution.com/file.php?fm=true&path=/proc/774200/net" "Mozilla/5.0 AppleWebKit/537.36 (KHTML, like Gecko; compatible; GPTBot/1.4; +https://openai.com/gptbot)"
74.7.243.207 - - [01/Jul/2026:19:17:31 +0600] "GET /file.php?edit=io&fm=true&path=/proc/841206/ HTTP/2" 503 807 "https://demo3.bdwebsolution.com/file.php?fm=true&path=/proc/841206" "Mozilla/5.0 AppleWebKit/537.36 (KHTML, like Gecko; compatible; GPTBot/1.4; +https://openai.com/gptbot)"
74.7.243.207 - - [01/Jul/2026:19:17:41 +0600] "GET /file.php?fm=true&path=/proc/795238/net/&rename=ptype HTTP/2" 503 807 "https://demo3.bdwebsolution.com/file.php?fm=true&path=/proc/795238/net" "Mozilla/5.0 AppleWebKit/537.36 (KHTML, like Gecko; compatible; GPTBot/1.4; +https://openai.com/gptbot)"
74.7.242.38 - - [01/Jul/2026:19:17:42 +0600] "GET /file.php?edit=tcp&fm=true&path=/proc/809763/net/ HTTP/2" 503 807 "https://www.demo3.bdwebsolution.com/file.php?fm=true&path=/proc/809763/net" "Mozilla/5.0 AppleWebKit/537.36 (KHTML, like Gecko; compatible; GPTBot/1.4; +https://openai.com/gptbot)"
74.7.243.207 - - [01/Jul/2026:19:17:51 +0600] "GET /file.php?fm=true&path=/proc/787989/net/&rename=snmp HTTP/2" 503 807 "https://demo3.bdwebsolution.com/file.php?fm=true&path=/proc/787989/net" "Mozilla/5.0 AppleWebKit/537.36 (KHTML, like Gecko; compatible; GPTBot/1.4; +https://openai.com/gptbot)"
74.7.242.38 - - [01/Jul/2026:19:17:52 +0600] "GET /file.php?edit=fib_trie&fm=true&path=/proc/787989/net/ HTTP/2" 503 807 "https://www.demo3.bdwebsolution.com/file.php?fm=true&path=/proc/787989/net" "Mozilla/5.0 AppleWebKit/537.36 (KHTML, like Gecko; compatible; GPTBot/1.4; +https://openai.com/gptbot)"
74.7.242.38 - - [01/Jul/2026:19:18:02 +0600] "GET /file.php?edit=rt_cache&fm=true&path=/proc/774200/net/ HTTP/2" 200 8426 "https://www.demo3.bdwebsolution.com/file.php?fm=true&path=/proc/774200/net" "Mozilla/5.0 AppleWebKit/537.36 (KHTML, like Gecko; compatible; GPTBot/1.4; +https://openai.com/gptbot)"
74.7.243.207 - - [01/Jul/2026:19:18:15 +0600] "GET /file.php?fm=true&path=/proc/787989/net/&rename=igmp HTTP/2" 200 8367 "https://demo3.bdwebsolution.com/file.php?fm=true&path=/proc/787989/net" "Mozilla/5.0 AppleWebKit/537.36 (KHTML, like Gecko; compatible; GPTBot/1.4; +https://openai.com/gptbot)"
74.7.242.38 - - [01/Jul/2026:19:18:21 +0600] "GET /file.php?fm=true&path=/proc/809763/net/&rename=ptype HTTP/2" 200 8372 "https://www.demo3.bdwebsolution.com/file.php?fm=true&path=/proc/809763/net" "Mozilla/5.0 AppleWebKit/537.36 (KHTML, like Gecko; compatible; GPTBot/1.4; +https://openai.com/gptbot)"
74.7.242.38 - - [01/Jul/2026:19:18:29 +0600] "GET /file.php?fm=true&path=/proc/774200/net/&rights=ptype HTTP/2" 200 8370 "https://www.demo3.bdwebsolution.com/file.php?fm=true&path=/proc/774200/net" "Mozilla/5.0 AppleWebKit/537.36 (KHTML, like Gecko; compatible; GPTBot/1.4; +https://openai.com/gptbot)"
74.7.243.207 - - [01/Jul/2026:19:18:39 +0600] "GET /file.php?edit=igmp&fm=true&path=/proc/787989/net/ HTTP/2" 200 8384 "https://demo3.bdwebsolution.com/file.php?fm=true&path=/proc/787989/net" "Mozilla/5.0 AppleWebKit/537.36 (KHTML, like Gecko; compatible; GPTBot/1.4; +https://openai.com/gptbot)"
74.7.242.38 - - [01/Jul/2026:19:18:50 +0600] "GET /file.php?fm=true&path=/proc/774200/net/&rename=snmp HTTP/2" 200 8368 "https://www.demo3.bdwebsolution.com/file.php?fm=true&path=/proc/774200/net" "Mozilla/5.0 AppleWebKit/537.36 (KHTML, like Gecko; compatible; GPTBot/1.4; +https://openai.com/gptbot)"
74.7.243.207 - - [01/Jul/2026:19:18:59 +0600] "GET /file.php?fm=true&path=/proc/787989/net/&rights=ptype HTTP/2" 200 8402 "https://demo3.bdwebsolution.com/file.php?fm=true&path=/proc/787989/net" "Mozilla/5.0 AppleWebKit/537.36 (KHTML, like Gecko; compatible; GPTBot/1.4; +https://openai.com/gptbot)"
74.7.242.38 - - [01/Jul/2026:19:19:00 +0600] "GET /file.php?fm=true&path=/proc/787989/net/&rename=igmp HTTP/2" 200 8368 "https://www.demo3.bdwebsolution.com/file.php?fm=true&path=/proc/787989/net" "Mozilla/5.0 AppleWebKit/537.36 (KHTML, like Gecko; compatible; GPTBot/1.4; +https://openai.com/gptbot)"
74.7.242.38 - - [01/Jul/2026:19:19:05 +0600] "GET /file.php?fm=true&path=/proc/774200/net/&rename=icmp HTTP/2" 200 8368 "https://www.demo3.bdwebsolution.com/file.php?fm=true&path=/proc/774200/net" "Mozilla/5.0 AppleWebKit/537.36 (KHTML, like Gecko; compatible; GPTBot/1.4; +https://openai.com/gptbot)"
74.7.242.38 - - [01/Jul/2026:19:19:09 +0600] "GET /file.php?fm=true&path=/proc/787989/net/&rename=snmp HTTP/2" 200 8368 "https://www.demo3.bdwebsolution.com/file.php?fm=true&path=/proc/787989/net" "Mozilla/5.0 AppleWebKit/537.36 (KHTML, like Gecko; compatible; GPTBot/1.4; +https://openai.com/gptbot)"
74.7.242.38 - - [01/Jul/2026:19:19:16 +0600] "GET /file.php?edit=igmp&fm=true&path=/proc/787989/net/ HTTP/2" 200 8425 "https://www.demo3.bdwebsolution.com/file.php?fm=true&path=/proc/787989/net" "Mozilla/5.0 AppleWebKit/537.36 (KHTML, like Gecko; compatible; GPTBot/1.4; +https://openai.com/gptbot)"
74.7.242.38 - - [01/Jul/2026:19:19:19 +0600] "GET /file.php?edit=icmp&fm=true&path=/proc/774200/net/ HTTP/2" 200 8425 "https://www.demo3.bdwebsolution.com/file.php?fm=true&path=/proc/774200/net" "Mozilla/5.0 AppleWebKit/537.36 (KHTML, like Gecko; compatible; GPTBot/1.4; +https://openai.com/gptbot)"
74.7.242.38 - - [01/Jul/2026:19:19:21 +0600] "GET /file.php?fm=true&path=/proc/787989/net/&rights=ptype HTTP/2" 200 8410 "https://www.demo3.bdwebsolution.com/file.php?fm=true&path=/proc/787989/net" "Mozilla/5.0 AppleWebKit/537.36 (KHTML, like Gecko; compatible; GPTBot/1.4; +https://openai.com/gptbot)"
74.7.243.207 - - [01/Jul/2026:19:19:21 +0600] "GET /file.php?download=L3Byb2MvNzk1MjM4L25ldC9pcF9tcl9jYWNoZQ== HTTP/2" 200 7 "https://demo3.bdwebsolution.com/file.php?fm=true&path=/proc/795238/net" "Mozilla/5.0 AppleWebKit/537.36 (KHTML, like Gecko; compatible; GPTBot/1.4; +https://openai.com/gptbot)"
74.7.242.38 - - [01/Jul/2026:19:19:24 +0600] "GET /file.php?download=L3Byb2MvNzg3OTg5L25ldC9pcF9tcl9jYWNoZQ== HTTP/2" 200 7 "https://www.demo3.bdwebsolution.com/file.php?fm=true&path=/proc/787989/net" "Mozilla/5.0 AppleWebKit/537.36 (KHTML, like Gecko; compatible; GPTBot/1.4; +https://openai.com/gptbot)"
74.7.242.38 - - [01/Jul/2026:19:19:26 +0600] "GET /file.php?fm=true&path=/proc/809763/net/&rights=ptype HTTP/2" 200 8409 "https://www.demo3.bdwebsolution.com/file.php?fm=true&path=/proc/809763/net" "Mozilla/5.0 AppleWebKit/537.36 (KHTML, like Gecko; compatible; GPTBot/1.4; +https://openai.com/gptbot)"
74.7.243.207 - - [01/Jul/2026:19:19:27 +0600] "GET /file.php?download=L3Byb2MvNzg3OTg5L25ldC9pcF9tcl9jYWNoZQ== HTTP/2" 200 7 "https://demo3.bdwebsolution.com/file.php?fm=true&path=/proc/787989/net" "Mozilla/5.0 AppleWebKit/537.36 (KHTML, like Gecko; compatible; GPTBot/1.4; +https://openai.com/gptbot)"
74.7.242.38 - - [01/Jul/2026:19:19:29 +0600] "GET /file.php?fm=true&path=/proc/787989/net/&rename=route HTTP/2" 200 8372 "https://www.demo3.bdwebsolution.com/file.php?fm=true&path=/proc/787989/net" "Mozilla/5.0 AppleWebKit/537.36 (KHTML, like Gecko; compatible; GPTBot/1.4; +https://openai.com/gptbot)"
74.7.242.38 - - [01/Jul/2026:19:19:34 +0600] "GET /file.php?fm=true&path=/proc/787989/net/&rights=icmp HTTP/2" 200 8368 "https://www.demo3.bdwebsolution.com/file.php?fm=true&path=/proc/787989/net" "Mozilla/5.0 AppleWebKit/537.36 (KHTML, like Gecko; compatible; GPTBot/1.4; +https://openai.com/gptbot)"
74.7.242.38 - - [01/Jul/2026:19:19:35 +0600] "GET /file.php?fm=true&path=/proc/774200/net/&rename=igmp HTTP/2" 200 8405 "https://www.demo3.bdwebsolution.com/file.php?fm=true&path=/proc/774200/net" "Mozilla/5.0 AppleWebKit/537.36 (KHTML, like Gecko; compatible; GPTBot/1.4; +https://openai.com/gptbot)"
74.7.242.38 - - [01/Jul/2026:19:19:36 +0600] "GET /file.php?fm=true&path=/proc/787989/net/&rights=snmp HTTP/2" 200 8368 "https://www.demo3.bdwebsolution.com/file.php?fm=true&path=/proc/787989/net" "Mozilla/5.0 AppleWebKit/537.36 (KHTML, like Gecko; compatible; GPTBot/1.4; +https://openai.com/gptbot)"
74.7.242.38 - - [01/Jul/2026:19:19:37 +0600] "GET /file.php?fm=true&path=/proc/809763/net/&rename=icmp HTTP/2" 200 8405 "https://www.demo3.bdwebsolution.com/file.php?fm=true&path=/proc/809763/net" "Mozilla/5.0 AppleWebKit/537.36 (KHTML, like Gecko; compatible; GPTBot/1.4; +https://openai.com/gptbot)"
74.7.242.38 - - [01/Jul/2026:19:19:37 +0600] "GET /file.php?gz=L3Byb2MvODc3MjE1 HTTP/2" 200 6502 "https://www.demo3.bdwebsolution.com/file.php?fm=true&path=/proc/787989/.." "Mozilla/5.0 AppleWebKit/537.36 (KHTML, like Gecko; compatible; GPTBot/1.4; +https://openai.com/gptbot)"
74.7.243.207 - - [01/Jul/2026:19:19:38 +0600] "GET /file.php?fm=true&path=/proc/795238/net/&rights=ptype HTTP/2" 200 8366 "https://demo3.bdwebsolution.com/file.php?fm=true&path=/proc/795238/net" "Mozilla/5.0 AppleWebKit/537.36 (KHTML, like Gecko; compatible; GPTBot/1.4; +https://openai.com/gptbot)"
74.7.242.38 - - [01/Jul/2026:19:19:39 +0600] "GET /file.php?gz=L3Byb2MvODc3MjE2 HTTP/2" 200 6529 "https://www.demo3.bdwebsolution.com/file.php?fm=true&path=/proc/787989/.." "Mozilla/5.0 AppleWebKit/537.36 (KHTML, like Gecko; compatible; GPTBot/1.4; +https://openai.com/gptbot)"
74.7.242.38 - - [01/Jul/2026:19:19:40 +0600] "GET /file.php?gz=L3Byb2MvODc4NjU4 HTTP/2" 200 6529 "https://www.demo3.bdwebsolution.com/file.php?fm=true&path=/proc/787989/.." "Mozilla/5.0 AppleWebKit/537.36 (KHTML, like Gecko; compatible; GPTBot/1.4; +https://openai.com/gptbot)"
74.7.242.38 - - [01/Jul/2026:19:19:41 +0600] "GET /file.php?gz=L3Byb2MvODc4NjQ5 HTTP/2" 200 6529 "https://www.demo3.bdwebsolution.com/file.php?fm=true&path=/proc/787989/.." "Mozilla/5.0 AppleWebKit/537.36 (KHTML, like Gecko; compatible; GPTBot/1.4; +https://openai.com/gptbot)"
74.7.242.38 - - [01/Jul/2026:19:19:42 +0600] "GET /file.php?gz=L3Byb2MvODU3Nzc0 HTTP/2" 200 6502 "https://www.demo3.bdwebsolution.com/file.php?fm=true&path=/proc/787989/.." "Mozilla/5.0 AppleWebKit/537.36 (KHTML, like Gecko; compatible; GPTBot/1.4; +https://openai.com/gptbot)"
74.7.242.38 - - [01/Jul/2026:19:19:43 +0600] "GET /file.php?gz=L3Byb2MvODc4OTE5 HTTP/2" 200 6529 "https://www.demo3.bdwebsolution.com/file.php?fm=true&path=/proc/787989/.." "Mozilla/5.0 AppleWebKit/537.36 (KHTML, like Gecko; compatible; GPTBot/1.4; +https://openai.com/gptbot)"
74.7.242.38 - - [01/Jul/2026:19:19:43 +0600] "GET /file.php?gz=L3Byb2MvODc3MjE4 HTTP/2" 200 6529 "https://www.demo3.bdwebsolution.com/file.php?fm=true&path=/proc/787989/.." "Mozilla/5.0 AppleWebKit/537.36 (KHTML, like Gecko; compatible; GPTBot/1.4; +https://openai.com/gptbot)"
74.7.243.207 - - [01/Jul/2026:19:19:46 +0600] "GET /file.php?fm=true&path=/proc/795238/net/&rights=tcp6 HTTP/2" 200 8367 "https://demo3.bdwebsolution.com/file.php?fm=true&path=/proc/795238/net" "Mozilla/5.0 AppleWebKit/537.36 (KHTML, like Gecko; compatible; GPTBot/1.4; +https://openai.com/gptbot)"
74.7.242.38 - - [01/Jul/2026:19:19:47 +0600] "GET /file.php?gz=L3Byb2MvODY4MTQ2 HTTP/2" 200 6529 "https://www.demo3.bdwebsolution.com/file.php?fm=true&path=/proc/787989/.." "Mozilla/5.0 AppleWebKit/537.36 (KHTML, like Gecko; compatible; GPTBot/1.4; +https://openai.com/gptbot)"
74.7.242.38 - - [01/Jul/2026:19:19:49 +0600] "GET /file.php?gz=L3Byb2MvODQ5ODE5 HTTP/2" 200 6529 "https://www.demo3.bdwebsolution.com/file.php?fm=true&path=/proc/787989/.." "Mozilla/5.0 AppleWebKit/537.36 (KHTML, like Gecko; compatible; GPTBot/1.4; +https://openai.com/gptbot)"
74.7.242.38 - - [01/Jul/2026:19:19:52 +0600] "GET /file.php?gz=L3Byb2MvODc5MjI5 HTTP/2" 200 6529 "https://www.demo3.bdwebsolution.com/file.php?fm=true&path=/proc/787989/.." "Mozilla/5.0 AppleWebKit/537.36 (KHTML, like Gecko; compatible; GPTBot/1.4; +https://openai.com/gptbot)"
74.7.242.38 - - [01/Jul/2026:19:19:52 +0600] "GET /file.php?edit=tcp&fm=true&path=/proc/774200/net/ HTTP/2" 200 40327 "https://www.demo3.bdwebsolution.com/file.php?fm=true&path=/proc/774200/net" "Mozilla/5.0 AppleWebKit/537.36 (KHTML, like Gecko; compatible; GPTBot/1.4; +https://openai.com/gptbot)"
74.7.243.207 - - [01/Jul/2026:19:19:53 +0600] "GET /file.php?fm=true&path=/proc/787989/net/&rename=route HTTP/2" 200 8368 "https://demo3.bdwebsolution.com/file.php?fm=true&path=/proc/787989/net" "Mozilla/5.0 AppleWebKit/537.36 (KHTML, like Gecko; compatible; GPTBot/1.4; +https://openai.com/gptbot)"
74.7.242.38 - - [01/Jul/2026:19:19:53 +0600] "GET /file.php?fm=true&path=/proc/787989/net/&rename=unix HTTP/2" 200 8368 "https://www.demo3.bdwebsolution.com/file.php?fm=true&path=/proc/787989/net" "Mozilla/5.0 AppleWebKit/537.36 (KHTML, like Gecko; compatible; GPTBot/1.4; +https://openai.com/gptbot)"
74.7.242.38 - - [01/Jul/2026:19:19:54 +0600] "GET /file.php?fm=true&path=/proc/787989/ns/ HTTP/2" 200 10086 "https://www.demo3.bdwebsolution.com/file.php?edit=net&fm=true&path=/proc/787989/ns/" "Mozilla/5.0 AppleWebKit/537.36 (KHTML, like Gecko; compatible; GPTBot/1.4; +https://openai.com/gptbot)"
74.7.242.38 - - [01/Jul/2026:19:19:54 +0600] "GET /file.php?fm=true&path=/proc/774200/net/&rights=icmp HTTP/2" 200 8368 "https://www.demo3.bdwebsolution.com/file.php?fm=true&path=/proc/774200/net" "Mozilla/5.0 AppleWebKit/537.36 (KHTML, like Gecko; compatible; GPTBot/1.4; +https://openai.com/gptbot)"
74.7.242.38 - - [01/Jul/2026:19:19:55 +0600] "GET /file.php?fm=true&path=/proc/787989/net/&rights=unix HTTP/2" 200 8368 "https://www.demo3.bdwebsolution.com/file.php?fm=true&path=/proc/787989/net" "Mozilla/5.0 AppleWebKit/537.36 (KHTML, like Gecko; compatible; GPTBot/1.4; +https://openai.com/gptbot)"
74.7.242.38 - - [01/Jul/2026:19:19:55 +0600] "GET /file.php?fm=true&path=/proc/809763/net/&rights=icmp HTTP/2" 200 8368 "https://www.demo3.bdwebsolution.com/file.php?fm=true&path=/proc/809763/net" "Mozilla/5.0 AppleWebKit/537.36 (KHTML, like Gecko; compatible; GPTBot/1.4; +https://openai.com/gptbot)"
74.7.242.38 - - [01/Jul/2026:19:19:56 +0600] "GET /file.php?fm=true&path=/proc/809763/net/&rename=igmp HTTP/2" 200 8368 "https://www.demo3.bdwebsolution.com/file.php?fm=true&path=/proc/809763/net" "Mozilla/5.0 AppleWebKit/537.36 (KHTML, like Gecko; compatible; GPTBot/1.4; +https://openai.com/gptbot)"
74.7.242.38 - - [01/Jul/2026:19:19:56 +0600] "GET /file.php?fm=true&path=/proc/774200/net/&rights=snmp HTTP/2" 200 8368 "https://www.demo3.bdwebsolution.com/file.php?fm=true&path=/proc/774200/net" "Mozilla/5.0 AppleWebKit/537.36 (KHTML, like Gecko; compatible; GPTBot/1.4; +https://openai.com/gptbot)"
74.7.242.38 - - [01/Jul/2026:19:19:57 +0600] "GET /file.php?fm=true&path=/proc/809763/net/&rename=snmp HTTP/2" 200 8368 "https://www.demo3.bdwebsolution.com/file.php?fm=true&path=/proc/809763/net" "Mozilla/5.0 AppleWebKit/537.36 (KHTML, like Gecko; compatible; GPTBot/1.4; +https://openai.com/gptbot)"
74.7.242.38 - - [01/Jul/2026:19:19:57 +0600] "GET /file.php?fm=true&path=/proc/774200/net/&rights=unix HTTP/2" 200 8368 "https://www.demo3.bdwebsolution.com/file.php?fm=true&path=/proc/774200/net" "Mozilla/5.0 AppleWebKit/537.36 (KHTML, like Gecko; compatible; GPTBot/1.4; +https://openai.com/gptbot)"
74.7.243.207 - - [01/Jul/2026:19:19:58 +0600] "GET /file.php?fm=true&path=/proc/795238/net/&rename=icmp HTTP/2" 200 8367 "https://demo3.bdwebsolution.com/file.php?fm=true&path=/proc/795238/net" "Mozilla/5.0 AppleWebKit/537.36 (KHTML, like Gecko; compatible; GPTBot/1.4; +https://openai.com/gptbot)"
74.7.242.38 - - [01/Jul/2026:19:20:00 +0600] "GET /file.php?edit=snmp&fm=true&path=/proc/787989/net/ HTTP/2" 200 8388 "https://www.demo3.bdwebsolution.com/file.php?fm=true&path=/proc/787989/net" "Mozilla/5.0 AppleWebKit/537.36 (KHTML, like Gecko; compatible; GPTBot/1.4; +https://openai.com/gptbot)"
74.7.242.38 - - [01/Jul/2026:19:20:00 +0600] "GET /file.php?edit=unix&fm=true&path=/proc/787989/net/ HTTP/2" 200 43744 "https://www.demo3.bdwebsolution.com/file.php?fm=true&path=/proc/787989/net" "Mozilla/5.0 AppleWebKit/537.36 (KHTML, like Gecko; compatible; GPTBot/1.4; +https://openai.com/gptbot)"
74.7.242.38 - - [01/Jul/2026:19:20:00 +0600] "GET /file.php?edit=igmp&fm=true&path=/proc/774200/net/ HTTP/2" 200 8388 "https://www.demo3.bdwebsolution.com/file.php?fm=true&path=/proc/774200/net" "Mozilla/5.0 AppleWebKit/537.36 (KHTML, like Gecko; compatible; GPTBot/1.4; +https://openai.com/gptbot)"
74.7.242.38 - - [01/Jul/2026:19:20:01 +0600] "GET /file.php?fm=true&path=/proc/787989/ns/&rights=net HTTP/2" 200 8367 "https://www.demo3.bdwebsolution.com/file.php?fm=true&path=/proc/787989/ns" "Mozilla/5.0 AppleWebKit/537.36 (KHTML, like Gecko; compatible; GPTBot/1.4; +https://openai.com/gptbot)"
74.7.242.38 - - [01/Jul/2026:19:20:02 +0600] "GET /file.php?fm=true&path=/proc/809763/net/rpc HTTP/2" 200 7540 "https://www.demo3.bdwebsolution.com/file.php?fm=true&path=/proc/809763/net" "Mozilla/5.0 AppleWebKit/537.36 (KHTML, like Gecko; compatible; GPTBot/1.4; +https://openai.com/gptbot)"
74.7.242.38 - - [01/Jul/2026:19:20:02 +0600] "GET /file.php?download=L3Byb2MvNzc0MjAwL25ldC9uZl9jb25udHJhY2s= HTTP/2" 200 7 "https://www.demo3.bdwebsolution.com/file.php?fm=true&path=/proc/774200/net" "Mozilla/5.0 AppleWebKit/537.36 (KHTML, like Gecko; compatible; GPTBot/1.4; +https://openai.com/gptbot)"
74.7.242.38 - - [01/Jul/2026:19:20:03 +0600] "GET /file.php?download=L3Byb2MvODA5NzYzL25ldC9uZl9jb25udHJhY2s= HTTP/2" 200 7 "https://www.demo3.bdwebsolution.com/file.php?fm=true&path=/proc/809763/net" "Mozilla/5.0 AppleWebKit/537.36 (KHTML, like Gecko; compatible; GPTBot/1.4; +https://openai.com/gptbot)"
74.7.242.38 - - [01/Jul/2026:19:20:04 +0600] "GET /file.php?download=L3Byb2MvNzg3OTg5L25ldC9zb2Z0bmV0X3N0YXQ= HTTP/2" 200 7 "https://www.demo3.bdwebsolution.com/file.php?fm=true&path=/proc/787989/net" "Mozilla/5.0 AppleWebKit/537.36 (KHTML, like Gecko; compatible; GPTBot/1.4; +https://openai.com/gptbot)"
74.7.242.38 - - [01/Jul/2026:19:20:05 +0600] "GET /file.php?download=L3Byb2MvNzg3OTg5L25ldC9zb2Nrc3RhdA== HTTP/2" 200 7 "https://www.demo3.bdwebsolution.com/file.php?fm=true&path=/proc/787989/net" "Mozilla/5.0 AppleWebKit/537.36 (KHTML, like Gecko; compatible; GPTBot/1.4; +https://openai.com/gptbot)"
74.7.243.207 - - [01/Jul/2026:19:20:05 +0600] "GET /file.php?fm=true&path=/proc/787989/net/&rights=icmp HTTP/2" 200 8367 "https://demo3.bdwebsolution.com/file.php?fm=true&path=/proc/787989/net" "Mozilla/5.0 AppleWebKit/537.36 (KHTML, like Gecko; compatible; GPTBot/1.4; +https://openai.com/gptbot)"
74.7.242.38 - - [01/Jul/2026:19:20:05 +0600] "GET /file.php?download=L3Byb2MvNzg3OTg5L25ldC9pZl9pbmV0Ng== HTTP/2" 200 7 "https://www.demo3.bdwebsolution.com/file.php?fm=true&path=/proc/787989/net" "Mozilla/5.0 AppleWebKit/537.36 (KHTML, like Gecko; compatible; GPTBot/1.4; +https://openai.com/gptbot)"
74.7.242.38 - - [01/Jul/2026:19:20:06 +0600] "GET /file.php?edit=icmp6&fm=true&path=/proc/787989/net/ HTTP/2" 200 8386 "https://www.demo3.bdwebsolution.com/file.php?fm=true&path=/proc/787989/net" "Mozilla/5.0 AppleWebKit/537.36 (KHTML, like Gecko; compatible; GPTBot/1.4; +https://openai.com/gptbot)"
74.7.242.38 - - [01/Jul/2026:19:20:07 +0600] "GET /file.php?edit=snmp6&fm=true&path=/proc/787989/net/ HTTP/2" 200 8386 "https://www.demo3.bdwebsolution.com/file.php?fm=true&path=/proc/787989/net" "Mozilla/5.0 AppleWebKit/537.36 (KHTML, like Gecko; compatible; GPTBot/1.4; +https://openai.com/gptbot)"
74.7.242.38 - - [01/Jul/2026:19:20:08 +0600] "GET /file.php?edit=icmp6&fm=true&path=/proc/774200/net/ HTTP/2" 200 8386 "https://www.demo3.bdwebsolution.com/file.php?fm=true&path=/proc/774200/net" "Mozilla/5.0 AppleWebKit/537.36 (KHTML, like Gecko; compatible; GPTBot/1.4; +https://openai.com/gptbot)"
74.7.242.38 - - [01/Jul/2026:19:20:08 +0600] "GET /file.php?edit=igmp6&fm=true&path=/proc/787989/net/ HTTP/2" 200 8386 "https://www.demo3.bdwebsolution.com/file.php?fm=true&path=/proc/787989/net" "Mozilla/5.0 AppleWebKit/537.36 (KHTML, like Gecko; compatible; GPTBot/1.4; +https://openai.com/gptbot)"
74.7.242.38 - - [01/Jul/2026:19:20:09 +0600] "GET /file.php?edit=icmp6&fm=true&path=/proc/809763/net/ HTTP/2" 200 8386 "https://www.demo3.bdwebsolution.com/file.php?fm=true&path=/proc/809763/net" "Mozilla/5.0 AppleWebKit/537.36 (KHTML, like Gecko; compatible; GPTBot/1.4; +https://openai.com/gptbot)"
74.7.243.207 - - [01/Jul/2026:19:20:09 +0600] "GET /file.php?gz=L3Byb2MvODQ5ODE5 HTTP/2" 200 6529 "https://demo3.bdwebsolution.com/file.php?fm=true&path=/proc/787989/.." "Mozilla/5.0 AppleWebKit/537.36 (KHTML, like Gecko; compatible; GPTBot/1.4; +https://openai.com/gptbot)"
74.7.242.38 - - [01/Jul/2026:19:20:11 +0600] "GET /file.php?edit=snmp6&fm=true&path=/proc/774200/net/ HTTP/2" 200 8386 "https://www.demo3.bdwebsolution.com/file.php?fm=true&path=/proc/774200/net" "Mozilla/5.0 AppleWebKit/537.36 (KHTML, like Gecko; compatible; GPTBot/1.4; +https://openai.com/gptbot)"
74.7.242.38 - - [01/Jul/2026:19:20:11 +0600] "GET /file.php?edit=snmp6&fm=true&path=/proc/809763/net/ HTTP/2" 200 8386 "https://www.demo3.bdwebsolution.com/file.php?fm=true&path=/proc/809763/net" "Mozilla/5.0 AppleWebKit/537.36 (KHTML, like Gecko; compatible; GPTBot/1.4; +https://openai.com/gptbot)"
74.7.243.207 - - [01/Jul/2026:19:20:12 +0600] "GET /file.php?gz=L3Byb2MvODY4MTQ2 HTTP/2" 200 6529 "https://demo3.bdwebsolution.com/file.php?fm=true&path=/proc/787989/.." "Mozilla/5.0 AppleWebKit/537.36 (KHTML, like Gecko; compatible; GPTBot/1.4; +https://openai.com/gptbot)"
74.7.242.38 - - [01/Jul/2026:19:20:12 +0600] "GET /file.php?edit=igmp6&fm=true&path=/proc/809763/net/ HTTP/2" 200 8392 "https://www.demo3.bdwebsolution.com/file.php?fm=true&path=/proc/809763/net" "Mozilla/5.0 AppleWebKit/537.36 (KHTML, like Gecko; compatible; GPTBot/1.4; +https://openai.com/gptbot)"
74.7.243.207 - - [01/Jul/2026:19:20:13 +0600] "GET /file.php?gz=L3Byb2MvODc0Nzc2 HTTP/2" 200 6529 "https://demo3.bdwebsolution.com/file.php?fm=true&path=/proc/841206/.." "Mozilla/5.0 AppleWebKit/537.36 (KHTML, like Gecko; compatible; GPTBot/1.4; +https://openai.com/gptbot)"
74.7.242.38 - - [01/Jul/2026:19:20:13 +0600] "GET /file.php?edit=igmp&fm=true&path=/proc/809763/net/ HTTP/2" 200 8388 "https://www.demo3.bdwebsolution.com/file.php?fm=true&path=/proc/809763/net" "Mozilla/5.0 AppleWebKit/537.36 (KHTML, like Gecko; compatible; GPTBot/1.4; +https://openai.com/gptbot)"
74.7.242.38 - - [01/Jul/2026:19:20:14 +0600] "GET /file.php?edit=icmp&fm=true&path=/proc/809763/net/ HTTP/2" 200 8388 "https://www.demo3.bdwebsolution.com/file.php?fm=true&path=/proc/809763/net" "Mozilla/5.0 AppleWebKit/537.36 (KHTML, like Gecko; compatible; GPTBot/1.4; +https://openai.com/gptbot)"
74.7.242.38 - - [01/Jul/2026:19:20:14 +0600] "GET /file.php?edit=unix&fm=true&path=/proc/809763/net/ HTTP/2" 200 43665 "https://www.demo3.bdwebsolution.com/file.php?fm=true&path=/proc/809763/net" "Mozilla/5.0 AppleWebKit/537.36 (KHTML, like Gecko; compatible; GPTBot/1.4; +https://openai.com/gptbot)"
74.7.242.38 - - [01/Jul/2026:19:20:15 +0600] "GET /file.php?edit=snmp&fm=true&path=/proc/774200/net/ HTTP/2" 200 8388 "https://www.demo3.bdwebsolution.com/file.php?fm=true&path=/proc/774200/net" "Mozilla/5.0 AppleWebKit/537.36 (KHTML, like Gecko; compatible; GPTBot/1.4; +https://openai.com/gptbot)"
74.7.242.38 - - [01/Jul/2026:19:20:15 +0600] "GET /file.php?edit=unix&fm=true&path=/proc/774200/net/ HTTP/2" 200 43409 "https://www.demo3.bdwebsolution.com/file.php?fm=true&path=/proc/774200/net" "Mozilla/5.0 AppleWebKit/537.36 (KHTML, like Gecko; compatible; GPTBot/1.4; +https://openai.com/gptbot)"
74.7.243.207 - - [01/Jul/2026:19:20:16 +0600] "GET /file.php?gz=L3Byb2MvODU3Nzc0 HTTP/2" 200 6529 "https://demo3.bdwebsolution.com/file.php?fm=true&path=/proc/787989/.." "Mozilla/5.0 AppleWebKit/537.36 (KHTML, like Gecko; compatible; GPTBot/1.4; +https://openai.com/gptbot)"
74.7.242.38 - - [01/Jul/2026:19:20:16 +0600] "GET /file.php?edit=snmp&fm=true&path=/proc/809763/net/ HTTP/2" 200 8388 "https://www.demo3.bdwebsolution.com/file.php?fm=true&path=/proc/809763/net" "Mozilla/5.0 AppleWebKit/537.36 (KHTML, like Gecko; compatible; GPTBot/1.4; +https://openai.com/gptbot)"
74.7.242.38 - - [01/Jul/2026:19:20:17 +0600] "GET /file.php?download=L3Byb2MvNzc0MjAwL25ldC9zb2Z0bmV0X3N0YXQ= HTTP/2" 200 7 "https://www.demo3.bdwebsolution.com/file.php?fm=true&path=/proc/774200/net" "Mozilla/5.0 AppleWebKit/537.36 (KHTML, like Gecko; compatible; GPTBot/1.4; +https://openai.com/gptbot)"
74.7.242.38 - - [01/Jul/2026:19:20:17 +0600] "GET /file.php?download=L3Byb2MvODA5NzYzL25ldC9zb2Z0bmV0X3N0YXQ= HTTP/2" 200 7 "https://www.demo3.bdwebsolution.com/file.php?fm=true&path=/proc/809763/net" "Mozilla/5.0 AppleWebKit/537.36 (KHTML, like Gecko; compatible; GPTBot/1.4; +https://openai.com/gptbot)"
74.7.242.38 - - [01/Jul/2026:19:20:18 +0600] "GET /file.php?download=L3Byb2MvNzg3OTg5L25ldC9uZl9jb25udHJhY2s= HTTP/2" 200 7 "https://www.demo3.bdwebsolution.com/file.php?fm=true&path=/proc/787989/net" "Mozilla/5.0 AppleWebKit/537.36 (KHTML, like Gecko; compatible; GPTBot/1.4; +https://openai.com/gptbot)"
74.7.243.207 - - [01/Jul/2026:19:20:18 +0600] "GET /file.php?gz=L3Byb2MvODc1MDA4 HTTP/2" 200 6502 "https://demo3.bdwebsolution.com/file.php?fm=true&path=/proc/841206/.." "Mozilla/5.0 AppleWebKit/537.36 (KHTML, like Gecko; compatible; GPTBot/1.4; +https://openai.com/gptbot)"
74.7.242.38 - - [01/Jul/2026:19:20:19 +0600] "GET /file.php?gz=L3Byb2MvNzg3OTg5L25ldA== HTTP/2" 200 6502 "https://www.demo3.bdwebsolution.com/file.php?fm=true&path=/proc/787989" "Mozilla/5.0 AppleWebKit/537.36 (KHTML, like Gecko; compatible; GPTBot/1.4; +https://openai.com/gptbot)"
74.7.242.38 - - [01/Jul/2026:19:20:19 +0600] "GET /file.php?gz=L3Byb2MvNzg3OTg5L2N3ZA== HTTP/2" 200 6529 "https://www.demo3.bdwebsolution.com/file.php?fm=true&path=/proc/787989" "Mozilla/5.0 AppleWebKit/537.36 (KHTML, like Gecko; compatible; GPTBot/1.4; +https://openai.com/gptbot)"
74.7.242.38 - - [01/Jul/2026:19:20:20 +0600] "GET /file.php?fm=true&path=/proc/774200/net/&rename=rpc HTTP/2" 200 8369 "https://www.demo3.bdwebsolution.com/file.php?fm=true&path=/proc/774200/net" "Mozilla/5.0 AppleWebKit/537.36 (KHTML, like Gecko; compatible; GPTBot/1.4; +https://openai.com/gptbot)"
74.7.243.207 - - [01/Jul/2026:19:20:20 +0600] "GET /file.php?fm=true&path=/proc/787989/net/&rename=unix HTTP/2" 200 8402 "https://demo3.bdwebsolution.com/file.php?fm=true&path=/proc/787989/net" "Mozilla/5.0 AppleWebKit/537.36 (KHTML, like Gecko; compatible; GPTBot/1.4; +https://openai.com/gptbot)"
74.7.243.207 - - [01/Jul/2026:19:20:21 +0600] "GET /file.php?fm=true&path=/proc/787989/ns/ HTTP/2" 200 10106 "https://demo3.bdwebsolution.com/file.php?edit=net&fm=true&path=/proc/787989/ns/" "Mozilla/5.0 AppleWebKit/537.36 (KHTML, like Gecko; compatible; GPTBot/1.4; +https://openai.com/gptbot)"
74.7.242.38 - - [01/Jul/2026:19:20:21 +0600] "GET /file.php?fm=true&path=/proc/787989/net/&rename=udp HTTP/2" 200 8369 "https://www.demo3.bdwebsolution.com/file.php?fm=true&path=/proc/787989/net" "Mozilla/5.0 AppleWebKit/537.36 (KHTML, like Gecko; compatible; GPTBot/1.4; +https://openai.com/gptbot)"
74.7.243.207 - - [01/Jul/2026:19:20:22 +0600] "GET /file.php?fm=true&path=/proc/795238/net/&rename=unix HTTP/2" 200 8401 "https://demo3.bdwebsolution.com/file.php?fm=true&path=/proc/795238/net" "Mozilla/5.0 AppleWebKit/537.36 (KHTML, like Gecko; compatible; GPTBot/1.4; +https://openai.com/gptbot)"
74.7.243.207 - - [01/Jul/2026:19:20:23 +0600] "GET /file.php?fm=true&path=/proc/795238/net/&rename=igmp HTTP/2" 200 8367 "https://demo3.bdwebsolution.com/file.php?fm=true&path=/proc/795238/net" "Mozilla/5.0 AppleWebKit/537.36 (KHTML, like Gecko; compatible; GPTBot/1.4; +https://openai.com/gptbot)"
74.7.242.38 - - [01/Jul/2026:19:20:23 +0600] "GET /file.php?fm=true&path=/proc/787989/net/&rename=raw HTTP/2" 200 8369 "https://www.demo3.bdwebsolution.com/file.php?fm=true&path=/proc/787989/net" "Mozilla/5.0 AppleWebKit/537.36 (KHTML, like Gecko; compatible; GPTBot/1.4; +https://openai.com/gptbot)"
74.7.243.207 - - [01/Jul/2026:19:20:23 +0600] "GET /file.php?fm=true&path=/proc/795238/net/&rights=icmp HTTP/2" 200 8367 "https://demo3.bdwebsolution.com/file.php?fm=true&path=/proc/795238/net" "Mozilla/5.0 AppleWebKit/537.36 (KHTML, like Gecko; compatible; GPTBot/1.4; +https://openai.com/gptbot)"
74.7.242.38 - - [01/Jul/2026:19:20:24 +0600] "GET /file.php?edit=if_inet6&fm=true&path=/proc/787989/net/ HTTP/2" 200 8394 "https://www.demo3.bdwebsolution.com/file.php?fm=true&path=/proc/787989/net" "Mozilla/5.0 AppleWebKit/537.36 (KHTML, like Gecko; compatible; GPTBot/1.4; +https://openai.com/gptbot)"
74.7.243.207 - - [01/Jul/2026:19:20:25 +0600] "GET /file.php?fm=true&path=/proc/787989/net/&rights=unix HTTP/2" 200 8367 "https://demo3.bdwebsolution.com/file.php?fm=true&path=/proc/787989/net" "Mozilla/5.0 AppleWebKit/537.36 (KHTML, like Gecko; compatible; GPTBot/1.4; +https://openai.com/gptbot)"
74.7.242.38 - - [01/Jul/2026:19:20:25 +0600] "GET /file.php?edit=io&fm=true&path=/proc/787989/ HTTP/2" 200 8461 "https://www.demo3.bdwebsolution.com/file.php?fm=true&path=/proc/787989" "Mozilla/5.0 AppleWebKit/537.36 (KHTML, like Gecko; compatible; GPTBot/1.4; +https://openai.com/gptbot)"
74.7.242.38 - - [01/Jul/2026:19:20:26 +0600] "GET /file.php?fm=true&path=/proc/774200/net/ HTTP/2" 200 13150 "https://www.demo3.bdwebsolution.com/file.php?fm=true&path=/proc/774200/net/&rename=unix" "Mozilla/5.0 AppleWebKit/537.36 (KHTML, like Gecko; compatible; GPTBot/1.4; +https://openai.com/gptbot)"
74.7.242.38 - - [01/Jul/2026:19:20:26 +0600] "GET /file.php?fm=true&path=/proc/809763/net/&rename=arp HTTP/2" 200 8410 "https://www.demo3.bdwebsolution.com/file.php?fm=true&path=/proc/809763/net" "Mozilla/5.0 AppleWebKit/537.36 (KHTML, like Gecko; compatible; GPTBot/1.4; +https://openai.com/gptbot)"
74.7.243.207 - - [01/Jul/2026:19:20:27 +0600] "GET /file.php?fm=true&path=/proc/795238/net/&rename=snmp HTTP/2" 200 8367 "https://demo3.bdwebsolution.com/file.php?fm=true&path=/proc/795238/net" "Mozilla/5.0 AppleWebKit/537.36 (KHTML, like Gecko; compatible; GPTBot/1.4; +https://openai.com/gptbot)"
74.7.242.38 - - [01/Jul/2026:19:20:27 +0600] "GET /file.php?fm=true&path=/proc/809763/net/&rename=rpc HTTP/2" 200 8369 "https://www.demo3.bdwebsolution.com/file.php?fm=true&path=/proc/809763/net" "Mozilla/5.0 AppleWebKit/537.36 (KHTML, like Gecko; compatible; GPTBot/1.4; +https://openai.com/gptbot)"
74.7.242.38 - - [01/Jul/2026:19:20:27 +0600] "GET /file.php?fm=true&path=/proc/774200/net/&rename=udp HTTP/2" 200 8369 "https://www.demo3.bdwebsolution.com/file.php?fm=true&path=/proc/774200/net" "Mozilla/5.0 AppleWebKit/537.36 (KHTML, like Gecko; compatible; GPTBot/1.4; +https://openai.com/gptbot)"
74.7.242.38 - - [01/Jul/2026:19:20:28 +0600] "GET /file.php?fm=true&path=/proc/774200/net/&rights=arp HTTP/2" 200 8364 "https://www.demo3.bdwebsolution.com/file.php?fm=true&path=/proc/774200/net" "Mozilla/5.0 AppleWebKit/537.36 (KHTML, like Gecko; compatible; GPTBot/1.4; +https://openai.com/gptbot)"
74.7.243.207 - - [01/Jul/2026:19:20:28 +0600] "GET /file.php?edit=snmp&fm=true&path=/proc/787989/net/ HTTP/2" 200 8384 "https://demo3.bdwebsolution.com/file.php?fm=true&path=/proc/787989/net" "Mozilla/5.0 AppleWebKit/537.36 (KHTML, like Gecko; compatible; GPTBot/1.4; +https://openai.com/gptbot)"
74.7.243.207 - - [01/Jul/2026:19:20:29 +0600] "GET /file.php?fm=true&path=/proc/787989/ns/&rights=net HTTP/2" 200 8362 "https://demo3.bdwebsolution.com/file.php?fm=true&path=/proc/787989/ns" "Mozilla/5.0 AppleWebKit/537.36 (KHTML, like Gecko; compatible; GPTBot/1.4; +https://openai.com/gptbot)"
74.7.242.38 - - [01/Jul/2026:19:20:29 +0600] "GET /file.php?fm=true&path=/proc/774200/net/&rights=rpc HTTP/2" 200 8388 "https://www.demo3.bdwebsolution.com/file.php?fm=true&path=/proc/774200/net" "Mozilla/5.0 AppleWebKit/537.36 (KHTML, like Gecko; compatible; GPTBot/1.4; +https://openai.com/gptbot)"
74.7.242.38 - - [01/Jul/2026:19:20:29 +0600] "GET /file.php?fm=true&path=/proc/787989/net/&rights=arp HTTP/2" 200 8364 "https://www.demo3.bdwebsolution.com/file.php?fm=true&path=/proc/787989/net" "Mozilla/5.0 AppleWebKit/537.36 (KHTML, like Gecko; compatible; GPTBot/1.4; +https://openai.com/gptbot)"
74.7.242.38 - - [01/Jul/2026:19:20:30 +0600] "GET /file.php?fm=true&path=/proc/787989/net/&rights=rpc HTTP/2" 200 8388 "https://www.demo3.bdwebsolution.com/file.php?fm=true&path=/proc/787989/net" "Mozilla/5.0 AppleWebKit/537.36 (KHTML, like Gecko; compatible; GPTBot/1.4; +https://openai.com/gptbot)"
74.7.242.38 - - [01/Jul/2026:19:20:31 +0600] "GET /file.php?fm=true&path=/proc/774200/net/&rename=raw HTTP/2" 200 8369 "https://www.demo3.bdwebsolution.com/file.php?fm=true&path=/proc/774200/net" "Mozilla/5.0 AppleWebKit/537.36 (KHTML, like Gecko; compatible; GPTBot/1.4; +https://openai.com/gptbot)"
74.7.243.207 - - [01/Jul/2026:19:20:31 +0600] "GET /file.php?edit=unix&fm=true&path=/proc/787989/net/ HTTP/2" 200 43077 "https://demo3.bdwebsolution.com/file.php?fm=true&path=/proc/787989/net" "Mozilla/5.0 AppleWebKit/537.36 (KHTML, like Gecko; compatible; GPTBot/1.4; +https://openai.com/gptbot)"
74.7.242.38 - - [01/Jul/2026:19:20:31 +0600] "GET /file.php?fm=true&path=/proc/809763/net/&rename=udp HTTP/2" 200 8410 "https://www.demo3.bdwebsolution.com/file.php?fm=true&path=/proc/809763/net" "Mozilla/5.0 AppleWebKit/537.36 (KHTML, like Gecko; compatible; GPTBot/1.4; +https://openai.com/gptbot)"
74.7.242.38 - - [01/Jul/2026:19:20:32 +0600] "GET /file.php?fm=true&path=/proc/774200/net/&rights=udp HTTP/2" 200 8364 "https://www.demo3.bdwebsolution.com/file.php?fm=true&path=/proc/774200/net" "Mozilla/5.0 AppleWebKit/537.36 (KHTML, like Gecko; compatible; GPTBot/1.4; +https://openai.com/gptbot)"
74.7.243.207 - - [01/Jul/2026:19:20:32 +0600] "GET /file.php?fm=true&path=/proc/795238/net/rpc HTTP/2" 200 7540 "https://demo3.bdwebsolution.com/file.php?fm=true&path=/proc/795238/net" "Mozilla/5.0 AppleWebKit/537.36 (KHTML, like Gecko; compatible; GPTBot/1.4; +https://openai.com/gptbot)"
74.7.242.38 - - [01/Jul/2026:19:20:32 +0600] "GET /file.php?fm=true&path=/proc/809763/net/&rights=arp HTTP/2" 200 8364 "https://www.demo3.bdwebsolution.com/file.php?fm=true&path=/proc/809763/net" "Mozilla/5.0 AppleWebKit/537.36 (KHTML, like Gecko; compatible; GPTBot/1.4; +https://openai.com/gptbot)"
74.7.242.38 - - [01/Jul/2026:19:20:33 +0600] "GET /file.php?fm=true&path=/proc/809763/net/&rights=rpc HTTP/2" 200 8388 "https://www.demo3.bdwebsolution.com/file.php?fm=true&path=/proc/809763/net" "Mozilla/5.0 AppleWebKit/537.36 (KHTML, like Gecko; compatible; GPTBot/1.4; +https://openai.com/gptbot)"
74.7.243.207 - - [01/Jul/2026:19:20:33 +0600] "GET /file.php?download=L3Byb2MvNzk1MjM4L25ldC9zb2Z0bmV0X3N0YXQ= HTTP/2" 200 7 "https://demo3.bdwebsolution.com/file.php?fm=true&path=/proc/795238/net" "Mozilla/5.0 AppleWebKit/537.36 (KHTML, like Gecko; compatible; GPTBot/1.4; +https://openai.com/gptbot)"
74.7.242.38 - - [01/Jul/2026:19:20:33 +0600] "GET /file.php?fm=true&path=/proc/809763/net/&rename=raw HTTP/2" 200 8369 "https://www.demo3.bdwebsolution.com/file.php?fm=true&path=/proc/809763/net" "Mozilla/5.0 AppleWebKit/537.36 (KHTML, like Gecko; compatible; GPTBot/1.4; +https://openai.com/gptbot)"
74.7.243.207 - - [01/Jul/2026:19:20:34 +0600] "GET /file.php?download=L3Byb2MvNzg3OTg5L25ldC9zb2Z0bmV0X3N0YXQ= HTTP/2" 200 7 "https://demo3.bdwebsolution.com/file.php?fm=true&path=/proc/787989/net" "Mozilla/5.0 AppleWebKit/537.36 (KHTML, like Gecko; compatible; GPTBot/1.4; +https://openai.com/gptbot)"
74.7.242.38 - - [01/Jul/2026:19:20:34 +0600] "GET /file.php?fm=true&path=/proc/774200/net/&rights=raw HTTP/2" 200 8364 "https://www.demo3.bdwebsolution.com/file.php?fm=true&path=/proc/774200/net" "Mozilla/5.0 AppleWebKit/537.36 (KHTML, like Gecko; compatible; GPTBot/1.4; +https://openai.com/gptbot)"
74.7.242.38 - - [01/Jul/2026:19:20:35 +0600] "GET /file.php?fm=true&path=/proc/787989/net/&rights=raw HTTP/2" 200 8364 "https://www.demo3.bdwebsolution.com/file.php?fm=true&path=/proc/787989/net" "Mozilla/5.0 AppleWebKit/537.36 (KHTML, like Gecko; compatible; GPTBot/1.4; +https://openai.com/gptbot)"
74.7.242.38 - - [01/Jul/2026:19:20:35 +0600] "GET /file.php?fm=true&path=/proc/787989/net/&rights=udp HTTP/2" 200 8364 "https://www.demo3.bdwebsolution.com/file.php?fm=true&path=/proc/787989/net" "Mozilla/5.0 AppleWebKit/537.36 (KHTML, like Gecko; compatible; GPTBot/1.4; +https://openai.com/gptbot)"
74.7.243.207 - - [01/Jul/2026:19:20:36 +0600] "GET /file.php?download=L3Byb2MvNzg3OTg5L25ldC9zb2Nrc3RhdA== HTTP/2" 200 7 "https://demo3.bdwebsolution.com/file.php?fm=true&path=/proc/787989/net" "Mozilla/5.0 AppleWebKit/537.36 (KHTML, like Gecko; compatible; GPTBot/1.4; +https://openai.com/gptbot)"
74.7.242.38 - - [01/Jul/2026:19:20:36 +0600] "GET /file.php?fm=true&path=/proc/774470 HTTP/2" 200 10451 "https://www.demo3.bdwebsolution.com/file.php?fm=true&path=/proc/663247/.." "Mozilla/5.0 AppleWebKit/537.36 (KHTML, like Gecko; compatible; GPTBot/1.4; +https://openai.com/gptbot)"
74.7.243.207 - - [01/Jul/2026:19:20:37 +0600] "GET /file.php?download=L3Byb2MvNzg3OTg5L25ldC9pZl9pbmV0Ng== HTTP/2" 200 7 "https://demo3.bdwebsolution.com/file.php?fm=true&path=/proc/787989/net" "Mozilla/5.0 AppleWebKit/537.36 (KHTML, like Gecko; compatible; GPTBot/1.4; +https://openai.com/gptbot)"
74.7.243.207 - - [01/Jul/2026:19:20:37 +0600] "GET /file.php?download=L3Byb2MvNzk1MjM4L25ldC9zb2Nrc3RhdA== HTTP/2" 200 7 "https://demo3.bdwebsolution.com/file.php?fm=true&path=/proc/795238/net" "Mozilla/5.0 AppleWebKit/537.36 (KHTML, like Gecko; compatible; GPTBot/1.4; +https://openai.com/gptbot)"
74.7.243.207 - - [01/Jul/2026:19:20:38 +0600] "GET /file.php?download=L3Byb2MvNzk1MjM4L25ldC9pZl9pbmV0Ng== HTTP/2" 200 7 "https://demo3.bdwebsolution.com/file.php?fm=true&path=/proc/795238/net" "Mozilla/5.0 AppleWebKit/537.36 (KHTML, like Gecko; compatible; GPTBot/1.4; +https://openai.com/gptbot)"
74.7.242.38 - - [01/Jul/2026:19:20:39 +0600] "GET /file.php?edit=ptype&fm=true&path=/proc/787989/net/ HTTP/2" 200 8386 "https://www.demo3.bdwebsolution.com/file.php?fm=true&path=/proc/787989/net" "Mozilla/5.0 AppleWebKit/537.36 (KHTML, like Gecko; compatible; GPTBot/1.4; +https://openai.com/gptbot)"
74.7.243.207 - - [01/Jul/2026:19:20:39 +0600] "GET /file.php?edit=icmp6&fm=true&path=/proc/787989/net/ HTTP/2" 200 8385 "https://demo3.bdwebsolution.com/file.php?fm=true&path=/proc/787989/net" "Mozilla/5.0 AppleWebKit/537.36 (KHTML, like Gecko; compatible; GPTBot/1.4; +https://openai.com/gptbot)"
74.7.242.38 - - [01/Jul/2026:19:20:41 +0600] "GET /file.php?fm=true&path=/proc/787989/net/&rename=tcp HTTP/2" 200 8369 "https://www.demo3.bdwebsolution.com/file.php?fm=true&path=/proc/787989/net" "Mozilla/5.0 AppleWebKit/537.36 (KHTML, like Gecko; compatible; GPTBot/1.4; +https://openai.com/gptbot)"
74.7.243.207 - - [01/Jul/2026:19:20:41 +0600] "GET /file.php?fm=true&path=/proc/841206/ns/.. HTTP/2" 200 10488 "https://demo3.bdwebsolution.com/file.php?fm=true&path=/proc/841206/ns" "Mozilla/5.0 AppleWebKit/537.36 (KHTML, like Gecko; compatible; GPTBot/1.4; +https://openai.com/gptbot)"
74.7.242.38 - - [01/Jul/2026:19:20:42 +0600] "GET /file.php?gz=L3Byb2MvODM0MjE0 HTTP/2" 200 6502 "https://www.demo3.bdwebsolution.com/file.php?fm=true&path=/proc/809763/.." "Mozilla/5.0 AppleWebKit/537.36 (KHTML, like Gecko; compatible; GPTBot/1.4; +https://openai.com/gptbot)"
74.7.242.38 - - [01/Jul/2026:19:20:43 +0600] "GET /file.php?gz=L3Byb2MvNzk2MTU3 HTTP/2" 200 6529 "https://www.demo3.bdwebsolution.com/file.php?fm=true&path=/proc/774200/.." "Mozilla/5.0 AppleWebKit/537.36 (KHTML, like Gecko; compatible; GPTBot/1.4; +https://openai.com/gptbot)"
74.7.242.38 - - [01/Jul/2026:19:20:43 +0600] "GET /file.php?fm=true&path=/proc/774470/&rights=fd HTTP/2" 200 8392 "https://www.demo3.bdwebsolution.com/file.php?fm=true&path=/proc/774470" "Mozilla/5.0 AppleWebKit/537.36 (KHTML, like Gecko; compatible; GPTBot/1.4; +https://openai.com/gptbot)"
74.7.243.207 - - [01/Jul/2026:19:20:44 +0600] "GET /file.php?edit=snmp6&fm=true&path=/proc/787989/net/ HTTP/2" 200 8385 "https://demo3.bdwebsolution.com/file.php?fm=true&path=/proc/787989/net" "Mozilla/5.0 AppleWebKit/537.36 (KHTML, like Gecko; compatible; GPTBot/1.4; +https://openai.com/gptbot)"
74.7.242.38 - - [01/Jul/2026:19:20:44 +0600] "GET /file.php?download=L3Byb2MvNzc0NDcwL21vdW50aW5mbw== HTTP/2" 200 2228 "https://www.demo3.bdwebsolution.com/file.php?fm=true&path=/proc/774470" "Mozilla/5.0 AppleWebKit/537.36 (KHTML, like Gecko; compatible; GPTBot/1.4; +https://openai.com/gptbot)"
74.7.243.207 - - [01/Jul/2026:19:20:45 +0600] "GET /file.php?edit=igmp6&fm=true&path=/proc/787989/net/ HTTP/2" 200 8385 "https://demo3.bdwebsolution.com/file.php?fm=true&path=/proc/787989/net" "Mozilla/5.0 AppleWebKit/537.36 (KHTML, like Gecko; compatible; GPTBot/1.4; +https://openai.com/gptbot)"
74.7.242.38 - - [01/Jul/2026:19:20:45 +0600] "GET /file.php?fm=true&path=/proc/774470/.. HTTP/2" 200 17068 "https://www.demo3.bdwebsolution.com/file.php?fm=true&path=/proc/774470" "Mozilla/5.0 AppleWebKit/537.36 (KHTML, like Gecko; compatible; GPTBot/1.4; +https://openai.com/gptbot)"
74.7.243.207 - - [01/Jul/2026:19:20:45 +0600] "GET /file.php?edit=icmp6&fm=true&path=/proc/795238/net/ HTTP/2" 200 8385 "https://demo3.bdwebsolution.com/file.php?fm=true&path=/proc/795238/net" "Mozilla/5.0 AppleWebKit/537.36 (KHTML, like Gecko; compatible; GPTBot/1.4; +https://openai.com/gptbot)"
74.7.243.207 - - [01/Jul/2026:19:20:46 +0600] "GET /file.php?edit=igmp&fm=true&path=/proc/795238/net/ HTTP/2" 200 8384 "https://demo3.bdwebsolution.com/file.php?fm=true&path=/proc/795238/net" "Mozilla/5.0 AppleWebKit/537.36 (KHTML, like Gecko; compatible; GPTBot/1.4; +https://openai.com/gptbot)"
74.7.243.207 - - [01/Jul/2026:19:20:46 +0600] "GET /file.php?edit=unix&fm=true&path=/proc/795238/net/ HTTP/2" 200 43032 "https://demo3.bdwebsolution.com/file.php?fm=true&path=/proc/795238/net" "Mozilla/5.0 AppleWebKit/537.36 (KHTML, like Gecko; compatible; GPTBot/1.4; +https://openai.com/gptbot)"
74.7.242.38 - - [01/Jul/2026:19:20:47 +0600] "GET /file.php?fm=true&path=/proc/774470/&rename=net HTTP/2" 200 8364 "https://www.demo3.bdwebsolution.com/file.php?fm=true&path=/proc/774470" "Mozilla/5.0 AppleWebKit/537.36 (KHTML, like Gecko; compatible; GPTBot/1.4; +https://openai.com/gptbot)"
74.7.243.207 - - [01/Jul/2026:19:20:47 +0600] "GET /file.php?edit=icmp&fm=true&path=/proc/795238/net/ HTTP/2" 200 8421 "https://demo3.bdwebsolution.com/file.php?fm=true&path=/proc/795238/net" "Mozilla/5.0 AppleWebKit/537.36 (KHTML, like Gecko; compatible; GPTBot/1.4; +https://openai.com/gptbot)"
74.7.242.38 - - [01/Jul/2026:19:20:48 +0600] "GET /file.php?gz=L3Byb2MvNzc0NDcwL25z HTTP/2" 200 6502 "https://www.demo3.bdwebsolution.com/file.php?fm=true&path=/proc/774470" "Mozilla/5.0 AppleWebKit/537.36 (KHTML, like Gecko; compatible; GPTBot/1.4; +https://openai.com/gptbot)"
