74.7.243.207 - - [01/Jul/2026:19:20:49 +0600] "GET /file.php?edit=snmp&fm=true&path=/proc/795238/net/ HTTP/2" 200 8384 "https://demo3.bdwebsolution.com/file.php?fm=true&path=/proc/795238/net" "Mozilla/5.0 AppleWebKit/537.36 (KHTML, like Gecko; compatible; GPTBot/1.4; +https://openai.com/gptbot)"
74.7.242.38 - - [01/Jul/2026:19:20:49 +0600] "GET /file.php?fm=true&path=/proc/774470/. HTTP/2" 200 10479 "https://www.demo3.bdwebsolution.com/file.php?fm=true&path=/proc/774470" "Mozilla/5.0 AppleWebKit/537.36 (KHTML, like Gecko; compatible; GPTBot/1.4; +https://openai.com/gptbot)"
74.7.243.207 - - [01/Jul/2026:19:20:50 +0600] "GET /file.php?fm=true&path=/proc/841206/ns/&rename=net HTTP/2" 200 8360 "https://demo3.bdwebsolution.com/file.php?fm=true&path=/proc/841206/ns" "Mozilla/5.0 AppleWebKit/537.36 (KHTML, like Gecko; compatible; GPTBot/1.4; +https://openai.com/gptbot)"
74.7.243.207 - - [01/Jul/2026:19:20:51 +0600] "GET /file.php?download=L3Byb2MvNzg3OTg5L25ldC9uZl9jb25udHJhY2s= HTTP/2" 200 7 "https://demo3.bdwebsolution.com/file.php?fm=true&path=/proc/787989/net" "Mozilla/5.0 AppleWebKit/537.36 (KHTML, like Gecko; compatible; GPTBot/1.4; +https://openai.com/gptbot)"
74.7.243.207 - - [01/Jul/2026:19:20:52 +0600] "GET /file.php?download=L3Byb2MvNzk1MjM4L25ldC9uZl9jb25udHJhY2s= HTTP/2" 200 7 "https://demo3.bdwebsolution.com/file.php?fm=true&path=/proc/795238/net" "Mozilla/5.0 AppleWebKit/537.36 (KHTML, like Gecko; compatible; GPTBot/1.4; +https://openai.com/gptbot)"
74.7.243.207 - - [01/Jul/2026:19:20:53 +0600] "GET /file.php?gz=L3Byb2MvNzg3OTg5L25ldA== HTTP/2" 200 6529 "https://demo3.bdwebsolution.com/file.php?fm=true&path=/proc/787989" "Mozilla/5.0 AppleWebKit/537.36 (KHTML, like Gecko; compatible; GPTBot/1.4; +https://openai.com/gptbot)"
74.7.243.207 - - [01/Jul/2026:19:20:54 +0600] "GET /file.php?gz=L3Byb2MvNzg3OTg5L2N3ZA== HTTP/2" 200 6529 "https://demo3.bdwebsolution.com/file.php?fm=true&path=/proc/787989" "Mozilla/5.0 AppleWebKit/537.36 (KHTML, like Gecko; compatible; GPTBot/1.4; +https://openai.com/gptbot)"
74.7.242.38 - - [01/Jul/2026:19:20:53 +0600] "GET /file.php?fm=true&path=/proc/774470/ HTTP/2" 200 10465 "https://www.demo3.bdwebsolution.com/file.php?fm=true&path=/proc/774470/&rights=fd" "Mozilla/5.0 AppleWebKit/537.36 (KHTML, like Gecko; compatible; GPTBot/1.4; +https://openai.com/gptbot)"
74.7.243.207 - - [01/Jul/2026:19:20:55 +0600] "GET /file.php?fm=true&path=/proc/787989/net/&rename=udp HTTP/2" 200 8369 "https://demo3.bdwebsolution.com/file.php?fm=true&path=/proc/787989/net" "Mozilla/5.0 AppleWebKit/537.36 (KHTML, like Gecko; compatible; GPTBot/1.4; +https://openai.com/gptbot)"
74.7.242.38 - - [01/Jul/2026:19:20:55 +0600] "GET /file.php?fm=true&path=/proc/889434 HTTP/2" 200 10505 "https://www.demo3.bdwebsolution.com/file.php?fm=true&path=/proc/774470/.." "Mozilla/5.0 AppleWebKit/537.36 (KHTML, like Gecko; compatible; GPTBot/1.4; +https://openai.com/gptbot)"
74.7.242.38 - - [01/Jul/2026:19:20:57 +0600] "GET /file.php?edit=io&fm=true&path=/proc/774470/ HTTP/2" 200 8450 "https://www.demo3.bdwebsolution.com/file.php?fm=true&path=/proc/774470" "Mozilla/5.0 AppleWebKit/537.36 (KHTML, like Gecko; compatible; GPTBot/1.4; +https://openai.com/gptbot)"
74.7.242.38 - - [01/Jul/2026:19:20:57 +0600] "GET /file.php?download=L3Byb2MvNzc0NDcwL29vbV9zY29yZV9hZGo= HTTP/2" 200 9 "https://www.demo3.bdwebsolution.com/file.php?fm=true&path=/proc/774470" "Mozilla/5.0 AppleWebKit/537.36 (KHTML, like Gecko; compatible; GPTBot/1.4; +https://openai.com/gptbot)"
74.7.243.207 - - [01/Jul/2026:19:20:58 +0600] "GET /file.php?fm=true&path=/proc/787989/net/&rename=raw HTTP/2" 200 8403 "https://demo3.bdwebsolution.com/file.php?fm=true&path=/proc/787989/net" "Mozilla/5.0 AppleWebKit/537.36 (KHTML, like Gecko; compatible; GPTBot/1.4; +https://openai.com/gptbot)"
74.7.243.207 - - [01/Jul/2026:19:20:59 +0600] "GET /file.php?edit=if_inet6&fm=true&path=/proc/787989/net/ HTTP/2" 200 8389 "https://demo3.bdwebsolution.com/file.php?fm=true&path=/proc/787989/net" "Mozilla/5.0 AppleWebKit/537.36 (KHTML, like Gecko; compatible; GPTBot/1.4; +https://openai.com/gptbot)"
74.7.243.207 - - [01/Jul/2026:19:20:59 +0600] "GET /file.php?edit=io&fm=true&path=/proc/787989/ HTTP/2" 200 8461 "https://demo3.bdwebsolution.com/file.php?fm=true&path=/proc/787989" "Mozilla/5.0 AppleWebKit/537.36 (KHTML, like Gecko; compatible; GPTBot/1.4; +https://openai.com/gptbot)"
74.7.243.207 - - [01/Jul/2026:19:21:00 +0600] "GET /file.php?download=L3Byb2MvODQxMjA2L25zL3BpZF9mb3JfY2hpbGRyZW4= HTTP/2" 200 7 "https://demo3.bdwebsolution.com/file.php?fm=true&path=/proc/841206/ns" "Mozilla/5.0 AppleWebKit/537.36 (KHTML, like Gecko; compatible; GPTBot/1.4; +https://openai.com/gptbot)"
74.7.243.207 - - [01/Jul/2026:19:21:01 +0600] "GET /file.php?fm=true&path=/proc/841206/net HTTP/2" 200 13010 "https://demo3.bdwebsolution.com/file.php?fm=true&path=/proc/841206" "Mozilla/5.0 AppleWebKit/537.36 (KHTML, like Gecko; compatible; GPTBot/1.4; +https://openai.com/gptbot)"
74.7.243.207 - - [01/Jul/2026:19:21:01 +0600] "GET /file.php?fm=true&path=/proc/795238/net/&rename=rpc HTTP/2" 200 8403 "https://demo3.bdwebsolution.com/file.php?fm=true&path=/proc/795238/net" "Mozilla/5.0 AppleWebKit/537.36 (KHTML, like Gecko; compatible; GPTBot/1.4; +https://openai.com/gptbot)"
74.7.243.207 - - [01/Jul/2026:19:21:02 +0600] "GET /file.php?fm=true&path=/proc/795238/net/&rename=arp HTTP/2" 200 8403 "https://demo3.bdwebsolution.com/file.php?fm=true&path=/proc/795238/net" "Mozilla/5.0 AppleWebKit/537.36 (KHTML, like Gecko; compatible; GPTBot/1.4; +https://openai.com/gptbot)"
74.7.243.207 - - [01/Jul/2026:19:21:04 +0600] "GET /file.php?fm=true&path=/proc/787989/net/&rights=rpc HTTP/2" 200 8389 "https://demo3.bdwebsolution.com/file.php?fm=true&path=/proc/787989/net" "Mozilla/5.0 AppleWebKit/537.36 (KHTML, like Gecko; compatible; GPTBot/1.4; +https://openai.com/gptbot)"
74.7.243.207 - - [01/Jul/2026:19:21:06 +0600] "GET /file.php?fm=true&path=/proc/795238/net/&rename=raw HTTP/2" 200 8369 "https://demo3.bdwebsolution.com/file.php?fm=true&path=/proc/795238/net" "Mozilla/5.0 AppleWebKit/537.36 (KHTML, like Gecko; compatible; GPTBot/1.4; +https://openai.com/gptbot)"
74.7.243.207 - - [01/Jul/2026:19:21:07 +0600] "GET /file.php?edit=ip6_flowlabel&fm=true&path=/proc/841206/net/ HTTP/2" 200 8393 "https://demo3.bdwebsolution.com/file.php?fm=true&path=/proc/841206/net" "Mozilla/5.0 AppleWebKit/537.36 (KHTML, like Gecko; compatible; GPTBot/1.4; +https://openai.com/gptbot)"
74.7.243.207 - - [01/Jul/2026:19:21:08 +0600] "GET /file.php?fm=true&path=/proc/841206/net/&rights=ip6_flowlabel HTTP/2" 200 8380 "https://demo3.bdwebsolution.com/file.php?fm=true&path=/proc/841206/net" "Mozilla/5.0 AppleWebKit/537.36 (KHTML, like Gecko; compatible; GPTBot/1.4; +https://openai.com/gptbot)"
74.7.243.207 - - [01/Jul/2026:19:21:08 +0600] "GET /file.php?edit=anycast6&fm=true&path=/proc/841206/net/ HTTP/2" 200 8422 "https://demo3.bdwebsolution.com/file.php?fm=true&path=/proc/841206/net" "Mozilla/5.0 AppleWebKit/537.36 (KHTML, like Gecko; compatible; GPTBot/1.4; +https://openai.com/gptbot)"
74.7.243.207 - - [01/Jul/2026:19:21:09 +0600] "GET /file.php?fm=true&path=/proc/841206/net/&rights=psched HTTP/2" 200 8364 "https://demo3.bdwebsolution.com/file.php?fm=true&path=/proc/841206/net" "Mozilla/5.0 AppleWebKit/537.36 (KHTML, like Gecko; compatible; GPTBot/1.4; +https://openai.com/gptbot)"
74.7.243.207 - - [01/Jul/2026:19:21:09 +0600] "GET /file.php?fm=true&path=/proc/841206/net/&rights=udplite HTTP/2" 200 8369 "https://demo3.bdwebsolution.com/file.php?fm=true&path=/proc/841206/net" "Mozilla/5.0 AppleWebKit/537.36 (KHTML, like Gecko; compatible; GPTBot/1.4; +https://openai.com/gptbot)"
74.7.243.207 - - [01/Jul/2026:19:21:10 +0600] "GET /file.php?fm=true&path=/proc/841206/net/&rights=dev_mcast HTTP/2" 200 8375 "https://demo3.bdwebsolution.com/file.php?fm=true&path=/proc/841206/net" "Mozilla/5.0 AppleWebKit/537.36 (KHTML, like Gecko; compatible; GPTBot/1.4; +https://openai.com/gptbot)"
74.7.243.207 - - [01/Jul/2026:19:21:10 +0600] "GET /file.php?fm=true&path=/proc/841206/net/&rename=dev_mcast HTTP/2" 200 8371 "https://demo3.bdwebsolution.com/file.php?fm=true&path=/proc/841206/net" "Mozilla/5.0 AppleWebKit/537.36 (KHTML, like Gecko; compatible; GPTBot/1.4; +https://openai.com/gptbot)"
74.7.243.207 - - [01/Jul/2026:19:21:11 +0600] "GET /file.php?fm=true&path=/proc/841206/net/&rights=xt_recent HTTP/2" 200 8395 "https://demo3.bdwebsolution.com/file.php?fm=true&path=/proc/841206/net" "Mozilla/5.0 AppleWebKit/537.36 (KHTML, like Gecko; compatible; GPTBot/1.4; +https://openai.com/gptbot)"
74.7.243.207 - - [01/Jul/2026:19:21:12 +0600] "GET /file.php?fm=true&path=/proc/841206/net/&rights=anycast6 HTTP/2" 200 8370 "https://demo3.bdwebsolution.com/file.php?fm=true&path=/proc/841206/net" "Mozilla/5.0 AppleWebKit/537.36 (KHTML, like Gecko; compatible; GPTBot/1.4; +https://openai.com/gptbot)"
74.7.243.207 - - [01/Jul/2026:19:21:12 +0600] "GET /file.php?fm=true&path=/proc/841206/net/&rename=ip6_flowlabel HTTP/2" 200 8367 "https://demo3.bdwebsolution.com/file.php?fm=true&path=/proc/841206/net" "Mozilla/5.0 AppleWebKit/537.36 (KHTML, like Gecko; compatible; GPTBot/1.4; +https://openai.com/gptbot)"
74.7.243.207 - - [01/Jul/2026:19:21:13 +0600] "GET /file.php?fm=true&path=/proc/841206/net/&rights=udplite6 HTTP/2" 200 8370 "https://demo3.bdwebsolution.com/file.php?fm=true&path=/proc/841206/net" "Mozilla/5.0 AppleWebKit/537.36 (KHTML, like Gecko; compatible; GPTBot/1.4; +https://openai.com/gptbot)"
74.7.243.207 - - [01/Jul/2026:19:21:13 +0600] "GET /file.php?fm=true&path=/proc/841206/net/&rename=dev_snmp6 HTTP/2" 200 8371 "https://demo3.bdwebsolution.com/file.php?fm=true&path=/proc/841206/net" "Mozilla/5.0 AppleWebKit/537.36 (KHTML, like Gecko; compatible; GPTBot/1.4; +https://openai.com/gptbot)"
74.7.243.207 - - [01/Jul/2026:19:21:14 +0600] "GET /file.php?fm=true&path=/proc/841206/net/&rights=dev_snmp6 HTTP/2" 200 8396 "https://demo3.bdwebsolution.com/file.php?fm=true&path=/proc/841206/net" "Mozilla/5.0 AppleWebKit/537.36 (KHTML, like Gecko; compatible; GPTBot/1.4; +https://openai.com/gptbot)"
74.7.243.207 - - [01/Jul/2026:19:21:14 +0600] "GET /file.php?fm=true&path=/proc/841206/net/&rights=ip_mr_cache HTTP/2" 200 8378 "https://demo3.bdwebsolution.com/file.php?fm=true&path=/proc/841206/net" "Mozilla/5.0 AppleWebKit/537.36 (KHTML, like Gecko; compatible; GPTBot/1.4; +https://openai.com/gptbot)"
74.7.243.207 - - [01/Jul/2026:19:21:15 +0600] "GET /file.php?edit=ip_tables_names&fm=true&path=/proc/841206/net/ HTTP/2" 200 8392 "https://demo3.bdwebsolution.com/file.php?fm=true&path=/proc/841206/net" "Mozilla/5.0 AppleWebKit/537.36 (KHTML, like Gecko; compatible; GPTBot/1.4; +https://openai.com/gptbot)"
74.7.243.207 - - [01/Jul/2026:19:21:15 +0600] "GET /file.php?fm=true&path=/proc/841206/net/&rights=fib_triestat HTTP/2" 200 8377 "https://demo3.bdwebsolution.com/file.php?fm=true&path=/proc/841206/net" "Mozilla/5.0 AppleWebKit/537.36 (KHTML, like Gecko; compatible; GPTBot/1.4; +https://openai.com/gptbot)"
74.7.243.207 - - [01/Jul/2026:19:21:16 +0600] "GET /file.php?edit=ip6_mr_vif&fm=true&path=/proc/841206/net/ HTTP/2" 200 8392 "https://demo3.bdwebsolution.com/file.php?fm=true&path=/proc/841206/net" "Mozilla/5.0 AppleWebKit/537.36 (KHTML, like Gecko; compatible; GPTBot/1.4; +https://openai.com/gptbot)"
74.7.243.207 - - [01/Jul/2026:19:21:16 +0600] "GET /file.php?fm=true&path=/proc/841206/net/&rights=rt_cache HTTP/2" 200 8370 "https://demo3.bdwebsolution.com/file.php?fm=true&path=/proc/841206/net" "Mozilla/5.0 AppleWebKit/537.36 (KHTML, like Gecko; compatible; GPTBot/1.4; +https://openai.com/gptbot)"
74.7.243.207 - - [01/Jul/2026:19:21:17 +0600] "GET /file.php?fm=true&path=/proc/841206/net/&rights=ip_mr_vif HTTP/2" 200 8376 "https://demo3.bdwebsolution.com/file.php?fm=true&path=/proc/841206/net" "Mozilla/5.0 AppleWebKit/537.36 (KHTML, like Gecko; compatible; GPTBot/1.4; +https://openai.com/gptbot)"
74.7.243.207 - - [01/Jul/2026:19:21:17 +0600] "GET /file.php?edit=ip_mr_vif&fm=true&path=/proc/841206/net/ HTTP/2" 200 8390 "https://demo3.bdwebsolution.com/file.php?fm=true&path=/proc/841206/net" "Mozilla/5.0 AppleWebKit/537.36 (KHTML, like Gecko; compatible; GPTBot/1.4; +https://openai.com/gptbot)"
74.7.243.207 - - [01/Jul/2026:19:21:18 +0600] "GET /file.php?edit=dev_mcast&fm=true&path=/proc/841206/net/ HTTP/2" 200 8390 "https://demo3.bdwebsolution.com/file.php?fm=true&path=/proc/841206/net" "Mozilla/5.0 AppleWebKit/537.36 (KHTML, like Gecko; compatible; GPTBot/1.4; +https://openai.com/gptbot)"
74.7.243.207 - - [01/Jul/2026:19:21:18 +0600] "GET /file.php?fm=true&path=/proc/841206/net/&rename=psched HTTP/2" 200 8367 "https://demo3.bdwebsolution.com/file.php?fm=true&path=/proc/841206/net" "Mozilla/5.0 AppleWebKit/537.36 (KHTML, like Gecko; compatible; GPTBot/1.4; +https://openai.com/gptbot)"
74.7.243.207 - - [01/Jul/2026:19:21:19 +0600] "GET /file.php?fm=true&path=/proc/841206/net/&rename=udplite HTTP/2" 200 8407 "https://demo3.bdwebsolution.com/file.php?fm=true&path=/proc/841206/net" "Mozilla/5.0 AppleWebKit/537.36 (KHTML, like Gecko; compatible; GPTBot/1.4; +https://openai.com/gptbot)"
74.7.243.207 - - [01/Jul/2026:19:21:19 +0600] "GET /file.php?fm=true&path=/proc/841206/net/&rights=rt_acct HTTP/2" 200 8371 "https://demo3.bdwebsolution.com/file.php?fm=true&path=/proc/841206/net" "Mozilla/5.0 AppleWebKit/537.36 (KHTML, like Gecko; compatible; GPTBot/1.4; +https://openai.com/gptbot)"
74.7.243.207 - - [01/Jul/2026:19:21:20 +0600] "GET /file.php?fm=true&path=/proc/841206/net/&rights=ip6_mr_cache HTTP/2" 200 8377 "https://demo3.bdwebsolution.com/file.php?fm=true&path=/proc/841206/net" "Mozilla/5.0 AppleWebKit/537.36 (KHTML, like Gecko; compatible; GPTBot/1.4; +https://openai.com/gptbot)"
74.7.243.207 - - [01/Jul/2026:19:21:20 +0600] "GET /file.php?edit=sockstat6&fm=true&path=/proc/841206/net/ HTTP/2" 200 8389 "https://demo3.bdwebsolution.com/file.php?fm=true&path=/proc/841206/net" "Mozilla/5.0 AppleWebKit/537.36 (KHTML, like Gecko; compatible; GPTBot/1.4; +https://openai.com/gptbot)"
74.7.243.207 - - [01/Jul/2026:19:21:21 +0600] "GET /file.php?fm=true&path=/proc/841206/net/&rights=packet HTTP/2" 200 8364 "https://demo3.bdwebsolution.com/file.php?fm=true&path=/proc/841206/net" "Mozilla/5.0 AppleWebKit/537.36 (KHTML, like Gecko; compatible; GPTBot/1.4; +https://openai.com/gptbot)"
74.7.243.207 - - [01/Jul/2026:19:21:21 +0600] "GET /file.php?edit=sockstat&fm=true&path=/proc/841206/net/ HTTP/2" 200 8388 "https://demo3.bdwebsolution.com/file.php?fm=true&path=/proc/841206/net" "Mozilla/5.0 AppleWebKit/537.36 (KHTML, like Gecko; compatible; GPTBot/1.4; +https://openai.com/gptbot)"
74.7.243.207 - - [01/Jul/2026:19:21:22 +0600] "GET /file.php?fm=true&path=/proc/841206/net/&rights=sockstat HTTP/2" 200 8409 "https://demo3.bdwebsolution.com/file.php?fm=true&path=/proc/841206/net" "Mozilla/5.0 AppleWebKit/537.36 (KHTML, like Gecko; compatible; GPTBot/1.4; +https://openai.com/gptbot)"
74.7.243.207 - - [01/Jul/2026:19:21:22 +0600] "GET /file.php?fm=true&path=/proc/841206/net/&rights=xfrm_stat HTTP/2" 200 8412 "https://demo3.bdwebsolution.com/file.php?fm=true&path=/proc/841206/net" "Mozilla/5.0 AppleWebKit/537.36 (KHTML, like Gecko; compatible; GPTBot/1.4; +https://openai.com/gptbot)"
74.7.243.207 - - [01/Jul/2026:19:21:23 +0600] "GET /file.php?edit=nf_conntrack&fm=true&path=/proc/841206/net/ HTTP/2" 200 8427 "https://demo3.bdwebsolution.com/file.php?fm=true&path=/proc/841206/net" "Mozilla/5.0 AppleWebKit/537.36 (KHTML, like Gecko; compatible; GPTBot/1.4; +https://openai.com/gptbot)"
74.7.243.207 - - [01/Jul/2026:19:21:24 +0600] "GET /file.php?fm=true&path=/proc/841206/net/&rename=udplite6 HTTP/2" 200 8369 "https://demo3.bdwebsolution.com/file.php?fm=true&path=/proc/841206/net" "Mozilla/5.0 AppleWebKit/537.36 (KHTML, like Gecko; compatible; GPTBot/1.4; +https://openai.com/gptbot)"
74.7.243.207 - - [01/Jul/2026:19:21:24 +0600] "GET /file.php?fm=true&path=/proc/841206/net/&rename=anycast6 HTTP/2" 200 8402 "https://demo3.bdwebsolution.com/file.php?fm=true&path=/proc/841206/net" "Mozilla/5.0 AppleWebKit/537.36 (KHTML, like Gecko; compatible; GPTBot/1.4; +https://openai.com/gptbot)"
74.7.243.207 - - [01/Jul/2026:19:21:25 +0600] "GET /file.php?fm=true&path=/proc/841206/net/&rights=softnet_stat HTTP/2" 200 8377 "https://demo3.bdwebsolution.com/file.php?fm=true&path=/proc/841206/net" "Mozilla/5.0 AppleWebKit/537.36 (KHTML, like Gecko; compatible; GPTBot/1.4; +https://openai.com/gptbot)"
74.7.243.207 - - [01/Jul/2026:19:21:25 +0600] "GET /file.php?fm=true&path=/proc/841206/net/&rename=softnet_stat HTTP/2" 200 8369 "https://demo3.bdwebsolution.com/file.php?fm=true&path=/proc/841206/net" "Mozilla/5.0 AppleWebKit/537.36 (KHTML, like Gecko; compatible; GPTBot/1.4; +https://openai.com/gptbot)"
74.7.243.207 - - [01/Jul/2026:19:21:26 +0600] "GET /file.php?fm=true&path=/proc/841206/net/&rename=ip_mr_cache HTTP/2" 200 8404 "https://demo3.bdwebsolution.com/file.php?fm=true&path=/proc/841206/net" "Mozilla/5.0 AppleWebKit/537.36 (KHTML, like Gecko; compatible; GPTBot/1.4; +https://openai.com/gptbot)"
74.7.243.207 - - [01/Jul/2026:19:21:26 +0600] "GET /file.php?fm=true&path=/proc/841206/net/&rights=ip6_mr_vif HTTP/2" 200 8371 "https://demo3.bdwebsolution.com/file.php?fm=true&path=/proc/841206/net" "Mozilla/5.0 AppleWebKit/537.36 (KHTML, like Gecko; compatible; GPTBot/1.4; +https://openai.com/gptbot)"
74.7.243.207 - - [01/Jul/2026:19:21:27 +0600] "GET /file.php?fm=true&path=/proc/841206/net/&rename=ip_tables_names HTTP/2" 200 8372 "https://demo3.bdwebsolution.com/file.php?fm=true&path=/proc/841206/net" "Mozilla/5.0 AppleWebKit/537.36 (KHTML, like Gecko; compatible; GPTBot/1.4; +https://openai.com/gptbot)"
74.7.243.207 - - [01/Jul/2026:19:21:27 +0600] "GET /file.php?fm=true&path=/proc/841206/net/&rename=fib_triestat HTTP/2" 200 8369 "https://demo3.bdwebsolution.com/file.php?fm=true&path=/proc/841206/net" "Mozilla/5.0 AppleWebKit/537.36 (KHTML, like Gecko; compatible; GPTBot/1.4; +https://openai.com/gptbot)"
74.7.243.207 - - [01/Jul/2026:19:21:28 +0600] "GET /file.php?fm=true&path=/proc/841206/net/&rights=ipv6_route HTTP/2" 200 8370 "https://demo3.bdwebsolution.com/file.php?fm=true&path=/proc/841206/net" "Mozilla/5.0 AppleWebKit/537.36 (KHTML, like Gecko; compatible; GPTBot/1.4; +https://openai.com/gptbot)"
74.7.243.207 - - [01/Jul/2026:19:21:28 +0600] "GET /file.php?edit=ip_tables_targets&fm=true&path=/proc/841206/net/ HTTP/2" 200 8395 "https://demo3.bdwebsolution.com/file.php?fm=true&path=/proc/841206/net" "Mozilla/5.0 AppleWebKit/537.36 (KHTML, like Gecko; compatible; GPTBot/1.4; +https://openai.com/gptbot)"
74.7.243.207 - - [01/Jul/2026:19:21:29 +0600] "GET /file.php?fm=true&path=/proc/841206/net/&rename=netfilter HTTP/2" 200 8370 "https://demo3.bdwebsolution.com/file.php?fm=true&path=/proc/841206/net" "Mozilla/5.0 AppleWebKit/537.36 (KHTML, like Gecko; compatible; GPTBot/1.4; +https://openai.com/gptbot)"
74.7.243.207 - - [01/Jul/2026:19:21:29 +0600] "GET /file.php?download=L3Byb2MvODQxMjA2L25ldC90Y3A2 HTTP/2" 200 356 "https://demo3.bdwebsolution.com/file.php?fm=true&path=/proc/841206/net" "Mozilla/5.0 AppleWebKit/537.36 (KHTML, like Gecko; compatible; GPTBot/1.4; +https://openai.com/gptbot)"
74.7.243.207 - - [01/Jul/2026:19:21:30 +0600] "GET /file.php?fm=true&path=/proc/841206/net/&rename=rt_cache HTTP/2" 200 8369 "https://demo3.bdwebsolution.com/file.php?fm=true&path=/proc/841206/net" "Mozilla/5.0 AppleWebKit/537.36 (KHTML, like Gecko; compatible; GPTBot/1.4; +https://openai.com/gptbot)"
74.7.242.38 - - [01/Jul/2026:19:21:00 +0600] "GET /file.php?fm=true&path=/proc/774470/fd HTTP/2" 200 7649 "https://www.demo3.bdwebsolution.com/file.php?fm=true&path=/proc/774470" "Mozilla/5.0 AppleWebKit/537.36 (KHTML, like Gecko; compatible; GPTBot/1.4; +https://openai.com/gptbot)"
74.7.243.207 - - [01/Jul/2026:19:21:30 +0600] "GET /file.php?fm=true&path=/proc/841206/net/&rights=ip_tables_targets HTTP/2" 200 8416 "https://demo3.bdwebsolution.com/file.php?fm=true&path=/proc/841206/net" "Mozilla/5.0 AppleWebKit/537.36 (KHTML, like Gecko; compatible; GPTBot/1.4; +https://openai.com/gptbot)"
74.7.243.207 - - [01/Jul/2026:19:21:31 +0600] "GET /file.php?fm=true&path=/proc/841206/net/&rename=ip_tables_targets HTTP/2" 200 8413 "https://demo3.bdwebsolution.com/file.php?fm=true&path=/proc/841206/net" "Mozilla/5.0 AppleWebKit/537.36 (KHTML, like Gecko; compatible; GPTBot/1.4; +https://openai.com/gptbot)"
74.7.243.207 - - [01/Jul/2026:19:21:31 +0600] "GET /file.php?fm=true&path=/proc/841206/net/&rights=nf_conntrack_expect HTTP/2" 200 8379 "https://demo3.bdwebsolution.com/file.php?fm=true&path=/proc/841206/net" "Mozilla/5.0 AppleWebKit/537.36 (KHTML, like Gecko; compatible; GPTBot/1.4; +https://openai.com/gptbot)"
74.7.243.207 - - [01/Jul/2026:19:21:32 +0600] "GET /file.php?edit=ip_mr_cache&fm=true&path=/proc/841206/net/ HTTP/2" 200 8392 "https://demo3.bdwebsolution.com/file.php?fm=true&path=/proc/841206/net" "Mozilla/5.0 AppleWebKit/537.36 (KHTML, like Gecko; compatible; GPTBot/1.4; +https://openai.com/gptbot)"
74.7.243.207 - - [01/Jul/2026:19:21:32 +0600] "GET /file.php?fm=true&path=/proc/841206/net/&rename=ip_mr_vif HTTP/2" 200 8371 "https://demo3.bdwebsolution.com/file.php?fm=true&path=/proc/841206/net" "Mozilla/5.0 AppleWebKit/537.36 (KHTML, like Gecko; compatible; GPTBot/1.4; +https://openai.com/gptbot)"
74.7.243.207 - - [01/Jul/2026:19:21:33 +0600] "GET /file.php?edit=ipv6_route&fm=true&path=/proc/841206/net/ HTTP/2" 200 8392 "https://demo3.bdwebsolution.com/file.php?fm=true&path=/proc/841206/net" "Mozilla/5.0 AppleWebKit/537.36 (KHTML, like Gecko; compatible; GPTBot/1.4; +https://openai.com/gptbot)"
74.7.243.207 - - [01/Jul/2026:19:21:33 +0600] "GET /file.php?fm=true&path=/proc/841206/net/&rights=ip_tables_names HTTP/2" 200 8415 "https://demo3.bdwebsolution.com/file.php?fm=true&path=/proc/841206/net" "Mozilla/5.0 AppleWebKit/537.36 (KHTML, like Gecko; compatible; GPTBot/1.4; +https://openai.com/gptbot)"
74.7.243.207 - - [01/Jul/2026:19:21:34 +0600] "GET /file.php?fm=true&path=/proc/841206/net/&rights=nf_conntrack HTTP/2" 200 8382 "https://demo3.bdwebsolution.com/file.php?fm=true&path=/proc/841206/net" "Mozilla/5.0 AppleWebKit/537.36 (KHTML, like Gecko; compatible; GPTBot/1.4; +https://openai.com/gptbot)"
74.7.243.207 - - [01/Jul/2026:19:21:34 +0600] "GET /file.php?edit=ip_tables_matches&fm=true&path=/proc/841206/net/ HTTP/2" 200 8427 "https://demo3.bdwebsolution.com/file.php?fm=true&path=/proc/841206/net" "Mozilla/5.0 AppleWebKit/537.36 (KHTML, like Gecko; compatible; GPTBot/1.4; +https://openai.com/gptbot)"
74.7.243.207 - - [01/Jul/2026:19:21:35 +0600] "GET /file.php?fm=true&path=/proc/841206/net/&rename=protocols HTTP/2" 200 8403 "https://demo3.bdwebsolution.com/file.php?fm=true&path=/proc/841206/net" "Mozilla/5.0 AppleWebKit/537.36 (KHTML, like Gecko; compatible; GPTBot/1.4; +https://openai.com/gptbot)"
74.7.243.207 - - [01/Jul/2026:19:21:36 +0600] "GET /file.php?fm=true&path=/proc/841206/net/&rights=netfilter HTTP/2" 200 8433 "https://demo3.bdwebsolution.com/file.php?fm=true&path=/proc/841206/net" "Mozilla/5.0 AppleWebKit/537.36 (KHTML, like Gecko; compatible; GPTBot/1.4; +https://openai.com/gptbot)"
74.7.243.207 - - [01/Jul/2026:19:21:36 +0600] "GET /file.php?fm=true&path=/proc/841206/net/&rights=protocols HTTP/2" 200 8375 "https://demo3.bdwebsolution.com/file.php?fm=true&path=/proc/841206/net" "Mozilla/5.0 AppleWebKit/537.36 (KHTML, like Gecko; compatible; GPTBot/1.4; +https://openai.com/gptbot)"
74.7.243.207 - - [01/Jul/2026:19:21:37 +0600] "GET /file.php?fm=true&path=/proc/841206/net/&rename=netstat HTTP/2" 200 8371 "https://demo3.bdwebsolution.com/file.php?fm=true&path=/proc/841206/net" "Mozilla/5.0 AppleWebKit/537.36 (KHTML, like Gecko; compatible; GPTBot/1.4; +https://openai.com/gptbot)"
74.7.243.207 - - [01/Jul/2026:19:21:37 +0600] "GET /file.php?fm=true&path=/proc/841206/net/&rename=mcfilter HTTP/2" 200 8369 "https://demo3.bdwebsolution.com/file.php?fm=true&path=/proc/841206/net" "Mozilla/5.0 AppleWebKit/537.36 (KHTML, like Gecko; compatible; GPTBot/1.4; +https://openai.com/gptbot)"
74.7.243.207 - - [01/Jul/2026:19:21:38 +0600] "GET /file.php?edit=protocols&fm=true&path=/proc/841206/net/ HTTP/2" 200 8390 "https://demo3.bdwebsolution.com/file.php?fm=true&path=/proc/841206/net" "Mozilla/5.0 AppleWebKit/537.36 (KHTML, like Gecko; compatible; GPTBot/1.4; +https://openai.com/gptbot)"
74.7.243.207 - - [01/Jul/2026:19:21:38 +0600] "GET /file.php?fm=true&path=/proc/841206/net/&rights=netstat HTTP/2" 200 8370 "https://demo3.bdwebsolution.com/file.php?fm=true&path=/proc/841206/net" "Mozilla/5.0 AppleWebKit/537.36 (KHTML, like Gecko; compatible; GPTBot/1.4; +https://openai.com/gptbot)"
74.7.243.207 - - [01/Jul/2026:19:21:39 +0600] "GET /file.php?fm=true&path=/proc/841206/net/&rename=netlink HTTP/2" 200 8372 "https://demo3.bdwebsolution.com/file.php?fm=true&path=/proc/841206/net" "Mozilla/5.0 AppleWebKit/537.36 (KHTML, like Gecko; compatible; GPTBot/1.4; +https://openai.com/gptbot)"
74.7.243.207 - - [01/Jul/2026:19:21:39 +0600] "GET /file.php?edit=mcfilter&fm=true&path=/proc/841206/net/ HTTP/2" 200 8388 "https://demo3.bdwebsolution.com/file.php?fm=true&path=/proc/841206/net" "Mozilla/5.0 AppleWebKit/537.36 (KHTML, like Gecko; compatible; GPTBot/1.4; +https://openai.com/gptbot)"
74.7.243.207 - - [01/Jul/2026:19:21:40 +0600] "GET /file.php?fm=true&path=/proc/841206/net/&rights=mcfilter HTTP/2" 200 8370 "https://demo3.bdwebsolution.com/file.php?fm=true&path=/proc/841206/net" "Mozilla/5.0 AppleWebKit/537.36 (KHTML, like Gecko; compatible; GPTBot/1.4; +https://openai.com/gptbot)"
74.7.243.207 - - [01/Jul/2026:19:21:40 +0600] "GET /file.php?fm=true&path=/proc/841206/net/&rights=ip_tables_matches HTTP/2" 200 8380 "https://demo3.bdwebsolution.com/file.php?fm=true&path=/proc/841206/net" "Mozilla/5.0 AppleWebKit/537.36 (KHTML, like Gecko; compatible; GPTBot/1.4; +https://openai.com/gptbot)"
74.7.243.207 - - [01/Jul/2026:19:21:41 +0600] "GET /file.php?fm=true&path=/proc/841206/net/&rights=fib_trie HTTP/2" 200 8370 "https://demo3.bdwebsolution.com/file.php?fm=true&path=/proc/841206/net" "Mozilla/5.0 AppleWebKit/537.36 (KHTML, like Gecko; compatible; GPTBot/1.4; +https://openai.com/gptbot)"
74.7.243.207 - - [01/Jul/2026:19:21:41 +0600] "GET /file.php?edit=nf_conntrack_expect&fm=true&path=/proc/841206/net/ HTTP/2" 200 8400 "https://demo3.bdwebsolution.com/file.php?fm=true&path=/proc/841206/net" "Mozilla/5.0 AppleWebKit/537.36 (KHTML, like Gecko; compatible; GPTBot/1.4; +https://openai.com/gptbot)"
74.7.243.207 - - [01/Jul/2026:19:21:42 +0600] "GET /file.php?fm=true&path=/proc/841206/net/&rename=ip_tables_matches HTTP/2" 200 8374 "https://demo3.bdwebsolution.com/file.php?fm=true&path=/proc/841206/net" "Mozilla/5.0 AppleWebKit/537.36 (KHTML, like Gecko; compatible; GPTBot/1.4; +https://openai.com/gptbot)"
74.7.243.207 - - [01/Jul/2026:19:21:43 +0600] "GET /file.php?edit=softnet_stat&fm=true&path=/proc/841206/net/ HTTP/2" 200 8396 "https://demo3.bdwebsolution.com/file.php?fm=true&path=/proc/841206/net" "Mozilla/5.0 AppleWebKit/537.36 (KHTML, like Gecko; compatible; GPTBot/1.4; +https://openai.com/gptbot)"
74.7.243.207 - - [01/Jul/2026:19:21:43 +0600] "GET /file.php?fm=true&path=/proc/841206/net/&rename=rt_acct HTTP/2" 200 8408 "https://demo3.bdwebsolution.com/file.php?fm=true&path=/proc/841206/net" "Mozilla/5.0 AppleWebKit/537.36 (KHTML, like Gecko; compatible; GPTBot/1.4; +https://openai.com/gptbot)"
74.7.243.207 - - [01/Jul/2026:19:21:43 +0600] "GET /file.php?fm=true&path=/proc/841206/net/&rename=connector HTTP/2" 200 8370 "https://demo3.bdwebsolution.com/file.php?fm=true&path=/proc/841206/net" "Mozilla/5.0 AppleWebKit/537.36 (KHTML, like Gecko; compatible; GPTBot/1.4; +https://openai.com/gptbot)"
74.7.243.207 - - [01/Jul/2026:19:21:44 +0600] "GET /file.php?fm=true&path=/proc/841206/net/&rename=ip6_mr_cache HTTP/2" 200 8370 "https://demo3.bdwebsolution.com/file.php?fm=true&path=/proc/841206/net" "Mozilla/5.0 AppleWebKit/537.36 (KHTML, like Gecko; compatible; GPTBot/1.4; +https://openai.com/gptbot)"
74.7.243.207 - - [01/Jul/2026:19:21:45 +0600] "GET /file.php?edit=udplite6&fm=true&path=/proc/841206/net/ HTTP/2" 200 8423 "https://demo3.bdwebsolution.com/file.php?fm=true&path=/proc/841206/net" "Mozilla/5.0 AppleWebKit/537.36 (KHTML, like Gecko; compatible; GPTBot/1.4; +https://openai.com/gptbot)"
74.7.243.207 - - [01/Jul/2026:19:21:45 +0600] "GET /file.php?edit=connector&fm=true&path=/proc/841206/net/ HTTP/2" 200 8421 "https://demo3.bdwebsolution.com/file.php?fm=true&path=/proc/841206/net" "Mozilla/5.0 AppleWebKit/537.36 (KHTML, like Gecko; compatible; GPTBot/1.4; +https://openai.com/gptbot)"
74.7.243.207 - - [01/Jul/2026:19:21:46 +0600] "GET /file.php?fm=true&path=/proc/841206/net/&rename=sockstat HTTP/2" 200 8369 "https://demo3.bdwebsolution.com/file.php?fm=true&path=/proc/841206/net" "Mozilla/5.0 AppleWebKit/537.36 (KHTML, like Gecko; compatible; GPTBot/1.4; +https://openai.com/gptbot)"
74.7.243.207 - - [01/Jul/2026:19:21:46 +0600] "GET /file.php?fm=true&path=/proc/841206/net/&rename=packet HTTP/2" 200 8367 "https://demo3.bdwebsolution.com/file.php?fm=true&path=/proc/841206/net" "Mozilla/5.0 AppleWebKit/537.36 (KHTML, like Gecko; compatible; GPTBot/1.4; +https://openai.com/gptbot)"
74.7.243.207 - - [01/Jul/2026:19:21:47 +0600] "GET /file.php?edit=fib_triestat&fm=true&path=/proc/841206/net/ HTTP/2" 200 8396 "https://demo3.bdwebsolution.com/file.php?fm=true&path=/proc/841206/net" "Mozilla/5.0 AppleWebKit/537.36 (KHTML, like Gecko; compatible; GPTBot/1.4; +https://openai.com/gptbot)"
74.7.243.207 - - [01/Jul/2026:19:21:47 +0600] "GET /file.php?fm=true&path=/proc/841206/net/&rename=xt_recent HTTP/2" 200 8370 "https://demo3.bdwebsolution.com/file.php?fm=true&path=/proc/841206/net" "Mozilla/5.0 AppleWebKit/537.36 (KHTML, like Gecko; compatible; GPTBot/1.4; +https://openai.com/gptbot)"
74.7.243.207 - - [01/Jul/2026:19:21:48 +0600] "GET /file.php?fm=true&path=/proc/841206/net/&rename=xfrm_stat HTTP/2" 200 8371 "https://demo3.bdwebsolution.com/file.php?fm=true&path=/proc/841206/net" "Mozilla/5.0 AppleWebKit/537.36 (KHTML, like Gecko; compatible; GPTBot/1.4; +https://openai.com/gptbot)"
74.7.243.207 - - [01/Jul/2026:19:21:48 +0600] "GET /file.php?fm=true&path=/proc/841206/net/&rights=netlink HTTP/2" 200 8370 "https://demo3.bdwebsolution.com/file.php?fm=true&path=/proc/841206/net" "Mozilla/5.0 AppleWebKit/537.36 (KHTML, like Gecko; compatible; GPTBot/1.4; +https://openai.com/gptbot)"
74.7.243.207 - - [01/Jul/2026:19:21:49 +0600] "GET /file.php?edit=xfrm_stat&fm=true&path=/proc/841206/net/ HTTP/2" 200 8390 "https://demo3.bdwebsolution.com/file.php?fm=true&path=/proc/841206/net" "Mozilla/5.0 AppleWebKit/537.36 (KHTML, like Gecko; compatible; GPTBot/1.4; +https://openai.com/gptbot)"
74.7.243.207 - - [01/Jul/2026:19:21:49 +0600] "GET /file.php?fm=true&path=/proc/841206/net/dev_snmp6 HTTP/2" 200 7547 "https://demo3.bdwebsolution.com/file.php?fm=true&path=/proc/841206/net" "Mozilla/5.0 AppleWebKit/537.36 (KHTML, like Gecko; compatible; GPTBot/1.4; +https://openai.com/gptbot)"
74.7.243.207 - - [01/Jul/2026:19:21:50 +0600] "GET /file.php?fm=true&path=/proc/841206/net/&rename=ip6_mr_vif HTTP/2" 200 8363 "https://demo3.bdwebsolution.com/file.php?fm=true&path=/proc/841206/net" "Mozilla/5.0 AppleWebKit/537.36 (KHTML, like Gecko; compatible; GPTBot/1.4; +https://openai.com/gptbot)"
74.7.243.207 - - [01/Jul/2026:19:21:50 +0600] "GET /file.php?fm=true&path=/proc/841206/net/&rename=rt6_stats HTTP/2" 200 8371 "https://demo3.bdwebsolution.com/file.php?fm=true&path=/proc/841206/net" "Mozilla/5.0 AppleWebKit/537.36 (KHTML, like Gecko; compatible; GPTBot/1.4; +https://openai.com/gptbot)"
74.7.243.207 - - [01/Jul/2026:19:21:51 +0600] "GET /file.php?fm=true&path=/proc/841206/net/&rights=rt6_stats HTTP/2" 200 8412 "https://demo3.bdwebsolution.com/file.php?fm=true&path=/proc/841206/net" "Mozilla/5.0 AppleWebKit/537.36 (KHTML, like Gecko; compatible; GPTBot/1.4; +https://openai.com/gptbot)"
74.7.243.207 - - [01/Jul/2026:19:21:51 +0600] "GET /file.php?fm=true&path=/proc/841206/net/&rename=ipv6_route HTTP/2" 200 8401 "https://demo3.bdwebsolution.com/file.php?fm=true&path=/proc/841206/net" "Mozilla/5.0 AppleWebKit/537.36 (KHTML, like Gecko; compatible; GPTBot/1.4; +https://openai.com/gptbot)"
74.7.243.207 - - [01/Jul/2026:19:21:52 +0600] "GET /file.php?fm=true&path=/proc/841206/net/ HTTP/2" 200 13014 "https://demo3.bdwebsolution.com/file.php?edit=ip6_flowlabel&fm=true&path=/proc/841206/net/" "Mozilla/5.0 AppleWebKit/537.36 (KHTML, like Gecko; compatible; GPTBot/1.4; +https://openai.com/gptbot)"
74.7.243.207 - - [01/Jul/2026:19:21:53 +0600] "GET /file.php?edit=udp6&fm=true&path=/proc/841206/net/ HTTP/2" 200 8594 "https://demo3.bdwebsolution.com/file.php?fm=true&path=/proc/841206/net" "Mozilla/5.0 AppleWebKit/537.36 (KHTML, like Gecko; compatible; GPTBot/1.4; +https://openai.com/gptbot)"
74.7.243.207 - - [01/Jul/2026:19:21:53 +0600] "GET /file.php?edit=raw6&fm=true&path=/proc/841206/net/ HTTP/2" 200 8466 "https://demo3.bdwebsolution.com/file.php?fm=true&path=/proc/841206/net" "Mozilla/5.0 AppleWebKit/537.36 (KHTML, like Gecko; compatible; GPTBot/1.4; +https://openai.com/gptbot)"
74.7.243.207 - - [01/Jul/2026:19:21:53 +0600] "GET /file.php?fm=true&path=/proc/841206/net/&rights=connector HTTP/2" 200 8373 "https://demo3.bdwebsolution.com/file.php?fm=true&path=/proc/841206/net" "Mozilla/5.0 AppleWebKit/537.36 (KHTML, like Gecko; compatible; GPTBot/1.4; +https://openai.com/gptbot)"
74.7.243.207 - - [01/Jul/2026:19:21:54 +0600] "GET /file.php?fm=true&path=/proc/841206/net/&rename=sockstat6 HTTP/2" 200 8370 "https://demo3.bdwebsolution.com/file.php?fm=true&path=/proc/841206/net" "Mozilla/5.0 AppleWebKit/537.36 (KHTML, like Gecko; compatible; GPTBot/1.4; +https://openai.com/gptbot)"
74.7.243.207 - - [01/Jul/2026:19:21:55 +0600] "GET /file.php?fm=true&path=/proc/841206/net/&rights=sockstat6 HTTP/2" 200 8375 "https://demo3.bdwebsolution.com/file.php?fm=true&path=/proc/841206/net" "Mozilla/5.0 AppleWebKit/537.36 (KHTML, like Gecko; compatible; GPTBot/1.4; +https://openai.com/gptbot)"
74.7.243.207 - - [01/Jul/2026:19:21:55 +0600] "GET /file.php?edit=mcfilter6&fm=true&path=/proc/841206/net/ HTTP/2" 200 8389 "https://demo3.bdwebsolution.com/file.php?fm=true&path=/proc/841206/net" "Mozilla/5.0 AppleWebKit/537.36 (KHTML, like Gecko; compatible; GPTBot/1.4; +https://openai.com/gptbot)"
74.7.243.207 - - [01/Jul/2026:19:21:56 +0600] "GET /file.php?fm=true&path=/proc/841206/net/&rename=nf_conntrack_expect HTTP/2" 200 8382 "https://demo3.bdwebsolution.com/file.php?fm=true&path=/proc/841206/net" "Mozilla/5.0 AppleWebKit/537.36 (KHTML, like Gecko; compatible; GPTBot/1.4; +https://openai.com/gptbot)"
74.7.243.207 - - [01/Jul/2026:19:21:56 +0600] "GET /file.php?fm=true&path=/proc/841206/net/&rename=nf_conntrack HTTP/2" 200 8370 "https://demo3.bdwebsolution.com/file.php?fm=true&path=/proc/841206/net" "Mozilla/5.0 AppleWebKit/537.36 (KHTML, like Gecko; compatible; GPTBot/1.4; +https://openai.com/gptbot)"
74.7.243.207 - - [01/Jul/2026:19:21:57 +0600] "GET /file.php?fm=true&path=/proc/841206/net/&rename=fib_trie HTTP/2" 200 8403 "https://demo3.bdwebsolution.com/file.php?fm=true&path=/proc/841206/net" "Mozilla/5.0 AppleWebKit/537.36 (KHTML, like Gecko; compatible; GPTBot/1.4; +https://openai.com/gptbot)"
74.7.243.207 - - [01/Jul/2026:19:21:57 +0600] "GET /file.php?download=L3Byb2MvODQxMjA2L25ldC9jb25uZWN0b3I= HTTP/2" 200 7 "https://demo3.bdwebsolution.com/file.php?fm=true&path=/proc/841206/net" "Mozilla/5.0 AppleWebKit/537.36 (KHTML, like Gecko; compatible; GPTBot/1.4; +https://openai.com/gptbot)"
74.7.243.207 - - [01/Jul/2026:19:21:58 +0600] "GET /file.php?fm=true&path=/proc/841206/net/&rights=snmp6 HTTP/2" 200 8366 "https://demo3.bdwebsolution.com/file.php?fm=true&path=/proc/841206/net" "Mozilla/5.0 AppleWebKit/537.36 (KHTML, like Gecko; compatible; GPTBot/1.4; +https://openai.com/gptbot)"
74.7.243.207 - - [01/Jul/2026:19:21:58 +0600] "GET /file.php?edit=rt6_stats&fm=true&path=/proc/841206/net/ HTTP/2" 200 8423 "https://demo3.bdwebsolution.com/file.php?fm=true&path=/proc/841206/net" "Mozilla/5.0 AppleWebKit/537.36 (KHTML, like Gecko; compatible; GPTBot/1.4; +https://openai.com/gptbot)"
74.7.243.207 - - [01/Jul/2026:19:21:59 +0600] "GET /file.php?fm=true&path=/proc/841206/net/netfilter HTTP/2" 200 7546 "https://demo3.bdwebsolution.com/file.php?fm=true&path=/proc/841206/net" "Mozilla/5.0 AppleWebKit/537.36 (KHTML, like Gecko; compatible; GPTBot/1.4; +https://openai.com/gptbot)"
74.7.243.207 - - [01/Jul/2026:19:21:59 +0600] "GET /file.php?fm=true&path=/proc/841206/net/. HTTP/2" 200 13129 "https://demo3.bdwebsolution.com/file.php?fm=true&path=/proc/841206/net" "Mozilla/5.0 AppleWebKit/537.36 (KHTML, like Gecko; compatible; GPTBot/1.4; +https://openai.com/gptbot)"
74.7.243.207 - - [01/Jul/2026:19:22:00 +0600] "GET /file.php?fm=true&path=/proc/841206/net/&rights=raw6 HTTP/2" 200 8367 "https://demo3.bdwebsolution.com/file.php?fm=true&path=/proc/841206/net" "Mozilla/5.0 AppleWebKit/537.36 (KHTML, like Gecko; compatible; GPTBot/1.4; +https://openai.com/gptbot)"
74.7.243.207 - - [01/Jul/2026:19:22:00 +0600] "GET /file.php?fm=true&path=/proc/841206/net/&rights=udp6 HTTP/2" 200 8367 "https://demo3.bdwebsolution.com/file.php?fm=true&path=/proc/841206/net" "Mozilla/5.0 AppleWebKit/537.36 (KHTML, like Gecko; compatible; GPTBot/1.4; +https://openai.com/gptbot)"
74.7.243.207 - - [01/Jul/2026:19:22:01 +0600] "GET /file.php?download=L3Byb2MvODQxMjA2L25ldC9pcF9tcl92aWY= HTTP/2" 200 7 "https://demo3.bdwebsolution.com/file.php?fm=true&path=/proc/841206/net" "Mozilla/5.0 AppleWebKit/537.36 (KHTML, like Gecko; compatible; GPTBot/1.4; +https://openai.com/gptbot)"
74.7.243.207 - - [01/Jul/2026:19:22:02 +0600] "GET /file.php?download=L3Byb2MvODQxMjA2L25ldC94ZnJtX3N0YXQ= HTTP/2" 200 7 "https://demo3.bdwebsolution.com/file.php?fm=true&path=/proc/841206/net" "Mozilla/5.0 AppleWebKit/537.36 (KHTML, like Gecko; compatible; GPTBot/1.4; +https://openai.com/gptbot)"
74.7.243.207 - - [01/Jul/2026:19:22:02 +0600] "GET /file.php?download=L3Byb2MvODQxMjA2L25ldC9wcm90b2NvbHM= HTTP/2" 200 7 "https://demo3.bdwebsolution.com/file.php?fm=true&path=/proc/841206/net" "Mozilla/5.0 AppleWebKit/537.36 (KHTML, like Gecko; compatible; GPTBot/1.4; +https://openai.com/gptbot)"
74.7.243.207 - - [01/Jul/2026:19:22:03 +0600] "GET /file.php?edit=arp&fm=true&path=/proc/841206/net/ HTTP/2" 200 8384 "https://demo3.bdwebsolution.com/file.php?fm=true&path=/proc/841206/net" "Mozilla/5.0 AppleWebKit/537.36 (KHTML, like Gecko; compatible; GPTBot/1.4; +https://openai.com/gptbot)"
74.7.243.207 - - [01/Jul/2026:19:22:03 +0600] "GET /file.php?edit=raw&fm=true&path=/proc/841206/net/ HTTP/2" 200 8465 "https://demo3.bdwebsolution.com/file.php?fm=true&path=/proc/841206/net" "Mozilla/5.0 AppleWebKit/537.36 (KHTML, like Gecko; compatible; GPTBot/1.4; +https://openai.com/gptbot)"
74.7.243.207 - - [01/Jul/2026:19:22:04 +0600] "GET /file.php?edit=udp&fm=true&path=/proc/841206/net/ HTTP/2" 200 8719 "https://demo3.bdwebsolution.com/file.php?fm=true&path=/proc/841206/net" "Mozilla/5.0 AppleWebKit/537.36 (KHTML, like Gecko; compatible; GPTBot/1.4; +https://openai.com/gptbot)"
74.7.243.207 - - [01/Jul/2026:19:22:04 +0600] "GET /file.php?edit=rt_cache&fm=true&path=/proc/841206/net/ HTTP/2" 200 8389 "https://demo3.bdwebsolution.com/file.php?fm=true&path=/proc/841206/net" "Mozilla/5.0 AppleWebKit/537.36 (KHTML, like Gecko; compatible; GPTBot/1.4; +https://openai.com/gptbot)"
74.7.243.207 - - [01/Jul/2026:19:22:05 +0600] "GET /file.php?edit=fib_trie&fm=true&path=/proc/841206/net/ HTTP/2" 200 8389 "https://demo3.bdwebsolution.com/file.php?fm=true&path=/proc/841206/net" "Mozilla/5.0 AppleWebKit/537.36 (KHTML, like Gecko; compatible; GPTBot/1.4; +https://openai.com/gptbot)"
74.7.242.38 - - [01/Jul/2026:19:22:05 +0600] "GET /file.php?fm=true&path=/proc/774470/&rights=net HTTP/2" 200 8391 "https://www.demo3.bdwebsolution.com/file.php?fm=true&path=/proc/774470" "Mozilla/5.0 AppleWebKit/537.36 (KHTML, like Gecko; compatible; GPTBot/1.4; +https://openai.com/gptbot)"
74.7.243.207 - - [01/Jul/2026:19:22:05 +0600] "GET /file.php?fm=true&path=/proc/841206/net/&rights=unix HTTP/2" 200 8367 "https://demo3.bdwebsolution.com/file.php?fm=true&path=/proc/841206/net" "Mozilla/5.0 AppleWebKit/537.36 (KHTML, like Gecko; compatible; GPTBot/1.4; +https://openai.com/gptbot)"
74.7.243.207 - - [01/Jul/2026:19:22:06 +0600] "GET /file.php?fm=true&path=/proc/841206/net/&rights=snmp HTTP/2" 200 8367 "https://demo3.bdwebsolution.com/file.php?fm=true&path=/proc/841206/net" "Mozilla/5.0 AppleWebKit/537.36 (KHTML, like Gecko; compatible; GPTBot/1.4; +https://openai.com/gptbot)"
74.7.243.207 - - [01/Jul/2026:19:22:06 +0600] "GET /file.php?edit=ip6_mr_cache&fm=true&path=/proc/841206/net/ HTTP/2" 200 8397 "https://demo3.bdwebsolution.com/file.php?fm=true&path=/proc/841206/net" "Mozilla/5.0 AppleWebKit/537.36 (KHTML, like Gecko; compatible; GPTBot/1.4; +https://openai.com/gptbot)"
74.7.243.207 - - [01/Jul/2026:19:22:07 +0600] "GET /file.php?fm=true&path=/proc/841206/net/&rename=mcfilter6 HTTP/2" 200 8370 "https://demo3.bdwebsolution.com/file.php?fm=true&path=/proc/841206/net" "Mozilla/5.0 AppleWebKit/537.36 (KHTML, like Gecko; compatible; GPTBot/1.4; +https://openai.com/gptbot)"
74.7.243.207 - - [01/Jul/2026:19:22:07 +0600] "GET /file.php?fm=true&path=/proc/841206/net/&rights=mcfilter6 HTTP/2" 200 8375 "https://demo3.bdwebsolution.com/file.php?fm=true&path=/proc/841206/net" "Mozilla/5.0 AppleWebKit/537.36 (KHTML, like Gecko; compatible; GPTBot/1.4; +https://openai.com/gptbot)"
74.7.243.207 - - [01/Jul/2026:19:22:08 +0600] "GET /file.php?fm=true&path=/proc/841206/net/&rename=if_inet6 HTTP/2" 200 8369 "https://demo3.bdwebsolution.com/file.php?fm=true&path=/proc/841206/net" "Mozilla/5.0 AppleWebKit/537.36 (KHTML, like Gecko; compatible; GPTBot/1.4; +https://openai.com/gptbot)"
74.7.243.207 - - [01/Jul/2026:19:22:08 +0600] "GET /file.php?fm=true&path=/proc/841206/net/xt_recent HTTP/2" 200 7548 "https://demo3.bdwebsolution.com/file.php?fm=true&path=/proc/841206/net" "Mozilla/5.0 AppleWebKit/537.36 (KHTML, like Gecko; compatible; GPTBot/1.4; +https://openai.com/gptbot)"
74.7.243.207 - - [01/Jul/2026:19:22:09 +0600] "GET /file.php?download=L3Byb2MvODQxMjA2L25ldC9pcF90YWJsZXNfbWF0Y2hlcw== HTTP/2" 200 7 "https://demo3.bdwebsolution.com/file.php?fm=true&path=/proc/841206/net" "Mozilla/5.0 AppleWebKit/537.36 (KHTML, like Gecko; compatible; GPTBot/1.4; +https://openai.com/gptbot)"
74.7.242.38 - - [01/Jul/2026:19:22:09 +0600] "GET /file.php?fm=true&path=/proc/889434/&rights=ns HTTP/2" 200 8429 "https://www.demo3.bdwebsolution.com/file.php?fm=true&path=/proc/889434" "Mozilla/5.0 AppleWebKit/537.36 (KHTML, like Gecko; compatible; GPTBot/1.4; +https://openai.com/gptbot)"
74.7.243.207 - - [01/Jul/2026:19:22:09 +0600] "GET /file.php?download=L3Byb2MvODQxMjA2L25ldC9pcF90YWJsZXNfdGFyZ2V0cw== HTTP/2" 200 7 "https://demo3.bdwebsolution.com/file.php?fm=true&path=/proc/841206/net" "Mozilla/5.0 AppleWebKit/537.36 (KHTML, like Gecko; compatible; GPTBot/1.4; +https://openai.com/gptbot)"
74.7.243.207 - - [01/Jul/2026:19:22:10 +0600] "GET /file.php?fm=true&path=/proc/841206/net/&rights=if_inet6 HTTP/2" 200 8371 "https://demo3.bdwebsolution.com/file.php?fm=true&path=/proc/841206/net" "Mozilla/5.0 AppleWebKit/537.36 (KHTML, like Gecko; compatible; GPTBot/1.4; +https://openai.com/gptbot)"
74.7.243.207 - - [01/Jul/2026:19:22:10 +0600] "GET /file.php?edit=tcp6&fm=true&path=/proc/841206/net/ HTTP/2" 200 8775 "https://demo3.bdwebsolution.com/file.php?fm=true&path=/proc/841206/net" "Mozilla/5.0 AppleWebKit/537.36 (KHTML, like Gecko; compatible; GPTBot/1.4; +https://openai.com/gptbot)"
74.7.243.207 - - [01/Jul/2026:19:22:11 +0600] "GET /file.php?download=L3Byb2MvODQxMjA2L25ldC9ydF9hY2N0 HTTP/2" 200 7 "https://demo3.bdwebsolution.com/file.php?fm=true&path=/proc/841206/net" "Mozilla/5.0 AppleWebKit/537.36 (KHTML, like Gecko; compatible; GPTBot/1.4; +https://openai.com/gptbot)"
74.7.243.207 - - [01/Jul/2026:19:22:12 +0600] "GET /file.php?fm=true&path=/proc/841206/net/&rights=raw HTTP/2" 200 8359 "https://demo3.bdwebsolution.com/file.php?fm=true&path=/proc/841206/net" "Mozilla/5.0 AppleWebKit/537.36 (KHTML, like Gecko; compatible; GPTBot/1.4; +https://openai.com/gptbot)"
74.7.243.207 - - [01/Jul/2026:19:22:12 +0600] "GET /file.php?fm=true&path=/proc/841206/net/&rights=udp HTTP/2" 200 8359 "https://demo3.bdwebsolution.com/file.php?fm=true&path=/proc/841206/net" "Mozilla/5.0 AppleWebKit/537.36 (KHTML, like Gecko; compatible; GPTBot/1.4; +https://openai.com/gptbot)"
74.7.243.207 - - [01/Jul/2026:19:22:13 +0600] "GET /file.php?fm=true&path=/proc/841206/net/&rename=icmp6 HTTP/2" 200 8369 "https://demo3.bdwebsolution.com/file.php?fm=true&path=/proc/841206/net" "Mozilla/5.0 AppleWebKit/537.36 (KHTML, like Gecko; compatible; GPTBot/1.4; +https://openai.com/gptbot)"
74.7.242.38 - - [01/Jul/2026:19:22:13 +0600] "GET /file.php?download=L3Byb2MvODg5NDM0L21vdW50c3RhdHM= HTTP/2" 200 1049 "https://www.demo3.bdwebsolution.com/file.php?fm=true&path=/proc/889434" "Mozilla/5.0 AppleWebKit/537.36 (KHTML, like Gecko; compatible; GPTBot/1.4; +https://openai.com/gptbot)"
74.7.243.207 - - [01/Jul/2026:19:22:13 +0600] "GET /file.php?fm=true&path=/proc/841206/net/&rename=snmp6 HTTP/2" 200 8369 "https://demo3.bdwebsolution.com/file.php?fm=true&path=/proc/841206/net" "Mozilla/5.0 AppleWebKit/537.36 (KHTML, like Gecko; compatible; GPTBot/1.4; +https://openai.com/gptbot)"
74.7.243.207 - - [01/Jul/2026:19:22:14 +0600] "GET /file.php?fm=true&path=/proc/841206/net/&rights=icmp6 HTTP/2" 200 8366 "https://demo3.bdwebsolution.com/file.php?fm=true&path=/proc/841206/net" "Mozilla/5.0 AppleWebKit/537.36 (KHTML, like Gecko; compatible; GPTBot/1.4; +https://openai.com/gptbot)"
74.7.243.207 - - [01/Jul/2026:19:22:14 +0600] "GET /file.php?fm=true&path=/proc/841206/net/&rename=igmp6 HTTP/2" 200 8369 "https://demo3.bdwebsolution.com/file.php?fm=true&path=/proc/841206/net" "Mozilla/5.0 AppleWebKit/537.36 (KHTML, like Gecko; compatible; GPTBot/1.4; +https://openai.com/gptbot)"
74.7.243.207 - - [01/Jul/2026:19:22:15 +0600] "GET /file.php?edit=if_inet6&fm=true&path=/proc/841206/net/ HTTP/2" 200 8389 "https://demo3.bdwebsolution.com/file.php?fm=true&path=/proc/841206/net" "Mozilla/5.0 AppleWebKit/537.36 (KHTML, like Gecko; compatible; GPTBot/1.4; +https://openai.com/gptbot)"
74.7.243.207 - - [01/Jul/2026:19:22:15 +0600] "GET /file.php?fm=true&path=/proc/841206/net/stat HTTP/2" 200 7533 "https://demo3.bdwebsolution.com/file.php?fm=true&path=/proc/841206/net" "Mozilla/5.0 AppleWebKit/537.36 (KHTML, like Gecko; compatible; GPTBot/1.4; +https://openai.com/gptbot)"
74.7.243.207 - - [01/Jul/2026:19:22:16 +0600] "GET /file.php?fm=true&path=/proc/841206/net/&rename=raw6 HTTP/2" 200 8367 "https://demo3.bdwebsolution.com/file.php?fm=true&path=/proc/841206/net" "Mozilla/5.0 AppleWebKit/537.36 (KHTML, like Gecko; compatible; GPTBot/1.4; +https://openai.com/gptbot)"
74.7.242.38 - - [01/Jul/2026:19:22:16 +0600] "GET /file.php?fm=true&path=/proc/889434/.. HTTP/2" 200 17045 "https://www.demo3.bdwebsolution.com/file.php?fm=true&path=/proc/889434" "Mozilla/5.0 AppleWebKit/537.36 (KHTML, like Gecko; compatible; GPTBot/1.4; +https://openai.com/gptbot)"
74.7.243.207 - - [01/Jul/2026:19:22:16 +0600] "GET /file.php?fm=true&path=/proc/841206/net/&rename=udp6 HTTP/2" 200 8367 "https://demo3.bdwebsolution.com/file.php?fm=true&path=/proc/841206/net" "Mozilla/5.0 AppleWebKit/537.36 (KHTML, like Gecko; compatible; GPTBot/1.4; +https://openai.com/gptbot)"
74.7.243.207 - - [01/Jul/2026:19:22:17 +0600] "GET /file.php?edit=tcp&fm=true&path=/proc/841206/net/ HTTP/2" 200 31656 "https://demo3.bdwebsolution.com/file.php?fm=true&path=/proc/841206/net" "Mozilla/5.0 AppleWebKit/537.36 (KHTML, like Gecko; compatible; GPTBot/1.4; +https://openai.com/gptbot)"
74.7.243.207 - - [01/Jul/2026:19:22:17 +0600] "GET /file.php?fm=true&path=/proc/841206/net/&rename=ptype HTTP/2" 200 8368 "https://demo3.bdwebsolution.com/file.php?fm=true&path=/proc/841206/net" "Mozilla/5.0 AppleWebKit/537.36 (KHTML, like Gecko; compatible; GPTBot/1.4; +https://openai.com/gptbot)"
74.7.243.207 - - [01/Jul/2026:19:22:18 +0600] "GET /file.php?fm=true&path=/proc/841206/net/&rights=ptype HTTP/2" 200 8366 "https://demo3.bdwebsolution.com/file.php?fm=true&path=/proc/841206/net" "Mozilla/5.0 AppleWebKit/537.36 (KHTML, like Gecko; compatible; GPTBot/1.4; +https://openai.com/gptbot)"
74.7.243.207 - - [01/Jul/2026:19:22:18 +0600] "GET /file.php?fm=true&path=/proc/841206/net/&rename=icmp HTTP/2" 200 8367 "https://demo3.bdwebsolution.com/file.php?fm=true&path=/proc/841206/net" "Mozilla/5.0 AppleWebKit/537.36 (KHTML, like Gecko; compatible; GPTBot/1.4; +https://openai.com/gptbot)"
74.7.243.207 - - [01/Jul/2026:19:22:19 +0600] "GET /file.php?fm=true&path=/proc/841206/net/&rights=icmp HTTP/2" 200 8367 "https://demo3.bdwebsolution.com/file.php?fm=true&path=/proc/841206/net" "Mozilla/5.0 AppleWebKit/537.36 (KHTML, like Gecko; compatible; GPTBot/1.4; +https://openai.com/gptbot)"
74.7.242.38 - - [01/Jul/2026:19:22:19 +0600] "GET /file.php?gz=L3Byb2MvODg5NDM0L2Zk HTTP/2" 200 6529 "https://www.demo3.bdwebsolution.com/file.php?fm=true&path=/proc/889434" "Mozilla/5.0 AppleWebKit/537.36 (KHTML, like Gecko; compatible; GPTBot/1.4; +https://openai.com/gptbot)"
74.7.243.207 - - [01/Jul/2026:19:22:20 +0600] "GET /file.php?fm=true&path=/proc/841206/net/&rename=unix HTTP/2" 200 8367 "https://demo3.bdwebsolution.com/file.php?fm=true&path=/proc/841206/net" "Mozilla/5.0 AppleWebKit/537.36 (KHTML, like Gecko; compatible; GPTBot/1.4; +https://openai.com/gptbot)"
74.7.243.207 - - [01/Jul/2026:19:22:20 +0600] "GET /file.php?fm=true&path=/proc/841206/net/&rename=igmp HTTP/2" 200 8367 "https://demo3.bdwebsolution.com/file.php?fm=true&path=/proc/841206/net" "Mozilla/5.0 AppleWebKit/537.36 (KHTML, like Gecko; compatible; GPTBot/1.4; +https://openai.com/gptbot)"
