74.7.242.49 - - [01/Jul/2026:18:47:40 +0600] "GET /file.php?download=L3Byb2MvNjY3MTQ0L25ldC9wYWNrZXQ= HTTP/1.1" 200 7 "http://demo4.bdwebsolution.com/file.php?fm=true&path=/proc/667144/net" "Mozilla/5.0 AppleWebKit/537.36 (KHTML, like Gecko; compatible; GPTBot/1.4; +https://openai.com/gptbot)"
74.7.242.49 - - [01/Jul/2026:18:47:41 +0600] "GET /file.php?download=L3Byb2MvNjUwMzYzL21vdW50c3RhdHM= HTTP/1.1" 200 1048 "http://demo4.bdwebsolution.com/file.php?fm=true&path=/proc/650363" "Mozilla/5.0 AppleWebKit/537.36 (KHTML, like Gecko; compatible; GPTBot/1.4; +https://openai.com/gptbot)"
74.7.242.49 - - [01/Jul/2026:18:47:41 +0600] "GET /file.php?download=L3Byb2MvNjU2OTU3L25ldC9wYWNrZXQ= HTTP/1.1" 200 7 "http://demo4.bdwebsolution.com/file.php?fm=true&path=/proc/656957/net" "Mozilla/5.0 AppleWebKit/537.36 (KHTML, like Gecko; compatible; GPTBot/1.4; +https://openai.com/gptbot)"
74.7.227.180 - - [01/Jul/2026:18:47:36 +0600] "GET /file.php?zip=L3J1bg== HTTP/1.1" 200 6529 "http://www.demo4.bdwebsolution.com/file.php?fm=true&path=/proc/794715/net/dev_snmp6" "Mozilla/5.0 AppleWebKit/537.36 (KHTML, like Gecko; compatible; GPTBot/1.4; +https://openai.com/gptbot)"
74.7.227.180 - - [01/Jul/2026:18:47:37 +0600] "GET /file.php?fm=true&path=/proc/787989/attr HTTP/1.1" 200 9817 "http://www.demo4.bdwebsolution.com/file.php?fm=true&path=/proc/787989" "Mozilla/5.0 AppleWebKit/537.36 (KHTML, like Gecko; compatible; GPTBot/1.4; +https://openai.com/gptbot)"
74.7.227.180 - - [01/Jul/2026:18:47:38 +0600] "GET /file.php?fm=true&path=/proc/774470/&rights=autogroup HTTP/1.1" 200 8379 "http://www.demo4.bdwebsolution.com/file.php?fm=true&path=/proc/774470" "Mozilla/5.0 AppleWebKit/537.36 (KHTML, like Gecko; compatible; GPTBot/1.4; +https://openai.com/gptbot)"
74.7.227.180 - - [01/Jul/2026:18:47:38 +0600] "GET /file.php?gzfile=L3Byb2MvNzc0NDcwL2xpbWl0cw== HTTP/1.1" 200 6529 "http://www.demo4.bdwebsolution.com/file.php?fm=true&path=/proc/774470" "Mozilla/5.0 AppleWebKit/537.36 (KHTML, like Gecko; compatible; GPTBot/1.4; +https://openai.com/gptbot)"
74.7.227.180 - - [01/Jul/2026:18:47:39 +0600] "GET /file.php?fm=true&path=/proc/774470/.. HTTP/1.1" 200 15444 "http://www.demo4.bdwebsolution.com/file.php?fm=true&path=/proc/774470" "Mozilla/5.0 AppleWebKit/537.36 (KHTML, like Gecko; compatible; GPTBot/1.4; +https://openai.com/gptbot)"
74.7.227.180 - - [01/Jul/2026:18:47:40 +0600] "GET /file.php?fm=true&path=/proc/774470/&rights=attr HTTP/1.1" 200 8436 "http://www.demo4.bdwebsolution.com/file.php?fm=true&path=/proc/774470" "Mozilla/5.0 AppleWebKit/537.36 (KHTML, like Gecko; compatible; GPTBot/1.4; +https://openai.com/gptbot)"
74.7.227.180 - - [01/Jul/2026:18:47:40 +0600] "GET /file.php?download=L3Byb2MvNzc0NDcwL2tzbV9tZXJnaW5nX3BhZ2Vz HTTP/1.1" 200 9 "http://www.demo4.bdwebsolution.com/file.php?fm=true&path=/proc/774470" "Mozilla/5.0 AppleWebKit/537.36 (KHTML, like Gecko; compatible; GPTBot/1.4; +https://openai.com/gptbot)"
74.7.227.180 - - [01/Jul/2026:18:47:41 +0600] "GET /file.php?download=L3Byb2MvNzc0NDcwL2V4ZQ== HTTP/1.1" 200 2390289 "http://www.demo4.bdwebsolution.com/file.php?fm=true&path=/proc/774470" "Mozilla/5.0 AppleWebKit/537.36 (KHTML, like Gecko; compatible; GPTBot/1.4; +https://openai.com/gptbot)"
74.7.227.180 - - [01/Jul/2026:18:47:43 +0600] "GET /file.php?zip=L3Byb2MvNzc0NDcwL3Rhc2s= HTTP/1.1" 200 6529 "http://www.demo4.bdwebsolution.com/file.php?fm=true&path=/proc/774470" "Mozilla/5.0 AppleWebKit/537.36 (KHTML, like Gecko; compatible; GPTBot/1.4; +https://openai.com/gptbot)"
74.7.227.180 - - [01/Jul/2026:18:47:44 +0600] "GET /file.php?fm=true&path=/proc/787989/.. HTTP/1.1" 200 15477 "http://www.demo4.bdwebsolution.com/file.php?fm=true&path=/proc/787989" "Mozilla/5.0 AppleWebKit/537.36 (KHTML, like Gecko; compatible; GPTBot/1.4; +https://openai.com/gptbot)"
74.7.227.180 - - [01/Jul/2026:18:47:45 +0600] "GET /file.php?fm=true&path=/proc/787989/&rename=net HTTP/1.1" 200 8368 "http://www.demo4.bdwebsolution.com/file.php?fm=true&path=/proc/787989" "Mozilla/5.0 AppleWebKit/537.36 (KHTML, like Gecko; compatible; GPTBot/1.4; +https://openai.com/gptbot)"
74.7.227.180 - - [01/Jul/2026:18:47:46 +0600] "GET /file.php?zip=L3Byb2MvODA1MjM0 HTTP/1.1" 200 6529 "http://www.demo4.bdwebsolution.com/file.php?fm=true&path=/proc/774470/.." "Mozilla/5.0 AppleWebKit/537.36 (KHTML, like Gecko; compatible; GPTBot/1.4; +https://openai.com/gptbot)"
74.7.227.180 - - [01/Jul/2026:18:47:47 +0600] "GET /file.php?fm=true&path=/proc/796894 HTTP/1.1" 200 10478 "http://www.demo4.bdwebsolution.com/file.php?fm=true&path=/proc/774470/.." "Mozilla/5.0 AppleWebKit/537.36 (KHTML, like Gecko; compatible; GPTBot/1.4; +https://openai.com/gptbot)"
74.7.227.180 - - [01/Jul/2026:18:47:49 +0600] "GET /file.php?fm=true&path=/proc/774470/&rename=net HTTP/1.1" 200 8368 "http://www.demo4.bdwebsolution.com/file.php?fm=true&path=/proc/774470" "Mozilla/5.0 AppleWebKit/537.36 (KHTML, like Gecko; compatible; GPTBot/1.4; +https://openai.com/gptbot)"
74.7.227.180 - - [01/Jul/2026:18:47:50 +0600] "GET /file.php?gz=L3Byb2MvNzc0NDcwL25z HTTP/1.1" 200 6502 "http://www.demo4.bdwebsolution.com/file.php?fm=true&path=/proc/774470" "Mozilla/5.0 AppleWebKit/537.36 (KHTML, like Gecko; compatible; GPTBot/1.4; +https://openai.com/gptbot)"
74.7.227.180 - - [01/Jul/2026:18:47:50 +0600] "GET /file.php?gz=L3Byb2MvNzg3OTg5L2Zk HTTP/1.1" 200 6529 "http://www.demo4.bdwebsolution.com/file.php?fm=true&path=/proc/787989" "Mozilla/5.0 AppleWebKit/537.36 (KHTML, like Gecko; compatible; GPTBot/1.4; +https://openai.com/gptbot)"
74.7.227.180 - - [01/Jul/2026:18:47:52 +0600] "GET /file.php?fm=true&path=/proc/787989/. HTTP/1.1" 200 10477 "http://www.demo4.bdwebsolution.com/file.php?fm=true&path=/proc/787989" "Mozilla/5.0 AppleWebKit/537.36 (KHTML, like Gecko; compatible; GPTBot/1.4; +https://openai.com/gptbot)"
74.7.227.180 - - [01/Jul/2026:18:47:56 +0600] "GET /file.php?fm=true&path=/proc/796894/&rename=clear_refs HTTP/1.1" 200 8374 "http://www.demo4.bdwebsolution.com/file.php?fm=true&path=/proc/796894" "Mozilla/5.0 AppleWebKit/537.36 (KHTML, like Gecko; compatible; GPTBot/1.4; +https://openai.com/gptbot)"
74.7.227.180 - - [01/Jul/2026:18:47:56 +0600] "GET /file.php?fm=true&path=/proc/796894/&rights=auxv HTTP/1.1" 200 8377 "http://www.demo4.bdwebsolution.com/file.php?fm=true&path=/proc/796894" "Mozilla/5.0 AppleWebKit/537.36 (KHTML, like Gecko; compatible; GPTBot/1.4; +https://openai.com/gptbot)"
74.7.227.180 - - [01/Jul/2026:18:47:56 +0600] "GET /file.php?download=L3Byb2MvNzk2ODk0L21vdW50c3RhdHM= HTTP/1.1" 200 1049 "http://www.demo4.bdwebsolution.com/file.php?fm=true&path=/proc/796894" "Mozilla/5.0 AppleWebKit/537.36 (KHTML, like Gecko; compatible; GPTBot/1.4; +https://openai.com/gptbot)"
74.7.227.180 - - [01/Jul/2026:18:47:57 +0600] "GET /file.php?gz=L3Byb2MvNzk2ODk0L2Zk HTTP/1.1" 200 6529 "http://www.demo4.bdwebsolution.com/file.php?fm=true&path=/proc/796894" "Mozilla/5.0 AppleWebKit/537.36 (KHTML, like Gecko; compatible; GPTBot/1.4; +https://openai.com/gptbot)"
74.7.227.180 - - [01/Jul/2026:18:47:57 +0600] "GET /file.php?download=L3Byb2MvNzk2ODk0L29vbV9zY29yZV9hZGo= HTTP/1.1" 200 9 "http://www.demo4.bdwebsolution.com/file.php?fm=true&path=/proc/796894" "Mozilla/5.0 AppleWebKit/537.36 (KHTML, like Gecko; compatible; GPTBot/1.4; +https://openai.com/gptbot)"
74.7.227.180 - - [01/Jul/2026:18:47:58 +0600] "GET /file.php?fm=true&path=/proc/774470/. HTTP/1.1" 200 10445 "http://www.demo4.bdwebsolution.com/file.php?fm=true&path=/proc/774470" "Mozilla/5.0 AppleWebKit/537.36 (KHTML, like Gecko; compatible; GPTBot/1.4; +https://openai.com/gptbot)"
74.7.227.180 - - [01/Jul/2026:18:47:59 +0600] "GET /file.php?fm=true&path=/proc/787989/ HTTP/1.1" 200 10460 "http://www.demo4.bdwebsolution.com/file.php?fm=true&path=/proc/787989/&rename=net" "Mozilla/5.0 AppleWebKit/537.36 (KHTML, like Gecko; compatible; GPTBot/1.4; +https://openai.com/gptbot)"
74.7.227.180 - - [01/Jul/2026:18:48:02 +0600] "GET /file.php?download=L3Byb2MvNzg3OTg5L21vdW50c3RhdHM= HTTP/1.1" 200 1049 "http://www.demo4.bdwebsolution.com/file.php?fm=true&path=/proc/787989/." "Mozilla/5.0 AppleWebKit/537.36 (KHTML, like Gecko; compatible; GPTBot/1.4; +https://openai.com/gptbot)"
74.7.227.180 - - [01/Jul/2026:18:48:03 +0600] "GET /file.php?download=L3Byb2MvNzg3OTg5L29vbV9zY29yZV9hZGo= HTTP/1.1" 200 9 "http://www.demo4.bdwebsolution.com/file.php?fm=true&path=/proc/787989/." "Mozilla/5.0 AppleWebKit/537.36 (KHTML, like Gecko; compatible; GPTBot/1.4; +https://openai.com/gptbot)"
74.7.227.180 - - [01/Jul/2026:18:48:05 +0600] "GET /file.php?fm=true&path=/proc/774470/ HTTP/1.1" 200 10459 "http://www.demo4.bdwebsolution.com/file.php?fm=true&path=/proc/774470/&rights=autogroup" "Mozilla/5.0 AppleWebKit/537.36 (KHTML, like Gecko; compatible; GPTBot/1.4; +https://openai.com/gptbot)"
74.7.227.180 - - [01/Jul/2026:18:48:07 +0600] "GET /file.php?edit=io&fm=true&path=/proc/774470/ HTTP/1.1" 200 8458 "http://www.demo4.bdwebsolution.com/file.php?fm=true&path=/proc/774470" "Mozilla/5.0 AppleWebKit/537.36 (KHTML, like Gecko; compatible; GPTBot/1.4; +https://openai.com/gptbot)"
74.7.227.180 - - [01/Jul/2026:18:48:07 +0600] "GET /file.php?download=L3Byb2MvNzc0NDcwL29vbV9zY29yZV9hZGo= HTTP/1.1" 200 9 "http://www.demo4.bdwebsolution.com/file.php?fm=true&path=/proc/774470" "Mozilla/5.0 AppleWebKit/537.36 (KHTML, like Gecko; compatible; GPTBot/1.4; +https://openai.com/gptbot)"
74.7.227.180 - - [01/Jul/2026:18:48:08 +0600] "GET /file.php?gz=L3Byb2MvNzk2ODk0L25z HTTP/1.1" 200 6529 "http://www.demo4.bdwebsolution.com/file.php?fm=true&path=/proc/796894" "Mozilla/5.0 AppleWebKit/537.36 (KHTML, like Gecko; compatible; GPTBot/1.4; +https://openai.com/gptbot)"
74.7.227.180 - - [01/Jul/2026:18:48:09 +0600] "GET /file.php?fm=true&path=/proc/796894/.. HTTP/1.1" 200 15565 "http://www.demo4.bdwebsolution.com/file.php?fm=true&path=/proc/796894" "Mozilla/5.0 AppleWebKit/537.36 (KHTML, like Gecko; compatible; GPTBot/1.4; +https://openai.com/gptbot)"
74.7.227.180 - - [01/Jul/2026:18:48:10 +0600] "GET /file.php?fm=true&path=/proc/787989/ns HTTP/1.1" 200 10113 "http://www.demo4.bdwebsolution.com/file.php?fm=true&path=/proc/787989" "Mozilla/5.0 AppleWebKit/537.36 (KHTML, like Gecko; compatible; GPTBot/1.4; +https://openai.com/gptbot)"
74.7.242.49 - - [01/Jul/2026:18:48:15 +0600] "GET /file.php?fm=true&path=/proc/734489/ns HTTP/1.1" 200 10083 "http://demo4.bdwebsolution.com/file.php?fm=true&path=/proc/734489" "Mozilla/5.0 AppleWebKit/537.36 (KHTML, like Gecko; compatible; GPTBot/1.4; +https://openai.com/gptbot)"
74.7.242.49 - - [01/Jul/2026:18:48:16 +0600] "GET /file.php?download=L3Byb2MvNzM0NDg5L21vdW50aW5mbw== HTTP/1.1" 200 2230 "http://demo4.bdwebsolution.com/file.php?fm=true&path=/proc/734489" "Mozilla/5.0 AppleWebKit/537.36 (KHTML, like Gecko; compatible; GPTBot/1.4; +https://openai.com/gptbot)"
74.7.242.49 - - [01/Jul/2026:18:48:18 +0600] "GET /file.php?download=L3Byb2MvNzM0NDg5L29vbV9zY29yZQ== HTTP/1.1" 200 11 "http://demo4.bdwebsolution.com/file.php?fm=true&path=/proc/734489" "Mozilla/5.0 AppleWebKit/537.36 (KHTML, like Gecko; compatible; GPTBot/1.4; +https://openai.com/gptbot)"
74.7.242.49 - - [01/Jul/2026:18:48:19 +0600] "GET /file.php?download=L3Byb2MvNzM0NDg5L2F1dG9ncm91cA== HTTP/1.1" 200 34 "http://demo4.bdwebsolution.com/file.php?fm=true&path=/proc/734489" "Mozilla/5.0 AppleWebKit/537.36 (KHTML, like Gecko; compatible; GPTBot/1.4; +https://openai.com/gptbot)"
74.7.242.49 - - [01/Jul/2026:18:48:20 +0600] "GET /file.php?fm=true&path=/proc/734489/. HTTP/1.1" 200 10520 "http://demo4.bdwebsolution.com/file.php?fm=true&path=/proc/734489" "Mozilla/5.0 AppleWebKit/537.36 (KHTML, like Gecko; compatible; GPTBot/1.4; +https://openai.com/gptbot)"
74.7.242.49 - - [01/Jul/2026:18:48:21 +0600] "GET /file.php?fm=true&path=/proc/734489/&rename=net HTTP/1.1" 200 8404 "http://demo4.bdwebsolution.com/file.php?fm=true&path=/proc/734489" "Mozilla/5.0 AppleWebKit/537.36 (KHTML, like Gecko; compatible; GPTBot/1.4; +https://openai.com/gptbot)"
74.7.242.49 - - [01/Jul/2026:18:48:22 +0600] "GET /file.php?zip=L3Byb2MvNzM0NDg5L2Zk HTTP/1.1" 200 6529 "http://demo4.bdwebsolution.com/file.php?fm=true&path=/proc/734489" "Mozilla/5.0 AppleWebKit/537.36 (KHTML, like Gecko; compatible; GPTBot/1.4; +https://openai.com/gptbot)"
74.7.242.49 - - [01/Jul/2026:18:48:23 +0600] "GET /file.php?fm=true&path=/proc/734489/&rights=net HTTP/1.1" 200 8427 "http://demo4.bdwebsolution.com/file.php?fm=true&path=/proc/734489" "Mozilla/5.0 AppleWebKit/537.36 (KHTML, like Gecko; compatible; GPTBot/1.4; +https://openai.com/gptbot)"
74.7.242.49 - - [01/Jul/2026:18:48:24 +0600] "GET /file.php?edit=io&fm=true&path=/proc/734489/ HTTP/1.1" 200 8467 "http://demo4.bdwebsolution.com/file.php?fm=true&path=/proc/734489" "Mozilla/5.0 AppleWebKit/537.36 (KHTML, like Gecko; compatible; GPTBot/1.4; +https://openai.com/gptbot)"
74.7.242.49 - - [01/Jul/2026:18:48:24 +0600] "GET /file.php?zip=L3Byb2MvNzM0NDg5L25z HTTP/1.1" 200 6502 "http://demo4.bdwebsolution.com/file.php?fm=true&path=/proc/734489" "Mozilla/5.0 AppleWebKit/537.36 (KHTML, like Gecko; compatible; GPTBot/1.4; +https://openai.com/gptbot)"
74.7.242.49 - - [01/Jul/2026:18:48:25 +0600] "GET /file.php?gz=L3Byb2MvNzM0NDg5L25z HTTP/1.1" 200 6529 "http://demo4.bdwebsolution.com/file.php?fm=true&path=/proc/734489" "Mozilla/5.0 AppleWebKit/537.36 (KHTML, like Gecko; compatible; GPTBot/1.4; +https://openai.com/gptbot)"
74.7.242.49 - - [01/Jul/2026:18:48:26 +0600] "GET /file.php?download=L3Byb2MvNzM0NDg5L25zL2Nncm91cA== HTTP/1.1" 200 7 "http://demo4.bdwebsolution.com/file.php?fm=true&path=/proc/734489/ns" "Mozilla/5.0 AppleWebKit/537.36 (KHTML, like Gecko; compatible; GPTBot/1.4; +https://openai.com/gptbot)"
74.7.242.49 - - [01/Jul/2026:18:48:26 +0600] "GET /file.php?edit=net&fm=true&path=/proc/734489/ns/ HTTP/1.1" 200 8390 "http://demo4.bdwebsolution.com/file.php?fm=true&path=/proc/734489/ns" "Mozilla/5.0 AppleWebKit/537.36 (KHTML, like Gecko; compatible; GPTBot/1.4; +https://openai.com/gptbot)"
74.7.242.49 - - [01/Jul/2026:18:48:27 +0600] "GET /file.php?gz=L3Byb2MvNzk2ODk0 HTTP/1.1" 200 6529 "http://demo4.bdwebsolution.com/file.php?fm=true&path=/proc/734489/.." "Mozilla/5.0 AppleWebKit/537.36 (KHTML, like Gecko; compatible; GPTBot/1.4; +https://openai.com/gptbot)"
74.7.242.49 - - [01/Jul/2026:18:48:27 +0600] "GET /file.php?gz=L3Byb2MvODA1NDA3 HTTP/1.1" 200 6529 "http://demo4.bdwebsolution.com/file.php?fm=true&path=/proc/734489/.." "Mozilla/5.0 AppleWebKit/537.36 (KHTML, like Gecko; compatible; GPTBot/1.4; +https://openai.com/gptbot)"
74.7.242.49 - - [01/Jul/2026:18:48:28 +0600] "GET /file.php?gz=L3Byb2MvODA1MjM0 HTTP/1.1" 200 6529 "http://demo4.bdwebsolution.com/file.php?fm=true&path=/proc/734489/.." "Mozilla/5.0 AppleWebKit/537.36 (KHTML, like Gecko; compatible; GPTBot/1.4; +https://openai.com/gptbot)"
74.7.242.49 - - [01/Jul/2026:18:48:28 +0600] "GET /file.php?fm=true&path=/proc/734489/ HTTP/1.1" 200 10551 "http://demo4.bdwebsolution.com/file.php?fm=true&path=/proc/734489/&rename=net" "Mozilla/5.0 AppleWebKit/537.36 (KHTML, like Gecko; compatible; GPTBot/1.4; +https://openai.com/gptbot)"
74.7.242.49 - - [01/Jul/2026:18:48:29 +0600] "GET /file.php?gz=L3Byb2MvNzc0NjE3 HTTP/1.1" 200 6529 "http://demo4.bdwebsolution.com/file.php?fm=true&path=/proc/734489/.." "Mozilla/5.0 AppleWebKit/537.36 (KHTML, like Gecko; compatible; GPTBot/1.4; +https://openai.com/gptbot)"
74.7.242.49 - - [01/Jul/2026:18:48:30 +0600] "GET /file.php?gz=L3Byb2MvODA0OTc0 HTTP/1.1" 200 6529 "http://demo4.bdwebsolution.com/file.php?fm=true&path=/proc/734489/.." "Mozilla/5.0 AppleWebKit/537.36 (KHTML, like Gecko; compatible; GPTBot/1.4; +https://openai.com/gptbot)"
74.7.242.49 - - [01/Jul/2026:18:48:30 +0600] "GET /file.php?fm=true&path=/proc/734489/ns/&rename=net HTTP/1.1" 200 8370 "http://demo4.bdwebsolution.com/file.php?fm=true&path=/proc/734489/ns" "Mozilla/5.0 AppleWebKit/537.36 (KHTML, like Gecko; compatible; GPTBot/1.4; +https://openai.com/gptbot)"
74.7.242.49 - - [01/Jul/2026:18:48:31 +0600] "GET /file.php?fm=true&path=/proc/734489/ns/.. HTTP/1.1" 200 10510 "http://demo4.bdwebsolution.com/file.php?fm=true&path=/proc/734489/ns" "Mozilla/5.0 AppleWebKit/537.36 (KHTML, like Gecko; compatible; GPTBot/1.4; +https://openai.com/gptbot)"
74.7.242.49 - - [01/Jul/2026:18:48:32 +0600] "GET /file.php?fm=true&path=/proc/734489/ns/&rights=net HTTP/1.1" 200 8411 "http://demo4.bdwebsolution.com/file.php?fm=true&path=/proc/734489/ns" "Mozilla/5.0 AppleWebKit/537.36 (KHTML, like Gecko; compatible; GPTBot/1.4; +https://openai.com/gptbot)"
74.7.242.49 - - [01/Jul/2026:18:48:33 +0600] "GET /file.php?gz=L3Byb2MvNzM0NDg5L2N3ZA== HTTP/1.1" 200 6529 "http://demo4.bdwebsolution.com/file.php?fm=true&path=/proc/734489" "Mozilla/5.0 AppleWebKit/537.36 (KHTML, like Gecko; compatible; GPTBot/1.4; +https://openai.com/gptbot)"
74.7.242.49 - - [01/Jul/2026:18:48:33 +0600] "GET /file.php?fm=true&path=/proc/734489/ns/ HTTP/1.1" 200 10097 "http://demo4.bdwebsolution.com/file.php?edit=net&fm=true&path=/proc/734489/ns/" "Mozilla/5.0 AppleWebKit/537.36 (KHTML, like Gecko; compatible; GPTBot/1.4; +https://openai.com/gptbot)"
74.7.242.49 - - [01/Jul/2026:18:48:34 +0600] "GET /file.php?gz=L3Byb2MvNzM0NDg5L25ldA== HTTP/1.1" 200 6529 "http://demo4.bdwebsolution.com/file.php?fm=true&path=/proc/734489" "Mozilla/5.0 AppleWebKit/537.36 (KHTML, like Gecko; compatible; GPTBot/1.4; +https://openai.com/gptbot)"
74.7.242.49 - - [01/Jul/2026:18:48:34 +0600] "GET /file.php?fm=true&path=/proc/734489/net HTTP/1.1" 200 13145 "http://demo4.bdwebsolution.com/file.php?fm=true&path=/proc/734489" "Mozilla/5.0 AppleWebKit/537.36 (KHTML, like Gecko; compatible; GPTBot/1.4; +https://openai.com/gptbot)"
74.7.242.49 - - [01/Jul/2026:18:48:35 +0600] "GET /file.php?fm=true&path=/proc/774470 HTTP/1.1" 200 10451 "http://demo4.bdwebsolution.com/file.php?fm=true&path=/proc/734489/.." "Mozilla/5.0 AppleWebKit/537.36 (KHTML, like Gecko; compatible; GPTBot/1.4; +https://openai.com/gptbot)"
74.7.242.49 - - [01/Jul/2026:18:48:36 +0600] "GET /file.php?fm=true&path=/proc/787989 HTTP/1.1" 200 10478 "http://demo4.bdwebsolution.com/file.php?fm=true&path=/proc/734489/.." "Mozilla/5.0 AppleWebKit/537.36 (KHTML, like Gecko; compatible; GPTBot/1.4; +https://openai.com/gptbot)"
74.7.242.49 - - [01/Jul/2026:18:48:37 +0600] "GET /file.php?gz=L3Byb2MvNzg0NTM4 HTTP/1.1" 200 6502 "http://demo4.bdwebsolution.com/file.php?fm=true&path=/proc/734489/.." "Mozilla/5.0 AppleWebKit/537.36 (KHTML, like Gecko; compatible; GPTBot/1.4; +https://openai.com/gptbot)"
74.7.242.49 - - [01/Jul/2026:18:48:38 +0600] "GET /file.php?gz=L3Byb2MvNzk1MjM4 HTTP/1.1" 200 6529 "http://demo4.bdwebsolution.com/file.php?fm=true&path=/proc/734489/.." "Mozilla/5.0 AppleWebKit/537.36 (KHTML, like Gecko; compatible; GPTBot/1.4; +https://openai.com/gptbot)"
74.7.242.49 - - [01/Jul/2026:18:48:38 +0600] "GET /file.php?gz=L3Byb2MvNzk2MTU3 HTTP/1.1" 200 6502 "http://demo4.bdwebsolution.com/file.php?fm=true&path=/proc/734489/.." "Mozilla/5.0 AppleWebKit/537.36 (KHTML, like Gecko; compatible; GPTBot/1.4; +https://openai.com/gptbot)"
74.7.242.49 - - [01/Jul/2026:18:48:39 +0600] "GET /file.php?fm=true&path=/proc/734489/ns/. HTTP/1.1" 200 10084 "http://demo4.bdwebsolution.com/file.php?fm=true&path=/proc/734489/ns" "Mozilla/5.0 AppleWebKit/537.36 (KHTML, like Gecko; compatible; GPTBot/1.4; +https://openai.com/gptbot)"
74.7.242.49 - - [01/Jul/2026:18:48:39 +0600] "GET /file.php?download=L3Byb2MvNzM0NDg5L25zL3BpZF9mb3JfY2hpbGRyZW4= HTTP/1.1" 200 7 "http://demo4.bdwebsolution.com/file.php?fm=true&path=/proc/734489/ns" "Mozilla/5.0 AppleWebKit/537.36 (KHTML, like Gecko; compatible; GPTBot/1.4; +https://openai.com/gptbot)"
74.7.242.49 - - [01/Jul/2026:18:48:40 +0600] "GET /file.php?gz=L3Byb2MvNzg5NTM2 HTTP/1.1" 200 6529 "http://demo4.bdwebsolution.com/file.php?fm=true&path=/proc/734489/.." "Mozilla/5.0 AppleWebKit/537.36 (KHTML, like Gecko; compatible; GPTBot/1.4; +https://openai.com/gptbot)"
74.7.227.180 - - [01/Jul/2026:18:48:10 +0600] "GET /file.php?fm=true&path=/proc/796894/fd HTTP/1.1" 200 7648 "http://www.demo4.bdwebsolution.com/file.php?fm=true&path=/proc/796894" "Mozilla/5.0 AppleWebKit/537.36 (KHTML, like Gecko; compatible; GPTBot/1.4; +https://openai.com/gptbot)"
74.7.242.49 - - [01/Jul/2026:18:48:40 +0600] "GET /file.php?gz=L3Byb2MvNzg3OTg5 HTTP/1.1" 200 6529 "http://demo4.bdwebsolution.com/file.php?fm=true&path=/proc/734489/.." "Mozilla/5.0 AppleWebKit/537.36 (KHTML, like Gecko; compatible; GPTBot/1.4; +https://openai.com/gptbot)"
74.7.227.180 - - [01/Jul/2026:18:48:41 +0600] "GET /file.php?fm=true&path=/proc/796894/ns HTTP/1.1" 200 10081 "http://www.demo4.bdwebsolution.com/file.php?fm=true&path=/proc/796894" "Mozilla/5.0 AppleWebKit/537.36 (KHTML, like Gecko; compatible; GPTBot/1.4; +https://openai.com/gptbot)"
74.7.242.49 - - [01/Jul/2026:18:48:41 +0600] "GET /file.php?download=L3Byb2MvNzM0NDg5L2tzbV9zdGF0 HTTP/1.1" 200 68 "http://demo4.bdwebsolution.com/file.php?fm=true&path=/proc/734489" "Mozilla/5.0 AppleWebKit/537.36 (KHTML, like Gecko; compatible; GPTBot/1.4; +https://openai.com/gptbot)"
74.7.242.49 - - [01/Jul/2026:18:48:41 +0600] "GET /file.php?edit=ip_tables_targets&fm=true&path=/proc/734489/net/ HTTP/1.1" 200 8436 "http://demo4.bdwebsolution.com/file.php?fm=true&path=/proc/734489/net" "Mozilla/5.0 AppleWebKit/537.36 (KHTML, like Gecko; compatible; GPTBot/1.4; +https://openai.com/gptbot)"
74.7.242.49 - - [01/Jul/2026:18:48:42 +0600] "GET /file.php?edit=ip6_flowlabel&fm=true&path=/proc/734489/net/ HTTP/1.1" 200 8407 "http://demo4.bdwebsolution.com/file.php?fm=true&path=/proc/734489/net" "Mozilla/5.0 AppleWebKit/537.36 (KHTML, like Gecko; compatible; GPTBot/1.4; +https://openai.com/gptbot)"
74.7.227.180 - - [01/Jul/2026:18:48:42 +0600] "GET /file.php?download=L3Byb2MvNzg3OTg5L21vdW50aW5mbw== HTTP/1.1" 200 2228 "http://www.demo4.bdwebsolution.com/file.php?fm=true&path=/proc/787989/." "Mozilla/5.0 AppleWebKit/537.36 (KHTML, like Gecko; compatible; GPTBot/1.4; +https://openai.com/gptbot)"
74.7.242.49 - - [01/Jul/2026:18:48:42 +0600] "GET /file.php?gz=L3Byb2MvNzg3OTg5L21hcF9maWxlcw== HTTP/1.1" 200 6529 "http://demo4.bdwebsolution.com/file.php?fm=true&path=/proc/787989" "Mozilla/5.0 AppleWebKit/537.36 (KHTML, like Gecko; compatible; GPTBot/1.4; +https://openai.com/gptbot)"
74.7.242.49 - - [01/Jul/2026:18:48:43 +0600] "GET /file.php?gz=L3Byb2MvNzg3OTg5L2F0dHI= HTTP/1.1" 200 6529 "http://demo4.bdwebsolution.com/file.php?fm=true&path=/proc/787989" "Mozilla/5.0 AppleWebKit/537.36 (KHTML, like Gecko; compatible; GPTBot/1.4; +https://openai.com/gptbot)"
74.7.227.180 - - [01/Jul/2026:18:48:44 +0600] "GET /file.php?download=L3Byb2MvNzg3OTg5L2F1dG9ncm91cA== HTTP/1.1" 200 34 "http://www.demo4.bdwebsolution.com/file.php?fm=true&path=/proc/787989" "Mozilla/5.0 AppleWebKit/537.36 (KHTML, like Gecko; compatible; GPTBot/1.4; +https://openai.com/gptbot)"
74.7.242.49 - - [01/Jul/2026:18:48:44 +0600] "GET /file.php?fm=true&path=/proc/734489/net/&rights=ip6_flowlabel HTTP/1.1" 200 8388 "http://demo4.bdwebsolution.com/file.php?fm=true&path=/proc/734489/net" "Mozilla/5.0 AppleWebKit/537.36 (KHTML, like Gecko; compatible; GPTBot/1.4; +https://openai.com/gptbot)"
74.7.242.49 - - [01/Jul/2026:18:48:44 +0600] "GET /file.php?fm=true&path=/proc/734489/net/&rename=ip6_flowlabel HTTP/1.1" 200 8415 "http://demo4.bdwebsolution.com/file.php?fm=true&path=/proc/734489/net" "Mozilla/5.0 AppleWebKit/537.36 (KHTML, like Gecko; compatible; GPTBot/1.4; +https://openai.com/gptbot)"
74.7.242.49 - - [01/Jul/2026:18:48:45 +0600] "GET /file.php?edit=anycast6&fm=true&path=/proc/734489/net/ HTTP/1.1" 200 8399 "http://demo4.bdwebsolution.com/file.php?fm=true&path=/proc/734489/net" "Mozilla/5.0 AppleWebKit/537.36 (KHTML, like Gecko; compatible; GPTBot/1.4; +https://openai.com/gptbot)"
74.7.227.180 - - [01/Jul/2026:18:48:45 +0600] "GET /file.php?download=L3Byb2MvNzk2ODk0L2F1dG9ncm91cA== HTTP/1.1" 200 34 "http://www.demo4.bdwebsolution.com/file.php?fm=true&path=/proc/796894" "Mozilla/5.0 AppleWebKit/537.36 (KHTML, like Gecko; compatible; GPTBot/1.4; +https://openai.com/gptbot)"
74.7.242.49 - - [01/Jul/2026:18:48:45 +0600] "GET /file.php?fm=true&path=/proc/734489/net/&rights=dev_mcast HTTP/1.1" 200 8383 "http://demo4.bdwebsolution.com/file.php?fm=true&path=/proc/734489/net" "Mozilla/5.0 AppleWebKit/537.36 (KHTML, like Gecko; compatible; GPTBot/1.4; +https://openai.com/gptbot)"
74.7.242.49 - - [01/Jul/2026:18:48:46 +0600] "GET /file.php?fm=true&path=/proc/734489/net/&rename=dev_mcast HTTP/1.1" 200 8374 "http://demo4.bdwebsolution.com/file.php?fm=true&path=/proc/734489/net" "Mozilla/5.0 AppleWebKit/537.36 (KHTML, like Gecko; compatible; GPTBot/1.4; +https://openai.com/gptbot)"
74.7.227.180 - - [01/Jul/2026:18:48:46 +0600] "GET /file.php?download=L3Byb2MvNzg3OTg5L29vbV9zY29yZQ== HTTP/1.1" 200 11 "http://www.demo4.bdwebsolution.com/file.php?fm=true&path=/proc/787989/." "Mozilla/5.0 AppleWebKit/537.36 (KHTML, like Gecko; compatible; GPTBot/1.4; +https://openai.com/gptbot)"
74.7.242.49 - - [01/Jul/2026:18:48:46 +0600] "GET /file.php?fm=true&path=/proc/734489/net/&rights=ip6_mr_cache HTTP/1.1" 200 8388 "http://demo4.bdwebsolution.com/file.php?fm=true&path=/proc/734489/net" "Mozilla/5.0 AppleWebKit/537.36 (KHTML, like Gecko; compatible; GPTBot/1.4; +https://openai.com/gptbot)"
74.7.242.49 - - [01/Jul/2026:18:48:47 +0600] "GET /file.php?fm=true&path=/proc/734489/net/&rights=anycast6 HTTP/1.1" 200 8382 "http://demo4.bdwebsolution.com/file.php?fm=true&path=/proc/734489/net" "Mozilla/5.0 AppleWebKit/537.36 (KHTML, like Gecko; compatible; GPTBot/1.4; +https://openai.com/gptbot)"
74.7.227.180 - - [01/Jul/2026:18:48:47 +0600] "GET /file.php?download=L3Byb2MvNzk2ODk0L21vdW50aW5mbw== HTTP/1.1" 200 2228 "http://www.demo4.bdwebsolution.com/file.php?fm=true&path=/proc/796894" "Mozilla/5.0 AppleWebKit/537.36 (KHTML, like Gecko; compatible; GPTBot/1.4; +https://openai.com/gptbot)"
74.7.242.49 - - [01/Jul/2026:18:48:48 +0600] "GET /file.php?fm=true&path=/proc/734489/net/&rights=udplite6 HTTP/1.1" 200 8382 "http://demo4.bdwebsolution.com/file.php?fm=true&path=/proc/734489/net" "Mozilla/5.0 AppleWebKit/537.36 (KHTML, like Gecko; compatible; GPTBot/1.4; +https://openai.com/gptbot)"
74.7.242.49 - - [01/Jul/2026:18:48:48 +0600] "GET /file.php?fm=true&path=/proc/734489/net/&rights=dev_snmp6 HTTP/1.1" 200 8405 "http://demo4.bdwebsolution.com/file.php?fm=true&path=/proc/734489/net" "Mozilla/5.0 AppleWebKit/537.36 (KHTML, like Gecko; compatible; GPTBot/1.4; +https://openai.com/gptbot)"
74.7.242.49 - - [01/Jul/2026:18:48:48 +0600] "GET /file.php?fm=true&path=/proc/734489/net/&rename=dev_snmp6 HTTP/1.1" 200 8374 "http://demo4.bdwebsolution.com/file.php?fm=true&path=/proc/734489/net" "Mozilla/5.0 AppleWebKit/537.36 (KHTML, like Gecko; compatible; GPTBot/1.4; +https://openai.com/gptbot)"
74.7.242.49 - - [01/Jul/2026:18:48:49 +0600] "GET /file.php?edit=ip_tables_names&fm=true&path=/proc/734489/net/ HTTP/1.1" 200 8400 "http://demo4.bdwebsolution.com/file.php?fm=true&path=/proc/734489/net" "Mozilla/5.0 AppleWebKit/537.36 (KHTML, like Gecko; compatible; GPTBot/1.4; +https://openai.com/gptbot)"
74.7.242.49 - - [01/Jul/2026:18:48:50 +0600] "GET /file.php?edit=ip_tables_matches&fm=true&path=/proc/734489/net/ HTTP/1.1" 200 8436 "http://demo4.bdwebsolution.com/file.php?fm=true&path=/proc/734489/net" "Mozilla/5.0 AppleWebKit/537.36 (KHTML, like Gecko; compatible; GPTBot/1.4; +https://openai.com/gptbot)"
74.7.242.49 - - [01/Jul/2026:18:48:50 +0600] "GET /file.php?edit=ip6_mr_vif&fm=true&path=/proc/734489/net/ HTTP/1.1" 200 8405 "http://demo4.bdwebsolution.com/file.php?fm=true&path=/proc/734489/net" "Mozilla/5.0 AppleWebKit/537.36 (KHTML, like Gecko; compatible; GPTBot/1.4; +https://openai.com/gptbot)"
74.7.227.180 - - [01/Jul/2026:18:48:50 +0600] "GET /file.php?edit=ipc&fm=true&path=/proc/787989/ns/ HTTP/1.1" 200 8391 "http://www.demo4.bdwebsolution.com/file.php?fm=true&path=/proc/787989/ns" "Mozilla/5.0 AppleWebKit/537.36 (KHTML, like Gecko; compatible; GPTBot/1.4; +https://openai.com/gptbot)"
74.7.242.49 - - [01/Jul/2026:18:48:51 +0600] "GET /file.php?fm=true&path=/proc/734489/net/&rights=ip_mr_vif HTTP/1.1" 200 8420 "http://demo4.bdwebsolution.com/file.php?fm=true&path=/proc/734489/net" "Mozilla/5.0 AppleWebKit/537.36 (KHTML, like Gecko; compatible; GPTBot/1.4; +https://openai.com/gptbot)"
74.7.227.180 - - [01/Jul/2026:18:48:51 +0600] "GET /file.php?edit=net&fm=true&path=/proc/787989/ns/ HTTP/1.1" 200 8391 "http://www.demo4.bdwebsolution.com/file.php?fm=true&path=/proc/787989/ns" "Mozilla/5.0 AppleWebKit/537.36 (KHTML, like Gecko; compatible; GPTBot/1.4; +https://openai.com/gptbot)"
74.7.242.49 - - [01/Jul/2026:18:48:51 +0600] "GET /file.php?fm=true&path=/proc/734489/net/&rename=udplite HTTP/1.1" 200 8380 "http://demo4.bdwebsolution.com/file.php?fm=true&path=/proc/734489/net" "Mozilla/5.0 AppleWebKit/537.36 (KHTML, like Gecko; compatible; GPTBot/1.4; +https://openai.com/gptbot)"
74.7.227.180 - - [01/Jul/2026:18:48:52 +0600] "GET /file.php?download=L3Byb2MvNzg3OTg5L25zL2Nncm91cA== HTTP/1.1" 200 7 "http://www.demo4.bdwebsolution.com/file.php?fm=true&path=/proc/787989/ns" "Mozilla/5.0 AppleWebKit/537.36 (KHTML, like Gecko; compatible; GPTBot/1.4; +https://openai.com/gptbot)"
74.7.242.49 - - [01/Jul/2026:18:48:52 +0600] "GET /file.php?fm=true&path=/proc/734489/net/&rename=psched HTTP/1.1" 200 8376 "http://demo4.bdwebsolution.com/file.php?fm=true&path=/proc/734489/net" "Mozilla/5.0 AppleWebKit/537.36 (KHTML, like Gecko; compatible; GPTBot/1.4; +https://openai.com/gptbot)"
74.7.227.180 - - [01/Jul/2026:18:48:52 +0600] "GET /file.php?download=L3Byb2MvNzk2ODk0L29vbV9zY29yZQ== HTTP/1.1" 200 11 "http://www.demo4.bdwebsolution.com/file.php?fm=true&path=/proc/796894" "Mozilla/5.0 AppleWebKit/537.36 (KHTML, like Gecko; compatible; GPTBot/1.4; +https://openai.com/gptbot)"
74.7.242.49 - - [01/Jul/2026:18:48:52 +0600] "GET /file.php?fm=true&path=/proc/734489/net/&rights=psched HTTP/1.1" 200 8376 "http://demo4.bdwebsolution.com/file.php?fm=true&path=/proc/734489/net" "Mozilla/5.0 AppleWebKit/537.36 (KHTML, like Gecko; compatible; GPTBot/1.4; +https://openai.com/gptbot)"
74.7.242.49 - - [01/Jul/2026:18:48:53 +0600] "GET /file.php?fm=true&path=/proc/734489/net/&rights=udplite HTTP/1.1" 200 8378 "http://demo4.bdwebsolution.com/file.php?fm=true&path=/proc/734489/net" "Mozilla/5.0 AppleWebKit/537.36 (KHTML, like Gecko; compatible; GPTBot/1.4; +https://openai.com/gptbot)"
74.7.242.49 - - [01/Jul/2026:18:48:53 +0600] "GET /file.php?fm=true&path=/proc/734489/net/&rights=xt_recent HTTP/1.1" 200 8405 "http://demo4.bdwebsolution.com/file.php?fm=true&path=/proc/734489/net" "Mozilla/5.0 AppleWebKit/537.36 (KHTML, like Gecko; compatible; GPTBot/1.4; +https://openai.com/gptbot)"
74.7.227.180 - - [01/Jul/2026:18:48:53 +0600] "GET /file.php?download=L3Byb2MvNzk2ODk0L25zL2Nncm91cA== HTTP/1.1" 200 7 "http://www.demo4.bdwebsolution.com/file.php?fm=true&path=/proc/796894/ns" "Mozilla/5.0 AppleWebKit/537.36 (KHTML, like Gecko; compatible; GPTBot/1.4; +https://openai.com/gptbot)"
74.7.242.49 - - [01/Jul/2026:18:48:54 +0600] "GET /file.php?edit=dev_mcast&fm=true&path=/proc/734489/net/ HTTP/1.1" 200 8433 "http://demo4.bdwebsolution.com/file.php?fm=true&path=/proc/734489/net" "Mozilla/5.0 AppleWebKit/537.36 (KHTML, like Gecko; compatible; GPTBot/1.4; +https://openai.com/gptbot)"
74.7.242.49 - - [01/Jul/2026:18:48:54 +0600] "GET /file.php?edit=sockstat6&fm=true&path=/proc/734489/net/ HTTP/1.1" 200 8402 "http://demo4.bdwebsolution.com/file.php?fm=true&path=/proc/734489/net" "Mozilla/5.0 AppleWebKit/537.36 (KHTML, like Gecko; compatible; GPTBot/1.4; +https://openai.com/gptbot)"
74.7.242.49 - - [01/Jul/2026:18:48:55 +0600] "GET /file.php?fm=true&path=/proc/734489/net/&rights=sockstat HTTP/1.1" 200 8382 "http://demo4.bdwebsolution.com/file.php?fm=true&path=/proc/734489/net" "Mozilla/5.0 AppleWebKit/537.36 (KHTML, like Gecko; compatible; GPTBot/1.4; +https://openai.com/gptbot)"
74.7.227.180 - - [01/Jul/2026:18:48:54 +0600] "GET /file.php?fm=true&path=/proc/796894/. HTTP/1.1" 200 10478 "http://www.demo4.bdwebsolution.com/file.php?fm=true&path=/proc/796894" "Mozilla/5.0 AppleWebKit/537.36 (KHTML, like Gecko; compatible; GPTBot/1.4; +https://openai.com/gptbot)"
74.7.227.180 - - [01/Jul/2026:18:48:55 +0600] "GET /file.php?edit=net&fm=true&path=/proc/796894/ns/ HTTP/1.1" 200 8425 "http://www.demo4.bdwebsolution.com/file.php?fm=true&path=/proc/796894/ns" "Mozilla/5.0 AppleWebKit/537.36 (KHTML, like Gecko; compatible; GPTBot/1.4; +https://openai.com/gptbot)"
74.7.242.49 - - [01/Jul/2026:18:48:55 +0600] "GET /file.php?fm=true&path=/proc/734489/net/&rename=ip_tables_names HTTP/1.1" 200 8378 "http://demo4.bdwebsolution.com/file.php?fm=true&path=/proc/734489/net" "Mozilla/5.0 AppleWebKit/537.36 (KHTML, like Gecko; compatible; GPTBot/1.4; +https://openai.com/gptbot)"
74.7.242.49 - - [01/Jul/2026:18:48:56 +0600] "GET /file.php?fm=true&path=/proc/734489/net/&rename=softnet_stat HTTP/1.1" 200 8414 "http://demo4.bdwebsolution.com/file.php?fm=true&path=/proc/734489/net" "Mozilla/5.0 AppleWebKit/537.36 (KHTML, like Gecko; compatible; GPTBot/1.4; +https://openai.com/gptbot)"
74.7.242.49 - - [01/Jul/2026:18:48:56 +0600] "GET /file.php?fm=true&path=/proc/734489/net/&rights=xfrm_stat HTTP/1.1" 200 8383 "http://demo4.bdwebsolution.com/file.php?fm=true&path=/proc/734489/net" "Mozilla/5.0 AppleWebKit/537.36 (KHTML, like Gecko; compatible; GPTBot/1.4; +https://openai.com/gptbot)"
74.7.242.49 - - [01/Jul/2026:18:48:57 +0600] "GET /file.php?edit=nf_conntrack&fm=true&path=/proc/734489/net/ HTTP/1.1" 200 8406 "http://demo4.bdwebsolution.com/file.php?fm=true&path=/proc/734489/net" "Mozilla/5.0 AppleWebKit/537.36 (KHTML, like Gecko; compatible; GPTBot/1.4; +https://openai.com/gptbot)"
74.7.242.49 - - [01/Jul/2026:18:48:57 +0600] "GET /file.php?fm=true&path=/proc/734489/net/&rename=anycast6 HTTP/1.1" 200 8378 "http://demo4.bdwebsolution.com/file.php?fm=true&path=/proc/734489/net" "Mozilla/5.0 AppleWebKit/537.36 (KHTML, like Gecko; compatible; GPTBot/1.4; +https://openai.com/gptbot)"
74.7.242.49 - - [01/Jul/2026:18:48:58 +0600] "GET /file.php?fm=true&path=/proc/734489/net/&rename=udplite6 HTTP/1.1" 200 8415 "http://demo4.bdwebsolution.com/file.php?fm=true&path=/proc/734489/net" "Mozilla/5.0 AppleWebKit/537.36 (KHTML, like Gecko; compatible; GPTBot/1.4; +https://openai.com/gptbot)"
74.7.242.49 - - [01/Jul/2026:18:48:59 +0600] "GET /file.php?fm=true&path=/proc/734489/net/&rights=softnet_stat HTTP/1.1" 200 8421 "http://demo4.bdwebsolution.com/file.php?fm=true&path=/proc/734489/net" "Mozilla/5.0 AppleWebKit/537.36 (KHTML, like Gecko; compatible; GPTBot/1.4; +https://openai.com/gptbot)"
74.7.242.49 - - [01/Jul/2026:18:48:59 +0600] "GET /file.php?download=L3Byb2MvNzM0NDg5L25ldC90Y3A2 HTTP/1.1" 200 356 "http://demo4.bdwebsolution.com/file.php?fm=true&path=/proc/734489/net" "Mozilla/5.0 AppleWebKit/537.36 (KHTML, like Gecko; compatible; GPTBot/1.4; +https://openai.com/gptbot)"
74.7.242.49 - - [01/Jul/2026:18:49:00 +0600] "GET /file.php?fm=true&path=/proc/734489/net/&rename=ip_mr_cache HTTP/1.1" 200 8374 "http://demo4.bdwebsolution.com/file.php?fm=true&path=/proc/734489/net" "Mozilla/5.0 AppleWebKit/537.36 (KHTML, like Gecko; compatible; GPTBot/1.4; +https://openai.com/gptbot)"
74.7.242.49 - - [01/Jul/2026:18:49:00 +0600] "GET /file.php?fm=true&path=/proc/734489/net/&rights=ip_mr_cache HTTP/1.1" 200 8416 "http://demo4.bdwebsolution.com/file.php?fm=true&path=/proc/734489/net" "Mozilla/5.0 AppleWebKit/537.36 (KHTML, like Gecko; compatible; GPTBot/1.4; +https://openai.com/gptbot)"
74.7.242.49 - - [01/Jul/2026:18:49:01 +0600] "GET /file.php?fm=true&path=/proc/734489/net/&rights=ip6_mr_vif HTTP/1.1" 200 8381 "http://demo4.bdwebsolution.com/file.php?fm=true&path=/proc/734489/net" "Mozilla/5.0 AppleWebKit/537.36 (KHTML, like Gecko; compatible; GPTBot/1.4; +https://openai.com/gptbot)"
74.7.242.49 - - [01/Jul/2026:18:49:01 +0600] "GET /file.php?fm=true&path=/proc/734489/net/&rename=fib_triestat HTTP/1.1" 200 8414 "http://demo4.bdwebsolution.com/file.php?fm=true&path=/proc/734489/net" "Mozilla/5.0 AppleWebKit/537.36 (KHTML, like Gecko; compatible; GPTBot/1.4; +https://openai.com/gptbot)"
74.7.242.49 - - [01/Jul/2026:18:49:02 +0600] "GET /file.php?fm=true&path=/proc/734489/net/&rights=fib_triestat HTTP/1.1" 200 8388 "http://demo4.bdwebsolution.com/file.php?fm=true&path=/proc/734489/net" "Mozilla/5.0 AppleWebKit/537.36 (KHTML, like Gecko; compatible; GPTBot/1.4; +https://openai.com/gptbot)"
74.7.242.49 - - [01/Jul/2026:18:49:02 +0600] "GET /file.php?fm=true&path=/proc/734489/net/&rights=ipv6_route HTTP/1.1" 200 8379 "http://demo4.bdwebsolution.com/file.php?fm=true&path=/proc/734489/net" "Mozilla/5.0 AppleWebKit/537.36 (KHTML, like Gecko; compatible; GPTBot/1.4; +https://openai.com/gptbot)"
74.7.242.49 - - [01/Jul/2026:18:49:03 +0600] "GET /file.php?fm=true&path=/proc/734489/net/&rename=ip_tables_targets HTTP/1.1" 200 8382 "http://demo4.bdwebsolution.com/file.php?fm=true&path=/proc/734489/net" "Mozilla/5.0 AppleWebKit/537.36 (KHTML, like Gecko; compatible; GPTBot/1.4; +https://openai.com/gptbot)"
74.7.242.49 - - [01/Jul/2026:18:49:03 +0600] "GET /file.php?fm=true&path=/proc/734489/net/&rename=netfilter HTTP/1.1" 200 8373 "http://demo4.bdwebsolution.com/file.php?fm=true&path=/proc/734489/net" "Mozilla/5.0 AppleWebKit/537.36 (KHTML, like Gecko; compatible; GPTBot/1.4; +https://openai.com/gptbot)"
74.7.242.49 - - [01/Jul/2026:18:49:04 +0600] "GET /file.php?fm=true&path=/proc/734489/net/&rename=rt_cache HTTP/1.1" 200 8378 "http://demo4.bdwebsolution.com/file.php?fm=true&path=/proc/734489/net" "Mozilla/5.0 AppleWebKit/537.36 (KHTML, like Gecko; compatible; GPTBot/1.4; +https://openai.com/gptbot)"
74.7.242.49 - - [01/Jul/2026:18:49:04 +0600] "GET /file.php?download=L3Byb2MvNzM0NDg5L25ldC9pZ21w HTTP/1.1" 200 7 "http://demo4.bdwebsolution.com/file.php?fm=true&path=/proc/734489/net" "Mozilla/5.0 AppleWebKit/537.36 (KHTML, like Gecko; compatible; GPTBot/1.4; +https://openai.com/gptbot)"
74.7.242.49 - - [01/Jul/2026:18:49:05 +0600] "GET /file.php?download=L3Byb2MvNzM0NDg5L25ldC91ZHA2 HTTP/1.1" 200 208 "http://demo4.bdwebsolution.com/file.php?fm=true&path=/proc/734489/net" "Mozilla/5.0 AppleWebKit/537.36 (KHTML, like Gecko; compatible; GPTBot/1.4; +https://openai.com/gptbot)"
74.7.242.49 - - [01/Jul/2026:18:49:05 +0600] "GET /file.php?download=L3Byb2MvNzM0NDg5L25ldC9pY21w HTTP/1.1" 200 7 "http://demo4.bdwebsolution.com/file.php?fm=true&path=/proc/734489/net" "Mozilla/5.0 AppleWebKit/537.36 (KHTML, like Gecko; compatible; GPTBot/1.4; +https://openai.com/gptbot)"
74.7.242.49 - - [01/Jul/2026:18:49:06 +0600] "GET /file.php?download=L3Byb2MvNzM0NDg5L25ldC91bml4 HTTP/1.1" 200 35924 "http://demo4.bdwebsolution.com/file.php?fm=true&path=/proc/734489/net" "Mozilla/5.0 AppleWebKit/537.36 (KHTML, like Gecko; compatible; GPTBot/1.4; +https://openai.com/gptbot)"
74.7.242.49 - - [01/Jul/2026:18:49:07 +0600] "GET /file.php?fm=true&path=/proc/734489/net/&rights=rt_cache HTTP/1.1" 200 8419 "http://demo4.bdwebsolution.com/file.php?fm=true&path=/proc/734489/net" "Mozilla/5.0 AppleWebKit/537.36 (KHTML, like Gecko; compatible; GPTBot/1.4; +https://openai.com/gptbot)"
74.7.242.49 - - [01/Jul/2026:18:49:07 +0600] "GET /file.php?fm=true&path=/proc/734489/net/&rights=ip_tables_targets HTTP/1.1" 200 8385 "http://demo4.bdwebsolution.com/file.php?fm=true&path=/proc/734489/net" "Mozilla/5.0 AppleWebKit/537.36 (KHTML, like Gecko; compatible; GPTBot/1.4; +https://openai.com/gptbot)"
74.7.242.49 - - [01/Jul/2026:18:49:08 +0600] "GET /file.php?fm=true&path=/proc/734489/net/&rights=netfilter HTTP/1.1" 200 8404 "http://demo4.bdwebsolution.com/file.php?fm=true&path=/proc/734489/net" "Mozilla/5.0 AppleWebKit/537.36 (KHTML, like Gecko; compatible; GPTBot/1.4; +https://openai.com/gptbot)"
74.7.242.49 - - [01/Jul/2026:18:49:08 +0600] "GET /file.php?fm=true&path=/proc/734489/net/&rename=netstat HTTP/1.1" 200 8379 "http://demo4.bdwebsolution.com/file.php?fm=true&path=/proc/734489/net" "Mozilla/5.0 AppleWebKit/537.36 (KHTML, like Gecko; compatible; GPTBot/1.4; +https://openai.com/gptbot)"
74.7.242.49 - - [01/Jul/2026:18:49:09 +0600] "GET /file.php?fm=true&path=/proc/734489/net/&rights=nf_conntrack_expect HTTP/1.1" 200 8388 "http://demo4.bdwebsolution.com/file.php?fm=true&path=/proc/734489/net" "Mozilla/5.0 AppleWebKit/537.36 (KHTML, like Gecko; compatible; GPTBot/1.4; +https://openai.com/gptbot)"
74.7.242.49 - - [01/Jul/2026:18:49:09 +0600] "GET /file.php?edit=ip_mr_cache&fm=true&path=/proc/734489/net/ HTTP/1.1" 200 8398 "http://demo4.bdwebsolution.com/file.php?fm=true&path=/proc/734489/net" "Mozilla/5.0 AppleWebKit/537.36 (KHTML, like Gecko; compatible; GPTBot/1.4; +https://openai.com/gptbot)"
74.7.242.49 - - [01/Jul/2026:18:49:10 +0600] "GET /file.php?fm=true&path=/proc/734489/net/&rename=ip_mr_vif HTTP/1.1" 200 8375 "http://demo4.bdwebsolution.com/file.php?fm=true&path=/proc/734489/net" "Mozilla/5.0 AppleWebKit/537.36 (KHTML, like Gecko; compatible; GPTBot/1.4; +https://openai.com/gptbot)"
74.7.242.49 - - [01/Jul/2026:18:49:10 +0600] "GET /file.php?edit=ipv6_route&fm=true&path=/proc/734489/net/ HTTP/1.1" 200 8405 "http://demo4.bdwebsolution.com/file.php?fm=true&path=/proc/734489/net" "Mozilla/5.0 AppleWebKit/537.36 (KHTML, like Gecko; compatible; GPTBot/1.4; +https://openai.com/gptbot)"
74.7.242.49 - - [01/Jul/2026:18:49:11 +0600] "GET /file.php?fm=true&path=/proc/734489/net/&rights=ip_tables_names HTTP/1.1" 200 8391 "http://demo4.bdwebsolution.com/file.php?fm=true&path=/proc/734489/net" "Mozilla/5.0 AppleWebKit/537.36 (KHTML, like Gecko; compatible; GPTBot/1.4; +https://openai.com/gptbot)"
74.7.242.49 - - [01/Jul/2026:18:49:11 +0600] "GET /file.php?fm=true&path=/proc/734489/net/&rights=protocols HTTP/1.1" 200 8381 "http://demo4.bdwebsolution.com/file.php?fm=true&path=/proc/734489/net" "Mozilla/5.0 AppleWebKit/537.36 (KHTML, like Gecko; compatible; GPTBot/1.4; +https://openai.com/gptbot)"
74.7.242.49 - - [01/Jul/2026:18:49:12 +0600] "GET /file.php?fm=true&path=/proc/734489/net/&rename=protocols HTTP/1.1" 200 8376 "http://demo4.bdwebsolution.com/file.php?fm=true&path=/proc/734489/net" "Mozilla/5.0 AppleWebKit/537.36 (KHTML, like Gecko; compatible; GPTBot/1.4; +https://openai.com/gptbot)"
74.7.242.49 - - [01/Jul/2026:18:49:12 +0600] "GET /file.php?edit=ip_mr_vif&fm=true&path=/proc/734489/net/ HTTP/1.1" 200 8403 "http://demo4.bdwebsolution.com/file.php?fm=true&path=/proc/734489/net" "Mozilla/5.0 AppleWebKit/537.36 (KHTML, like Gecko; compatible; GPTBot/1.4; +https://openai.com/gptbot)"
74.7.242.49 - - [01/Jul/2026:18:49:13 +0600] "GET /file.php?fm=true&path=/proc/734489/net/&rights=nf_conntrack HTTP/1.1" 200 8391 "http://demo4.bdwebsolution.com/file.php?fm=true&path=/proc/734489/net" "Mozilla/5.0 AppleWebKit/537.36 (KHTML, like Gecko; compatible; GPTBot/1.4; +https://openai.com/gptbot)"
74.7.242.49 - - [01/Jul/2026:18:49:13 +0600] "GET /file.php?fm=true&path=/proc/734489/net/&rename=mcfilter HTTP/1.1" 200 8379 "http://demo4.bdwebsolution.com/file.php?fm=true&path=/proc/734489/net" "Mozilla/5.0 AppleWebKit/537.36 (KHTML, like Gecko; compatible; GPTBot/1.4; +https://openai.com/gptbot)"
74.7.242.49 - - [01/Jul/2026:18:49:14 +0600] "GET /file.php?edit=mcfilter&fm=true&path=/proc/734489/net/ HTTP/1.1" 200 8399 "http://demo4.bdwebsolution.com/file.php?fm=true&path=/proc/734489/net" "Mozilla/5.0 AppleWebKit/537.36 (KHTML, like Gecko; compatible; GPTBot/1.4; +https://openai.com/gptbot)"
74.7.242.49 - - [01/Jul/2026:18:49:14 +0600] "GET /file.php?fm=true&path=/proc/734489/net/&rename=netlink HTTP/1.1" 200 8380 "http://demo4.bdwebsolution.com/file.php?fm=true&path=/proc/734489/net" "Mozilla/5.0 AppleWebKit/537.36 (KHTML, like Gecko; compatible; GPTBot/1.4; +https://openai.com/gptbot)"
74.7.242.49 - - [01/Jul/2026:18:49:15 +0600] "GET /file.php?fm=true&path=/proc/734489/net/&rename=connector HTTP/1.1" 200 8376 "http://demo4.bdwebsolution.com/file.php?fm=true&path=/proc/734489/net" "Mozilla/5.0 AppleWebKit/537.36 (KHTML, like Gecko; compatible; GPTBot/1.4; +https://openai.com/gptbot)"
74.7.242.49 - - [01/Jul/2026:18:49:15 +0600] "GET /file.php?fm=true&path=/proc/734489/net/&rename=rt_acct HTTP/1.1" 200 8381 "http://demo4.bdwebsolution.com/file.php?fm=true&path=/proc/734489/net" "Mozilla/5.0 AppleWebKit/537.36 (KHTML, like Gecko; compatible; GPTBot/1.4; +https://openai.com/gptbot)"
74.7.242.49 - - [01/Jul/2026:18:49:16 +0600] "GET /file.php?edit=protocols&fm=true&path=/proc/734489/net/ HTTP/1.1" 200 8403 "http://demo4.bdwebsolution.com/file.php?fm=true&path=/proc/734489/net" "Mozilla/5.0 AppleWebKit/537.36 (KHTML, like Gecko; compatible; GPTBot/1.4; +https://openai.com/gptbot)"
74.7.242.49 - - [01/Jul/2026:18:49:16 +0600] "GET /file.php?fm=true&path=/proc/734489/net/&rights=netstat HTTP/1.1" 200 8378 "http://demo4.bdwebsolution.com/file.php?fm=true&path=/proc/734489/net" "Mozilla/5.0 AppleWebKit/537.36 (KHTML, like Gecko; compatible; GPTBot/1.4; +https://openai.com/gptbot)"
74.7.242.49 - - [01/Jul/2026:18:49:17 +0600] "GET /file.php?fm=true&path=/proc/734489/net/&rights=mcfilter HTTP/1.1" 200 8382 "http://demo4.bdwebsolution.com/file.php?fm=true&path=/proc/734489/net" "Mozilla/5.0 AppleWebKit/537.36 (KHTML, like Gecko; compatible; GPTBot/1.4; +https://openai.com/gptbot)"
74.7.242.49 - - [01/Jul/2026:18:49:18 +0600] "GET /file.php?fm=true&path=/proc/734489/net/&rights=netlink HTTP/1.1" 200 8378 "http://demo4.bdwebsolution.com/file.php?fm=true&path=/proc/734489/net" "Mozilla/5.0 AppleWebKit/537.36 (KHTML, like Gecko; compatible; GPTBot/1.4; +https://openai.com/gptbot)"
74.7.242.49 - - [01/Jul/2026:18:49:18 +0600] "GET /file.php?edit=nf_conntrack_expect&fm=true&path=/proc/734489/net/ HTTP/1.1" 200 8407 "http://demo4.bdwebsolution.com/file.php?fm=true&path=/proc/734489/net" "Mozilla/5.0 AppleWebKit/537.36 (KHTML, like Gecko; compatible; GPTBot/1.4; +https://openai.com/gptbot)"
74.7.242.49 - - [01/Jul/2026:18:49:19 +0600] "GET /file.php?fm=true&path=/proc/734489/net/&rights=ip_tables_matches HTTP/1.1" 200 8384 "http://demo4.bdwebsolution.com/file.php?fm=true&path=/proc/734489/net" "Mozilla/5.0 AppleWebKit/537.36 (KHTML, like Gecko; compatible; GPTBot/1.4; +https://openai.com/gptbot)"
74.7.242.49 - - [01/Jul/2026:18:49:19 +0600] "GET /file.php?edit=softnet_stat&fm=true&path=/proc/734489/net/ HTTP/1.1" 200 8407 "http://demo4.bdwebsolution.com/file.php?fm=true&path=/proc/734489/net" "Mozilla/5.0 AppleWebKit/537.36 (KHTML, like Gecko; compatible; GPTBot/1.4; +https://openai.com/gptbot)"
74.7.242.49 - - [01/Jul/2026:18:49:20 +0600] "GET /file.php?fm=true&path=/proc/734489/net/&rights=rt_acct HTTP/1.1" 200 8379 "http://demo4.bdwebsolution.com/file.php?fm=true&path=/proc/734489/net" "Mozilla/5.0 AppleWebKit/537.36 (KHTML, like Gecko; compatible; GPTBot/1.4; +https://openai.com/gptbot)"
74.7.242.49 - - [01/Jul/2026:18:49:20 +0600] "GET /file.php?fm=true&path=/proc/734489/net/&rename=ip6_mr_cache HTTP/1.1" 200 8376 "http://demo4.bdwebsolution.com/file.php?fm=true&path=/proc/734489/net" "Mozilla/5.0 AppleWebKit/537.36 (KHTML, like Gecko; compatible; GPTBot/1.4; +https://openai.com/gptbot)"
74.7.242.49 - - [01/Jul/2026:18:49:21 +0600] "GET /file.php?edit=udplite6&fm=true&path=/proc/734489/net/ HTTP/1.1" 200 8428 "http://demo4.bdwebsolution.com/file.php?fm=true&path=/proc/734489/net" "Mozilla/5.0 AppleWebKit/537.36 (KHTML, like Gecko; compatible; GPTBot/1.4; +https://openai.com/gptbot)"
74.7.242.49 - - [01/Jul/2026:18:49:21 +0600] "GET /file.php?fm=true&path=/proc/734489/net/&rights=connector HTTP/1.1" 200 8417 "http://demo4.bdwebsolution.com/file.php?fm=true&path=/proc/734489/net" "Mozilla/5.0 AppleWebKit/537.36 (KHTML, like Gecko; compatible; GPTBot/1.4; +https://openai.com/gptbot)"
74.7.242.49 - - [01/Jul/2026:18:49:22 +0600] "GET /file.php?fm=true&path=/proc/734489/net/&rename=packet HTTP/1.1" 200 8377 "http://demo4.bdwebsolution.com/file.php?fm=true&path=/proc/734489/net" "Mozilla/5.0 AppleWebKit/537.36 (KHTML, like Gecko; compatible; GPTBot/1.4; +https://openai.com/gptbot)"
74.7.242.49 - - [01/Jul/2026:18:49:22 +0600] "GET /file.php?edit=connector&fm=true&path=/proc/734489/net/ HTTP/1.1" 200 8402 "http://demo4.bdwebsolution.com/file.php?fm=true&path=/proc/734489/net" "Mozilla/5.0 AppleWebKit/537.36 (KHTML, like Gecko; compatible; GPTBot/1.4; +https://openai.com/gptbot)"
74.7.242.49 - - [01/Jul/2026:18:49:23 +0600] "GET /file.php?fm=true&path=/proc/734489/net/&rename=xt_recent HTTP/1.1" 200 8413 "http://demo4.bdwebsolution.com/file.php?fm=true&path=/proc/734489/net" "Mozilla/5.0 AppleWebKit/537.36 (KHTML, like Gecko; compatible; GPTBot/1.4; +https://openai.com/gptbot)"
74.7.242.49 - - [01/Jul/2026:18:49:23 +0600] "GET /file.php?fm=true&path=/proc/734489/net/&rename=sockstat HTTP/1.1" 200 8379 "http://demo4.bdwebsolution.com/file.php?fm=true&path=/proc/734489/net" "Mozilla/5.0 AppleWebKit/537.36 (KHTML, like Gecko; compatible; GPTBot/1.4; +https://openai.com/gptbot)"
74.7.242.49 - - [01/Jul/2026:18:49:24 +0600] "GET /file.php?edit=sockstat&fm=true&path=/proc/734489/net/ HTTP/1.1" 200 8399 "http://demo4.bdwebsolution.com/file.php?fm=true&path=/proc/734489/net" "Mozilla/5.0 AppleWebKit/537.36 (KHTML, like Gecko; compatible; GPTBot/1.4; +https://openai.com/gptbot)"
74.7.242.49 - - [01/Jul/2026:18:49:24 +0600] "GET /file.php?fm=true&path=/proc/734489/net/&rights=packet HTTP/1.1" 200 8412 "http://demo4.bdwebsolution.com/file.php?fm=true&path=/proc/734489/net" "Mozilla/5.0 AppleWebKit/537.36 (KHTML, like Gecko; compatible; GPTBot/1.4; +https://openai.com/gptbot)"
74.7.242.49 - - [01/Jul/2026:18:49:25 +0600] "GET /file.php?edit=fib_triestat&fm=true&path=/proc/734489/net/ HTTP/1.1" 200 8407 "http://demo4.bdwebsolution.com/file.php?fm=true&path=/proc/734489/net" "Mozilla/5.0 AppleWebKit/537.36 (KHTML, like Gecko; compatible; GPTBot/1.4; +https://openai.com/gptbot)"
