103.111.12.21 - - [01/Jul/2026:19:40:39 +0600] "POST /wp-admin/admin-ajax.php HTTP/3" 200 79 "https://ecommerce1.bdwebsolution.com/wp-admin/post.php?post=256&action=edit&tab=tab_options_section" "Mozilla/5.0 (Windows NT 10.0; Win64; x64) AppleWebKit/537.36 (KHTML, like Gecko) Chrome/145.0.0.0 Safari/537.36"
103.111.12.21 - - [01/Jul/2026:19:40:49 +0600] "POST /wp-admin/admin-ajax.php HTTP/3" 200 79 "https://ecommerce1.bdwebsolution.com/wp-admin/post.php?post=256&action=edit&tab=layout_options_section" "Mozilla/5.0 (Windows NT 10.0; Win64; x64) AppleWebKit/537.36 (KHTML, like Gecko) Chrome/145.0.0.0 Safari/537.36"
103.111.12.21 - - [01/Jul/2026:19:40:59 +0600] "POST /wp-admin/admin-ajax.php HTTP/3" 200 0 "https://ecommerce1.bdwebsolution.com/wp-admin/post.php?post=256&action=edit&tab=layout_options_section" "Mozilla/5.0 (Windows NT 10.0; Win64; x64) AppleWebKit/537.36 (KHTML, like Gecko) Chrome/145.0.0.0 Safari/537.36"
151.158.44.98 - - [01/Jul/2026:19:41:01 +0600] "POST /wp-cron.php?doing_wp_cron=1782913260.9871079921722412109375 HTTP/1.1" 200 0 "-" "WordPress/7.0; https://ecommerce1.bdwebsolution.com"
103.111.12.21 - - [01/Jul/2026:19:40:58 +0600] "GET /wp-admin/edit.php?post_type=product HTTP/3" 200 87238 "https://ecommerce1.bdwebsolution.com/wp-admin/post.php?post=256&action=edit&tab=layout_options_section" "Mozilla/5.0 (Windows NT 10.0; Win64; x64) AppleWebKit/537.36 (KHTML, like Gecko) Chrome/145.0.0.0 Safari/537.36"
103.111.12.21 - - [01/Jul/2026:19:41:01 +0600] "POST /wp-admin/admin-ajax.php HTTP/3" 503 807 "https://ecommerce1.bdwebsolution.com/wp-admin/post.php?post=256&action=edit&tab=layout_options_section" "Mozilla/5.0 (Windows NT 10.0; Win64; x64) AppleWebKit/537.36 (KHTML, like Gecko) Chrome/145.0.0.0 Safari/537.36"
103.111.12.21 - - [01/Jul/2026:19:41:01 +0600] "POST /wp-admin/admin-ajax.php HTTP/3" 200 96 "https://ecommerce1.bdwebsolution.com/wp-admin/edit.php?post_type=product" "Mozilla/5.0 (Windows NT 10.0; Win64; x64) AppleWebKit/537.36 (KHTML, like Gecko) Chrome/145.0.0.0 Safari/537.36"
103.111.12.21 - - [01/Jul/2026:19:41:01 +0600] "GET /index.php?rest_route=%2Fwc-admin%2Foptions&options=woocommerce_task_list_reminder_bar_hidden%2Cwoocommerce_admin_transient_notices_queue%2Cwoocommerce_admin_install_timestamp&_locale=user HTTP/3" 200 103 "https://ecommerce1.bdwebsolution.com/wp-admin/edit.php?post_type=product" "Mozilla/5.0 (Windows NT 10.0; Win64; x64) AppleWebKit/537.36 (KHTML, like Gecko) Chrome/145.0.0.0 Safari/537.36"
103.111.12.21 - - [01/Jul/2026:19:41:01 +0600] "GET /index.php?rest_route=%2Fwc-analytics%2Fproducts%2Fcount-low-in-stock&status=publish&page=1&per_page=1&_locale=user HTTP/3" 200 15 "https://ecommerce1.bdwebsolution.com/wp-admin/edit.php?post_type=product" "Mozilla/5.0 (Windows NT 10.0; Win64; x64) AppleWebKit/537.36 (KHTML, like Gecko) Chrome/145.0.0.0 Safari/537.36"
103.111.12.21 - - [01/Jul/2026:19:41:01 +0600] "GET /index.php?rest_route=%2Fwc-admin%2Fonboarding%2Ftasks&_locale=user HTTP/3" 200 1406 "https://ecommerce1.bdwebsolution.com/wp-admin/edit.php?post_type=product" "Mozilla/5.0 (Windows NT 10.0; Win64; x64) AppleWebKit/537.36 (KHTML, like Gecko) Chrome/145.0.0.0 Safari/537.36"
103.111.12.21 - - [01/Jul/2026:19:41:01 +0600] "GET /index.php?rest_route=%2Fwc-analytics%2Fproducts%2Freviews&page=1&per_page=1&status=hold&_embed=1&_fields%5B0%5D=id&_locale=user HTTP/3" 200 6 "https://ecommerce1.bdwebsolution.com/wp-admin/edit.php?post_type=product" "Mozilla/5.0 (Windows NT 10.0; Win64; x64) AppleWebKit/537.36 (KHTML, like Gecko) Chrome/145.0.0.0 Safari/537.36"
103.111.12.21 - - [01/Jul/2026:19:41:01 +0600] "GET /index.php?rest_route=%2Fwc-analytics%2Fadmin%2Fnotes&page=1&per_page=25&type=error%2Cupdate&status=unactioned&_locale=user HTTP/3" 200 6 "https://ecommerce1.bdwebsolution.com/wp-admin/edit.php?post_type=product" "Mozilla/5.0 (Windows NT 10.0; Win64; x64) AppleWebKit/537.36 (KHTML, like Gecko) Chrome/145.0.0.0 Safari/537.36"
103.111.12.21 - - [01/Jul/2026:19:41:01 +0600] "GET /index.php?rest_route=%2Fwc-admin%2Foptions&options=woocommerce_ces_tracks_queue&_locale=user HTTP/3" 200 42 "https://ecommerce1.bdwebsolution.com/wp-admin/edit.php?post_type=product" "Mozilla/5.0 (Windows NT 10.0; Win64; x64) AppleWebKit/537.36 (KHTML, like Gecko) Chrome/145.0.0.0 Safari/537.36"
103.111.12.21 - - [01/Jul/2026:19:41:12 +0600] "POST /wp-admin/admin-ajax.php HTTP/3" 200 51 "https://ecommerce1.bdwebsolution.com/wp-admin/edit.php?post_type=product" "Mozilla/5.0 (Windows NT 10.0; Win64; x64) AppleWebKit/537.36 (KHTML, like Gecko) Chrome/145.0.0.0 Safari/537.36"
103.111.12.21 - - [01/Jul/2026:19:41:01 +0600] "GET /index.php?rest_route=%2Fwc-analytics%2Forders&page=1&per_page=1&status%5B0%5D=processing&status%5B1%5D=on-hold&_fields%5B0%5D=id&_locale=user HTTP/3" 200 6 "https://ecommerce1.bdwebsolution.com/wp-admin/edit.php?post_type=product" "Mozilla/5.0 (Windows NT 10.0; Win64; x64) AppleWebKit/537.36 (KHTML, like Gecko) Chrome/145.0.0.0 Safari/537.36"
103.111.12.21 - - [01/Jul/2026:19:41:23 +0600] "POST /wp-admin/admin-ajax.php HTTP/3" 200 0 "https://ecommerce1.bdwebsolution.com/wp-admin/edit.php?post_type=product" "Mozilla/5.0 (Windows NT 10.0; Win64; x64) AppleWebKit/537.36 (KHTML, like Gecko) Chrome/145.0.0.0 Safari/537.36"
103.111.12.21 - - [01/Jul/2026:19:41:08 +0600] "GET /wp-admin/post.php?post=1356&action=edit HTTP/3" 200 107086 "https://ecommerce1.bdwebsolution.com/wp-admin/edit.php?post_type=product" "Mozilla/5.0 (Windows NT 10.0; Win64; x64) AppleWebKit/537.36 (KHTML, like Gecko) Chrome/145.0.0.0 Safari/537.36"
103.111.12.21 - - [01/Jul/2026:19:41:24 +0600] "POST /wp-admin/admin-ajax.php HTTP/3" 200 83 "https://ecommerce1.bdwebsolution.com/wp-admin/post.php?post=1356&action=edit" "Mozilla/5.0 (Windows NT 10.0; Win64; x64) AppleWebKit/537.36 (KHTML, like Gecko) Chrome/145.0.0.0 Safari/537.36"
103.111.12.21 - - [01/Jul/2026:19:41:25 +0600] "GET /index.php?rest_route=%2Fwc-admin%2Foptions&options=woocommerce_task_list_reminder_bar_hidden%2Cwoocommerce_admin_transient_notices_queue%2Cwoocommerce_admin_install_timestamp&_locale=user HTTP/3" 200 103 "https://ecommerce1.bdwebsolution.com/wp-admin/post.php?post=1356&action=edit" "Mozilla/5.0 (Windows NT 10.0; Win64; x64) AppleWebKit/537.36 (KHTML, like Gecko) Chrome/145.0.0.0 Safari/537.36"
103.111.12.21 - - [01/Jul/2026:19:41:24 +0600] "GET /index.php?rest_route=%2Fwc-analytics%2Fproducts%2Fcount-low-in-stock&status=publish&page=1&per_page=1&_locale=user HTTP/3" 200 15 "https://ecommerce1.bdwebsolution.com/wp-admin/post.php?post=1356&action=edit" "Mozilla/5.0 (Windows NT 10.0; Win64; x64) AppleWebKit/537.36 (KHTML, like Gecko) Chrome/145.0.0.0 Safari/537.36"
103.111.12.21 - - [01/Jul/2026:19:41:24 +0600] "GET /index.php?rest_route=%2Fwc-analytics%2Fproducts%2Freviews&page=1&per_page=1&status=hold&_embed=1&_fields%5B0%5D=id&_locale=user HTTP/3" 200 6 "https://ecommerce1.bdwebsolution.com/wp-admin/post.php?post=1356&action=edit" "Mozilla/5.0 (Windows NT 10.0; Win64; x64) AppleWebKit/537.36 (KHTML, like Gecko) Chrome/145.0.0.0 Safari/537.36"
103.111.12.21 - - [01/Jul/2026:19:41:28 +0600] "POST /wp-admin/admin-ajax.php HTTP/3" 200 46 "https://ecommerce1.bdwebsolution.com/wp-admin/post.php?post=1356&action=edit" "Mozilla/5.0 (Windows NT 10.0; Win64; x64) AppleWebKit/537.36 (KHTML, like Gecko) Chrome/145.0.0.0 Safari/537.36"
103.111.12.21 - - [01/Jul/2026:19:41:24 +0600] "GET /index.php?rest_route=%2Fwc-analytics%2Forders&page=1&per_page=1&status%5B0%5D=processing&status%5B1%5D=on-hold&_fields%5B0%5D=id&_locale=user HTTP/3" 200 6 "https://ecommerce1.bdwebsolution.com/wp-admin/post.php?post=1356&action=edit" "Mozilla/5.0 (Windows NT 10.0; Win64; x64) AppleWebKit/537.36 (KHTML, like Gecko) Chrome/145.0.0.0 Safari/537.36"
103.111.12.21 - - [01/Jul/2026:19:41:24 +0600] "GET /index.php?rest_route=%2Fwc-admin%2Foptions&options=woocommerce_ces_tracks_queue&_locale=user HTTP/3" 200 42 "https://ecommerce1.bdwebsolution.com/wp-admin/post.php?post=1356&action=edit" "Mozilla/5.0 (Windows NT 10.0; Win64; x64) AppleWebKit/537.36 (KHTML, like Gecko) Chrome/145.0.0.0 Safari/537.36"
103.111.12.21 - - [01/Jul/2026:19:41:24 +0600] "GET /index.php?rest_route=%2Fwc-analytics%2Fadmin%2Fnotes&page=1&per_page=25&type=error%2Cupdate&status=unactioned&_locale=user HTTP/3" 200 6 "https://ecommerce1.bdwebsolution.com/wp-admin/post.php?post=1356&action=edit" "Mozilla/5.0 (Windows NT 10.0; Win64; x64) AppleWebKit/537.36 (KHTML, like Gecko) Chrome/145.0.0.0 Safari/537.36"
103.111.12.21 - - [01/Jul/2026:19:41:35 +0600] "POST /wp-admin/admin-ajax.php HTTP/3" 200 79 "https://ecommerce1.bdwebsolution.com/wp-admin/post.php?post=1356&action=edit&tab=layout_options_section" "Mozilla/5.0 (Windows NT 10.0; Win64; x64) AppleWebKit/537.36 (KHTML, like Gecko) Chrome/145.0.0.0 Safari/537.36"
103.111.12.21 - - [01/Jul/2026:19:41:24 +0600] "GET /index.php?rest_route=%2Fwc-admin%2Fonboarding%2Ftasks&_locale=user HTTP/3" 200 1406 "https://ecommerce1.bdwebsolution.com/wp-admin/post.php?post=1356&action=edit" "Mozilla/5.0 (Windows NT 10.0; Win64; x64) AppleWebKit/537.36 (KHTML, like Gecko) Chrome/145.0.0.0 Safari/537.36"
103.111.12.21 - - [01/Jul/2026:19:41:45 +0600] "POST /wp-admin/admin-ajax.php HTTP/3" 200 79 "https://ecommerce1.bdwebsolution.com/wp-admin/post.php?post=1356&action=edit&tab=design_color_options_section" "Mozilla/5.0 (Windows NT 10.0; Win64; x64) AppleWebKit/537.36 (KHTML, like Gecko) Chrome/145.0.0.0 Safari/537.36"
103.111.12.21 - - [01/Jul/2026:19:41:47 +0600] "GET /wp-admin/edit.php?post_type=product HTTP/3" 200 87348 "https://ecommerce1.bdwebsolution.com/wp-admin/post.php?post=1356&action=edit&tab=design_color_options_section" "Mozilla/5.0 (Windows NT 10.0; Win64; x64) AppleWebKit/537.36 (KHTML, like Gecko) Chrome/145.0.0.0 Safari/537.36"
103.111.12.21 - - [01/Jul/2026:19:41:51 +0600] "GET /index.php?rest_route=%2Fwc-admin%2Foptions&options=woocommerce_task_list_reminder_bar_hidden%2Cwoocommerce_admin_transient_notices_queue%2Cwoocommerce_admin_install_timestamp&_locale=user HTTP/3" 503 807 "https://ecommerce1.bdwebsolution.com/wp-admin/edit.php?post_type=product" "Mozilla/5.0 (Windows NT 10.0; Win64; x64) AppleWebKit/537.36 (KHTML, like Gecko) Chrome/145.0.0.0 Safari/537.36"
103.111.12.21 - - [01/Jul/2026:19:41:51 +0600] "POST /wp-admin/admin-ajax.php HTTP/3" 503 807 "https://ecommerce1.bdwebsolution.com/wp-admin/edit.php?post_type=product" "Mozilla/5.0 (Windows NT 10.0; Win64; x64) AppleWebKit/537.36 (KHTML, like Gecko) Chrome/145.0.0.0 Safari/537.36"
103.111.12.21 - - [01/Jul/2026:19:41:53 +0600] "GET /wp-admin/post.php?post=1356&action=trash&_wpnonce=feff66fd3e HTTP/3" 503 807 "https://ecommerce1.bdwebsolution.com/wp-admin/edit.php?post_type=product" "Mozilla/5.0 (Windows NT 10.0; Win64; x64) AppleWebKit/537.36 (KHTML, like Gecko) Chrome/145.0.0.0 Safari/537.36"
103.111.12.21 - - [01/Jul/2026:19:41:50 +0600] "POST /wp-admin/admin-ajax.php HTTP/3" 200 5 "https://ecommerce1.bdwebsolution.com/wp-admin/post.php?post=1356&action=edit&tab=design_color_options_section" "Mozilla/5.0 (Windows NT 10.0; Win64; x64) AppleWebKit/537.36 (KHTML, like Gecko) Chrome/145.0.0.0 Safari/537.36"
103.111.12.21 - - [01/Jul/2026:19:41:51 +0600] "GET /index.php?rest_route=%2Fwc-analytics%2Fproducts%2Freviews&page=1&per_page=1&status=hold&_embed=1&_fields%5B0%5D=id&_locale=user HTTP/3" 200 0 "https://ecommerce1.bdwebsolution.com/wp-admin/edit.php?post_type=product" "Mozilla/5.0 (Windows NT 10.0; Win64; x64) AppleWebKit/537.36 (KHTML, like Gecko) Chrome/145.0.0.0 Safari/537.36"
103.111.12.21 - - [01/Jul/2026:19:41:51 +0600] "GET /index.php?rest_route=%2Fwc-analytics%2Fadmin%2Fnotes&page=1&per_page=25&type=error%2Cupdate&status=unactioned&_locale=user HTTP/3" 200 0 "https://ecommerce1.bdwebsolution.com/wp-admin/edit.php?post_type=product" "Mozilla/5.0 (Windows NT 10.0; Win64; x64) AppleWebKit/537.36 (KHTML, like Gecko) Chrome/145.0.0.0 Safari/537.36"
103.111.12.21 - - [01/Jul/2026:19:41:51 +0600] "GET /index.php?rest_route=%2Fwc-admin%2Fonboarding%2Ftasks&_locale=user HTTP/3" 200 0 "https://ecommerce1.bdwebsolution.com/wp-admin/edit.php?post_type=product" "Mozilla/5.0 (Windows NT 10.0; Win64; x64) AppleWebKit/537.36 (KHTML, like Gecko) Chrome/145.0.0.0 Safari/537.36"
103.111.12.21 - - [01/Jul/2026:19:41:51 +0600] "GET /index.php?rest_route=%2Fwc-analytics%2Fproducts%2Fcount-low-in-stock&status=publish&page=1&per_page=1&_locale=user HTTP/3" 200 0 "https://ecommerce1.bdwebsolution.com/wp-admin/edit.php?post_type=product" "Mozilla/5.0 (Windows NT 10.0; Win64; x64) AppleWebKit/537.36 (KHTML, like Gecko) Chrome/145.0.0.0 Safari/537.36"
103.111.12.21 - - [01/Jul/2026:19:41:51 +0600] "GET /index.php?rest_route=%2Fwc-analytics%2Forders&page=1&per_page=1&status%5B0%5D=processing&status%5B1%5D=on-hold&_fields%5B0%5D=id&_locale=user HTTP/3" 200 0 "https://ecommerce1.bdwebsolution.com/wp-admin/edit.php?post_type=product" "Mozilla/5.0 (Windows NT 10.0; Win64; x64) AppleWebKit/537.36 (KHTML, like Gecko) Chrome/145.0.0.0 Safari/537.36"
74.7.242.7 - - [01/Jul/2026:19:39:22 +0600] "GET /wp-admin/images/loading.gif HTTP/2" 200 1368 "https://ecommerce1.bdwebsolution.com/wp-admin/css/forms.min.css?ver=7.0" "Mozilla/5.0 AppleWebKit/537.36 (KHTML, like Gecko; compatible; GPTBot/1.4; +https://openai.com/gptbot)"
151.158.44.98 - - [01/Jul/2026:19:42:01 +0600] "POST /wp-cron.php?doing_wp_cron=1782913321.1227591037750244140625 HTTP/1.1" 200 0 "-" "WordPress/7.0; https://ecommerce1.bdwebsolution.com"
151.158.44.98 - - [01/Jul/2026:19:33:02 +0600] "POST /wp-cron.php?doing_wp_cron=1782912782.5498321056365966796875 HTTP/1.1" 200 0 "-" "WordPress/7.0; https://ecommerce1.bdwebsolution.com"
151.158.44.98 - - [01/Jul/2026:19:33:58 +0600] "POST /wp-cron.php?doing_wp_cron=1782912838.2019340991973876953125 HTTP/1.1" 200 0 "-" "WordPress/7.0; https://ecommerce1.bdwebsolution.com"
151.158.44.98 - - [01/Jul/2026:19:34:03 +0600] "POST /wp-cron.php?doing_wp_cron=1782912843.0369920730590820312500 HTTP/1.1" 200 0 "-" "WordPress/7.0; https://ecommerce1.bdwebsolution.com"
151.158.44.98 - - [01/Jul/2026:19:37:07 +0600] "POST /wp-cron.php?doing_wp_cron=1782913027.3128321170806884765625 HTTP/1.1" 200 0 "-" "WordPress/7.0; https://ecommerce1.bdwebsolution.com"
151.158.44.98 - - [01/Jul/2026:19:38:59 +0600] "POST /wp-cron.php?doing_wp_cron=1782913139.8345930576324462890625 HTTP/1.1" 200 0 "-" "WordPress/7.0; https://ecommerce1.bdwebsolution.com"
151.158.44.98 - - [01/Jul/2026:19:42:01 +0600] "POST /wp-cron.php?doing_wp_cron=1782913321.1583249568939208984375 HTTP/1.1" 200 0 "-" "WordPress/7.0; https://ecommerce1.bdwebsolution.com"
151.158.44.98 - - [01/Jul/2026:19:42:01 +0600] "POST /wp-cron.php?doing_wp_cron=1782913321.3656849861145019531250 HTTP/1.1" 200 0 "-" "WordPress/7.0; https://ecommerce1.bdwebsolution.com"
151.158.44.98 - - [01/Jul/2026:19:42:02 +0600] "POST /wp-cron.php?doing_wp_cron=1782913322.0393869876861572265625 HTTP/1.1" 200 0 "-" "WordPress/7.0; https://ecommerce1.bdwebsolution.com"
151.158.44.98 - - [01/Jul/2026:19:42:06 +0600] "POST /wp-cron.php?doing_wp_cron=1782913326.7077600955963134765625 HTTP/1.1" 200 0 "-" "WordPress/7.0; https://ecommerce1.bdwebsolution.com"
103.111.12.21 - - [01/Jul/2026:19:34:13 +0600] "GET /index.php?rest_route=%2Fwc-admin%2Foptions&options=woocommerce_task_list_reminder_bar_hidden%2Cwoocommerce_admin_transient_notices_queue%2Cwoocommerce_admin_install_timestamp&_locale=user HTTP/3" 200 103 "https://ecommerce1.bdwebsolution.com/wp-admin/edit.php?post_type=product&_wpnonce=ea7ca6813e" "Mozilla/5.0 (Windows NT 10.0; Win64; x64) AppleWebKit/537.36 (KHTML, like Gecko) Chrome/145.0.0.0 Safari/537.36"
103.111.12.21 - - [01/Jul/2026:19:34:13 +0600] "GET /index.php?rest_route=%2Fwc-analytics%2Fproducts%2Fcount-low-in-stock&status=publish&page=1&per_page=1&_locale=user HTTP/3" 200 15 "https://ecommerce1.bdwebsolution.com/wp-admin/edit.php?post_type=product&_wpnonce=ea7ca6813e" "Mozilla/5.0 (Windows NT 10.0; Win64; x64) AppleWebKit/537.36 (KHTML, like Gecko) Chrome/145.0.0.0 Safari/537.36"
103.111.12.21 - - [01/Jul/2026:19:34:13 +0600] "GET /index.php?rest_route=%2Fwc-analytics%2Fadmin%2Fnotes&page=1&per_page=25&type=error%2Cupdate&status=unactioned&_locale=user HTTP/3" 200 6 "https://ecommerce1.bdwebsolution.com/wp-admin/edit.php?post_type=product&_wpnonce=ea7ca6813e" "Mozilla/5.0 (Windows NT 10.0; Win64; x64) AppleWebKit/537.36 (KHTML, like Gecko) Chrome/145.0.0.0 Safari/537.36"
103.111.12.21 - - [01/Jul/2026:19:34:13 +0600] "GET /index.php?rest_route=%2Fwc-analytics%2Forders&page=1&per_page=1&status%5B0%5D=processing&status%5B1%5D=on-hold&_fields%5B0%5D=id&_locale=user HTTP/3" 200 6 "https://ecommerce1.bdwebsolution.com/wp-admin/edit.php?post_type=product&_wpnonce=ea7ca6813e" "Mozilla/5.0 (Windows NT 10.0; Win64; x64) AppleWebKit/537.36 (KHTML, like Gecko) Chrome/145.0.0.0 Safari/537.36"
103.111.12.21 - - [01/Jul/2026:19:34:13 +0600] "GET /index.php?rest_route=%2Fwc-admin%2Foptions&options=woocommerce_ces_tracks_queue&_locale=user HTTP/3" 200 42 "https://ecommerce1.bdwebsolution.com/wp-admin/edit.php?post_type=product&_wpnonce=ea7ca6813e" "Mozilla/5.0 (Windows NT 10.0; Win64; x64) AppleWebKit/537.36 (KHTML, like Gecko) Chrome/145.0.0.0 Safari/537.36"
103.111.12.21 - - [01/Jul/2026:19:34:13 +0600] "GET /index.php?rest_route=%2Fwc-analytics%2Fproducts%2Freviews&page=1&per_page=1&status=hold&_embed=1&_fields%5B0%5D=id&_locale=user HTTP/3" 200 6 "https://ecommerce1.bdwebsolution.com/wp-admin/edit.php?post_type=product&_wpnonce=ea7ca6813e" "Mozilla/5.0 (Windows NT 10.0; Win64; x64) AppleWebKit/537.36 (KHTML, like Gecko) Chrome/145.0.0.0 Safari/537.36"
103.111.12.21 - - [01/Jul/2026:19:34:13 +0600] "GET /index.php?rest_route=%2Fwc-admin%2Fonboarding%2Ftasks&_locale=user HTTP/3" 200 1406 "https://ecommerce1.bdwebsolution.com/wp-admin/edit.php?post_type=product&_wpnonce=ea7ca6813e" "Mozilla/5.0 (Windows NT 10.0; Win64; x64) AppleWebKit/537.36 (KHTML, like Gecko) Chrome/145.0.0.0 Safari/537.36"
151.158.44.98 - - [01/Jul/2026:19:35:55 +0600] "POST /wp-cron.php?doing_wp_cron=1782912954.9835751056671142578125 HTTP/1.1" 200 0 "-" "WordPress/7.0; https://ecommerce1.bdwebsolution.com"
151.158.44.98 - - [01/Jul/2026:19:38:17 +0600] "POST /wp-cron.php?doing_wp_cron=1782913097.5496249198913574218750 HTTP/1.1" 200 0 "-" "WordPress/7.0; https://ecommerce1.bdwebsolution.com"
151.158.44.98 - - [01/Jul/2026:19:39:54 +0600] "POST /wp-cron.php?doing_wp_cron=1782913194.0081110000610351562500 HTTP/1.1" 200 0 "-" "WordPress/7.0; https://ecommerce1.bdwebsolution.com"
103.111.12.21 - - [01/Jul/2026:19:41:51 +0600] "GET /index.php?rest_route=%2Fwc-admin%2Foptions&options=woocommerce_ces_tracks_queue&_locale=user HTTP/3" 200 0 "https://ecommerce1.bdwebsolution.com/wp-admin/edit.php?post_type=product" "Mozilla/5.0 (Windows NT 10.0; Win64; x64) AppleWebKit/537.36 (KHTML, like Gecko) Chrome/145.0.0.0 Safari/537.36"
103.111.12.21 - - [01/Jul/2026:19:42:06 +0600] "GET /index.php?rest_route=%2Fwc-analytics%2Fproducts%2Fcount-low-in-stock&status=publish&page=1&per_page=1&_locale=user HTTP/3" 503 807 "https://ecommerce1.bdwebsolution.com/wp-admin/edit.php?post_type=product" "Mozilla/5.0 (Windows NT 10.0; Win64; x64) AppleWebKit/537.36 (KHTML, like Gecko) Chrome/145.0.0.0 Safari/537.36"
103.111.12.21 - - [01/Jul/2026:19:42:06 +0600] "GET /index.php?rest_route=%2Fwc-admin%2Foptions&options=woocommerce_ces_tracks_queue&_locale=user HTTP/3" 503 807 "https://ecommerce1.bdwebsolution.com/wp-admin/edit.php?post_type=product" "Mozilla/5.0 (Windows NT 10.0; Win64; x64) AppleWebKit/537.36 (KHTML, like Gecko) Chrome/145.0.0.0 Safari/537.36"
103.111.12.21 - - [01/Jul/2026:19:42:06 +0600] "GET /index.php?rest_route=%2Fwc-analytics%2Fadmin%2Fnotes&page=1&per_page=25&type=error%2Cupdate&status=unactioned&_locale=user HTTP/3" 503 807 "https://ecommerce1.bdwebsolution.com/wp-admin/edit.php?post_type=product" "Mozilla/5.0 (Windows NT 10.0; Win64; x64) AppleWebKit/537.36 (KHTML, like Gecko) Chrome/145.0.0.0 Safari/537.36"
103.111.12.21 - - [01/Jul/2026:19:42:06 +0600] "GET /index.php?rest_route=%2Fwc-admin%2Foptions&options=woocommerce_task_list_reminder_bar_hidden%2Cwoocommerce_admin_transient_notices_queue%2Cwoocommerce_admin_install_timestamp&_locale=user HTTP/3" 503 807 "https://ecommerce1.bdwebsolution.com/wp-admin/edit.php?post_type=product" "Mozilla/5.0 (Windows NT 10.0; Win64; x64) AppleWebKit/537.36 (KHTML, like Gecko) Chrome/145.0.0.0 Safari/537.36"
103.111.12.21 - - [01/Jul/2026:19:41:56 +0600] "GET /wp-admin/edit.php?post_type=product HTTP/3" 200 87238 "https://ecommerce1.bdwebsolution.com/wp-admin/post.php?post=1356&action=edit&tab=design_color_options_section" "Mozilla/5.0 (Windows NT 10.0; Win64; x64) AppleWebKit/537.36 (KHTML, like Gecko) Chrome/145.0.0.0 Safari/537.36"
103.111.12.21 - - [01/Jul/2026:19:42:07 +0600] "POST /wp-admin/admin-ajax.php HTTP/3" 200 0 "https://ecommerce1.bdwebsolution.com/wp-admin/edit.php?post_type=product" "Mozilla/5.0 (Windows NT 10.0; Win64; x64) AppleWebKit/537.36 (KHTML, like Gecko) Chrome/145.0.0.0 Safari/537.36"
103.111.12.21 - - [01/Jul/2026:19:42:06 +0600] "GET /index.php?rest_route=%2Fwc-analytics%2Forders&page=1&per_page=1&status%5B0%5D=processing&status%5B1%5D=on-hold&_fields%5B0%5D=id&_locale=user HTTP/3" 200 0 "https://ecommerce1.bdwebsolution.com/wp-admin/edit.php?post_type=product" "Mozilla/5.0 (Windows NT 10.0; Win64; x64) AppleWebKit/537.36 (KHTML, like Gecko) Chrome/145.0.0.0 Safari/537.36"
103.111.12.21 - - [01/Jul/2026:19:42:06 +0600] "GET /index.php?rest_route=%2Fwc-analytics%2Fproducts%2Freviews&page=1&per_page=1&status=hold&_embed=1&_fields%5B0%5D=id&_locale=user HTTP/3" 200 0 "https://ecommerce1.bdwebsolution.com/wp-admin/edit.php?post_type=product" "Mozilla/5.0 (Windows NT 10.0; Win64; x64) AppleWebKit/537.36 (KHTML, like Gecko) Chrome/145.0.0.0 Safari/537.36"
103.111.12.21 - - [01/Jul/2026:19:42:06 +0600] "GET /index.php?rest_route=%2Fwc-admin%2Fonboarding%2Ftasks&_locale=user HTTP/3" 200 0 "https://ecommerce1.bdwebsolution.com/wp-admin/edit.php?post_type=product" "Mozilla/5.0 (Windows NT 10.0; Win64; x64) AppleWebKit/537.36 (KHTML, like Gecko) Chrome/145.0.0.0 Safari/537.36"
151.158.44.98 - - [01/Jul/2026:19:42:05 +0600] "POST /wp-admin/admin-ajax.php?action=as_async_request_queue_runner&nonce=a569f84c79 HTTP/1.1" 503 807 "-" "WordPress/7.0; https://ecommerce1.bdwebsolution.com"
74.7.242.7 - - [01/Jul/2026:21:52:29 +0600] "GET /api/app/indexList HTTP/2" 404 796 "http://ecommerce1.bdwebsolution.com:443" "Mozilla/5.0 AppleWebKit/537.36 (KHTML, like Gecko; compatible; GPTBot/1.4; +https://openai.com/gptbot)"
74.7.242.7 - - [01/Jul/2026:21:53:28 +0600] "GET /api/uploads/apimap HTTP/2" 404 796 "http://ecommerce1.bdwebsolution.com:443" "Mozilla/5.0 AppleWebKit/537.36 (KHTML, like Gecko; compatible; GPTBot/1.4; +https://openai.com/gptbot)"
74.7.228.47 - - [01/Jul/2026:21:52:29 +0600] "GET /robots.txt HTTP/2" 404 796 "-" "Mozilla/5.0 (Macintosh; Intel Mac OS X 10_15_7) AppleWebKit/537.36 (KHTML, like Gecko) Chrome/131.0.0.0 Safari/537.36; compatible; OAI-SearchBot/1.4; robots.txt; +https://openai.com/searchbot"
216.73.216.207 - - [01/Jul/2026:21:39:14 +0600] "GET /robots.txt HTTP/2" 404 796 "-" "Mozilla/5.0 AppleWebKit/537.36 (KHTML, like Gecko; compatible; ClaudeBot/1.0; +claudebot@anthropic.com)"
216.73.216.207 - - [01/Jul/2026:21:42:05 +0600] "GET /robots.txt HTTP/2" 404 796 "http://ecommerce1.bdwebsolution.com:443/robots.txt" "Mozilla/5.0 AppleWebKit/537.36 (KHTML, like Gecko; compatible; ClaudeBot/1.0; +claudebot@anthropic.com)"
74.7.242.7 - - [01/Jul/2026:21:55:20 +0600] "GET /api/other/appSetting HTTP/2" 404 796 "http://ecommerce1.bdwebsolution.com:443" "Mozilla/5.0 AppleWebKit/537.36 (KHTML, like Gecko; compatible; GPTBot/1.4; +https://openai.com/gptbot)"
74.7.242.7 - - [01/Jul/2026:21:56:15 +0600] "GET /index/Common/getArticleList HTTP/2" 404 796 "http://ecommerce1.bdwebsolution.com:443" "Mozilla/5.0 AppleWebKit/537.36 (KHTML, like Gecko; compatible; GPTBot/1.4; +https://openai.com/gptbot)"
74.7.242.7 - - [01/Jul/2026:22:06:54 +0600] "GET /api/index/getBannerList HTTP/2" 404 796 "http://ecommerce1.bdwebsolution.com:443" "Mozilla/5.0 AppleWebKit/537.36 (KHTML, like Gecko; compatible; GPTBot/1.4; +https://openai.com/gptbot)"
74.7.242.7 - - [01/Jul/2026:22:15:34 +0600] "GET /f/user/index HTTP/2" 404 796 "http://ecommerce1.bdwebsolution.com:443" "Mozilla/5.0 AppleWebKit/537.36 (KHTML, like Gecko; compatible; GPTBot/1.4; +https://openai.com/gptbot)"
74.7.242.7 - - [01/Jul/2026:22:31:54 +0600] "GET /file.php?%27.$get.%27=%27.base64_encode($link).%27 HTTP/2" 200 11780 "https://ecommerce1.bdwebsolution.com/file.php?download=L2hvbWUvYmR3ZWJzb2wvcHVibGljX2h0bWwvZWNvbW1lcmNlMS5iZHdlYnNvbHV0aW9uLmNvbS9maWxlLmd6" "Mozilla/5.0 AppleWebKit/537.36 (KHTML, like Gecko; compatible; GPTBot/1.4; +https://openai.com/gptbot)"
74.7.242.7 - - [01/Jul/2026:22:40:19 +0600] "GET /app/static/js/download.js HTTP/2" 404 796 "http://ecommerce1.bdwebsolution.com:443" "Mozilla/5.0 AppleWebKit/537.36 (KHTML, like Gecko; compatible; GPTBot/1.4; +https://openai.com/gptbot)"
74.7.242.7 - - [01/Jul/2026:22:41:11 +0600] "GET /Public/home/common/js/index.js HTTP/2" 404 796 "http://ecommerce1.bdwebsolution.com:443" "Mozilla/5.0 AppleWebKit/537.36 (KHTML, like Gecko; compatible; GPTBot/1.4; +https://openai.com/gptbot)"
74.7.242.7 - - [01/Jul/2026:22:42:00 +0600] "GET /api/v1/seller/login HTTP/2" 404 796 "http://ecommerce1.bdwebsolution.com:443" "Mozilla/5.0 AppleWebKit/537.36 (KHTML, like Gecko; compatible; GPTBot/1.4; +https://openai.com/gptbot)"
74.7.242.7 - - [01/Jul/2026:22:42:52 +0600] "GET /api/v3/seller/login HTTP/2" 404 796 "http://ecommerce1.bdwebsolution.com:443" "Mozilla/5.0 AppleWebKit/537.36 (KHTML, like Gecko; compatible; GPTBot/1.4; +https://openai.com/gptbot)"
74.7.242.7 - - [01/Jul/2026:22:46:44 +0600] "GET /api/index/index HTTP/2" 404 796 "http://ecommerce1.bdwebsolution.com:443" "Mozilla/5.0 AppleWebKit/537.36 (KHTML, like Gecko; compatible; GPTBot/1.4; +https://openai.com/gptbot)"
74.7.242.7 - - [01/Jul/2026:22:48:51 +0600] "GET /api/index/init HTTP/2" 404 796 "http://ecommerce1.bdwebsolution.com:443" "Mozilla/5.0 AppleWebKit/537.36 (KHTML, like Gecko; compatible; GPTBot/1.4; +https://openai.com/gptbot)"
74.7.228.47 - - [01/Jul/2026:22:53:33 +0600] "GET /robots.txt HTTP/2" 404 796 "-" "Mozilla/5.0 (Macintosh; Intel Mac OS X 10_15_7) AppleWebKit/537.36 (KHTML, like Gecko) Chrome/131.0.0.0 Safari/537.36; compatible; OAI-SearchBot/1.4; robots.txt; +https://openai.com/searchbot"
74.7.242.7 - - [01/Jul/2026:23:25:32 +0600] "GET /file.php?zip=L2hvbWUvYmR3ZWJzb2wvcHVibGljX2h0bWwvZWNvbW1lcmNlMS5iZHdlYnNvbHV0aW9uLmNvbS93cC1hZG1pbg== HTTP/2" 503 807 "https://ecommerce1.bdwebsolution.com/file.php" "Mozilla/5.0 AppleWebKit/537.36 (KHTML, like Gecko; compatible; GPTBot/1.4; +https://openai.com/gptbot)"
74.7.242.7 - - [01/Jul/2026:23:31:40 +0600] "GET /file.php?gzfile=L2hvbWUvYmR3ZWJzb2wvcHVibGljX2h0bWwvZWNvbW1lcmNlMS5iZHdlYnNvbHV0aW9uLmNvbS9yZWFkbWUuaHRtbA== HTTP/2" 503 807 "https://ecommerce1.bdwebsolution.com/file.php" "Mozilla/5.0 AppleWebKit/537.36 (KHTML, like Gecko; compatible; GPTBot/1.4; +https://openai.com/gptbot)"
74.7.242.7 - - [01/Jul/2026:23:43:17 +0600] "GET /%3C?php%20echo%20esc_url(%20$change_link%20);%20?%3E HTTP/2" 404 796 "https://ecommerce1.bdwebsolution.com/file.php?download=L2hvbWUvYmR3ZWJzb2wvcHVibGljX2h0bWwvZWNvbW1lcmNlMS5iZHdlYnNvbHV0aW9uLmNvbS93cC1sb2dpbi5waHA=" "Mozilla/5.0 AppleWebKit/537.36 (KHTML, like Gecko; compatible; GPTBot/1.4; +https://openai.com/gptbot)"
74.7.242.7 - - [01/Jul/2026:23:50:27 +0600] "GET /file.php?gz=L2hvbWUvYmR3ZWJzb2wvcHVibGljX2h0bWwvZWNvbW1lcmNlMS5iZHdlYnNvbHV0aW9uLmNvbS93cC1hZG1pbg== HTTP/2" 503 807 "https://ecommerce1.bdwebsolution.com/file.php" "Mozilla/5.0 AppleWebKit/537.36 (KHTML, like Gecko; compatible; GPTBot/1.4; +https://openai.com/gptbot)"
74.7.242.7 - - [01/Jul/2026:22:26:04 +0600] "GET /api/user/config HTTP/2" 404 796 "http://ecommerce1.bdwebsolution.com:443" "Mozilla/5.0 AppleWebKit/537.36 (KHTML, like Gecko; compatible; GPTBot/1.4; +https://openai.com/gptbot)"
74.7.242.7 - - [01/Jul/2026:22:55:34 +0600] "GET /file.php?zip=L2hvbWUvYmR3ZWJzb2wvcHVibGljX2h0bWwvZWNvbW1lcmNlMS5iZHdlYnNvbHV0aW9uLmNvbS8ud2VsbC1rbm93bg== HTTP/2" 503 807 "https://ecommerce1.bdwebsolution.com/file.php" "Mozilla/5.0 AppleWebKit/537.36 (KHTML, like Gecko; compatible; GPTBot/1.4; +https://openai.com/gptbot)"
74.7.242.7 - - [01/Jul/2026:23:12:08 +0600] "GET /file.php?gzfile=L2hvbWUvYmR3ZWJzb2wvcHVibGljX2h0bWwvZWNvbW1lcmNlMS5iZHdlYnNvbHV0aW9uLmNvbS93cC1sb2FkLnBocA== HTTP/2" 503 807 "https://ecommerce1.bdwebsolution.com/file.php" "Mozilla/5.0 AppleWebKit/537.36 (KHTML, like Gecko; compatible; GPTBot/1.4; +https://openai.com/gptbot)"
74.7.242.7 - - [01/Jul/2026:23:13:59 +0600] "GET /file.php?gzfile=L2hvbWUvYmR3ZWJzb2wvcHVibGljX2h0bWwvZWNvbW1lcmNlMS5iZHdlYnNvbHV0aW9uLmNvbS93cC1jcm9uLnBocA== HTTP/2" 503 807 "https://ecommerce1.bdwebsolution.com/file.php" "Mozilla/5.0 AppleWebKit/537.36 (KHTML, like Gecko; compatible; GPTBot/1.4; +https://openai.com/gptbot)"
74.7.242.7 - - [01/Jul/2026:23:22:17 +0600] "GET /file.php?gzfile=L2hvbWUvYmR3ZWJzb2wvcHVibGljX2h0bWwvZWNvbW1lcmNlMS5iZHdlYnNvbHV0aW9uLmNvbS93cC1tYWlsLnBocA== HTTP/2" 200 6529 "https://ecommerce1.bdwebsolution.com/file.php" "Mozilla/5.0 AppleWebKit/537.36 (KHTML, like Gecko; compatible; GPTBot/1.4; +https://openai.com/gptbot)"
74.7.242.7 - - [01/Jul/2026:23:23:15 +0600] "GET /file.php?gzfile=L2hvbWUvYmR3ZWJzb2wvcHVibGljX2h0bWwvZWNvbW1lcmNlMS5iZHdlYnNvbHV0aW9uLmNvbS9saWNlbnNlLnR4dA== HTTP/2" 200 6529 "https://ecommerce1.bdwebsolution.com/file.php" "Mozilla/5.0 AppleWebKit/537.36 (KHTML, like Gecko; compatible; GPTBot/1.4; +https://openai.com/gptbot)"
74.7.242.7 - - [01/Jul/2026:23:33:50 +0600] "GET /file.php?gzfile=L2hvbWUvYmR3ZWJzb2wvcHVibGljX2h0bWwvZWNvbW1lcmNlMS5iZHdlYnNvbHV0aW9uLmNvbS9maWxlLnBocA== HTTP/2" 503 807 "https://ecommerce1.bdwebsolution.com/file.php" "Mozilla/5.0 AppleWebKit/537.36 (KHTML, like Gecko; compatible; GPTBot/1.4; +https://openai.com/gptbot)"
74.7.242.7 - - [01/Jul/2026:23:38:02 +0600] "GET /file.php?zip=L2hvbWUvYmR3ZWJzb2wvcHVibGljX2h0bWwvZWNvbW1lcmNlMS5iZHdlYnNvbHV0aW9uLmNvbS93cC1pbmNsdWRlcw== HTTP/2" 503 807 "https://ecommerce1.bdwebsolution.com/file.php" "Mozilla/5.0 AppleWebKit/537.36 (KHTML, like Gecko; compatible; GPTBot/1.4; +https://openai.com/gptbot)"
74.7.242.7 - - [02/Jul/2026:00:24:54 +0600] "GET /file.php?gzfile=L2hvbWUvYmR3ZWJzb2wvcHVibGljX2h0bWwvZWNvbW1lcmNlMS5iZHdlYnNvbHV0aW9uLmNvbS94bWxycGMucGhw HTTP/2" 503 807 "https://ecommerce1.bdwebsolution.com/file.php" "Mozilla/5.0 AppleWebKit/537.36 (KHTML, like Gecko; compatible; GPTBot/1.4; +https://openai.com/gptbot)"
74.7.242.7 - - [02/Jul/2026:00:25:53 +0600] "GET /file.php?gzfile=L2hvbWUvYmR3ZWJzb2wvcHVibGljX2h0bWwvZWNvbW1lcmNlMS5iZHdlYnNvbHV0aW9uLmNvbS9lcnJvcl9sb2c= HTTP/2" 503 807 "https://ecommerce1.bdwebsolution.com/file.php" "Mozilla/5.0 AppleWebKit/537.36 (KHTML, like Gecko; compatible; GPTBot/1.4; +https://openai.com/gptbot)"
74.7.228.47 - - [02/Jul/2026:00:32:16 +0600] "GET /robots.txt HTTP/2" 404 796 "http://ecommerce1.bdwebsolution.com:443/robots.txt" "Mozilla/5.0 (Macintosh; Intel Mac OS X 10_15_7) AppleWebKit/537.36 (KHTML, like Gecko) Chrome/131.0.0.0 Safari/537.36; compatible; OAI-SearchBot/1.4; robots.txt; +https://openai.com/searchbot"
74.7.242.7 - - [01/Jul/2026:22:12:24 +0600] "GET /Template/Mobile/js/main.js HTTP/2" 404 796 "http://ecommerce1.bdwebsolution.com:443" "Mozilla/5.0 AppleWebKit/537.36 (KHTML, like Gecko; compatible; GPTBot/1.4; +https://openai.com/gptbot)"
74.7.242.7 - - [01/Jul/2026:22:17:41 +0600] "GET /product-category/man-watch/ HTTP/2" 404 796 "https://demo.bdwebsolution.com" "Mozilla/5.0 AppleWebKit/537.36 (KHTML, like Gecko; compatible; GPTBot/1.4; +https://openai.com/gptbot)"
74.7.242.7 - - [01/Jul/2026:22:19:49 +0600] "GET /api/lottery/list HTTP/2" 404 796 "http://ecommerce1.bdwebsolution.com:443" "Mozilla/5.0 AppleWebKit/537.36 (KHTML, like Gecko; compatible; GPTBot/1.4; +https://openai.com/gptbot)"
74.7.242.7 - - [01/Jul/2026:22:21:54 +0600] "GET /friendGroup/list HTTP/2" 404 796 "http://ecommerce1.bdwebsolution.com:443" "Mozilla/5.0 AppleWebKit/537.36 (KHTML, like Gecko; compatible; GPTBot/1.4; +https://openai.com/gptbot)"
74.7.242.7 - - [01/Jul/2026:22:24:00 +0600] "GET /im/index/user.html HTTP/2" 404 796 "http://ecommerce1.bdwebsolution.com:443" "Mozilla/5.0 AppleWebKit/537.36 (KHTML, like Gecko; compatible; GPTBot/1.4; +https://openai.com/gptbot)"
74.7.242.7 - - [01/Jul/2026:22:44:39 +0600] "GET /api/seller/index/GetSellerConfigAll HTTP/2" 404 796 "http://ecommerce1.bdwebsolution.com:443" "Mozilla/5.0 AppleWebKit/537.36 (KHTML, like Gecko; compatible; GPTBot/1.4; +https://openai.com/gptbot)"
74.7.242.7 - - [01/Jul/2026:22:45:40 +0600] "GET /api/user/language_list HTTP/2" 404 796 "http://ecommerce1.bdwebsolution.com:443" "Mozilla/5.0 AppleWebKit/537.36 (KHTML, like Gecko; compatible; GPTBot/1.4; +https://openai.com/gptbot)"
74.7.242.7 - - [01/Jul/2026:22:50:44 +0600] "GET /file.php?gz=L2hvbWUvYmR3ZWJzb2wvcHVibGljX2h0bWwvZWNvbW1lcmNlMS5iZHdlYnNvbHV0aW9uLmNvbS8ud2VsbC1rbm93bg== HTTP/2" 200 6529 "https://ecommerce1.bdwebsolution.com/file.php" "Mozilla/5.0 AppleWebKit/537.36 (KHTML, like Gecko; compatible; GPTBot/1.4; +https://openai.com/gptbot)"
74.7.242.7 - - [01/Jul/2026:23:20:11 +0600] "GET /%3C?php%20echo%20esc_url(%20$login_header_url%20);%20?%3E HTTP/2" 404 796 "https://ecommerce1.bdwebsolution.com/file.php?download=L2hvbWUvYmR3ZWJzb2wvcHVibGljX2h0bWwvZWNvbW1lcmNlMS5iZHdlYnNvbHV0aW9uLmNvbS93cC1sb2dpbi5waHA=" "Mozilla/5.0 AppleWebKit/537.36 (KHTML, like Gecko; compatible; GPTBot/1.4; +https://openai.com/gptbot)"
74.7.242.7 - - [01/Jul/2026:23:28:43 +0600] "GET /file.php?gz=L2hvbWUvYmR3ZWJzb2wvcHVibGljX2h0bWwvZWNvbW1lcmNlMS5iZHdlYnNvbHV0aW9uLmNvbS93cC1pbmNsdWRlcw== HTTP/2" 503 807 "https://ecommerce1.bdwebsolution.com/file.php" "Mozilla/5.0 AppleWebKit/537.36 (KHTML, like Gecko; compatible; GPTBot/1.4; +https://openai.com/gptbot)"
74.7.242.7 - - [01/Jul/2026:23:29:37 +0600] "GET /common/member/js/user.util.js HTTP/2" 404 796 "http://ecommerce1.bdwebsolution.com:443" "Mozilla/5.0 AppleWebKit/537.36 (KHTML, like Gecko; compatible; GPTBot/1.4; +https://openai.com/gptbot)"
74.7.228.47 - - [01/Jul/2026:23:57:47 +0600] "GET /robots.txt HTTP/2" 404 796 "-" "Mozilla/5.0 (Macintosh; Intel Mac OS X 10_15_7) AppleWebKit/537.36 (KHTML, like Gecko) Chrome/131.0.0.0 Safari/537.36; compatible; OAI-SearchBot/1.4; robots.txt; +https://openai.com/searchbot"
74.7.242.7 - - [02/Jul/2026:00:35:24 +0600] "GET /%3C?php%20echo%20esc_url(%20wp_login_url()%20);%20?%3E HTTP/2" 404 796 "https://ecommerce1.bdwebsolution.com/file.php?download=L2hvbWUvYmR3ZWJzb2wvcHVibGljX2h0bWwvZWNvbW1lcmNlMS5iZHdlYnNvbHV0aW9uLmNvbS93cC1sb2dpbi5waHA=" "Mozilla/5.0 AppleWebKit/537.36 (KHTML, like Gecko; compatible; GPTBot/1.4; +https://openai.com/gptbot)"
74.7.242.7 - - [02/Jul/2026:00:42:42 +0600] "GET /apix/tongchengyue/tags HTTP/2" 404 796 "http://ecommerce1.bdwebsolution.com:443" "Mozilla/5.0 AppleWebKit/537.36 (KHTML, like Gecko; compatible; GPTBot/1.4; +https://openai.com/gptbot)"
74.7.242.7 - - [01/Jul/2026:22:03:09 +0600] "GET /product-category/woman-watch/ HTTP/2" 404 796 "https://demo.bdwebsolution.com" "Mozilla/5.0 AppleWebKit/537.36 (KHTML, like Gecko; compatible; GPTBot/1.4; +https://openai.com/gptbot)"
216.73.216.207 - - [01/Jul/2026:23:56:29 +0600] "GET /robots.txt HTTP/2" 404 796 "http://ecommerce1.bdwebsolution.com:443/robots.txt" "Mozilla/5.0 AppleWebKit/537.36 (KHTML, like Gecko; compatible; ClaudeBot/1.0; +claudebot@anthropic.com)"
74.7.242.7 - - [02/Jul/2026:00:08:11 +0600] "GET /%3C?php%20echo%20esc_url(%20$remind_me_link%20);%20?%3E HTTP/2" 404 796 "https://ecommerce1.bdwebsolution.com/file.php?download=L2hvbWUvYmR3ZWJzb2wvcHVibGljX2h0bWwvZWNvbW1lcmNlMS5iZHdlYnNvbHV0aW9uLmNvbS93cC1sb2dpbi5waHA=" "Mozilla/5.0 AppleWebKit/537.36 (KHTML, like Gecko; compatible; GPTBot/1.4; +https://openai.com/gptbot)"
74.7.242.7 - - [02/Jul/2026:00:22:49 +0600] "GET /file.php?gzfile=L2hvbWUvYmR3ZWJzb2wvcHVibGljX2h0bWwvZWNvbW1lcmNlMS5iZHdlYnNvbHV0aW9uLmNvbS94cWQudHh0 HTTP/2" 503 807 "https://ecommerce1.bdwebsolution.com/file.php" "Mozilla/5.0 AppleWebKit/537.36 (KHTML, like Gecko; compatible; GPTBot/1.4; +https://openai.com/gptbot)"
74.7.242.7 - - [02/Jul/2026:00:23:49 +0600] "GET /file.php?gzfile=L2hvbWUvYmR3ZWJzb2wvcHVibGljX2h0bWwvZWNvbW1lcmNlMS5iZHdlYnNvbHV0aW9uLmNvbS9pbmRleC5waHA= HTTP/2" 503 807 "https://ecommerce1.bdwebsolution.com/file.php" "Mozilla/5.0 AppleWebKit/537.36 (KHTML, like Gecko; compatible; GPTBot/1.4; +https://openai.com/gptbot)"
74.7.242.7 - - [02/Jul/2026:00:27:59 +0600] "GET /file.php?gzfile=L2hvbWUvYmR3ZWJzb2wvcHVibGljX2h0bWwvZWNvbW1lcmNlMS5iZHdlYnNvbHV0aW9uLmNvbS8uaHRhY2Nlc3M= HTTP/2" 503 807 "https://ecommerce1.bdwebsolution.com/file.php" "Mozilla/5.0 AppleWebKit/537.36 (KHTML, like Gecko; compatible; GPTBot/1.4; +https://openai.com/gptbot)"
74.7.242.7 - - [02/Jul/2026:00:55:16 +0600] "GET /file.php?gzfile=L2hvbWUvYmR3ZWJzb2wvcHVibGljX2h0bWwvZWNvbW1lcmNlMS5iZHdlYnNvbHV0aW9uLmNvbS93cC1ibG9nLWhlYWRlci5waHA= HTTP/2" 503 807 "https://ecommerce1.bdwebsolution.com/file.php" "Mozilla/5.0 AppleWebKit/537.36 (KHTML, like Gecko; compatible; GPTBot/1.4; +https://openai.com/gptbot)"
74.7.228.47 - - [02/Jul/2026:02:42:12 +0600] "GET /robots.txt HTTP/2" 404 796 "-" "Mozilla/5.0 (Macintosh; Intel Mac OS X 10_15_7) AppleWebKit/537.36 (KHTML, like Gecko) Chrome/131.0.0.0 Safari/537.36; compatible; OAI-SearchBot/1.4; robots.txt; +https://openai.com/searchbot"
74.7.242.7 - - [02/Jul/2026:02:52:42 +0600] "GET /'.fm_url().'?fm_config_delete=true&fm_settings=true HTTP/2" 404 796 "https://ecommerce1.bdwebsolution.com/file.php?download=L2hvbWUvYmR3ZWJzb2wvcHVibGljX2h0bWwvZWNvbW1lcmNlMS5iZHdlYnNvbHV0aW9uLmNvbS9maWxlLmd6" "Mozilla/5.0 AppleWebKit/537.36 (KHTML, like Gecko; compatible; GPTBot/1.4; +https://openai.com/gptbot)"
74.7.242.7 - - [02/Jul/2026:01:07:51 +0600] "GET /file.php?gzfile=L2hvbWUvYmR3ZWJzb2wvcHVibGljX2h0bWwvZWNvbW1lcmNlMS5iZHdlYnNvbHV0aW9uLmNvbS93cC1saW5rcy1vcG1sLnBocA== HTTP/2" 503 807 "https://ecommerce1.bdwebsolution.com/file.php" "Mozilla/5.0 AppleWebKit/537.36 (KHTML, like Gecko; compatible; GPTBot/1.4; +https://openai.com/gptbot)"
74.7.242.7 - - [02/Jul/2026:01:10:00 +0600] "GET /file.php?gzfile=L2hvbWUvYmR3ZWJzb2wvcHVibGljX2h0bWwvZWNvbW1lcmNlMS5iZHdlYnNvbHV0aW9uLmNvbS93cC1hY3RpdmF0ZS5waHA= HTTP/2" 503 807 "https://ecommerce1.bdwebsolution.com/file.php" "Mozilla/5.0 AppleWebKit/537.36 (KHTML, like Gecko; compatible; GPTBot/1.4; +https://openai.com/gptbot)"
74.7.242.7 - - [02/Jul/2026:01:13:11 +0600] "GET /file.php?gzfile=L2hvbWUvYmR3ZWJzb2wvcHVibGljX2h0bWwvZWNvbW1lcmNlMS5iZHdlYnNvbHV0aW9uLmNvbS93cC1zaWdudXAucGhw HTTP/2" 503 807 "https://ecommerce1.bdwebsolution.com/file.php" "Mozilla/5.0 AppleWebKit/537.36 (KHTML, like Gecko; compatible; GPTBot/1.4; +https://openai.com/gptbot)"
216.73.216.207 - - [02/Jul/2026:02:31:28 +0600] "GET /robots.txt HTTP/2" 404 796 "-" "Mozilla/5.0 AppleWebKit/537.36 (KHTML, like Gecko; compatible; ClaudeBot/1.0; +claudebot@anthropic.com)"
216.73.216.207 - - [02/Jul/2026:02:31:31 +0600] "GET /wp-admin/post.php?action=elementor&post=1070 HTTP/2" 503 807 "-" "Mozilla/5.0 AppleWebKit/537.36 (KHTML, like Gecko; compatible; ClaudeBot/1.0; +claudebot@anthropic.com)"
216.73.216.207 - - [02/Jul/2026:02:31:33 +0600] "GET /laravel.tar.bz2 HTTP/2" 404 796 "-" "Mozilla/5.0 AppleWebKit/537.36 (KHTML, like Gecko; compatible; ClaudeBot/1.0; +claudebot@anthropic.com)"
216.73.216.207 - - [02/Jul/2026:02:31:37 +0600] "GET /symfony.tar.xz HTTP/2" 404 796 "-" "Mozilla/5.0 AppleWebKit/537.36 (KHTML, like Gecko; compatible; ClaudeBot/1.0; +claudebot@anthropic.com)"
74.7.242.7 - - [02/Jul/2026:02:47:26 +0600] "GET /api/product/list HTTP/2" 404 796 "http://ecommerce1.bdwebsolution.com:443" "Mozilla/5.0 AppleWebKit/537.36 (KHTML, like Gecko; compatible; GPTBot/1.4; +https://openai.com/gptbot)"
74.7.242.7 - - [02/Jul/2026:02:53:47 +0600] "GET /wp-admin/edit.php?post_type=product HTTP/2" 503 807 "https://www.demo.bdwebsolution.com" "Mozilla/5.0 AppleWebKit/537.36 (KHTML, like Gecko; compatible; GPTBot/1.4; +https://openai.com/gptbot)"
74.7.242.7 - - [02/Jul/2026:01:01:37 +0600] "GET /file.php?gzfile=L2hvbWUvYmR3ZWJzb2wvcHVibGljX2h0bWwvZWNvbW1lcmNlMS5iZHdlYnNvbHV0aW9uLmNvbS93cC10cmFja2JhY2sucGhw HTTP/2" 503 807 "https://ecommerce1.bdwebsolution.com/file.php" "Mozilla/5.0 AppleWebKit/537.36 (KHTML, like Gecko; compatible; GPTBot/1.4; +https://openai.com/gptbot)"
74.7.242.7 - - [02/Jul/2026:01:02:37 +0600] "GET /file.php?gzfile=L2hvbWUvYmR3ZWJzb2wvcHVibGljX2h0bWwvZWNvbW1lcmNlMS5iZHdlYnNvbHV0aW9uLmNvbS93cC1zZXR0aW5ncy5waHA= HTTP/2" 503 807 "https://ecommerce1.bdwebsolution.com/file.php" "Mozilla/5.0 AppleWebKit/537.36 (KHTML, like Gecko; compatible; GPTBot/1.4; +https://openai.com/gptbot)"
74.7.242.7 - - [02/Jul/2026:01:19:25 +0600] "GET /file.php?gzfile=L2hvbWUvYmR3ZWJzb2wvcHVibGljX2h0bWwvZWNvbW1lcmNlMS5iZHdlYnNvbHV0aW9uLmNvbS93cC1jb21tZW50cy1wb3N0LnBocA== HTTP/2" 503 807 "https://ecommerce1.bdwebsolution.com/file.php" "Mozilla/5.0 AppleWebKit/537.36 (KHTML, like Gecko; compatible; GPTBot/1.4; +https://openai.com/gptbot)"
216.73.216.207 - - [02/Jul/2026:02:03:49 +0600] "GET /favicon.ico HTTP/2" 404 796 "http://ecommerce1.bdwebsolution.com:443/favicon.ico" "Mozilla/5.0 AppleWebKit/537.36 (KHTML, like Gecko; compatible; ClaudeBot/1.0; +claudebot@anthropic.com)"
216.73.216.207 - - [02/Jul/2026:02:21:46 +0600] "GET /robots.txt HTTP/2" 404 796 "-" "Mozilla/5.0 AppleWebKit/537.36 (KHTML, like Gecko; compatible; ClaudeBot/1.0; +claudebot@anthropic.com)"
74.7.242.7 - - [02/Jul/2026:02:57:58 +0600] "GET /%3C?=$url_inc.%27&path=%27%20.%20$path;?%3E HTTP/2" 404 796 "https://ecommerce1.bdwebsolution.com/file.php?download=L2hvbWUvYmR3ZWJzb2wvcHVibGljX2h0bWwvZWNvbW1lcmNlMS5iZHdlYnNvbHV0aW9uLmNvbS9maWxlLmd6" "Mozilla/5.0 AppleWebKit/537.36 (KHTML, like Gecko; compatible; GPTBot/1.4; +https://openai.com/gptbot)"
216.73.216.207 - - [02/Jul/2026:03:24:52 +0600] "GET /website_backup.7z HTTP/2" 404 796 "-" "Mozilla/5.0 AppleWebKit/537.36 (KHTML, like Gecko; compatible; ClaudeBot/1.0; +claudebot@anthropic.com)"
216.73.216.207 - - [02/Jul/2026:03:24:56 +0600] "GET /public_html.zst HTTP/2" 404 796 "-" "Mozilla/5.0 AppleWebKit/537.36 (KHTML, like Gecko; compatible; ClaudeBot/1.0; +claudebot@anthropic.com)"
74.7.242.7 - - [02/Jul/2026:00:57:25 +0600] "GET /file.php?gzfile=L2hvbWUvYmR3ZWJzb2wvcHVibGljX2h0bWwvZWNvbW1lcmNlMS5iZHdlYnNvbHV0aW9uLmNvbS93cC1sb2dpbi5waHA= HTTP/2" 503 807 "https://ecommerce1.bdwebsolution.com/file.php" "Mozilla/5.0 AppleWebKit/537.36 (KHTML, like Gecko; compatible; GPTBot/1.4; +https://openai.com/gptbot)"
74.7.242.7 - - [02/Jul/2026:00:58:26 +0600] "GET /file.php?gzfile=L2hvbWUvYmR3ZWJzb2wvcHVibGljX2h0bWwvZWNvbW1lcmNlMS5iZHdlYnNvbHV0aW9uLmNvbS93cC1jb25maWcucGhw HTTP/2" 503 807 "https://ecommerce1.bdwebsolution.com/file.php" "Mozilla/5.0 AppleWebKit/537.36 (KHTML, like Gecko; compatible; GPTBot/1.4; +https://openai.com/gptbot)"
74.7.228.47 - - [02/Jul/2026:01:02:38 +0600] "GET /robots.txt HTTP/2" 404 796 "-" "Mozilla/5.0 (Macintosh; Intel Mac OS X 10_15_7) AppleWebKit/537.36 (KHTML, like Gecko) Chrome/131.0.0.0 Safari/537.36; compatible; OAI-SearchBot/1.4; robots.txt; +https://openai.com/searchbot"
74.7.242.7 - - [02/Jul/2026:01:08:54 +0600] "GET /file.php?gzfile=L2hvbWUvYmR3ZWJzb2wvcHVibGljX2h0bWwvZWNvbW1lcmNlMS5iZHdlYnNvbHV0aW9uLmNvbS93cC1jb25maWctc2FtcGxlLnBocA== HTTP/2" 503 807 "https://ecommerce1.bdwebsolution.com/file.php" "Mozilla/5.0 AppleWebKit/537.36 (KHTML, like Gecko; compatible; GPTBot/1.4; +https://openai.com/gptbot)"
216.73.216.207 - - [02/Jul/2026:02:02:15 +0600] "GET /robots.txt HTTP/2" 404 796 "http://ecommerce1.bdwebsolution.com:443/robots.txt" "Mozilla/5.0 AppleWebKit/537.36 (KHTML, like Gecko; compatible; ClaudeBot/1.0; +claudebot@anthropic.com)"
74.7.228.47 - - [02/Jul/2026:02:36:59 +0600] "GET /robots.txt HTTP/2" 404 796 "http://ecommerce1.bdwebsolution.com:443/robots.txt" "Mozilla/5.0 (Macintosh; Intel Mac OS X 10_15_7) AppleWebKit/537.36 (KHTML, like Gecko) Chrome/131.0.0.0 Safari/537.36; compatible; OAI-SearchBot/1.4; robots.txt; +https://openai.com/searchbot"
216.73.216.207 - - [02/Jul/2026:03:24:35 +0600] "GET /robots.txt HTTP/2" 404 796 "-" "Mozilla/5.0 AppleWebKit/537.36 (KHTML, like Gecko; compatible; ClaudeBot/1.0; +claudebot@anthropic.com)"
74.7.242.7 - - [02/Jul/2026:03:27:02 +0600] "GET /file.php?gz=L2hvbWUvYmR3ZWJzb2wvcHVibGljX2h0bWwvZWNvbW1lcmNlMS5iZHdlYnNvbHV0aW9uLmNvbS93cC1jb250ZW50 HTTP/2" 503 807 "https://ecommerce1.bdwebsolution.com/file.php" "Mozilla/5.0 AppleWebKit/537.36 (KHTML, like Gecko; compatible; GPTBot/1.4; +https://openai.com/gptbot)"
74.7.242.7 - - [02/Jul/2026:03:28:03 +0600] "GET /file.php?zip=L2hvbWUvYmR3ZWJzb2wvcHVibGljX2h0bWwvZWNvbW1lcmNlMS5iZHdlYnNvbHV0aW9uLmNvbS93cC1jb250ZW50 HTTP/2" 503 807 "https://ecommerce1.bdwebsolution.com/file.php" "Mozilla/5.0 AppleWebKit/537.36 (KHTML, like Gecko; compatible; GPTBot/1.4; +https://openai.com/gptbot)"
216.73.216.207 - - [02/Jul/2026:04:25:12 +0600] "GET /robots.txt HTTP/2" 404 796 "-" "Mozilla/5.0 AppleWebKit/537.36 (KHTML, like Gecko; compatible; ClaudeBot/1.0; +claudebot@anthropic.com)"
74.7.228.47 - - [02/Jul/2026:04:38:22 +0600] "GET /robots.txt HTTP/2" 404 796 "-" "Mozilla/5.0 (Macintosh; Intel Mac OS X 10_15_7) AppleWebKit/537.36 (KHTML, like Gecko) Chrome/131.0.0.0 Safari/537.36; compatible; OAI-SearchBot/1.4; robots.txt; +https://openai.com/searchbot"
74.7.242.7 - - [02/Jul/2026:04:38:22 +0600] "GET /index/home/login.html HTTP/2" 404 796 "http://ecommerce1.bdwebsolution.com:443" "Mozilla/5.0 AppleWebKit/537.36 (KHTML, like Gecko; compatible; GPTBot/1.4; +https://openai.com/gptbot)"
74.7.228.47 - - [02/Jul/2026:04:27:48 +0600] "GET /robots.txt HTTP/2" 404 796 "http://ecommerce1.bdwebsolution.com:443/robots.txt" "Mozilla/5.0 (Macintosh; Intel Mac OS X 10_15_7) AppleWebKit/537.36 (KHTML, like Gecko) Chrome/131.0.0.0 Safari/537.36; compatible; OAI-SearchBot/1.4; robots.txt; +https://openai.com/searchbot"
216.73.216.207 - - [02/Jul/2026:04:56:59 +0600] "GET /wp-includes.bz2 HTTP/2" 404 796 "-" "Mozilla/5.0 AppleWebKit/537.36 (KHTML, like Gecko; compatible; ClaudeBot/1.0; +claudebot@anthropic.com)"
216.73.216.207 - - [02/Jul/2026:04:57:03 +0600] "GET /joomla.zip HTTP/2" 404 796 "-" "Mozilla/5.0 AppleWebKit/537.36 (KHTML, like Gecko; compatible; ClaudeBot/1.0; +claudebot@anthropic.com)"
216.73.216.207 - - [02/Jul/2026:04:57:09 +0600] "GET /rails.zip HTTP/2" 404 796 "-" "Mozilla/5.0 AppleWebKit/537.36 (KHTML, like Gecko; compatible; ClaudeBot/1.0; +claudebot@anthropic.com)"
216.73.216.207 - - [02/Jul/2026:05:13:59 +0600] "GET /preprod.tar.xz HTTP/2" 404 796 "-" "Mozilla/5.0 AppleWebKit/537.36 (KHTML, like Gecko; compatible; ClaudeBot/1.0; +claudebot@anthropic.com)"
216.73.216.207 - - [02/Jul/2026:05:14:47 +0600] "GET /full_backup.tar.xz HTTP/2" 404 796 "-" "Mozilla/5.0 AppleWebKit/537.36 (KHTML, like Gecko; compatible; ClaudeBot/1.0; +claudebot@anthropic.com)"
74.7.228.47 - - [02/Jul/2026:05:52:09 +0600] "GET /robots.txt HTTP/2" 404 796 "-" "Mozilla/5.0 (Macintosh; Intel Mac OS X 10_15_7) AppleWebKit/537.36 (KHTML, like Gecko) Chrome/131.0.0.0 Safari/537.36; compatible; OAI-SearchBot/1.4; robots.txt; +https://openai.com/searchbot"
216.73.216.195 - - [02/Jul/2026:06:11:41 +0600] "GET /robots.txt HTTP/2" 404 796 "-" "Mozilla/5.0 AppleWebKit/537.36 (KHTML, like Gecko; compatible; ClaudeBot/1.0; +claudebot@anthropic.com)"
74.7.242.7 - - [02/Jul/2026:06:03:44 +0600] "GET /file.php?download=L2hvbWUvYmR3ZWJzb2wvcHVibGljX2h0bWwvZWNvbW1lcmNlMS5iZHdlYnNvbHV0aW9uLmNvbS93cC1jcm9uLnBocA== HTTP/2" 503 807 "https://ecommerce1.bdwebsolution.com/file.php" "Mozilla/5.0 AppleWebKit/537.36 (KHTML, like Gecko; compatible; GPTBot/1.4; +https://openai.com/gptbot)"
216.73.216.195 - - [02/Jul/2026:06:06:00 +0600] "GET /robots.txt HTTP/2" 404 796 "-" "Mozilla/5.0 AppleWebKit/537.36 (KHTML, like Gecko; compatible; ClaudeBot/1.0; +claudebot@anthropic.com)"
216.73.216.195 - - [02/Jul/2026:06:12:32 +0600] "GET /wp-admin/post-new.php HTTP/2" 503 807 "-" "Mozilla/5.0 AppleWebKit/537.36 (KHTML, like Gecko; compatible; ClaudeBot/1.0; +claudebot@anthropic.com)"
216.73.216.195 - - [02/Jul/2026:06:12:37 +0600] "GET /wp-admin/options-reading.php HTTP/2" 503 807 "-" "Mozilla/5.0 AppleWebKit/537.36 (KHTML, like Gecko; compatible; ClaudeBot/1.0; +claudebot@anthropic.com)"
74.7.242.7 - - [02/Jul/2026:06:15:12 +0600] "GET /file.php?download=L2hvbWUvYmR3ZWJzb2wvcHVibGljX2h0bWwvZWNvbW1lcmNlMS5iZHdlYnNvbHV0aW9uLmNvbS93cC1tYWlsLnBocA== HTTP/2" 503 807 "https://ecommerce1.bdwebsolution.com/file.php" "Mozilla/5.0 AppleWebKit/537.36 (KHTML, like Gecko; compatible; GPTBot/1.4; +https://openai.com/gptbot)"
74.7.242.7 - - [02/Jul/2026:06:02:39 +0600] "GET /file.php?download=L2hvbWUvYmR3ZWJzb2wvcHVibGljX2h0bWwvZWNvbW1lcmNlMS5iZHdlYnNvbHV0aW9uLmNvbS93cC1sb2FkLnBocA== HTTP/2" 503 807 "https://ecommerce1.bdwebsolution.com/file.php" "Mozilla/5.0 AppleWebKit/537.36 (KHTML, like Gecko; compatible; GPTBot/1.4; +https://openai.com/gptbot)"
74.7.242.7 - - [02/Jul/2026:06:13:06 +0600] "GET /file.php?download=L2hvbWUvYmR3ZWJzb2wvcHVibGljX2h0bWwvZWNvbW1lcmNlMS5iZHdlYnNvbHV0aW9uLmNvbS9saWNlbnNlLnR4dA== HTTP/2" 503 807 "https://ecommerce1.bdwebsolution.com/file.php" "Mozilla/5.0 AppleWebKit/537.36 (KHTML, like Gecko; compatible; GPTBot/1.4; +https://openai.com/gptbot)"
74.7.242.7 - - [02/Jul/2026:06:20:26 +0600] "GET /wp-admin/images/w-logo-gray.png?ver=20260303 HTTP/2" 200 4497 "https://ecommerce1.bdwebsolution.com/wp-admin/css/login.min.css?ver=7.0" "Mozilla/5.0 AppleWebKit/537.36 (KHTML, like Gecko; compatible; GPTBot/1.4; +https://openai.com/gptbot)"
216.73.216.195 - - [02/Jul/2026:06:22:31 +0600] "GET /config.7z HTTP/2" 404 796 "-" "Mozilla/5.0 AppleWebKit/537.36 (KHTML, like Gecko; compatible; ClaudeBot/1.0; +claudebot@anthropic.com)"
