216.73.216.195 - - [02/Jul/2026:06:22:35 +0600] "GET /django.gz HTTP/2" 404 796 "-" "Mozilla/5.0 AppleWebKit/537.36 (KHTML, like Gecko; compatible; ClaudeBot/1.0; +claudebot@anthropic.com)"
216.73.216.195 - - [02/Jul/2026:06:22:40 +0600] "GET /drupal.tar.gz HTTP/2" 404 796 "-" "Mozilla/5.0 AppleWebKit/537.36 (KHTML, like Gecko; compatible; ClaudeBot/1.0; +claudebot@anthropic.com)"
216.73.216.195 - - [02/Jul/2026:06:22:45 +0600] "GET /pre-prod.zip HTTP/2" 404 796 "-" "Mozilla/5.0 AppleWebKit/537.36 (KHTML, like Gecko; compatible; ClaudeBot/1.0; +claudebot@anthropic.com)"
216.73.216.195 - - [02/Jul/2026:06:22:50 +0600] "GET /var.bz2 HTTP/2" 404 796 "-" "Mozilla/5.0 AppleWebKit/537.36 (KHTML, like Gecko; compatible; ClaudeBot/1.0; +claudebot@anthropic.com)"
216.73.216.195 - - [02/Jul/2026:06:24:17 +0600] "GET /backup_full.tgz HTTP/2" 404 796 "-" "Mozilla/5.0 AppleWebKit/537.36 (KHTML, like Gecko; compatible; ClaudeBot/1.0; +claudebot@anthropic.com)"
74.7.242.7 - - [02/Jul/2026:06:31:49 +0600] "GET /file.php?edit=readme.html&fm=true&path=/home/bdwebsol/public_html/ecommerce1.bdwebsolution.com/ HTTP/2" 503 807 "https://ecommerce1.bdwebsolution.com/file.php" "Mozilla/5.0 AppleWebKit/537.36 (KHTML, like Gecko; compatible; GPTBot/1.4; +https://openai.com/gptbot)"
74.7.242.7 - - [02/Jul/2026:06:44:31 +0600] "GET /file.php?download=L2hvbWUvYmR3ZWJzb2wvcHVibGljX2h0bWwvZWNvbW1lcmNlMS5iZHdlYnNvbHV0aW9uLmNvbS9yZWFkbWUuaHRtbA== HTTP/2" 503 807 "https://ecommerce1.bdwebsolution.com/file.php" "Mozilla/5.0 AppleWebKit/537.36 (KHTML, like Gecko; compatible; GPTBot/1.4; +https://openai.com/gptbot)"
74.7.242.7 - - [02/Jul/2026:06:43:28 +0600] "GET /file.php?fm=true&path=/home/bdwebsol/public_html/ecommerce1.bdwebsolution.com/&rename=readme.html HTTP/2" 503 807 "https://ecommerce1.bdwebsolution.com/file.php" "Mozilla/5.0 AppleWebKit/537.36 (KHTML, like Gecko; compatible; GPTBot/1.4; +https://openai.com/gptbot)"
74.7.242.7 - - [02/Jul/2026:06:47:40 +0600] "GET /file.php?download=L2hvbWUvYmR3ZWJzb2wvcHVibGljX2h0bWwvZWNvbW1lcmNlMS5iZHdlYnNvbHV0aW9uLmNvbS9maWxlLnBocA== HTTP/2" 503 807 "https://ecommerce1.bdwebsolution.com/file.php" "Mozilla/5.0 AppleWebKit/537.36 (KHTML, like Gecko; compatible; GPTBot/1.4; +https://openai.com/gptbot)"
74.7.242.7 - - [02/Jul/2026:06:51:51 +0600] "GET /file.php?fm=true&path=/home/bdwebsol/public_html/ecommerce1.bdwebsolution.com/&rights=readme.html HTTP/2" 503 807 "https://ecommerce1.bdwebsolution.com/file.php" "Mozilla/5.0 AppleWebKit/537.36 (KHTML, like Gecko; compatible; GPTBot/1.4; +https://openai.com/gptbot)"
74.7.242.7 - - [02/Jul/2026:06:57:02 +0600] "GET /file.php?fm=true&path=/home/bdwebsol/public_html/ecommerce1.bdwebsolution.com/.well-known HTTP/2" 503 807 "https://ecommerce1.bdwebsolution.com/file.php" "Mozilla/5.0 AppleWebKit/537.36 (KHTML, like Gecko; compatible; GPTBot/1.4; +https://openai.com/gptbot)"
74.7.228.47 - - [02/Jul/2026:07:00:04 +0600] "GET /robots.txt HTTP/2" 404 796 "-" "Mozilla/5.0 (Macintosh; Intel Mac OS X 10_15_7) AppleWebKit/537.36 (KHTML, like Gecko) Chrome/131.0.0.0 Safari/537.36; compatible; OAI-SearchBot/1.4; robots.txt; +https://openai.com/searchbot"
74.7.242.7 - - [02/Jul/2026:07:11:41 +0600] "GET /file.php?fm=true&path=/home/bdwebsol/public_html/ecommerce1.bdwebsolution.com/.. HTTP/2" 503 807 "https://ecommerce1.bdwebsolution.com/file.php" "Mozilla/5.0 AppleWebKit/537.36 (KHTML, like Gecko; compatible; GPTBot/1.4; +https://openai.com/gptbot)"
74.7.242.7 - - [02/Jul/2026:07:10:37 +0600] "GET /file.php?fm=true&path=/home/bdwebsol/public_html/ecommerce1.bdwebsolution.com/. HTTP/2" 503 807 "https://ecommerce1.bdwebsolution.com/file.php" "Mozilla/5.0 AppleWebKit/537.36 (KHTML, like Gecko; compatible; GPTBot/1.4; +https://openai.com/gptbot)"
216.73.216.195 - - [02/Jul/2026:07:36:13 +0600] "GET /robots.txt HTTP/2" 404 796 "-" "Mozilla/5.0 AppleWebKit/537.36 (KHTML, like Gecko; compatible; ClaudeBot/1.0; +claudebot@anthropic.com)"
74.7.228.47 - - [02/Jul/2026:08:07:14 +0600] "GET /robots.txt HTTP/2" 404 796 "-" "Mozilla/5.0 (Macintosh; Intel Mac OS X 10_15_7) AppleWebKit/537.36 (KHTML, like Gecko) Chrome/131.0.0.0 Safari/537.36; compatible; OAI-SearchBot/1.4; robots.txt; +https://openai.com/searchbot"
74.7.242.7 - - [02/Jul/2026:08:30:20 +0600] "GET /file.php?fm=true&path=/home/bdwebsol/public_html/ecommerce1.bdwebsolution.com/&rename=.well-known HTTP/2" 503 807 "https://ecommerce1.bdwebsolution.com/file.php" "Mozilla/5.0 AppleWebKit/537.36 (KHTML, like Gecko; compatible; GPTBot/1.4; +https://openai.com/gptbot)"
74.7.242.7 - - [02/Jul/2026:08:26:08 +0600] "GET /file.php?fm=true&path=/home/bdwebsol/public_html/ecommerce1.bdwebsolution.com/&rights=error_log HTTP/2" 503 807 "https://ecommerce1.bdwebsolution.com/file.php" "Mozilla/5.0 AppleWebKit/537.36 (KHTML, like Gecko; compatible; GPTBot/1.4; +https://openai.com/gptbot)"
74.7.242.7 - - [02/Jul/2026:08:32:21 +0600] "GET /file.php?fm=true&path=/home/bdwebsol/public_html/ecommerce1.bdwebsolution.com/&rights=.htaccess HTTP/2" 503 807 "https://ecommerce1.bdwebsolution.com/file.php" "Mozilla/5.0 AppleWebKit/537.36 (KHTML, like Gecko; compatible; GPTBot/1.4; +https://openai.com/gptbot)"
74.7.242.7 - - [02/Jul/2026:08:17:40 +0600] "GET /'.thangweb(true).'?edit=%27.basename($filename).%27&fm=true&path=%27.str_replace(%27/%27.basename($filename),%27/%27,$filename).%27 HTTP/2" 404 796 "https://ecommerce1.bdwebsolution.com/file.php?download=L2hvbWUvYmR3ZWJzb2wvcHVibGljX2h0bWwvZWNvbW1lcmNlMS5iZHdlYnNvbHV0aW9uLmNvbS9maWxlLmd6" "Mozilla/5.0 AppleWebKit/537.36 (KHTML, like Gecko; compatible; GPTBot/1.4; +https://openai.com/gptbot)"
74.7.242.7 - - [02/Jul/2026:08:28:13 +0600] "GET /file.php?edit=license.txt&fm=true&path=/home/bdwebsol/public_html/ecommerce1.bdwebsolution.com/ HTTP/2" 503 807 "https://ecommerce1.bdwebsolution.com/file.php" "Mozilla/5.0 AppleWebKit/537.36 (KHTML, like Gecko; compatible; GPTBot/1.4; +https://openai.com/gptbot)"
216.73.216.195 - - [02/Jul/2026:08:43:11 +0600] "GET /robots.txt HTTP/2" 404 796 "-" "Mozilla/5.0 AppleWebKit/537.36 (KHTML, like Gecko; compatible; ClaudeBot/1.0; +claudebot@anthropic.com)"
74.7.242.7 - - [02/Jul/2026:08:33:23 +0600] "GET /file.php?fm=true&path=/home/bdwebsol/public_html/ecommerce1.bdwebsolution.com/&rename=error_log HTTP/2" 503 807 "https://ecommerce1.bdwebsolution.com/file.php" "Mozilla/5.0 AppleWebKit/537.36 (KHTML, like Gecko; compatible; GPTBot/1.4; +https://openai.com/gptbot)"
74.7.242.7 - - [02/Jul/2026:08:34:25 +0600] "GET /file.php?fm=true&path=/home/bdwebsol/public_html/ecommerce1.bdwebsolution.com/&rename=.htaccess HTTP/2" 503 807 "https://ecommerce1.bdwebsolution.com/file.php" "Mozilla/5.0 AppleWebKit/537.36 (KHTML, like Gecko; compatible; GPTBot/1.4; +https://openai.com/gptbot)"
74.7.242.7 - - [02/Jul/2026:08:45:56 +0600] "GET /file.php?edit=error_log&fm=true&path=/home/bdwebsol/public_html/ecommerce1.bdwebsolution.com/ HTTP/2" 503 807 "https://ecommerce1.bdwebsolution.com/file.php" "Mozilla/5.0 AppleWebKit/537.36 (KHTML, like Gecko; compatible; GPTBot/1.4; +https://openai.com/gptbot)"
74.7.242.7 - - [02/Jul/2026:08:46:55 +0600] "GET /file.php?edit=xqd.txt&fm=true&path=/home/bdwebsol/public_html/ecommerce1.bdwebsolution.com/ HTTP/2" 503 807 "https://ecommerce1.bdwebsolution.com/file.php" "Mozilla/5.0 AppleWebKit/537.36 (KHTML, like Gecko; compatible; GPTBot/1.4; +https://openai.com/gptbot)"
74.7.242.7 - - [02/Jul/2026:08:41:46 +0600] "GET /file.php?edit=.htaccess&fm=true&path=/home/bdwebsol/public_html/ecommerce1.bdwebsolution.com/ HTTP/2" 503 807 "https://ecommerce1.bdwebsolution.com/file.php" "Mozilla/5.0 AppleWebKit/537.36 (KHTML, like Gecko; compatible; GPTBot/1.4; +https://openai.com/gptbot)"
74.7.242.7 - - [02/Jul/2026:08:38:40 +0600] "GET /file.php?edit=file.gz&fm=true&path=/home/bdwebsol/public_html/ecommerce1.bdwebsolution.com/ HTTP/2" 503 807 "https://ecommerce1.bdwebsolution.com/file.php" "Mozilla/5.0 AppleWebKit/537.36 (KHTML, like Gecko; compatible; GPTBot/1.4; +https://openai.com/gptbot)"
74.7.242.7 - - [02/Jul/2026:08:39:40 +0600] "GET /file.php?fm=true&path=/home/bdwebsol/public_html/ecommerce1.bdwebsolution.com/&rename=file.gz HTTP/2" 503 807 "https://ecommerce1.bdwebsolution.com/file.php" "Mozilla/5.0 AppleWebKit/537.36 (KHTML, like Gecko; compatible; GPTBot/1.4; +https://openai.com/gptbot)"
74.7.242.7 - - [02/Jul/2026:08:54:09 +0600] "GET /file.php?fm=true&path=/home/bdwebsol/public_html/ecommerce1.bdwebsolution.com/&rights=license.txt HTTP/2" 503 807 "https://ecommerce1.bdwebsolution.com/file.php" "Mozilla/5.0 AppleWebKit/537.36 (KHTML, like Gecko; compatible; GPTBot/1.4; +https://openai.com/gptbot)"
74.7.242.7 - - [02/Jul/2026:08:55:12 +0600] "GET /file.php?fm=true&path=/home/bdwebsol/public_html/ecommerce1.bdwebsolution.com/&rename=license.txt HTTP/2" 503 807 "https://ecommerce1.bdwebsolution.com/file.php" "Mozilla/5.0 AppleWebKit/537.36 (KHTML, like Gecko; compatible; GPTBot/1.4; +https://openai.com/gptbot)"
74.7.242.7 - - [02/Jul/2026:09:07:47 +0600] "GET /file.php?fm=true&path=/home/bdwebsol/public_html/ecommerce1.bdwebsolution.com/&rights=.well-known HTTP/2" 503 807 "https://ecommerce1.bdwebsolution.com/file.php" "Mozilla/5.0 AppleWebKit/537.36 (KHTML, like Gecko; compatible; GPTBot/1.4; +https://openai.com/gptbot)"
216.73.216.195 - - [02/Jul/2026:09:11:46 +0600] "GET /robots.txt HTTP/2" 404 796 "-" "Mozilla/5.0 AppleWebKit/537.36 (KHTML, like Gecko; compatible; ClaudeBot/1.0; +claudebot@anthropic.com)"
74.7.242.7 - - [02/Jul/2026:09:10:55 +0600] "GET /file.php?fm=true&path=/home/bdwebsol/public_html/ecommerce1.bdwebsolution.com/&rename=xqd.txt HTTP/2" 503 807 "https://ecommerce1.bdwebsolution.com/file.php" "Mozilla/5.0 AppleWebKit/537.36 (KHTML, like Gecko; compatible; GPTBot/1.4; +https://openai.com/gptbot)"
74.7.242.7 - - [02/Jul/2026:09:12:01 +0600] "GET /file.php?fm=true&path=/home/bdwebsol/public_html/ecommerce1.bdwebsolution.com/&rights=file.gz HTTP/2" 503 807 "https://ecommerce1.bdwebsolution.com/file.php" "Mozilla/5.0 AppleWebKit/537.36 (KHTML, like Gecko; compatible; GPTBot/1.4; +https://openai.com/gptbot)"
74.7.242.7 - - [02/Jul/2026:09:08:51 +0600] "GET /file.php?fm=true&path=/home/bdwebsol/public_html/ecommerce1.bdwebsolution.com/&rights=xqd.txt HTTP/2" 503 807 "https://ecommerce1.bdwebsolution.com/file.php" "Mozilla/5.0 AppleWebKit/537.36 (KHTML, like Gecko; compatible; GPTBot/1.4; +https://openai.com/gptbot)"
74.7.228.47 - - [02/Jul/2026:10:00:56 +0600] "GET /robots.txt HTTP/2" 404 796 "http://ecommerce1.bdwebsolution.com:443/robots.txt" "Mozilla/5.0 (Macintosh; Intel Mac OS X 10_15_7) AppleWebKit/537.36 (KHTML, like Gecko) Chrome/131.0.0.0 Safari/537.36; compatible; OAI-SearchBot/1.4; robots.txt; +https://openai.com/searchbot"
74.7.242.7 - - [02/Jul/2026:10:11:26 +0600] "GET /forerest/user/custSrv/findOne HTTP/2" 404 796 "http://ecommerce1.bdwebsolution.com:443" "Mozilla/5.0 AppleWebKit/537.36 (KHTML, like Gecko; compatible; GPTBot/1.4; +https://openai.com/gptbot)"
74.7.228.47 - - [02/Jul/2026:10:11:27 +0600] "GET /robots.txt HTTP/2" 404 796 "-" "Mozilla/5.0 (Macintosh; Intel Mac OS X 10_15_7) AppleWebKit/537.36 (KHTML, like Gecko) Chrome/131.0.0.0 Safari/537.36; compatible; OAI-SearchBot/1.4; robots.txt; +https://openai.com/searchbot"
216.73.216.195 - - [02/Jul/2026:10:19:01 +0600] "GET /var.tar.xz HTTP/2" 404 796 "-" "Mozilla/5.0 AppleWebKit/537.36 (KHTML, like Gecko; compatible; ClaudeBot/1.0; +claudebot@anthropic.com)"
216.73.216.195 - - [02/Jul/2026:10:18:13 +0600] "GET /robots.txt HTTP/2" 404 796 "-" "Mozilla/5.0 AppleWebKit/537.36 (KHTML, like Gecko; compatible; ClaudeBot/1.0; +claudebot@anthropic.com)"
216.73.216.195 - - [02/Jul/2026:10:20:25 +0600] "GET /laravel.7z HTTP/2" 404 796 "-" "Mozilla/5.0 AppleWebKit/537.36 (KHTML, like Gecko; compatible; ClaudeBot/1.0; +claudebot@anthropic.com)"
216.73.216.195 - - [02/Jul/2026:10:37:23 +0600] "GET /robots.txt HTTP/2" 404 796 "-" "Mozilla/5.0 AppleWebKit/537.36 (KHTML, like Gecko; compatible; ClaudeBot/1.0; +claudebot@anthropic.com)"
216.73.216.195 - - [02/Jul/2026:10:37:34 +0600] "GET /wp-admin/nav-menus.php HTTP/2" 503 807 "-" "Mozilla/5.0 AppleWebKit/537.36 (KHTML, like Gecko; compatible; ClaudeBot/1.0; +claudebot@anthropic.com)"
216.73.216.195 - - [02/Jul/2026:10:37:39 +0600] "GET /wp-admin/edit.php?post_type=product HTTP/2" 503 807 "-" "Mozilla/5.0 AppleWebKit/537.36 (KHTML, like Gecko; compatible; ClaudeBot/1.0; +claudebot@anthropic.com)"
216.73.216.195 - - [02/Jul/2026:10:37:37 +0600] "GET /pre-prod.bz2 HTTP/2" 404 796 "-" "Mozilla/5.0 AppleWebKit/537.36 (KHTML, like Gecko; compatible; ClaudeBot/1.0; +claudebot@anthropic.com)"
216.73.216.195 - - [02/Jul/2026:10:38:00 +0600] "GET /prod.tar.bz2 HTTP/2" 404 796 "-" "Mozilla/5.0 AppleWebKit/537.36 (KHTML, like Gecko; compatible; ClaudeBot/1.0; +claudebot@anthropic.com)"
74.7.228.47 - - [02/Jul/2026:11:16:36 +0600] "GET /robots.txt HTTP/2" 404 796 "http://ecommerce1.bdwebsolution.com:443/robots.txt" "Mozilla/5.0 (Macintosh; Intel Mac OS X 10_15_7) AppleWebKit/537.36 (KHTML, like Gecko) Chrome/131.0.0.0 Safari/537.36; compatible; OAI-SearchBot/1.4; robots.txt; +https://openai.com/searchbot"
74.7.242.7 - - [02/Jul/2026:11:27:15 +0600] "GET /Templates/user/js/global.js HTTP/2" 404 796 "http://ecommerce1.bdwebsolution.com:443" "Mozilla/5.0 AppleWebKit/537.36 (KHTML, like Gecko; compatible; GPTBot/1.4; +https://openai.com/gptbot)"
74.7.228.47 - - [02/Jul/2026:11:27:15 +0600] "GET /robots.txt HTTP/2" 404 796 "-" "Mozilla/5.0 (Macintosh; Intel Mac OS X 10_15_7) AppleWebKit/537.36 (KHTML, like Gecko) Chrome/131.0.0.0 Safari/537.36; compatible; OAI-SearchBot/1.4; robots.txt; +https://openai.com/searchbot"
216.73.216.195 - - [02/Jul/2026:11:51:58 +0600] "GET /robots.txt HTTP/2" 404 796 "-" "Mozilla/5.0 AppleWebKit/537.36 (KHTML, like Gecko; compatible; ClaudeBot/1.0; +claudebot@anthropic.com)"
216.73.216.195 - - [02/Jul/2026:12:20:35 +0600] "GET /robots.txt HTTP/2" 404 796 "-" "Mozilla/5.0 AppleWebKit/537.36 (KHTML, like Gecko; compatible; ClaudeBot/1.0; +claudebot@anthropic.com)"
216.73.216.195 - - [02/Jul/2026:12:20:57 +0600] "GET /public_html.tar HTTP/2" 404 796 "-" "Mozilla/5.0 AppleWebKit/537.36 (KHTML, like Gecko; compatible; ClaudeBot/1.0; +claudebot@anthropic.com)"
216.73.216.195 - - [02/Jul/2026:13:49:21 +0600] "GET /joomla.tar.bz2 HTTP/2" 404 796 "-" "Mozilla/5.0 AppleWebKit/537.36 (KHTML, like Gecko; compatible; ClaudeBot/1.0; +claudebot@anthropic.com)"
216.73.216.195 - - [02/Jul/2026:13:49:10 +0600] "GET /robots.txt HTTP/2" 404 796 "-" "Mozilla/5.0 AppleWebKit/537.36 (KHTML, like Gecko; compatible; ClaudeBot/1.0; +claudebot@anthropic.com)"
74.7.228.47 - - [02/Jul/2026:14:59:23 +0600] "GET /robots.txt HTTP/2" 404 796 "-" "Mozilla/5.0 (Macintosh; Intel Mac OS X 10_15_7) AppleWebKit/537.36 (KHTML, like Gecko) Chrome/131.0.0.0 Safari/537.36; compatible; OAI-SearchBot/1.4; robots.txt; +https://openai.com/searchbot"
74.7.242.7 - - [02/Jul/2026:15:10:09 +0600] "GET /file.php?edit=file.php&fm=true&path=/home/bdwebsol/public_html/ecommerce1.bdwebsolution.com/ HTTP/2" 503 807 "https://ecommerce1.bdwebsolution.com/file.php" "Mozilla/5.0 AppleWebKit/537.36 (KHTML, like Gecko; compatible; GPTBot/1.4; +https://openai.com/gptbot)"
74.7.242.7 - - [02/Jul/2026:15:18:25 +0600] "GET /file.php?fm=true&path=/home/bdwebsol/public_html/ecommerce1.bdwebsolution.com/&rename=index.php HTTP/2" 503 807 "https://ecommerce1.bdwebsolution.com/file.php" "Mozilla/5.0 AppleWebKit/537.36 (KHTML, like Gecko; compatible; GPTBot/1.4; +https://openai.com/gptbot)"
74.7.242.7 - - [02/Jul/2026:15:19:29 +0600] "GET /file.php?fm=true&path=/home/bdwebsol/public_html/ecommerce1.bdwebsolution.com/&rights=index.php HTTP/2" 503 807 "https://ecommerce1.bdwebsolution.com/file.php" "Mozilla/5.0 AppleWebKit/537.36 (KHTML, like Gecko; compatible; GPTBot/1.4; +https://openai.com/gptbot)"
74.7.242.7 - - [02/Jul/2026:15:20:35 +0600] "GET /file.php?edit=xmlrpc.php&fm=true&path=/home/bdwebsol/public_html/ecommerce1.bdwebsolution.com/ HTTP/2" 503 807 "https://ecommerce1.bdwebsolution.com/file.php" "Mozilla/5.0 AppleWebKit/537.36 (KHTML, like Gecko; compatible; GPTBot/1.4; +https://openai.com/gptbot)"
74.7.242.7 - - [02/Jul/2026:15:33:08 +0600] "GET /file.php?edit=index.php&fm=true&path=/home/bdwebsol/public_html/ecommerce1.bdwebsolution.com/ HTTP/2" 503 807 "https://ecommerce1.bdwebsolution.com/file.php" "Mozilla/5.0 AppleWebKit/537.36 (KHTML, like Gecko; compatible; GPTBot/1.4; +https://openai.com/gptbot)"
74.7.242.7 - - [02/Jul/2026:15:23:46 +0600] "GET /file.php?fm=true&path=/home/bdwebsol/public_html/ecommerce1.bdwebsolution.com/&rights=file.php HTTP/2" 503 807 "https://ecommerce1.bdwebsolution.com/file.php" "Mozilla/5.0 AppleWebKit/537.36 (KHTML, like Gecko; compatible; GPTBot/1.4; +https://openai.com/gptbot)"
74.7.242.7 - - [02/Jul/2026:15:25:48 +0600] "GET /file.php?fm=true&path=/home/bdwebsol/public_html/ecommerce1.bdwebsolution.com/&rename=file.php HTTP/2" 503 807 "https://ecommerce1.bdwebsolution.com/file.php" "Mozilla/5.0 AppleWebKit/537.36 (KHTML, like Gecko; compatible; GPTBot/1.4; +https://openai.com/gptbot)"
74.7.242.7 - - [02/Jul/2026:15:36:17 +0600] "GET /file.php?fm=true&path=/home/bdwebsol/public_html/ecommerce1.bdwebsolution.com/&rename=xmlrpc.php HTTP/2" 503 807 "https://ecommerce1.bdwebsolution.com/file.php" "Mozilla/5.0 AppleWebKit/537.36 (KHTML, like Gecko; compatible; GPTBot/1.4; +https://openai.com/gptbot)"
74.7.242.7 - - [02/Jul/2026:15:37:18 +0600] "GET /file.php?fm=true&path=/home/bdwebsol/public_html/ecommerce1.bdwebsolution.com/&rights=xmlrpc.php HTTP/2" 503 807 "https://ecommerce1.bdwebsolution.com/file.php" "Mozilla/5.0 AppleWebKit/537.36 (KHTML, like Gecko; compatible; GPTBot/1.4; +https://openai.com/gptbot)"
74.7.242.7 - - [02/Jul/2026:15:52:06 +0600] "GET /file.php?fm=true&path=/home/bdwebsol/public_html/ecommerce1.bdwebsolution.com/&rename=wp-blog-header.php HTTP/2" 503 807 "https://ecommerce1.bdwebsolution.com/file.php" "Mozilla/5.0 AppleWebKit/537.36 (KHTML, like Gecko; compatible; GPTBot/1.4; +https://openai.com/gptbot)"
74.7.242.7 - - [02/Jul/2026:15:54:13 +0600] "GET /file.php?edit=wp-blog-header.php&fm=true&path=/home/bdwebsol/public_html/ecommerce1.bdwebsolution.com/ HTTP/2" 503 807 "https://ecommerce1.bdwebsolution.com/file.php" "Mozilla/5.0 AppleWebKit/537.36 (KHTML, like Gecko; compatible; GPTBot/1.4; +https://openai.com/gptbot)"
74.7.242.7 - - [02/Jul/2026:16:08:40 +0600] "GET /file.php?fm=true&path=/home/bdwebsol/public_html/ecommerce1.bdwebsolution.com/&rights=wp-blog-header.php HTTP/2" 503 807 "https://ecommerce1.bdwebsolution.com/file.php" "Mozilla/5.0 AppleWebKit/537.36 (KHTML, like Gecko; compatible; GPTBot/1.4; +https://openai.com/gptbot)"
216.73.216.195 - - [02/Jul/2026:17:01:12 +0600] "GET /joomla.bz2 HTTP/2" 404 796 "-" "Mozilla/5.0 AppleWebKit/537.36 (KHTML, like Gecko; compatible; ClaudeBot/1.0; +claudebot@anthropic.com)"
216.73.216.195 - - [02/Jul/2026:16:51:11 +0600] "GET /robots.txt HTTP/2" 404 796 "-" "Mozilla/5.0 AppleWebKit/537.36 (KHTML, like Gecko; compatible; ClaudeBot/1.0; +claudebot@anthropic.com)"
74.7.242.7 - - [02/Jul/2026:17:53:21 +0600] "GET /file.php?fm=true&path=/home/bdwebsol/public_html/ecommerce1.bdwebsolution.com/&rename=wp-admin HTTP/2" 503 807 "https://ecommerce1.bdwebsolution.com/file.php" "Mozilla/5.0 AppleWebKit/537.36 (KHTML, like Gecko; compatible; GPTBot/1.4; +https://openai.com/gptbot)"
74.7.242.7 - - [02/Jul/2026:18:03:49 +0600] "GET /file.php?fm=true&path=/home/bdwebsol/public_html/ecommerce1.bdwebsolution.com/&rights=wp-admin HTTP/2" 503 807 "https://ecommerce1.bdwebsolution.com/file.php" "Mozilla/5.0 AppleWebKit/537.36 (KHTML, like Gecko; compatible; GPTBot/1.4; +https://openai.com/gptbot)"
74.7.228.47 - - [02/Jul/2026:17:42:52 +0600] "GET /robots.txt HTTP/2" 404 796 "-" "Mozilla/5.0 (Macintosh; Intel Mac OS X 10_15_7) AppleWebKit/537.36 (KHTML, like Gecko) Chrome/131.0.0.0 Safari/537.36; compatible; OAI-SearchBot/1.4; robots.txt; +https://openai.com/searchbot"
216.73.216.195 - - [02/Jul/2026:18:16:58 +0600] "GET /robots.txt HTTP/2" 404 796 "-" "Mozilla/5.0 AppleWebKit/537.36 (KHTML, like Gecko; compatible; ClaudeBot/1.0; +claudebot@anthropic.com)"
216.73.216.195 - - [02/Jul/2026:18:16:58 +0600] "GET /var.zip HTTP/2" 404 796 "-" "Mozilla/5.0 AppleWebKit/537.36 (KHTML, like Gecko; compatible; ClaudeBot/1.0; +claudebot@anthropic.com)"
216.73.216.195 - - [02/Jul/2026:18:17:03 +0600] "GET /drupal.tar HTTP/2" 404 796 "-" "Mozilla/5.0 AppleWebKit/537.36 (KHTML, like Gecko; compatible; ClaudeBot/1.0; +claudebot@anthropic.com)"
103.220.207.127 - - [02/Jul/2026:19:26:51 +0600] "GET /wp-admin HTTP/1.1" 301 795 "-" "WhatsApp/2.23.20.0"
103.220.207.127 - - [02/Jul/2026:19:26:51 +0600] "GET /wp-admin/ HTTP/1.1" 503 807 "-" "WhatsApp/2.23.20.0"
103.217.99.114 - - [02/Jul/2026:19:26:57 +0600] "GET /wp-admin/ HTTP/2" 503 807 "-" "Mozilla/5.0 (Linux; Android 10; K) AppleWebKit/537.36 (KHTML, like Gecko) Chrome/149.0.0.0 Mobile Safari/537.36"
103.217.99.114 - - [02/Jul/2026:19:26:57 +0600] "GET /favicon.ico HTTP/2" 404 796 "https://ecommerce1.bdwebsolution.com/wp-admin/" "Mozilla/5.0 (Linux; Android 10; K) AppleWebKit/537.36 (KHTML, like Gecko) Chrome/149.0.0.0 Mobile Safari/537.36"
74.7.242.7 - - [02/Jul/2026:19:32:52 +0600] "GET /file.php?fm=true&path=/home/bdwebsol/public_html/ecommerce1.bdwebsolution.com/&rename=wp-includes HTTP/2" 503 807 "https://ecommerce1.bdwebsolution.com/file.php" "Mozilla/5.0 AppleWebKit/537.36 (KHTML, like Gecko; compatible; GPTBot/1.4; +https://openai.com/gptbot)"
74.7.242.7 - - [02/Jul/2026:20:03:45 +0600] "GET /file.php?fm=true&path=/home/bdwebsol/public_html/ecommerce1.bdwebsolution.com/wp-content HTTP/2" 503 807 "https://ecommerce1.bdwebsolution.com/file.php" "Mozilla/5.0 AppleWebKit/537.36 (KHTML, like Gecko; compatible; GPTBot/1.4; +https://openai.com/gptbot)"
74.7.242.7 - - [02/Jul/2026:18:25:44 +0600] "GET /file.php?fm=true&path=/home/bdwebsol/public_html/ecommerce1.bdwebsolution.com/wp-admin HTTP/2" 503 807 "https://ecommerce1.bdwebsolution.com/file.php" "Mozilla/5.0 AppleWebKit/537.36 (KHTML, like Gecko; compatible; GPTBot/1.4; +https://openai.com/gptbot)"
74.7.228.47 - - [02/Jul/2026:19:16:50 +0600] "GET /robots.txt HTTP/2" 404 796 "-" "Mozilla/5.0 (Macintosh; Intel Mac OS X 10_15_7) AppleWebKit/537.36 (KHTML, like Gecko) Chrome/131.0.0.0 Safari/537.36; compatible; OAI-SearchBot/1.4; robots.txt; +https://openai.com/searchbot"
103.220.207.127 - - [02/Jul/2026:19:26:55 +0600] "GET /favicon.ico HTTP/3" 404 796 "https://ecommerce1.bdwebsolution.com/wp-admin/" "Mozilla/5.0 (Linux; Android 10; K) AppleWebKit/537.36 (KHTML, like Gecko) Chrome/150.0.0.0 Mobile Safari/537.36"
103.220.207.127 - - [02/Jul/2026:19:26:56 +0600] "GET /wp-admin/ HTTP/3" 503 807 "-" "Mozilla/5.0 (Linux; Android 10; K) AppleWebKit/537.36 (KHTML, like Gecko) Chrome/150.0.0.0 Mobile Safari/537.36"
103.220.207.127 - - [02/Jul/2026:19:26:57 +0600] "GET /wp-admin/ HTTP/3" 503 807 "-" "Mozilla/5.0 (Linux; Android 10; K) AppleWebKit/537.36 (KHTML, like Gecko) Chrome/150.0.0.0 Mobile Safari/537.36"
103.220.207.127 - - [02/Jul/2026:19:27:11 +0600] "GET / HTTP/3" 503 807 "-" "Mozilla/5.0 (Linux; Android 10; K) AppleWebKit/537.36 (KHTML, like Gecko) Chrome/150.0.0.0 Mobile Safari/537.36"
103.220.207.127 - - [02/Jul/2026:19:27:13 +0600] "GET / HTTP/3" 503 807 "-" "Mozilla/5.0 (Linux; Android 10; K) AppleWebKit/537.36 (KHTML, like Gecko) Chrome/150.0.0.0 Mobile Safari/537.36"
74.7.242.7 - - [02/Jul/2026:19:34:55 +0600] "GET /file.php?fm=true&path=/home/bdwebsol/public_html/ecommerce1.bdwebsolution.com/&rename=wp-content HTTP/2" 503 807 "https://ecommerce1.bdwebsolution.com/file.php" "Mozilla/5.0 AppleWebKit/537.36 (KHTML, like Gecko; compatible; GPTBot/1.4; +https://openai.com/gptbot)"
74.7.242.7 - - [02/Jul/2026:19:26:45 +0600] "GET /file.php?fm=true&path=/home/bdwebsol/public_html/ecommerce1.bdwebsolution.com/wp-includes HTTP/2" 503 807 "https://ecommerce1.bdwebsolution.com/file.php" "Mozilla/5.0 AppleWebKit/537.36 (KHTML, like Gecko; compatible; GPTBot/1.4; +https://openai.com/gptbot)"
103.220.207.127 - - [02/Jul/2026:19:26:55 +0600] "GET /wp-admin HTTP/2" 301 795 "-" "Mozilla/5.0 (Linux; Android 10; K) AppleWebKit/537.36 (KHTML, like Gecko) Chrome/150.0.0.0 Mobile Safari/537.36"
103.220.207.127 - - [02/Jul/2026:19:26:55 +0600] "GET /wp-admin/ HTTP/2" 503 807 "-" "Mozilla/5.0 (Linux; Android 10; K) AppleWebKit/537.36 (KHTML, like Gecko) Chrome/150.0.0.0 Mobile Safari/537.36"
74.7.242.7 - - [02/Jul/2026:19:36:59 +0600] "GET /file.php?fm=true&path=/home/bdwebsol/public_html/ecommerce1.bdwebsolution.com/&rights=wp-content HTTP/2" 503 807 "https://ecommerce1.bdwebsolution.com/file.php" "Mozilla/5.0 AppleWebKit/537.36 (KHTML, like Gecko; compatible; GPTBot/1.4; +https://openai.com/gptbot)"
74.7.242.7 - - [02/Jul/2026:19:39:07 +0600] "GET /file.php?fm=true&path=/home/bdwebsol/public_html/ecommerce1.bdwebsolution.com/&rights=wp-includes HTTP/2" 503 807 "https://ecommerce1.bdwebsolution.com/file.php" "Mozilla/5.0 AppleWebKit/537.36 (KHTML, like Gecko; compatible; GPTBot/1.4; +https://openai.com/gptbot)"
103.15.42.69 - - [02/Jul/2026:19:26:59 +0600] "GET /wp-admin HTTP/2" 301 795 "-" "Mozilla/5.0 (Linux; Android 10; K) AppleWebKit/537.36 (KHTML, like Gecko) Chrome/149.0.0.0 Mobile Safari/537.36"
103.15.42.69 - - [02/Jul/2026:19:26:59 +0600] "GET /wp-admin/ HTTP/2" 503 807 "-" "Mozilla/5.0 (Linux; Android 10; K) AppleWebKit/537.36 (KHTML, like Gecko) Chrome/149.0.0.0 Mobile Safari/537.36"
103.15.42.69 - - [02/Jul/2026:19:27:00 +0600] "GET /favicon.ico HTTP/2" 404 796 "https://ecommerce1.bdwebsolution.com/wp-admin/" "Mozilla/5.0 (Linux; Android 10; K) AppleWebKit/537.36 (KHTML, like Gecko) Chrome/149.0.0.0 Mobile Safari/537.36"
103.220.207.127 - - [02/Jul/2026:20:35:18 +0600] "GET / HTTP/2" 503 807 "-" "Mozilla/5.0 (Linux; Android 10; K) AppleWebKit/537.36 (KHTML, like Gecko) Chrome/150.0.0.0 Mobile Safari/537.36"
103.220.207.127 - - [02/Jul/2026:20:35:18 +0600] "GET /favicon.ico HTTP/2" 404 796 "https://ecommerce1.bdwebsolution.com/" "Mozilla/5.0 (Linux; Android 10; K) AppleWebKit/537.36 (KHTML, like Gecko) Chrome/150.0.0.0 Mobile Safari/537.36"
216.73.216.195 - - [02/Jul/2026:20:42:17 +0600] "GET /robots.txt HTTP/2" 404 796 "-" "Mozilla/5.0 AppleWebKit/537.36 (KHTML, like Gecko; compatible; ClaudeBot/1.0; +claudebot@anthropic.com)"
74.7.228.47 - - [02/Jul/2026:21:34:21 +0600] "GET /robots.txt HTTP/2" 404 796 "http://ecommerce1.bdwebsolution.com:443/robots.txt" "Mozilla/5.0 (Macintosh; Intel Mac OS X 10_15_7) AppleWebKit/537.36 (KHTML, like Gecko) Chrome/131.0.0.0 Safari/537.36; compatible; OAI-SearchBot/1.4; robots.txt; +https://openai.com/searchbot"
74.7.242.7 - - [02/Jul/2026:21:34:26 +0600] "GET /Public/Mobile/ecshe_css/wapmain.css HTTP/2" 404 796 "http://ecommerce1.bdwebsolution.com:443" "Mozilla/5.0 AppleWebKit/537.36 (KHTML, like Gecko; compatible; GPTBot/1.4; +https://openai.com/gptbot)"
74.7.242.7 - - [02/Jul/2026:21:34:41 +0600] "GET /Public/mobile/css/base.css HTTP/2" 404 796 "http://ecommerce1.bdwebsolution.com:443" "Mozilla/5.0 AppleWebKit/537.36 (KHTML, like Gecko; compatible; GPTBot/1.4; +https://openai.com/gptbot)"
74.7.242.7 - - [02/Jul/2026:21:35:53 +0600] "GET /wp-includes/fonts/dashicons.ttf?99ac726223c749443b642ce33df8b800 HTTP/2" 200 31243 "https://ecommerce1.bdwebsolution.com/wp-includes/css/dashicons.min.css?ver=7.0" "Mozilla/5.0 AppleWebKit/537.36 (KHTML, like Gecko; compatible; GPTBot/1.4; +https://openai.com/gptbot)"
74.7.242.7 - - [02/Jul/2026:21:35:55 +0600] "GET /wp-includes/fonts/dashicons.eot?99ac726223c749443b642ce33df8b800 HTTP/2" 200 31218 "https://ecommerce1.bdwebsolution.com/wp-includes/css/dashicons.min.css?ver=7.0" "Mozilla/5.0 AppleWebKit/537.36 (KHTML, like Gecko; compatible; GPTBot/1.4; +https://openai.com/gptbot)"
74.7.242.7 - - [02/Jul/2026:21:35:57 +0600] "GET /wp-includes/js/imgareaselect/imgareaselect.css HTTP/2" 200 215 "https://demo.bdwebsolution.com" "Mozilla/5.0 AppleWebKit/537.36 (KHTML, like Gecko; compatible; GPTBot/1.4; +https://openai.com/gptbot)"
74.7.242.7 - - [02/Jul/2026:21:36:03 +0600] "GET /wp-includes/js/imgareaselect/border-anim-h.gif HTTP/2" 200 178 "https://ecommerce1.bdwebsolution.com/wp-includes/js/imgareaselect/imgareaselect.css" "Mozilla/5.0 AppleWebKit/537.36 (KHTML, like Gecko; compatible; GPTBot/1.4; +https://openai.com/gptbot)"
74.7.242.7 - - [02/Jul/2026:21:36:03 +0600] "GET /wp-includes/js/imgareaselect/border-anim-v.gif HTTP/2" 200 178 "https://ecommerce1.bdwebsolution.com/wp-includes/js/imgareaselect/imgareaselect.css" "Mozilla/5.0 AppleWebKit/537.36 (KHTML, like Gecko; compatible; GPTBot/1.4; +https://openai.com/gptbot)"
74.7.242.7 - - [02/Jul/2026:21:36:25 +0600] "GET /file.php?fm=true&path=/home/bdwebsol/public_html/ecommerce1.bdwebsolution.com/&rename=wp-config-sample.php HTTP/2" 200 8391 "https://ecommerce1.bdwebsolution.com/file.php" "Mozilla/5.0 AppleWebKit/537.36 (KHTML, like Gecko; compatible; GPTBot/1.4; +https://openai.com/gptbot)"
74.7.242.7 - - [02/Jul/2026:21:36:27 +0600] "GET /file.php?fm=true&path=/home/bdwebsol/public_html/ecommerce1.bdwebsolution.com/&rename=wp-links-opml.php HTTP/2" 200 8383 "https://ecommerce1.bdwebsolution.com/file.php" "Mozilla/5.0 AppleWebKit/537.36 (KHTML, like Gecko; compatible; GPTBot/1.4; +https://openai.com/gptbot)"
74.7.242.7 - - [02/Jul/2026:21:36:31 +0600] "GET /file.php?fm=true&path=/home/bdwebsol/public_html/ecommerce1.bdwebsolution.com/ HTTP/2" 200 11841 "https://ecommerce1.bdwebsolution.com/file.php?fm=true&path=/home/bdwebsol/public_html/ecommerce1.bdwebsolution.com/&rename=wp-config-sample.php" "Mozilla/5.0 AppleWebKit/537.36 (KHTML, like Gecko; compatible; GPTBot/1.4; +https://openai.com/gptbot)"
74.7.242.7 - - [02/Jul/2026:21:36:37 +0600] "GET /file.php?zip=L2hvbWUvYmR3ZWJzb2wvcHVibGljX2h0bWwvZWNvbW1lcmNlMS5iZHdlYnNvbHV0aW9uLmNvbS8ud2VsbC1rbm93bg== HTTP/2" 200 6529 "https://ecommerce1.bdwebsolution.com/file.php?fm=true&path=/home/bdwebsol/public_html/ecommerce1.bdwebsolution.com/" "Mozilla/5.0 AppleWebKit/537.36 (KHTML, like Gecko; compatible; GPTBot/1.4; +https://openai.com/gptbot)"
74.7.242.7 - - [02/Jul/2026:21:36:38 +0600] "GET /file.php?gzfile=L2hvbWUvYmR3ZWJzb2wvcHVibGljX2h0bWwvZWNvbW1lcmNlMS5iZHdlYnNvbHV0aW9uLmNvbS93cC1jcm9uLnBocA== HTTP/2" 200 6529 "https://ecommerce1.bdwebsolution.com/file.php?fm=true&path=/home/bdwebsol/public_html/ecommerce1.bdwebsolution.com/" "Mozilla/5.0 AppleWebKit/537.36 (KHTML, like Gecko; compatible; GPTBot/1.4; +https://openai.com/gptbot)"
74.7.242.7 - - [02/Jul/2026:21:36:38 +0600] "GET /file.php?gzfile=L2hvbWUvYmR3ZWJzb2wvcHVibGljX2h0bWwvZWNvbW1lcmNlMS5iZHdlYnNvbHV0aW9uLmNvbS93cC1sb2FkLnBocA== HTTP/2" 200 6502 "https://ecommerce1.bdwebsolution.com/file.php?fm=true&path=/home/bdwebsol/public_html/ecommerce1.bdwebsolution.com/" "Mozilla/5.0 AppleWebKit/537.36 (KHTML, like Gecko; compatible; GPTBot/1.4; +https://openai.com/gptbot)"
74.7.242.7 - - [02/Jul/2026:21:36:39 +0600] "GET /file.php?zip=L2hvbWUvYmR3ZWJzb2wvcHVibGljX2h0bWwvZWNvbW1lcmNlMS5iZHdlYnNvbHV0aW9uLmNvbS93cC1hZG1pbg== HTTP/2" 200 6529 "https://ecommerce1.bdwebsolution.com/file.php?fm=true&path=/home/bdwebsol/public_html/ecommerce1.bdwebsolution.com/" "Mozilla/5.0 AppleWebKit/537.36 (KHTML, like Gecko; compatible; GPTBot/1.4; +https://openai.com/gptbot)"
74.7.242.7 - - [02/Jul/2026:21:36:42 +0600] "GET /file.php?gz=L2hvbWUvYmR3ZWJzb2wvcHVibGljX2h0bWwvZWNvbW1lcmNlMS5iZHdlYnNvbHV0aW9uLmNvbS93cC1pbmNsdWRlcw== HTTP/2" 200 6529 "https://ecommerce1.bdwebsolution.com/file.php?fm=true&path=/home/bdwebsol/public_html/ecommerce1.bdwebsolution.com/" "Mozilla/5.0 AppleWebKit/537.36 (KHTML, like Gecko; compatible; GPTBot/1.4; +https://openai.com/gptbot)"
74.7.242.7 - - [02/Jul/2026:21:37:04 +0600] "GET /file.php?gzfile=L2hvbWUvYmR3ZWJzb2wvcHVibGljX2h0bWwvZWNvbW1lcmNlMS5iZHdlYnNvbHV0aW9uLmNvbS9yZWFkbWUuaHRtbA== HTTP/2" 200 6502 "https://ecommerce1.bdwebsolution.com/file.php?fm=true&path=/home/bdwebsol/public_html/ecommerce1.bdwebsolution.com/" "Mozilla/5.0 AppleWebKit/537.36 (KHTML, like Gecko; compatible; GPTBot/1.4; +https://openai.com/gptbot)"
74.7.242.7 - - [02/Jul/2026:21:37:05 +0600] "GET /file.php?gzfile=L2hvbWUvYmR3ZWJzb2wvcHVibGljX2h0bWwvZWNvbW1lcmNlMS5iZHdlYnNvbHV0aW9uLmNvbS9maWxlLnBocA== HTTP/2" 200 6529 "https://ecommerce1.bdwebsolution.com/file.php?fm=true&path=/home/bdwebsol/public_html/ecommerce1.bdwebsolution.com/" "Mozilla/5.0 AppleWebKit/537.36 (KHTML, like Gecko; compatible; GPTBot/1.4; +https://openai.com/gptbot)"
74.7.242.7 - - [02/Jul/2026:21:37:06 +0600] "GET /file.php?zip=L2hvbWUvYmR3ZWJzb2wvcHVibGljX2h0bWwvZWNvbW1lcmNlMS5iZHdlYnNvbHV0aW9uLmNvbS93cC1pbmNsdWRlcw== HTTP/2" 200 6529 "https://ecommerce1.bdwebsolution.com/file.php?fm=true&path=/home/bdwebsol/public_html/ecommerce1.bdwebsolution.com/" "Mozilla/5.0 AppleWebKit/537.36 (KHTML, like Gecko; compatible; GPTBot/1.4; +https://openai.com/gptbot)"
74.7.242.7 - - [02/Jul/2026:21:37:26 +0600] "GET /file.php?gz=L2hvbWUvYmR3ZWJzb2wvcHVibGljX2h0bWwvZWNvbW1lcmNlMS5iZHdlYnNvbHV0aW9uLmNvbS93cC1hZG1pbg== HTTP/2" 200 6529 "https://ecommerce1.bdwebsolution.com/file.php?fm=true&path=/home/bdwebsol/public_html/ecommerce1.bdwebsolution.com/" "Mozilla/5.0 AppleWebKit/537.36 (KHTML, like Gecko; compatible; GPTBot/1.4; +https://openai.com/gptbot)"
74.7.242.7 - - [02/Jul/2026:21:37:28 +0600] "GET /file.php?gzfile=L2hvbWUvYmR3ZWJzb2wvcHVibGljX2h0bWwvZWNvbW1lcmNlMS5iZHdlYnNvbHV0aW9uLmNvbS94bWxycGMucGhw HTTP/2" 200 6529 "https://ecommerce1.bdwebsolution.com/file.php?fm=true&path=/home/bdwebsol/public_html/ecommerce1.bdwebsolution.com/" "Mozilla/5.0 AppleWebKit/537.36 (KHTML, like Gecko; compatible; GPTBot/1.4; +https://openai.com/gptbot)"
74.7.242.7 - - [02/Jul/2026:21:37:29 +0600] "GET /file.php?gzfile=L2hvbWUvYmR3ZWJzb2wvcHVibGljX2h0bWwvZWNvbW1lcmNlMS5iZHdlYnNvbHV0aW9uLmNvbS9lcnJvcl9sb2c= HTTP/2" 200 6529 "https://ecommerce1.bdwebsolution.com/file.php?fm=true&path=/home/bdwebsol/public_html/ecommerce1.bdwebsolution.com/" "Mozilla/5.0 AppleWebKit/537.36 (KHTML, like Gecko; compatible; GPTBot/1.4; +https://openai.com/gptbot)"
74.7.242.7 - - [02/Jul/2026:21:37:30 +0600] "GET /file.php?gzfile=L2hvbWUvYmR3ZWJzb2wvcHVibGljX2h0bWwvZWNvbW1lcmNlMS5iZHdlYnNvbHV0aW9uLmNvbS94cWQudHh0 HTTP/2" 200 6529 "https://ecommerce1.bdwebsolution.com/file.php?fm=true&path=/home/bdwebsol/public_html/ecommerce1.bdwebsolution.com/" "Mozilla/5.0 AppleWebKit/537.36 (KHTML, like Gecko; compatible; GPTBot/1.4; +https://openai.com/gptbot)"
74.7.242.7 - - [02/Jul/2026:21:37:31 +0600] "GET /file.php?gzfile=L2hvbWUvYmR3ZWJzb2wvcHVibGljX2h0bWwvZWNvbW1lcmNlMS5iZHdlYnNvbHV0aW9uLmNvbS8uaHRhY2Nlc3M= HTTP/2" 200 6529 "https://ecommerce1.bdwebsolution.com/file.php?fm=true&path=/home/bdwebsol/public_html/ecommerce1.bdwebsolution.com/" "Mozilla/5.0 AppleWebKit/537.36 (KHTML, like Gecko; compatible; GPTBot/1.4; +https://openai.com/gptbot)"
74.7.242.7 - - [02/Jul/2026:21:37:33 +0600] "GET /file.php?gzfile=L2hvbWUvYmR3ZWJzb2wvcHVibGljX2h0bWwvZWNvbW1lcmNlMS5iZHdlYnNvbHV0aW9uLmNvbS9pbmRleC5waHA= HTTP/2" 200 6529 "https://ecommerce1.bdwebsolution.com/file.php?fm=true&path=/home/bdwebsol/public_html/ecommerce1.bdwebsolution.com/" "Mozilla/5.0 AppleWebKit/537.36 (KHTML, like Gecko; compatible; GPTBot/1.4; +https://openai.com/gptbot)"
74.7.242.7 - - [02/Jul/2026:21:37:33 +0600] "GET /file.php?gzfile=L2hvbWUvYmR3ZWJzb2wvcHVibGljX2h0bWwvZWNvbW1lcmNlMS5iZHdlYnNvbHV0aW9uLmNvbS93cC1ibG9nLWhlYWRlci5waHA= HTTP/2" 200 6502 "https://ecommerce1.bdwebsolution.com/file.php?fm=true&path=/home/bdwebsol/public_html/ecommerce1.bdwebsolution.com/" "Mozilla/5.0 AppleWebKit/537.36 (KHTML, like Gecko; compatible; GPTBot/1.4; +https://openai.com/gptbot)"
74.7.242.7 - - [02/Jul/2026:21:37:34 +0600] "GET /file.php?gzfile=L2hvbWUvYmR3ZWJzb2wvcHVibGljX2h0bWwvZWNvbW1lcmNlMS5iZHdlYnNvbHV0aW9uLmNvbS93cC1sb2dpbi5waHA= HTTP/2" 200 6529 "https://ecommerce1.bdwebsolution.com/file.php?fm=true&path=/home/bdwebsol/public_html/ecommerce1.bdwebsolution.com/" "Mozilla/5.0 AppleWebKit/537.36 (KHTML, like Gecko; compatible; GPTBot/1.4; +https://openai.com/gptbot)"
74.7.242.7 - - [02/Jul/2026:21:37:36 +0600] "GET /file.php?gzfile=L2hvbWUvYmR3ZWJzb2wvcHVibGljX2h0bWwvZWNvbW1lcmNlMS5iZHdlYnNvbHV0aW9uLmNvbS93cC1jb25maWcucGhw HTTP/2" 200 6529 "https://ecommerce1.bdwebsolution.com/file.php?fm=true&path=/home/bdwebsol/public_html/ecommerce1.bdwebsolution.com/" "Mozilla/5.0 AppleWebKit/537.36 (KHTML, like Gecko; compatible; GPTBot/1.4; +https://openai.com/gptbot)"
74.7.242.7 - - [02/Jul/2026:21:37:36 +0600] "GET /file.php?gzfile=L2hvbWUvYmR3ZWJzb2wvcHVibGljX2h0bWwvZWNvbW1lcmNlMS5iZHdlYnNvbHV0aW9uLmNvbS93cC10cmFja2JhY2sucGhw HTTP/2" 200 6529 "https://ecommerce1.bdwebsolution.com/file.php?fm=true&path=/home/bdwebsol/public_html/ecommerce1.bdwebsolution.com/" "Mozilla/5.0 AppleWebKit/537.36 (KHTML, like Gecko; compatible; GPTBot/1.4; +https://openai.com/gptbot)"
74.7.242.7 - - [02/Jul/2026:21:37:38 +0600] "GET /file.php?gzfile=L2hvbWUvYmR3ZWJzb2wvcHVibGljX2h0bWwvZWNvbW1lcmNlMS5iZHdlYnNvbHV0aW9uLmNvbS93cC1hY3RpdmF0ZS5waHA= HTTP/2" 200 6529 "https://ecommerce1.bdwebsolution.com/file.php?fm=true&path=/home/bdwebsol/public_html/ecommerce1.bdwebsolution.com/" "Mozilla/5.0 AppleWebKit/537.36 (KHTML, like Gecko; compatible; GPTBot/1.4; +https://openai.com/gptbot)"
74.7.242.7 - - [02/Jul/2026:21:37:38 +0600] "GET /file.php?gzfile=L2hvbWUvYmR3ZWJzb2wvcHVibGljX2h0bWwvZWNvbW1lcmNlMS5iZHdlYnNvbHV0aW9uLmNvbS93cC1zZXR0aW5ncy5waHA= HTTP/2" 200 6529 "https://ecommerce1.bdwebsolution.com/file.php?fm=true&path=/home/bdwebsol/public_html/ecommerce1.bdwebsolution.com/" "Mozilla/5.0 AppleWebKit/537.36 (KHTML, like Gecko; compatible; GPTBot/1.4; +https://openai.com/gptbot)"
74.7.242.7 - - [02/Jul/2026:21:37:40 +0600] "GET /file.php?gzfile=L2hvbWUvYmR3ZWJzb2wvcHVibGljX2h0bWwvZWNvbW1lcmNlMS5iZHdlYnNvbHV0aW9uLmNvbS93cC1saW5rcy1vcG1sLnBocA== HTTP/2" 200 6529 "https://ecommerce1.bdwebsolution.com/file.php?fm=true&path=/home/bdwebsol/public_html/ecommerce1.bdwebsolution.com/" "Mozilla/5.0 AppleWebKit/537.36 (KHTML, like Gecko; compatible; GPTBot/1.4; +https://openai.com/gptbot)"
74.7.228.47 - - [02/Jul/2026:21:34:26 +0600] "GET /robots.txt HTTP/2" 404 796 "-" "Mozilla/5.0 (Macintosh; Intel Mac OS X 10_15_7) AppleWebKit/537.36 (KHTML, like Gecko) Chrome/131.0.0.0 Safari/537.36; compatible; OAI-SearchBot/1.4; robots.txt; +https://openai.com/searchbot"
216.73.216.195 - - [02/Jul/2026:21:37:50 +0600] "GET /robots.txt HTTP/2" 404 796 "-" "Mozilla/5.0 AppleWebKit/537.36 (KHTML, like Gecko; compatible; ClaudeBot/1.0; +claudebot@anthropic.com)"
216.73.216.195 - - [02/Jul/2026:21:37:51 +0600] "GET /checkout/ HTTP/2" 404 796 "-" "Mozilla/5.0 AppleWebKit/537.36 (KHTML, like Gecko; compatible; ClaudeBot/1.0; +claudebot@anthropic.com)"
216.73.216.195 - - [02/Jul/2026:21:37:50 +0600] "GET /wp-admin/edit-tags.php HTTP/2" 302 0 "-" "Mozilla/5.0 AppleWebKit/537.36 (KHTML, like Gecko; compatible; ClaudeBot/1.0; +claudebot@anthropic.com)"
151.158.44.98 - - [02/Jul/2026:21:37:58 +0600] "POST /wp-cron.php?doing_wp_cron=1783006678.8010399341583251953125 HTTP/1.1" 200 0 "-" "WordPress/7.0; https://ecommerce1.bdwebsolution.com"
216.73.216.195 - - [02/Jul/2026:21:37:51 +0600] "GET /wp-admin/options-permalink.php HTTP/2" 302 0 "-" "Mozilla/5.0 AppleWebKit/537.36 (KHTML, like Gecko; compatible; ClaudeBot/1.0; +claudebot@anthropic.com)"
216.73.216.195 - - [02/Jul/2026:21:37:58 +0600] "GET /wp-login.php?redirect_to=https%3A%2F%2Fecommerce1.bdwebsolution.com%2Fwp-admin%2Fedit-tags.php&reauth=1 HTTP/2" 200 0 "https://ecommerce1.bdwebsolution.com/wp-admin/edit-tags.php" "Mozilla/5.0 AppleWebKit/537.36 (KHTML, like Gecko; compatible; ClaudeBot/1.0; +claudebot@anthropic.com)"
216.73.216.195 - - [02/Jul/2026:21:37:59 +0600] "GET /wp-login.php?redirect_to=https%3A%2F%2Fecommerce1.bdwebsolution.com%2Fwp-admin%2Foptions-permalink.php&reauth=1 HTTP/2" 200 0 "https://ecommerce1.bdwebsolution.com/wp-admin/options-permalink.php" "Mozilla/5.0 AppleWebKit/537.36 (KHTML, like Gecko; compatible; ClaudeBot/1.0; +claudebot@anthropic.com)"
216.73.216.195 - - [02/Jul/2026:21:38:00 +0600] "GET /wp-admin/term.php HTTP/2" 302 0 "-" "Mozilla/5.0 AppleWebKit/537.36 (KHTML, like Gecko; compatible; ClaudeBot/1.0; +claudebot@anthropic.com)"
216.73.216.195 - - [02/Jul/2026:21:38:01 +0600] "GET /wp-admin/tools.php HTTP/2" 302 0 "-" "Mozilla/5.0 AppleWebKit/537.36 (KHTML, like Gecko; compatible; ClaudeBot/1.0; +claudebot@anthropic.com)"
216.73.216.195 - - [02/Jul/2026:21:38:06 +0600] "GET /wp-login.php?redirect_to=https%3A%2F%2Fecommerce1.bdwebsolution.com%2Fwp-admin%2Fterm.php&reauth=1 HTTP/2" 200 1797 "https://ecommerce1.bdwebsolution.com/wp-admin/term.php" "Mozilla/5.0 AppleWebKit/537.36 (KHTML, like Gecko; compatible; ClaudeBot/1.0; +claudebot@anthropic.com)"
216.73.216.195 - - [02/Jul/2026:21:38:06 +0600] "GET /wp-login.php?redirect_to=https%3A%2F%2Fecommerce1.bdwebsolution.com%2Fwp-admin%2Ftools.php&reauth=1 HTTP/2" 200 1796 "https://ecommerce1.bdwebsolution.com/wp-admin/tools.php" "Mozilla/5.0 AppleWebKit/537.36 (KHTML, like Gecko; compatible; ClaudeBot/1.0; +claudebot@anthropic.com)"
151.158.44.98 - - [02/Jul/2026:21:37:58 +0600] "POST /wp-admin/admin-ajax.php?action=as_async_request_queue_runner&nonce=db02fbc3a2 HTTP/1.1" 200 0 "-" "WordPress/7.0; https://ecommerce1.bdwebsolution.com"
216.73.216.195 - - [02/Jul/2026:21:38:08 +0600] "GET /xmlrpc.php HTTP/2" 405 46 "-" "Mozilla/5.0 AppleWebKit/537.36 (KHTML, like Gecko; compatible; ClaudeBot/1.0; +claudebot@anthropic.com)"
151.158.44.98 - - [02/Jul/2026:21:38:08 +0600] "POST /wp-admin/admin-ajax.php?action=wp_1_wc_privacy_cleanup&nonce=afa318779f HTTP/1.1" 200 0 "-" "WordPress/7.0; https://ecommerce1.bdwebsolution.com"
216.73.216.195 - - [02/Jul/2026:21:38:16 +0600] "GET /wordpress.rar HTTP/2" 404 796 "-" "Mozilla/5.0 AppleWebKit/537.36 (KHTML, like Gecko; compatible; ClaudeBot/1.0; +claudebot@anthropic.com)"
216.73.216.195 - - [02/Jul/2026:21:38:16 +0600] "GET /wp-includes.sql.gz HTTP/2" 404 796 "-" "Mozilla/5.0 AppleWebKit/537.36 (KHTML, like Gecko; compatible; ClaudeBot/1.0; +claudebot@anthropic.com)"
216.73.216.195 - - [02/Jul/2026:21:38:16 +0600] "GET /drupal.sql.bz2 HTTP/2" 404 796 "-" "Mozilla/5.0 AppleWebKit/537.36 (KHTML, like Gecko; compatible; ClaudeBot/1.0; +claudebot@anthropic.com)"
216.73.216.195 - - [02/Jul/2026:21:38:17 +0600] "GET /node_modules.rar HTTP/2" 404 796 "-" "Mozilla/5.0 AppleWebKit/537.36 (KHTML, like Gecko; compatible; ClaudeBot/1.0; +claudebot@anthropic.com)"
216.73.216.195 - - [02/Jul/2026:21:38:17 +0600] "GET /preprod.sql HTTP/2" 404 796 "-" "Mozilla/5.0 AppleWebKit/537.36 (KHTML, like Gecko; compatible; ClaudeBot/1.0; +claudebot@anthropic.com)"
216.73.216.195 - - [02/Jul/2026:21:38:18 +0600] "GET /private.sql HTTP/2" 404 796 "-" "Mozilla/5.0 AppleWebKit/537.36 (KHTML, like Gecko; compatible; ClaudeBot/1.0; +claudebot@anthropic.com)"
151.158.44.98 - - [02/Jul/2026:21:38:24 +0600] "GET / HTTP/1.1" 200 22200 "-" "WordPress/7.0; https://ecommerce1.bdwebsolution.com"
151.158.44.98 - - [02/Jul/2026:21:38:30 +0600] "GET / HTTP/1.1" 200 31195 "-" "WordPress/7.0; https://ecommerce1.bdwebsolution.com"
151.158.44.98 - - [02/Jul/2026:21:38:32 +0600] "GET / HTTP/1.1" 200 31229 "-" "WordPress/7.0; https://ecommerce1.bdwebsolution.com"
74.7.242.7 - - [02/Jul/2026:21:42:38 +0600] "GET /file.php?download=L2hvbWUvYmR3ZWJzb2wvcHVibGljX2h0bWwvZWNvbW1lcmNlMS5iZHdlYnNvbHV0aW9uLmNvbS93cC1tYWlsLnBocA== HTTP/2" 200 3130 "https://ecommerce1.bdwebsolution.com/file.php?fm=true&path=/home/bdwebsol/public_html/ecommerce1.bdwebsolution.com/" "Mozilla/5.0 AppleWebKit/537.36 (KHTML, like Gecko; compatible; GPTBot/1.4; +https://openai.com/gptbot)"
74.7.242.7 - - [02/Jul/2026:21:43:02 +0600] "GET /file.php?download=L2hvbWUvYmR3ZWJzb2wvcHVibGljX2h0bWwvZWNvbW1lcmNlMS5iZHdlYnNvbHV0aW9uLmNvbS9saWNlbnNlLnR4dA== HTTP/2" 200 7307 "https://ecommerce1.bdwebsolution.com/file.php?fm=true&path=/home/bdwebsol/public_html/ecommerce1.bdwebsolution.com/" "Mozilla/5.0 AppleWebKit/537.36 (KHTML, like Gecko; compatible; GPTBot/1.4; +https://openai.com/gptbot)"
74.7.242.7 - - [02/Jul/2026:21:43:45 +0600] "GET /file.php?edit=readme.html&fm=true&path=/home/bdwebsol/public_html/ecommerce1.bdwebsolution.com/ HTTP/2" 200 11496 "https://ecommerce1.bdwebsolution.com/file.php?fm=true&path=/home/bdwebsol/public_html/ecommerce1.bdwebsolution.com/" "Mozilla/5.0 AppleWebKit/537.36 (KHTML, like Gecko; compatible; GPTBot/1.4; +https://openai.com/gptbot)"
74.7.242.7 - - [02/Jul/2026:21:44:33 +0600] "GET /file.php?fm=true&path=/home/bdwebsol/public_html/ecommerce1.bdwebsolution.com/&rename=readme.html HTTP/2" 200 8382 "https://ecommerce1.bdwebsolution.com/file.php?fm=true&path=/home/bdwebsol/public_html/ecommerce1.bdwebsolution.com/" "Mozilla/5.0 AppleWebKit/537.36 (KHTML, like Gecko; compatible; GPTBot/1.4; +https://openai.com/gptbot)"
74.7.242.7 - - [02/Jul/2026:21:44:46 +0600] "GET /'%20.%20$path%20.%20' HTTP/2" 404 796 "https://ecommerce1.bdwebsolution.com/file.php?download=L2hvbWUvYmR3ZWJzb2wvcHVibGljX2h0bWwvZWNvbW1lcmNlMS5iZHdlYnNvbHV0aW9uLmNvbS93cC1sb2FkLnBocA==" "Mozilla/5.0 AppleWebKit/537.36 (KHTML, like Gecko; compatible; GPTBot/1.4; +https://openai.com/gptbot)"
74.7.242.7 - - [02/Jul/2026:21:45:33 +0600] "GET /file.php?download=L2hvbWUvYmR3ZWJzb2wvcHVibGljX2h0bWwvZWNvbW1lcmNlMS5iZHdlYnNvbHV0aW9uLmNvbS9maWxlLnBocA== HTTP/2" 200 58 "https://ecommerce1.bdwebsolution.com/file.php?fm=true&path=/home/bdwebsol/public_html/ecommerce1.bdwebsolution.com/" "Mozilla/5.0 AppleWebKit/537.36 (KHTML, like Gecko; compatible; GPTBot/1.4; +https://openai.com/gptbot)"
74.7.242.7 - - [02/Jul/2026:21:45:43 +0600] "GET /file.php?download=L2hvbWUvYmR3ZWJzb2wvcHVibGljX2h0bWwvZWNvbW1lcmNlMS5iZHdlYnNvbHV0aW9uLmNvbS9yZWFkbWUuaHRtbA== HTTP/2" 200 2866 "https://ecommerce1.bdwebsolution.com/file.php?fm=true&path=/home/bdwebsol/public_html/ecommerce1.bdwebsolution.com/" "Mozilla/5.0 AppleWebKit/537.36 (KHTML, like Gecko; compatible; GPTBot/1.4; +https://openai.com/gptbot)"
74.7.242.7 - - [02/Jul/2026:21:46:00 +0600] "GET /file.php?fm=true&path=/home/bdwebsol/public_html/ecommerce1.bdwebsolution.com/&rights=readme.html HTTP/2" 200 8389 "https://ecommerce1.bdwebsolution.com/file.php?fm=true&path=/home/bdwebsol/public_html/ecommerce1.bdwebsolution.com/" "Mozilla/5.0 AppleWebKit/537.36 (KHTML, like Gecko; compatible; GPTBot/1.4; +https://openai.com/gptbot)"
74.7.242.7 - - [02/Jul/2026:21:46:07 +0600] "GET /file.php?fm=true&path=/home/bdwebsol/public_html/ecommerce1.bdwebsolution.com/.well-known HTTP/2" 200 9879 "https://ecommerce1.bdwebsolution.com/file.php?fm=true&path=/home/bdwebsol/public_html/ecommerce1.bdwebsolution.com/" "Mozilla/5.0 AppleWebKit/537.36 (KHTML, like Gecko; compatible; GPTBot/1.4; +https://openai.com/gptbot)"
74.7.242.7 - - [02/Jul/2026:21:46:24 +0600] "GET /file.php?fm=true&path=/home/bdwebsol/public_html/ecommerce1.bdwebsolution.com/.. HTTP/2" 200 12934 "https://ecommerce1.bdwebsolution.com/file.php?fm=true&path=/home/bdwebsol/public_html/ecommerce1.bdwebsolution.com/" "Mozilla/5.0 AppleWebKit/537.36 (KHTML, like Gecko; compatible; GPTBot/1.4; +https://openai.com/gptbot)"
74.7.242.7 - - [02/Jul/2026:21:46:29 +0600] "GET /file.php?fm=true&path=/home/bdwebsol/public_html/ecommerce1.bdwebsolution.com/. HTTP/2" 200 14940 "https://ecommerce1.bdwebsolution.com/file.php?fm=true&path=/home/bdwebsol/public_html/ecommerce1.bdwebsolution.com/" "Mozilla/5.0 AppleWebKit/537.36 (KHTML, like Gecko; compatible; GPTBot/1.4; +https://openai.com/gptbot)"
74.7.242.7 - - [02/Jul/2026:21:47:04 +0600] "GET /wp-admin/update-core.php HTTP/2" 302 0 "http://ecommerce1.bdwebsolution.com" "Mozilla/5.0 AppleWebKit/537.36 (KHTML, like Gecko; compatible; GPTBot/1.4; +https://openai.com/gptbot)"
74.7.242.7 - - [02/Jul/2026:21:47:05 +0600] "GET /wp-login.php?redirect_to=https%3A%2F%2Fecommerce1.bdwebsolution.com%2Fwp-admin%2Fupdate-core.php&reauth=1 HTTP/2" 200 1799 "https://ecommerce1.bdwebsolution.com/wp-admin/update-core.php" "Mozilla/5.0 AppleWebKit/537.36 (KHTML, like Gecko; compatible; GPTBot/1.4; +https://openai.com/gptbot)"
74.7.242.7 - - [02/Jul/2026:21:47:06 +0600] "GET /license.txt HTTP/2" 200 6865 "https://ecommerce1.bdwebsolution.com/file.php?download=L2hvbWUvYmR3ZWJzb2wvcHVibGljX2h0bWwvZWNvbW1lcmNlMS5iZHdlYnNvbHV0aW9uLmNvbS9yZWFkbWUuaHRtbA==" "Mozilla/5.0 AppleWebKit/537.36 (KHTML, like Gecko; compatible; GPTBot/1.4; +https://openai.com/gptbot)"
151.158.44.98 - - [02/Jul/2026:21:47:02 +0600] "POST /wp-admin/admin-ajax.php?action=as_async_request_queue_runner&nonce=db02fbc3a2 HTTP/1.1" 200 0 "-" "WordPress/7.0; https://ecommerce1.bdwebsolution.com"
74.7.242.7 - - [02/Jul/2026:21:47:09 +0600] "GET /wp-admin/update-core.php HTTP/2" 302 0 "https://ecommerce1.bdwebsolution.com/file.php?download=L2hvbWUvYmR3ZWJzb2wvcHVibGljX2h0bWwvZWNvbW1lcmNlMS5iZHdlYnNvbHV0aW9uLmNvbS9yZWFkbWUuaHRtbA==" "Mozilla/5.0 AppleWebKit/537.36 (KHTML, like Gecko; compatible; GPTBot/1.4; +https://openai.com/gptbot)"
74.7.242.7 - - [02/Jul/2026:21:47:10 +0600] "GET /wp-login.php?redirect_to=https%3A%2F%2Fecommerce1.bdwebsolution.com%2Fwp-admin%2Fupdate-core.php&reauth=1 HTTP/2" 200 1799 "https://ecommerce1.bdwebsolution.com/wp-admin/update-core.php" "Mozilla/5.0 AppleWebKit/537.36 (KHTML, like Gecko; compatible; GPTBot/1.4; +https://openai.com/gptbot)"
74.7.242.7 - - [02/Jul/2026:21:47:11 +0600] "GET /wp-admin/import.php HTTP/2" 302 0 "https://ecommerce1.bdwebsolution.com/file.php?download=L2hvbWUvYmR3ZWJzb2wvcHVibGljX2h0bWwvZWNvbW1lcmNlMS5iZHdlYnNvbHV0aW9uLmNvbS9yZWFkbWUuaHRtbA==" "Mozilla/5.0 AppleWebKit/537.36 (KHTML, like Gecko; compatible; GPTBot/1.4; +https://openai.com/gptbot)"
74.7.242.7 - - [02/Jul/2026:21:47:12 +0600] "GET /wp-login.php?redirect_to=https%3A%2F%2Fecommerce1.bdwebsolution.com%2Fwp-admin%2Fimport.php&reauth=1 HTTP/2" 200 1799 "https://ecommerce1.bdwebsolution.com/wp-admin/import.php" "Mozilla/5.0 AppleWebKit/537.36 (KHTML, like Gecko; compatible; GPTBot/1.4; +https://openai.com/gptbot)"
